This is the mail archive of the
gcc-testresults@gcc.gnu.org
mailing list for the GCC project.
Results for 3.1 20010412 (experimental) testsuite on powerpc-redhat-linux-gnu
- To: gcc-testresults at gcc dot gnu dot org
- Subject: Results for 3.1 20010412 (experimental) testsuite on powerpc-redhat-linux-gnu
- From: Franz Sirl <fsirl at entropy dot crashing dot org>
- Date: Thu, 12 Apr 2001 10:37:50 -0700
Environment:
binutils-2.11.90.0.4
glibc-2.2.1
linux-2.4.3
Local modifications:
- default to DWARF2_DEBUG in rs6000/sysv4.h
Native configuration is powerpc-redhat-linux-gnu
=== libstdc++ tests ===
Running target unix
FAIL: 21_strings/ctor_copy_dtor.cc (execution test), static
FAIL: 21_strings/element_access.cc (execution test), static
FAIL: 21_strings/insert.cc (execution test), static
FAIL: 21_strings/insert.cc (execution test), shared
FAIL: 21_strings/c_strings.cc (execution test), static
FAIL: 21_strings/c_strings.cc (execution test), shared
FAIL: 22_locale/codecvt_unicode_char.cc (execution test), static
FAIL: 22_locale/codecvt_unicode_char.cc (execution test), shared
FAIL: 22_locale/codecvt_unicode_wchar_t.cc (execution test), static
FAIL: 22_locale/codecvt_unicode_wchar_t.cc (execution test), shared
FAIL: 22_locale/ctor_copy_dtor.cc (execution test), static
FAIL: 22_locale/ctor_copy_dtor.cc (execution test), shared
FAIL: 23_containers/map_operators.cc (test for excess errors), static
FAIL: 23_containers/map_operators.cc (test for excess errors), shared
FAIL: 23_containers/set_operators.cc (test for excess errors), static
FAIL: 23_containers/set_operators.cc (test for excess errors), shared
FAIL: 25_algorithms/equal.cc (test for excess errors), static
FAIL: 25_algorithms/equal.cc (test for excess errors), shared
FAIL: 26_numerics/c99_macros.cc (test for excess errors), static
FAIL: 26_numerics/c99_macros.cc (test for excess errors), shared
FAIL: 27_io/fpos.cc (execution test), static
FAIL: 27_io/fpos.cc (execution test), shared
FAIL: 27_io/ios_members.cc (execution test), static
FAIL: 27_io/istream_seeks.cc (execution test), static
FAIL: 27_io/istream_seeks.cc (execution test), shared
=== libstdc++ Summary ===
# of expected passes 389
# of unexpected failures 25
/home/fsirl/cvsx/gccm/libstdc++-v3 version 20010406
=== libjava tests ===
Running target unix
FAIL: ArrayClass compilation from bytecode
FAIL: ArrayClass -O compilation from bytecode
FAIL: BlankFinal compilation from bytecode
FAIL: BlankFinal -O compilation from bytecode
FAIL: assignment compilation from bytecode
FAIL: assignment -O compilation from bytecode
FAIL: Array_1 compilation from bytecode
FAIL: Array_1 -O compilation from bytecode
FAIL: Class_1 compilation from bytecode
FAIL: Class_1 -O compilation from bytecode
FAIL: Divide_1 execution from source compiled test
FAIL: Divide_1 compilation from bytecode
FAIL: Divide_1 -O execution from source compiled test
FAIL: Divide_1 -O compilation from bytecode
FAIL: Final execution from source compiled test
FAIL: Final compilation from bytecode
FAIL: Final -O execution from source compiled test
FAIL: Final -O compilation from bytecode
FAIL: G19990302_02 execution from source compiled test
FAIL: G19990302_02 compilation from bytecode
FAIL: G19990302_02 -O execution from source compiled test
FAIL: G19990302_02 -O compilation from bytecode
FAIL: G19990303_01 execution from source compiled test
FAIL: G19990303_01 compilation from bytecode
FAIL: G19990303_01 -O execution from source compiled test
FAIL: G19990303_01 -O compilation from bytecode
FAIL: G19990303_02 execution from source compiled test
FAIL: G19990303_02 compilation from bytecode
FAIL: G19990303_02 -O execution from source compiled test
FAIL: G19990303_02 -O compilation from bytecode
FAIL: G19990304_01 execution from source compiled test
FAIL: G19990304_01 compilation from bytecode
FAIL: G19990304_01 -O execution from source compiled test
FAIL: G19990304_01 -O compilation from bytecode
FAIL: InterfaceDispatch execution from source compiled test
FAIL: InterfaceDispatch compilation from bytecode
FAIL: InterfaceDispatch -O execution from source compiled test
FAIL: InterfaceDispatch -O compilation from bytecode
FAIL: Invoke_1 execution from source compiled test
FAIL: Invoke_1 compilation from bytecode
FAIL: Invoke_1 -O execution from source compiled test
FAIL: Invoke_1 -O compilation from bytecode
XPASS: N19990310_4 output from source compiled test
XPASS: N19990310_4 -O output from source compiled test
FAIL: PR141 execution from source compiled test
FAIL: PR141 compilation from bytecode
FAIL: PR141 -O execution from source compiled test
FAIL: PR141 -O compilation from bytecode
FAIL: PR218 execution from source compiled test
FAIL: PR218 compilation from bytecode
FAIL: PR218 -O execution from source compiled test
FAIL: PR218 -O compilation from bytecode
FAIL: PR260 compilation from bytecode
FAIL: PR260 -O compilation from bytecode
FAIL: Primes output from source compiled test
FAIL: Primes output from bytecode->native test
FAIL: Primes -O output from source compiled test
FAIL: Primes -O output from bytecode->native test
FAIL: StringBuffer_1 execution from source compiled test
FAIL: StringBuffer_1 compilation from bytecode
FAIL: StringBuffer_1 -O execution from source compiled test
FAIL: StringBuffer_1 -O compilation from bytecode
FAIL: Thread_Alive execution from source compiled test
FAIL: Thread_Alive compilation from bytecode
FAIL: Thread_Alive -O execution from source compiled test
FAIL: Thread_Alive -O compilation from bytecode
FAIL: Thread_Interrupt execution from source compiled test
FAIL: Thread_Interrupt compilation from bytecode
FAIL: Thread_Interrupt -O execution from source compiled test
FAIL: Thread_Interrupt -O compilation from bytecode
FAIL: Thread_Join compilation from bytecode
FAIL: Thread_Join -O compilation from bytecode
FAIL: Thread_Monitor compilation from bytecode
FAIL: Thread_Monitor -O compilation from bytecode
FAIL: Thread_Sleep compilation from bytecode
FAIL: Thread_Sleep -O compilation from bytecode
FAIL: Thread_Wait compilation from bytecode
FAIL: Thread_Wait -O compilation from bytecode
FAIL: Thread_Wait_2 execution from source compiled test
FAIL: Thread_Wait_2 compilation from bytecode
FAIL: Thread_Wait_2 -O execution from source compiled test
FAIL: Thread_Wait_2 -O compilation from bytecode
FAIL: Thread_Wait_Interrupt execution from source compiled test
FAIL: Thread_Wait_Interrupt compilation from bytecode
FAIL: Thread_Wait_Interrupt -O execution from source compiled test
FAIL: Thread_Wait_Interrupt -O compilation from bytecode
FAIL: Throw_1 execution from source compiled test
FAIL: Throw_1 compilation from bytecode
FAIL: Throw_1 -O execution from source compiled test
FAIL: Throw_1 -O compilation from bytecode
FAIL: instinit2 execution from source compiled test
FAIL: instinit2 compilation from bytecode
FAIL: instinit2 -O execution from source compiled test
FAIL: instinit2 -O compilation from bytecode
FAIL: pr179 compilation from bytecode
FAIL: pr179 -O compilation from bytecode
FAIL: pr184 execution from source compiled test
FAIL: pr184 compilation from bytecode
FAIL: pr184 -O execution from source compiled test
FAIL: pr184 -O compilation from bytecode
FAIL: pr83 execution from source compiled test
FAIL: pr83 compilation from bytecode
FAIL: pr83 -O execution from source compiled test
FAIL: pr83 -O compilation from bytecode
XPASS: stringconst output from bytecode->native test
XPASS: stringconst -O output from bytecode->native test
FAIL: stringconst2 compilation from bytecode
FAIL: stringconst2 -O compilation from bytecode
=== libjava Summary ===
# of expected passes 1408
# of unexpected failures 104
# of unexpected successes 4
# of expected failures 20
# of untested testcases 180
=== gcc tests ===
Running target unix/-O2
FAIL: gcc.c-torture/compile/20010408-1.c, -O0
FAIL: gcc.c-torture/compile/20010408-1.c, -O1
FAIL: gcc.c-torture/compile/20010408-1.c, -O2
FAIL: gcc.c-torture/compile/20010408-1.c, -O3 -fomit-frame-pointer
FAIL: gcc.c-torture/compile/20010408-1.c, -O3 -fomit-frame-pointer -funroll-loops
FAIL: gcc.c-torture/compile/20010408-1.c, -O3 -fomit-frame-pointer -funroll-all-loops -finline-functions
FAIL: gcc.c-torture/compile/20010408-1.c, -O3 -g
FAIL: gcc.c-torture/compile/20010408-1.c, -Os
FAIL: gcc.c-torture/execute/920721-4.c compilation, -O3 -g
=== gcc Summary for unix/-O2 ===
# of expected passes 15149
# of unexpected failures 9
# of expected failures 87
# of unresolved testcases 1
# of unsupported tests 46
Running target unix/-fpic
FAIL: gcc.c-torture/compile/920502-1.c, -O1
FAIL: gcc.c-torture/compile/920502-1.c, -O2
FAIL: gcc.c-torture/compile/920502-1.c, -O3 -fomit-frame-pointer
FAIL: gcc.c-torture/compile/920502-1.c, -O3 -g
FAIL: gcc.c-torture/compile/920502-1.c, -Os
FAIL: gcc.c-torture/compile/920729-1.c, -O1
FAIL: gcc.c-torture/compile/920729-1.c, -O2
FAIL: gcc.c-torture/compile/920729-1.c, -O3 -fomit-frame-pointer
FAIL: gcc.c-torture/compile/920729-1.c, -O3 -fomit-frame-pointer -funroll-loops
FAIL: gcc.c-torture/compile/920729-1.c, -O3 -fomit-frame-pointer -funroll-all-loops -finline-functions
FAIL: gcc.c-torture/compile/920729-1.c, -O3 -g
FAIL: gcc.c-torture/compile/920729-1.c, -Os
FAIL: gcc.c-torture/compile/930523-1.c, -O1
FAIL: gcc.c-torture/compile/930523-1.c, -O2
FAIL: gcc.c-torture/compile/930523-1.c, -O3 -fomit-frame-pointer
FAIL: gcc.c-torture/compile/930523-1.c, -O3 -fomit-frame-pointer -funroll-loops
FAIL: gcc.c-torture/compile/930523-1.c, -O3 -fomit-frame-pointer -funroll-all-loops -finline-functions
FAIL: gcc.c-torture/compile/930523-1.c, -O3 -g
FAIL: gcc.c-torture/compile/930523-1.c, -Os
FAIL: gcc.c-torture/compile/980329-1.c, -O1
FAIL: gcc.c-torture/compile/20010408-1.c, -O2
FAIL: gcc.c-torture/compile/20010408-1.c, -O3 -fomit-frame-pointer
FAIL: gcc.c-torture/compile/20010408-1.c, -O3 -fomit-frame-pointer -funroll-loops
FAIL: gcc.c-torture/compile/20010408-1.c, -O3 -fomit-frame-pointer -funroll-all-loops -finline-functions
FAIL: gcc.c-torture/compile/20010408-1.c, -O3 -g
FAIL: gcc.c-torture/compile/20010408-1.c, -Os
FAIL: gcc.c-torture/execute/built-in-setjmp.c compilation, -O1
FAIL: gcc.c-torture/execute/built-in-setjmp.c compilation, -O2
FAIL: gcc.c-torture/execute/built-in-setjmp.c compilation, -O3 -fomit-frame-pointer
FAIL: gcc.c-torture/execute/built-in-setjmp.c compilation, -O3 -fomit-frame-pointer -funroll-loops
FAIL: gcc.c-torture/execute/built-in-setjmp.c compilation, -O3 -fomit-frame-pointer -funroll-all-loops -finline-functions
FAIL: gcc.c-torture/execute/built-in-setjmp.c compilation, -O3 -g
FAIL: gcc.c-torture/execute/built-in-setjmp.c compilation, -Os
=== gcc Summary for unix/-fpic ===
# of expected passes 15119
# of unexpected failures 33
# of expected failures 87
# of unresolved testcases 7
# of unsupported tests 46
Running target unix/-fPIC
FAIL: gcc.c-torture/compile/20010408-1.c, -O2
FAIL: gcc.c-torture/compile/20010408-1.c, -O3 -fomit-frame-pointer
FAIL: gcc.c-torture/compile/20010408-1.c, -O3 -fomit-frame-pointer -funroll-loops
FAIL: gcc.c-torture/compile/20010408-1.c, -O3 -fomit-frame-pointer -funroll-all-loops -finline-functions
FAIL: gcc.c-torture/compile/20010408-1.c, -O3 -g
FAIL: gcc.c-torture/compile/20010408-1.c, -Os
=== gcc Summary for unix/-fPIC ===
# of expected passes 15153
# of unexpected failures 6
# of expected failures 87
# of unsupported tests 46
Running target unix
FAIL: gcc.c-torture/compile/20010408-1.c, -O2
FAIL: gcc.c-torture/compile/20010408-1.c, -O3 -fomit-frame-pointer
FAIL: gcc.c-torture/compile/20010408-1.c, -O3 -fomit-frame-pointer -funroll-loops
FAIL: gcc.c-torture/compile/20010408-1.c, -O3 -fomit-frame-pointer -funroll-all-loops -finline-functions
FAIL: gcc.c-torture/compile/20010408-1.c, -O3 -g
FAIL: gcc.c-torture/compile/20010408-1.c, -Os
=== gcc Summary for unix ===
# of expected passes 15153
# of unexpected failures 6
# of expected failures 87
# of unsupported tests 46
=== gcc Summary ===
# of expected passes 60574
# of unexpected failures 54
# of expected failures 348
# of unresolved testcases 8
# of unsupported tests 184
/home/fsirl/obj/gccm/gcc/xgcc version 3.1 20010412 (experimental)
=== g++ tests ===
Running target unix/-O2
FAIL: g++.abi/vtable2.C Execution test
FAIL: g++.eh/rethrow6.C caused compiler crash
FAIL: g++.mike/eh25.C caused compiler crash
XPASS: g++.other/crash27.C (test for excess errors)
FAIL: g++.pt/static11.C Execution test
=== g++ Summary for unix/-O2 ===
# of expected passes 6417
# of unexpected failures 4
# of unexpected successes 1
# of expected failures 87
# of untested testcases 20
Running target unix/-fpic
XPASS: g++.other/crash27.C (test for excess errors)
FAIL: g++.pt/static11.C Execution test
=== g++ Summary for unix/-fpic ===
# of expected passes 6422
# of unexpected failures 1
# of unexpected successes 1
# of expected failures 87
# of untested testcases 20
Running target unix/-fPIC
FAIL: g++.ext/instantiate2.C not instantiated (test for errors, line 19)
FAIL: g++.ext/instantiate2.C (test for bogus messages, line 17)
FAIL: g++.ext/instantiate3.C not instantiated (test for errors, line 13)
XPASS: g++.other/crash27.C (test for excess errors)
FAIL: g++.pt/static11.C Execution test
=== g++ Summary for unix/-fPIC ===
# of expected passes 6419
# of unexpected failures 4
# of unexpected successes 1
# of expected failures 87
# of untested testcases 20
Running target unix
XPASS: g++.other/crash27.C (test for excess errors)
FAIL: g++.pt/static11.C Execution test
=== g++ Summary for unix ===
# of expected passes 6422
# of unexpected failures 1
# of unexpected successes 1
# of expected failures 87
# of untested testcases 20
=== g++ Summary ===
# of expected passes 25680
# of unexpected failures 10
# of unexpected successes 4
# of expected failures 348
# of untested testcases 80
/home/fsirl/obj/gccm/gcc/testsuite/../g++ version 3.1 20010412 (experimental)
=== g77 tests ===
Running target unix/-O2
=== g77 Summary for unix/-O2 ===
# of expected passes 925
# of unsupported tests 8
Running target unix/-fpic
FAIL: g77.f-torture/compile/20000511-2.f, -O3 -g
FAIL: g77.f-torture/compile/20000629-1.f, -O3 -g
=== g77 Summary for unix/-fpic ===
# of expected passes 923
# of unexpected failures 2
# of unsupported tests 8
Running target unix/-fPIC
FAIL: g77.f-torture/compile/20000511-2.f, -O3 -g
FAIL: g77.f-torture/compile/20000629-1.f, -O3 -g
=== g77 Summary for unix/-fPIC ===
# of expected passes 923
# of unexpected failures 2
# of unsupported tests 8
Running target unix
FAIL: g77.f-torture/compile/20000511-2.f, -O3 -g
FAIL: g77.f-torture/compile/20000629-1.f, -O3 -g
=== g77 Summary for unix ===
# of expected passes 923
# of unexpected failures 2
# of unsupported tests 8
=== g77 Summary ===
# of expected passes 3694
# of unexpected failures 6
# of unsupported tests 32
=== objc tests ===
Running target unix/-O2
FAIL: objc/execute/IMP.m compilation, -O
FAIL: objc/execute/_cmd.m compilation, -O
FAIL: objc/execute/accessing_ivars.m compilation, -O
FAIL: objc/execute/bf-1.m compilation, -O
FAIL: objc/execute/bf-10.m compilation, -O
FAIL: objc/execute/bf-11.m compilation, -O
FAIL: objc/execute/bf-12.m compilation, -O
FAIL: objc/execute/bf-13.m compilation, -O
FAIL: objc/execute/bf-14.m compilation, -O
FAIL: objc/execute/bf-15.m compilation, -O
FAIL: objc/execute/bf-16.m compilation, -O
FAIL: objc/execute/bf-17.m compilation, -O
FAIL: objc/execute/bf-18.m compilation, -O
FAIL: objc/execute/bf-19.m compilation, -O
FAIL: objc/execute/bf-2.m compilation, -O
FAIL: objc/execute/bf-20.m compilation, -O
FAIL: objc/execute/bf-3.m compilation, -O
FAIL: objc/execute/bf-4.m compilation, -O
FAIL: objc/execute/bf-5.m compilation, -O
FAIL: objc/execute/bf-6.m compilation, -O
FAIL: objc/execute/bf-7.m compilation, -O
FAIL: objc/execute/bf-8.m compilation, -O
FAIL: objc/execute/bf-9.m compilation, -O
FAIL: objc/execute/bycopy-1.m compilation, -O
FAIL: objc/execute/bycopy-2.m compilation, -O
FAIL: objc/execute/bycopy-3.m compilation, -O
FAIL: objc/execute/class-1.m compilation, -O
FAIL: objc/execute/class-10.m compilation, -O
FAIL: objc/execute/class-11.m compilation, -O
FAIL: objc/execute/class-12.m compilation, -O
FAIL: objc/execute/class-13.m compilation, -O
FAIL: objc/execute/class-14.m compilation, -O
FAIL: objc/execute/class-2.m compilation, -O
FAIL: objc/execute/class-3.m compilation, -O
FAIL: objc/execute/class-4.m compilation, -O
FAIL: objc/execute/class-5.m compilation, -O
FAIL: objc/execute/class-6.m compilation, -O
FAIL: objc/execute/class-7.m compilation, -O
FAIL: objc/execute/class-8.m compilation, -O
FAIL: objc/execute/class-9.m compilation, -O
FAIL: objc/execute/compatibility_alias.m compilation, -O
FAIL: objc/execute/encode-1.m compilation, -O
FAIL: objc/execute/fdecl.m compilation, -O
FAIL: objc/execute/formal_protocol-1.m compilation, -O
FAIL: objc/execute/formal_protocol-2.m compilation, -O
FAIL: objc/execute/formal_protocol-3.m compilation, -O
FAIL: objc/execute/formal_protocol-4.m compilation, -O
FAIL: objc/execute/formal_protocol-5.m compilation, -O
FAIL: objc/execute/formal_protocol-6.m compilation, -O
FAIL: objc/execute/formal_protocol-7.m compilation, -O
FAIL: objc/execute/informal_protocol.m compilation, -O
FAIL: objc/execute/initialize.m compilation, -O
FAIL: objc/execute/load.m compilation, -O
FAIL: objc/execute/many_args_method.m compilation, -O
FAIL: objc/execute/nested-1.m compilation, -O
FAIL: objc/execute/nested-2.m compilation, -O
FAIL: objc/execute/nested-3.m compilation, -O
FAIL: objc/execute/no_clash.m compilation, -O
FAIL: objc/execute/np-1.m compilation, -O
FAIL: objc/execute/np-2.m compilation, -O
FAIL: objc/execute/paste.m compilation, -O
FAIL: objc/execute/private.m compilation, -O
FAIL: objc/execute/protocol.m compilation, -O
FAIL: objc/execute/redefining_self.m compilation, -O
FAIL: objc/execute/root_methods.m compilation, -O
FAIL: objc/execute/selector-1.m compilation, -O
FAIL: objc/execute/static-1.m compilation, -O
FAIL: objc/execute/static-2.m compilation, -O
FAIL: objc/execute/string1.m compilation, -O
FAIL: objc/execute/string2.m compilation, -O
FAIL: objc/execute/string3.m compilation, -O
FAIL: objc/execute/string4.m compilation, -O
FAIL: objc/execute/va_method.m compilation, -O
=== objc Summary for unix/-O2 ===
# of unexpected failures 73
# of untested testcases 73
Running target unix/-fpic
FAIL: objc/execute/IMP.m compilation, -O
FAIL: objc/execute/_cmd.m compilation, -O
FAIL: objc/execute/accessing_ivars.m compilation, -O
FAIL: objc/execute/bf-1.m compilation, -O
FAIL: objc/execute/bf-10.m compilation, -O
FAIL: objc/execute/bf-11.m compilation, -O
FAIL: objc/execute/bf-12.m compilation, -O
FAIL: objc/execute/bf-13.m compilation, -O
FAIL: objc/execute/bf-14.m compilation, -O
FAIL: objc/execute/bf-15.m compilation, -O
FAIL: objc/execute/bf-16.m compilation, -O
FAIL: objc/execute/bf-17.m compilation, -O
FAIL: objc/execute/bf-18.m compilation, -O
FAIL: objc/execute/bf-19.m compilation, -O
FAIL: objc/execute/bf-2.m compilation, -O
FAIL: objc/execute/bf-20.m compilation, -O
FAIL: objc/execute/bf-3.m compilation, -O
FAIL: objc/execute/bf-4.m compilation, -O
FAIL: objc/execute/bf-5.m compilation, -O
FAIL: objc/execute/bf-6.m compilation, -O
FAIL: objc/execute/bf-7.m compilation, -O
FAIL: objc/execute/bf-8.m compilation, -O
FAIL: objc/execute/bf-9.m compilation, -O
FAIL: objc/execute/bycopy-1.m compilation, -O
FAIL: objc/execute/bycopy-2.m compilation, -O
FAIL: objc/execute/bycopy-3.m compilation, -O
FAIL: objc/execute/class-1.m compilation, -O
FAIL: objc/execute/class-10.m compilation, -O
FAIL: objc/execute/class-11.m compilation, -O
FAIL: objc/execute/class-12.m compilation, -O
FAIL: objc/execute/class-13.m compilation, -O
FAIL: objc/execute/class-14.m compilation, -O
FAIL: objc/execute/class-2.m compilation, -O
FAIL: objc/execute/class-3.m compilation, -O
FAIL: objc/execute/class-4.m compilation, -O
FAIL: objc/execute/class-5.m compilation, -O
FAIL: objc/execute/class-6.m compilation, -O
FAIL: objc/execute/class-7.m compilation, -O
FAIL: objc/execute/class-8.m compilation, -O
FAIL: objc/execute/class-9.m compilation, -O
FAIL: objc/execute/compatibility_alias.m compilation, -O
FAIL: objc/execute/encode-1.m compilation, -O
FAIL: objc/execute/fdecl.m compilation, -O
FAIL: objc/execute/formal_protocol-1.m compilation, -O
FAIL: objc/execute/formal_protocol-2.m compilation, -O
FAIL: objc/execute/formal_protocol-3.m compilation, -O
FAIL: objc/execute/formal_protocol-4.m compilation, -O
FAIL: objc/execute/formal_protocol-5.m compilation, -O
FAIL: objc/execute/formal_protocol-6.m compilation, -O
FAIL: objc/execute/formal_protocol-7.m compilation, -O
FAIL: objc/execute/informal_protocol.m compilation, -O
FAIL: objc/execute/initialize.m compilation, -O
FAIL: objc/execute/load.m compilation, -O
FAIL: objc/execute/many_args_method.m compilation, -O
FAIL: objc/execute/nested-1.m compilation, -O
FAIL: objc/execute/nested-2.m compilation, -O
FAIL: objc/execute/nested-3.m compilation, -O
FAIL: objc/execute/no_clash.m compilation, -O
FAIL: objc/execute/np-1.m compilation, -O
FAIL: objc/execute/np-2.m compilation, -O
FAIL: objc/execute/paste.m compilation, -O
FAIL: objc/execute/private.m compilation, -O
FAIL: objc/execute/protocol.m compilation, -O
FAIL: objc/execute/redefining_self.m compilation, -O
FAIL: objc/execute/root_methods.m compilation, -O
FAIL: objc/execute/selector-1.m compilation, -O
FAIL: objc/execute/static-1.m compilation, -O
FAIL: objc/execute/static-2.m compilation, -O
FAIL: objc/execute/string1.m compilation, -O
FAIL: objc/execute/string2.m compilation, -O
FAIL: objc/execute/string3.m compilation, -O
FAIL: objc/execute/string4.m compilation, -O
FAIL: objc/execute/va_method.m compilation, -O
=== objc Summary for unix/-fpic ===
# of unexpected failures 73
# of untested testcases 73
Running target unix/-fPIC
FAIL: objc/execute/IMP.m compilation, -O
FAIL: objc/execute/_cmd.m compilation, -O
FAIL: objc/execute/accessing_ivars.m compilation, -O
FAIL: objc/execute/bf-1.m compilation, -O
FAIL: objc/execute/bf-10.m compilation, -O
FAIL: objc/execute/bf-11.m compilation, -O
FAIL: objc/execute/bf-12.m compilation, -O
FAIL: objc/execute/bf-13.m compilation, -O
FAIL: objc/execute/bf-14.m compilation, -O
FAIL: objc/execute/bf-15.m compilation, -O
FAIL: objc/execute/bf-16.m compilation, -O
FAIL: objc/execute/bf-17.m compilation, -O
FAIL: objc/execute/bf-18.m compilation, -O
FAIL: objc/execute/bf-19.m compilation, -O
FAIL: objc/execute/bf-2.m compilation, -O
FAIL: objc/execute/bf-20.m compilation, -O
FAIL: objc/execute/bf-3.m compilation, -O
FAIL: objc/execute/bf-4.m compilation, -O
FAIL: objc/execute/bf-5.m compilation, -O
FAIL: objc/execute/bf-6.m compilation, -O
FAIL: objc/execute/bf-7.m compilation, -O
FAIL: objc/execute/bf-8.m compilation, -O
FAIL: objc/execute/bf-9.m compilation, -O
FAIL: objc/execute/bycopy-1.m compilation, -O
FAIL: objc/execute/bycopy-2.m compilation, -O
FAIL: objc/execute/bycopy-3.m compilation, -O
FAIL: objc/execute/class-1.m compilation, -O
FAIL: objc/execute/class-10.m compilation, -O
FAIL: objc/execute/class-11.m compilation, -O
FAIL: objc/execute/class-12.m compilation, -O
FAIL: objc/execute/class-13.m compilation, -O
FAIL: objc/execute/class-14.m compilation, -O
FAIL: objc/execute/class-2.m compilation, -O
FAIL: objc/execute/class-3.m compilation, -O
FAIL: objc/execute/class-4.m compilation, -O
FAIL: objc/execute/class-5.m compilation, -O
FAIL: objc/execute/class-6.m compilation, -O
FAIL: objc/execute/class-7.m compilation, -O
FAIL: objc/execute/class-8.m compilation, -O
FAIL: objc/execute/class-9.m compilation, -O
FAIL: objc/execute/compatibility_alias.m compilation, -O
FAIL: objc/execute/encode-1.m compilation, -O
FAIL: objc/execute/fdecl.m compilation, -O
FAIL: objc/execute/formal_protocol-1.m compilation, -O
FAIL: objc/execute/formal_protocol-2.m compilation, -O
FAIL: objc/execute/formal_protocol-3.m compilation, -O
FAIL: objc/execute/formal_protocol-4.m compilation, -O
FAIL: objc/execute/formal_protocol-5.m compilation, -O
FAIL: objc/execute/formal_protocol-6.m compilation, -O
FAIL: objc/execute/formal_protocol-7.m compilation, -O
FAIL: objc/execute/informal_protocol.m compilation, -O
FAIL: objc/execute/initialize.m compilation, -O
FAIL: objc/execute/load.m compilation, -O
FAIL: objc/execute/many_args_method.m compilation, -O
FAIL: objc/execute/nested-1.m compilation, -O
FAIL: objc/execute/nested-2.m compilation, -O
FAIL: objc/execute/nested-3.m compilation, -O
FAIL: objc/execute/no_clash.m compilation, -O
FAIL: objc/execute/np-1.m compilation, -O
FAIL: objc/execute/np-2.m compilation, -O
FAIL: objc/execute/paste.m compilation, -O
FAIL: objc/execute/private.m compilation, -O
FAIL: objc/execute/protocol.m compilation, -O
FAIL: objc/execute/redefining_self.m compilation, -O
FAIL: objc/execute/root_methods.m compilation, -O
FAIL: objc/execute/selector-1.m compilation, -O
FAIL: objc/execute/static-1.m compilation, -O
FAIL: objc/execute/static-2.m compilation, -O
FAIL: objc/execute/string1.m compilation, -O
FAIL: objc/execute/string2.m compilation, -O
FAIL: objc/execute/string3.m compilation, -O
FAIL: objc/execute/string4.m compilation, -O
FAIL: objc/execute/va_method.m compilation, -O
=== objc Summary for unix/-fPIC ===
# of unexpected failures 73
# of untested testcases 73
Running target unix
FAIL: objc/execute/IMP.m compilation, -O
FAIL: objc/execute/_cmd.m compilation, -O
FAIL: objc/execute/accessing_ivars.m compilation, -O
FAIL: objc/execute/bf-1.m compilation, -O
FAIL: objc/execute/bf-10.m compilation, -O
FAIL: objc/execute/bf-11.m compilation, -O
FAIL: objc/execute/bf-12.m compilation, -O
FAIL: objc/execute/bf-13.m compilation, -O
FAIL: objc/execute/bf-14.m compilation, -O
FAIL: objc/execute/bf-15.m compilation, -O
FAIL: objc/execute/bf-16.m compilation, -O
FAIL: objc/execute/bf-17.m compilation, -O
FAIL: objc/execute/bf-18.m compilation, -O
FAIL: objc/execute/bf-19.m compilation, -O
FAIL: objc/execute/bf-2.m compilation, -O
FAIL: objc/execute/bf-20.m compilation, -O
FAIL: objc/execute/bf-3.m compilation, -O
FAIL: objc/execute/bf-4.m compilation, -O
FAIL: objc/execute/bf-5.m compilation, -O
FAIL: objc/execute/bf-6.m compilation, -O
FAIL: objc/execute/bf-7.m compilation, -O
FAIL: objc/execute/bf-8.m compilation, -O
FAIL: objc/execute/bf-9.m compilation, -O
FAIL: objc/execute/bycopy-1.m compilation, -O
FAIL: objc/execute/bycopy-2.m compilation, -O
FAIL: objc/execute/bycopy-3.m compilation, -O
FAIL: objc/execute/class-1.m compilation, -O
FAIL: objc/execute/class-10.m compilation, -O
FAIL: objc/execute/class-11.m compilation, -O
FAIL: objc/execute/class-12.m compilation, -O
FAIL: objc/execute/class-13.m compilation, -O
FAIL: objc/execute/class-14.m compilation, -O
FAIL: objc/execute/class-2.m compilation, -O
FAIL: objc/execute/class-3.m compilation, -O
FAIL: objc/execute/class-4.m compilation, -O
FAIL: objc/execute/class-5.m compilation, -O
FAIL: objc/execute/class-6.m compilation, -O
FAIL: objc/execute/class-7.m compilation, -O
FAIL: objc/execute/class-8.m compilation, -O
FAIL: objc/execute/class-9.m compilation, -O
FAIL: objc/execute/compatibility_alias.m compilation, -O
FAIL: objc/execute/encode-1.m compilation, -O
FAIL: objc/execute/fdecl.m compilation, -O
FAIL: objc/execute/formal_protocol-1.m compilation, -O
FAIL: objc/execute/formal_protocol-2.m compilation, -O
FAIL: objc/execute/formal_protocol-3.m compilation, -O
FAIL: objc/execute/formal_protocol-4.m compilation, -O
FAIL: objc/execute/formal_protocol-5.m compilation, -O
FAIL: objc/execute/formal_protocol-6.m compilation, -O
FAIL: objc/execute/formal_protocol-7.m compilation, -O
FAIL: objc/execute/informal_protocol.m compilation, -O
FAIL: objc/execute/initialize.m compilation, -O
FAIL: objc/execute/load.m compilation, -O
FAIL: objc/execute/many_args_method.m compilation, -O
FAIL: objc/execute/nested-1.m compilation, -O
FAIL: objc/execute/nested-2.m compilation, -O
FAIL: objc/execute/nested-3.m compilation, -O
FAIL: objc/execute/no_clash.m compilation, -O
FAIL: objc/execute/np-1.m compilation, -O
FAIL: objc/execute/np-2.m compilation, -O
FAIL: objc/execute/paste.m compilation, -O
FAIL: objc/execute/private.m compilation, -O
FAIL: objc/execute/protocol.m compilation, -O
FAIL: objc/execute/redefining_self.m compilation, -O
FAIL: objc/execute/root_methods.m compilation, -O
FAIL: objc/execute/selector-1.m compilation, -O
FAIL: objc/execute/static-1.m compilation, -O
FAIL: objc/execute/static-2.m compilation, -O
FAIL: objc/execute/string1.m compilation, -O
FAIL: objc/execute/string2.m compilation, -O
FAIL: objc/execute/string3.m compilation, -O
FAIL: objc/execute/string4.m compilation, -O
FAIL: objc/execute/va_method.m compilation, -O
=== objc Summary for unix ===
# of unexpected failures 73
# of untested testcases 73
=== objc Summary ===
# of unexpected failures 292
# of untested testcases 292
/home/fsirl/obj/gccm/gcc/xgcc version 3.1 20010412 (experimental)
Compiler version: 3.1 20010412 (experimental)
Platform: powerpc-redhat-linux-gnu
configure flags: --host=ppc-redhat-linux --prefix=/home/fsirl/gnubin --enable-shared --enable-threads=posix --enable-checking=gc,misc,tree