This is the mail archive of the
gcc-testresults@gcc.gnu.org
mailing list for the GCC project.
Results for 3.0 20010319 (prerelease) testsuite on hppa1.1-hp-hpux10.20
- To: gcc-testresults at gcc dot gnu dot org
- Subject: Results for 3.0 20010319 (prerelease) testsuite on hppa1.1-hp-hpux10.20
- From: Alexandre Oliva <oliva at lsd dot ic dot unicamp dot br>
- Date: Wed, 21 Mar 2001 18:30:42 -0300
Native configuration is hppa1.1-hp-hpux10.20
=== binutils tests ===
Running target unix
=== binutils Summary ===
# of expected passes 23
# of expected failures 1
# of untested testcases 4
=== g++ tests ===
Running target unix
FAIL: g++.abi/cxa_vec.C Execution test
FAIL: g++.benjamin/15071.C Execution test
FAIL: g++.brendan/copy9.C Execution test
FAIL: g++.brendan/crash20.C (test for excess errors)
FAIL: g++.brendan/nest21.C Execution test
FAIL: g++.brendan/ptolemy2.C Execution test
FAIL: g++.eh/badalloc1.C Execution test
FAIL: g++.eh/cleanup2.C Execution test
FAIL: g++.eh/rethrow1.C Execution test
FAIL: g++.eh/rethrow2.C Execution test
FAIL: g++.eh/rethrow4.C Execution test
FAIL: g++.eh/rethrow6.C Execution test
FAIL: g++.eh/spec1.C Execution test
FAIL: g++.eh/spec2.C Execution test
FAIL: g++.eh/spec3.C Execution test
FAIL: g++.eh/spec4.C Execution test
FAIL: g++.eh/tmpl1.C Execution test
FAIL: g++.ext/attrib5.C (test for excess errors)
FAIL: g++.ext/instantiate1.C not instantiated (test for errors, line 18)
FAIL: g++.ext/instantiate1.C not instantiated (test for errors, line 20)
FAIL: g++.ext/instantiate2.C not instantiated (test for errors, line 16)
FAIL: g++.ext/instantiate3.C not instantiated (test for errors, line 13)
FAIL: g++.jason/2371.C Execution test
FAIL: g++.jason/template24.C Execution test
FAIL: g++.jason/template31.C Execution test
FAIL: g++.jason/typeid1.C Execution test
FAIL: g++.law/arg8.C Execution test
FAIL: g++.law/code-gen5.C Execution test
FAIL: g++.law/ctors12.C Execution test
FAIL: g++.law/ctors6.C (test for excess errors)
FAIL: g++.law/cvt2.C Execution test
FAIL: g++.law/operators4.C (test for excess errors)
FAIL: g++.law/profile1.C (test for excess errors)
FAIL: g++.law/virtual3.C Execution test
FAIL: g++.martin/bitset1.C Execution test
FAIL: g++.mike/dyncast1.C Execution test
FAIL: g++.mike/dyncast2.C Execution test
FAIL: g++.mike/eh2.C Execution test
XPASS: g++.mike/eh33.C (test for excess errors)
FAIL: g++.mike/eh34.C Execution test
XPASS: g++.mike/eh50.C (test for excess errors)
FAIL: g++.mike/eh51.C Execution test
FAIL: g++.mike/eh55.C Execution test
FAIL: g++.mike/net34.C Execution test
FAIL: g++.mike/net46.C Execution test
FAIL: g++.mike/p658.C Execution test
FAIL: g++.other/crash18.C (test for excess errors)
FAIL: g++.other/crash31.C parse error (test for errors, line 11)
FAIL: g++.other/crash31.C (test for excess errors)
FAIL: g++.other/headers1.C (test for excess errors)
FAIL: g++.other/sibcall1.C Execution test
FAIL: g++.pt/static11.C Execution test
FAIL: g++.robertl/eb115.C Execution test
FAIL: g++.robertl/eb118.C Execution test
FAIL: g++.robertl/eb21.C Execution test
FAIL: g++.robertl/eb27.C Execution test
FAIL: g++.robertl/eb3.C (test for excess errors)
FAIL: g++.robertl/eb31.C Execution test
FAIL: g++.robertl/eb41.C Execution test
FAIL: g++.robertl/eb46.C Execution test
FAIL: g++.robertl/eb54.C Execution test
FAIL: g++.robertl/eb66.C Execution test
FAIL: g++.robertl/eb73.C Execution test
FAIL: g++.robertl/eb77.C Execution test
=== g++ Summary ===
# of expected passes 6341
# of unexpected failures 62
# of unexpected successes 2
# of expected failures 93
# of untested testcases 19
/home/oliva/egcs/gcc/testsuite/../g++ version 3.0 20010319 (prerelease)
=== g77 tests ===
Running target unix
FAIL: g77.f-torture/compile/alpha1.f, -O0
FAIL: g77.f-torture/compile/alpha1.f, -O1
FAIL: g77.f-torture/compile/alpha1.f, -O2
FAIL: g77.f-torture/compile/alpha1.f, -O3 -fomit-frame-pointer
FAIL: g77.f-torture/compile/alpha1.f, -O3 -g
FAIL: g77.f-torture/compile/alpha1.f, -Os
FAIL: g77.f-torture/execute/io0.f execution, -O0
FAIL: g77.f-torture/execute/io0.f execution, -O1
FAIL: g77.f-torture/execute/io0.f execution, -O2
FAIL: g77.f-torture/execute/io0.f execution, -O3 -fomit-frame-pointer
FAIL: g77.f-torture/execute/io0.f execution, -O3 -g
FAIL: g77.f-torture/execute/io0.f execution, -Os
FAIL: g77.f-torture/execute/io1.f execution, -O0
FAIL: g77.f-torture/execute/io1.f execution, -O1
FAIL: g77.f-torture/execute/io1.f execution, -O2
FAIL: g77.f-torture/execute/io1.f execution, -O3 -fomit-frame-pointer
FAIL: g77.f-torture/execute/io1.f execution, -O3 -g
FAIL: g77.f-torture/execute/io1.f execution, -Os
=== g77 Summary ===
# of expected passes 901
# of unexpected failures 18
# of unsupported tests 8
=== gas tests ===
Running target unix
=== gas Summary ===
# of expected passes 170
# of expected failures 4
=== gcc tests ===
Running target unix
FAIL: gcc.c-torture/compile/20000804-1.c, -O0
FAIL: gcc.c-torture/compile/20001226-1.c, -O3 -g
FAIL: gcc.c-torture/compile/20001226-1.c, -Os
FAIL: gcc.c-torture/execute/20010119-1.c compilation, -O1
FAIL: gcc.c-torture/execute/20010119-1.c compilation, -O2
FAIL: gcc.c-torture/execute/20010119-1.c compilation, -O3 -fomit-frame-pointer
FAIL: gcc.c-torture/execute/20010119-1.c compilation, -O3 -fomit-frame-pointer -funroll-loops
FAIL: gcc.c-torture/execute/20010119-1.c compilation, -O3 -fomit-frame-pointer -funroll-all-loops -finline-functions
FAIL: gcc.c-torture/execute/20010119-1.c compilation, -O3 -g
FAIL: gcc.c-torture/execute/20010119-1.c compilation, -Os
FAIL: gcc.c-torture/execute/20010122-1.c execution, -O0
FAIL: gcc.c-torture/execute/20010122-1.c execution, -O1
FAIL: gcc.c-torture/execute/20010122-1.c execution, -O2
FAIL: gcc.c-torture/execute/20010122-1.c execution, -O3 -fomit-frame-pointer
FAIL: gcc.c-torture/execute/20010122-1.c execution, -O3 -fomit-frame-pointer -funroll-loops
FAIL: gcc.c-torture/execute/20010122-1.c execution, -O3 -fomit-frame-pointer -funroll-all-loops -finline-functions
FAIL: gcc.c-torture/execute/20010122-1.c execution, -O3 -g
FAIL: gcc.c-torture/execute/20010122-1.c execution, -Os
FAIL: gcc.c-torture/execute/20010123-1.c execution, -O0
FAIL: gcc.c-torture/execute/20010123-1.c execution, -O1
FAIL: gcc.c-torture/execute/20010123-1.c execution, -O2
FAIL: gcc.c-torture/execute/20010123-1.c execution, -O3 -fomit-frame-pointer
FAIL: gcc.c-torture/execute/20010123-1.c execution, -O3 -fomit-frame-pointer -funroll-loops
FAIL: gcc.c-torture/execute/20010123-1.c execution, -O3 -fomit-frame-pointer -funroll-all-loops -finline-functions
FAIL: gcc.c-torture/execute/20010123-1.c execution, -O3 -g
FAIL: gcc.c-torture/execute/20010123-1.c execution, -Os
FAIL: gcc.c-torture/execute/20010124-1.c execution, -O0
FAIL: gcc.c-torture/execute/20010124-1.c execution, -O1
FAIL: gcc.c-torture/execute/20010124-1.c execution, -O2
FAIL: gcc.c-torture/execute/20010124-1.c execution, -O3 -fomit-frame-pointer
FAIL: gcc.c-torture/execute/20010124-1.c execution, -O3 -g
FAIL: gcc.c-torture/execute/20010124-1.c execution, -Os
FAIL: gcc.c-torture/execute/strct-stdarg-1.c execution, -O0
FAIL: gcc.c-torture/execute/strct-stdarg-1.c execution, -O1
FAIL: gcc.c-torture/execute/strct-stdarg-1.c execution, -O2
FAIL: gcc.c-torture/execute/strct-stdarg-1.c execution, -O3 -fomit-frame-pointer
FAIL: gcc.c-torture/execute/strct-stdarg-1.c execution, -O3 -fomit-frame-pointer -funroll-loops
FAIL: gcc.c-torture/execute/strct-stdarg-1.c execution, -O3 -fomit-frame-pointer -funroll-all-loops -finline-functions
FAIL: gcc.c-torture/execute/strct-stdarg-1.c execution, -O3 -g
FAIL: gcc.c-torture/execute/strct-stdarg-1.c execution, -Os
FAIL: gcc.c-torture/execute/ieee/mzero2.c execution, -O1
FAIL: gcc.c-torture/execute/ieee/mzero2.c execution, -O2
FAIL: gcc.c-torture/execute/ieee/mzero2.c execution, -O3 -fomit-frame-pointer
FAIL: gcc.c-torture/execute/ieee/mzero2.c execution, -O3 -g
FAIL: gcc.c-torture/execute/ieee/mzero2.c execution, -Os
FAIL: gcc.dg/asm-names.c (test for excess errors)
FAIL: gcc.dg/sequence-pt-1.c sequence point warning (test for warnings, line 59)
FAIL: gcc.misc-tests/mg.c
=== gcc Summary ===
# of expected passes 14920
# of unexpected failures 48
# of expected failures 78
# of unresolved testcases 10
# of unsupported tests 56
/home/oliva/egcs/gcc/xgcc version 3.0 20010319 (prerelease)
=== objc tests ===
Running target unix
FAIL: objc/execute/_cmd.m execution, -O
FAIL: objc/execute/accessing_ivars.m compilation, -O
FAIL: objc/execute/bf-1.m execution, -O
FAIL: objc/execute/bf-10.m execution, -O
FAIL: objc/execute/bf-11.m execution, -O
FAIL: objc/execute/bf-12.m execution, -O
FAIL: objc/execute/bf-13.m execution, -O
FAIL: objc/execute/bf-14.m execution, -O
FAIL: objc/execute/bf-15.m execution, -O
FAIL: objc/execute/bf-16.m execution, -O
FAIL: objc/execute/bf-17.m execution, -O
FAIL: objc/execute/bf-18.m execution, -O
FAIL: objc/execute/bf-19.m execution, -O
FAIL: objc/execute/bf-2.m execution, -O
FAIL: objc/execute/bf-20.m execution, -O
FAIL: objc/execute/bf-3.m execution, -O
FAIL: objc/execute/bf-4.m execution, -O
FAIL: objc/execute/bf-5.m execution, -O
FAIL: objc/execute/bf-6.m execution, -O
FAIL: objc/execute/bf-7.m execution, -O
FAIL: objc/execute/bf-8.m execution, -O
FAIL: objc/execute/bf-9.m execution, -O
FAIL: objc/execute/bycopy-2.m compilation, -O
FAIL: objc/execute/bycopy-3.m compilation, -O
FAIL: objc/execute/class-1.m compilation, -O
FAIL: objc/execute/class-10.m compilation, -O
FAIL: objc/execute/class-11.m compilation, -O
FAIL: objc/execute/class-12.m compilation, -O
FAIL: objc/execute/class-13.m compilation, -O
FAIL: objc/execute/class-14.m compilation, -O
FAIL: objc/execute/class-2.m compilation, -O
FAIL: objc/execute/class-3.m compilation, -O
FAIL: objc/execute/class-4.m compilation, -O
FAIL: objc/execute/class-5.m compilation, -O
FAIL: objc/execute/class-6.m compilation, -O
FAIL: objc/execute/class-7.m compilation, -O
FAIL: objc/execute/class-8.m compilation, -O
FAIL: objc/execute/class-9.m compilation, -O
FAIL: objc/execute/compatibility_alias.m compilation, -O
FAIL: objc/execute/formal_protocol-1.m compilation, -O
FAIL: objc/execute/formal_protocol-2.m compilation, -O
FAIL: objc/execute/formal_protocol-3.m compilation, -O
FAIL: objc/execute/formal_protocol-4.m compilation, -O
FAIL: objc/execute/formal_protocol-5.m compilation, -O
FAIL: objc/execute/formal_protocol-6.m compilation, -O
FAIL: objc/execute/formal_protocol-7.m compilation, -O
FAIL: objc/execute/initialize.m execution, -O
FAIL: objc/execute/load.m execution, -O
FAIL: objc/execute/many_args_method.m execution, -O
FAIL: objc/execute/nested-3.m execution, -O
FAIL: objc/execute/no_clash.m compilation, -O
FAIL: objc/execute/np-1.m compilation, -O
FAIL: objc/execute/np-2.m compilation, -O
FAIL: objc/execute/private.m compilation, -O
FAIL: objc/execute/protocol.m compilation, -O
FAIL: objc/execute/redefining_self.m execution, -O
FAIL: objc/execute/root_methods.m execution, -O
FAIL: objc/execute/static-1.m execution, -O
FAIL: objc/execute/static-2.m execution, -O
FAIL: objc/execute/string1.m compilation, -O
FAIL: objc/execute/string2.m compilation, -O
FAIL: objc/execute/string3.m compilation, -O
FAIL: objc/execute/string4.m compilation, -O
FAIL: objc/execute/va_method.m execution, -O
=== objc Summary ===
# of expected passes 48
# of unexpected failures 64
# of untested testcases 34
/home/oliva/egcs/gcc/xgcc version 3.0 20010319 (prerelease)
Compiler version: 3.0 20010319 (prerelease)
Platform: hppa1.1-hp-hpux10.20
BOOT_CFLAGS: -g -O9 -W -Wall
Counting all warnings,
there are 304 warnings in stage3 of this bootstrap.
Number of warnings per file:
83 gcc/gcc.c
27 gcc/combine.c
23 gcc/f/lang-specs.h
23 gcc/expr.c
17 gcc/cp/lang-specs.h
14 gcc/config/pa/pa.c
11 gcc/recog.c
11 gcc/calls.c
10 gcc/reload.c
9 quadlib.c
9 gcc/reload1.c
9 gcc/objc/lang-specs.h
7 gcc/varasm.c
6 gcc/function.c
6 gcc/cse.c
6 gcc/cp/pt.c
5 gcc/cp/error.c
4 gcc/cp/call.c
3 gcc/libgcc2.c
2 hashtab.c
2 gcc/regmove.c
2 gcc/fold-const.c
2 gcc/alias.c
2 alloca.c
1 insn-output.c
1 gcc/toplev.c
1 gcc/sched-deps.c
1 gcc/regclass.c
1 gcc/jump.c
1 gcc/intl/dcgettext.c
1 gcc/flow.c
1 gcc/final.c
1 gcc/expmed.c
1 gcc/cp/errfn.c
1 gcc/cp/decl.c
Number of warning types:
66 comparison between signed and unsigned
62 missing initializer
62 (near initialization for `???')
42 integer constant larger than the maximum value of an unsigned long int
21 signed and unsigned type in conditional expression
10 `???' might be used uninitialized in this function
9 no previous prototype for `???'
8 function declaration isn't a prototype
5 string length `???' is greater than the length `???' ISO C89 compilers are required to support
5 initialization from incompatible pointer type
4 ??? format, ??? arg (arg ???)
2 unused variable `???'
2 unused parameter `???'
2 pointer targets in passing arg ??? of `???' differ in signedness
1 suggest not using #elif in traditional C
1 integer constant is unsigned in ISO C, signed with -traditional
1 decimal constant is so large that it is unsigned
1 `???' defined but not used