This is the mail archive of the gcc-testresults@gcc.gnu.org mailing list for the GCC project.
Index Nav: | [Date Index] [Subject Index] [Author Index] [Thread Index] | |
---|---|---|
Message Nav: | [Date Prev] [Date Next] | [Thread Prev] [Thread Next] |
Native configuration is i686-pc-linux-gnu === gcc tests === Running target unix FAIL: gcc.c-torture/execute/20010114-2.c execution, -O1 FAIL: gcc.c-torture/execute/20010114-2.c execution, -O2 FAIL: gcc.c-torture/execute/20010114-2.c execution, -Os FAIL: gcc.c-torture/execute/loop-2b.c execution, -O2 FAIL: gcc.dg/20000724-1.c execution test === gcc Summary === # of expected passes 15102 # of unexpected failures 5 # of expected failures 93 # of unsupported tests 20 /builds/gcc/gcc-3.1-devel/gcc/xgcc version 3.1 20010317 (experimental) === g++ tests === Running target unix FAIL: g++.ext/instantiate1.C not instantiated (test for errors, line 18) FAIL: g++.ext/instantiate1.C not instantiated (test for errors, line 20) FAIL: g++.other/eh4.C (test for excess errors) === g++ Summary === # of expected passes 6434 # of unexpected failures 3 # of expected failures 87 # of untested testcases 9 /builds/gcc/gcc-3.1-devel/gcc/testsuite/../g++ version 3.1 20010317 (experimental) === g77 tests === Running target unix === g77 Summary === # of expected passes 928 # of expected failures 7 === objc tests === Running target unix FAIL: objc/execute/formal_protocol-5.m compilation, -O FAIL: objc/execute/formal_protocol-6.m compilation, -O FAIL: objc/execute/protocol.m compilation, -O === objc Summary === # of expected passes 140 # of unexpected failures 3 # of untested testcases 3 /builds/gcc/gcc-3.1-devel/gcc/xgcc version 3.1 20010317 (experimental) Compiler version: 3.1 20010317 (experimental) Platform: i686-pc-linux-gnu configure flags: --host=i686-pc-linux-gnu --prefix=/opt/gcc-3.1-devel --enable-shared --enable-threads=posix --with-gnu-as --with-gnu-ld --disable-nls --with-system-zlib --enable-languages=c,objc,c++,f77
Index Nav: | [Date Index] [Subject Index] [Author Index] [Thread Index] | |
---|---|---|
Message Nav: | [Date Prev] [Date Next] | [Thread Prev] [Thread Next] |