This is the mail archive of the
gcc-testresults@gcc.gnu.org
mailing list for the GCC project.
Results for 2.95.3 20001229 (prerelease) testsuite on sparc-sun-solaris2.7
- To: gcc-testresults at gcc dot gnu dot org
- Subject: Results for 2.95.3 20001229 (prerelease) testsuite on sparc-sun-solaris2.7
- From: "Kaveh R. Ghazi" <ghazi at caip dot rutgers dot edu>
- Date: Sat, 30 Dec 2000 09:03:47 -0500 (EST)
Native configuration is sparc-sun-solaris2.7
=== libio tests ===
Running target unix/-fPIC
=== libio Summary for unix/-fPIC ===
# of expected passes 40
Running target unix/-fpic
=== libio Summary for unix/-fpic ===
# of expected passes 40
Running target unix
=== libio Summary for unix ===
# of expected passes 40
=== libio Summary ===
# of expected passes 120
=== libstdc++ tests ===
Running target unix/-fPIC
=== libstdc++ Summary for unix/-fPIC ===
# of expected passes 30
Running target unix/-fpic
=== libstdc++ Summary for unix/-fpic ===
# of expected passes 30
Running target unix
=== libstdc++ Summary for unix ===
# of expected passes 30
=== libstdc++ Summary ===
# of expected passes 90
=== gcc tests ===
Running target unix/-fPIC
FAIL: gcc.dg/990119-1.c execution test
FAIL: gcc.dg/cast-qual-1.c discarding `const' warning (test for bogus messages, line 11)
FAIL: gcc.dg/cast-qual-1.c discarding `const' warning (test for warnings, line 17)
FAIL: gcc.dg/compare1.c (test for excess errors)
FAIL: gcc.misc-tests/gcov-1.c (test for excess errors)
FAIL: gcc.misc-tests/gcov-1.c execution test
FAIL: gcov-1.c:1:is 4:should be 11
FAIL: gcov-1.c:1:is 5:should be 10
FAIL: gcov-1.c:1:is 7:should be 1
FAIL: gcc.misc-tests/gcov-2.c (test for excess errors) (PRMS 8294)
FAIL: gcc.misc-tests/gcov-2.c execution test (PRMS 8294)
=== gcc Summary for unix/-fPIC ===
# of expected passes 8033
# of unexpected failures 11
# of expected failures 31
# of unsupported tests 24
Running target unix/-fpic
FAIL: gcc.dg/990119-1.c execution test
FAIL: gcc.dg/cast-qual-1.c discarding `const' warning (test for bogus messages, line 11)
FAIL: gcc.dg/cast-qual-1.c discarding `const' warning (test for warnings, line 17)
FAIL: gcc.dg/compare1.c (test for excess errors)
FAIL: gcc.misc-tests/gcov-1.c (test for excess errors)
FAIL: gcc.misc-tests/gcov-1.c execution test
FAIL: gcov-1.c:1:is 4:should be 11
FAIL: gcov-1.c:1:is 5:should be 10
FAIL: gcov-1.c:1:is 7:should be 1
FAIL: gcc.misc-tests/gcov-2.c (test for excess errors) (PRMS 8294)
FAIL: gcc.misc-tests/gcov-2.c execution test (PRMS 8294)
=== gcc Summary for unix/-fpic ===
# of expected passes 8033
# of unexpected failures 11
# of expected failures 31
# of unsupported tests 24
Running target unix
FAIL: gcc.dg/990119-1.c execution test
FAIL: gcc.dg/cast-qual-1.c discarding `const' warning (test for bogus messages, line 11)
FAIL: gcc.dg/cast-qual-1.c discarding `const' warning (test for warnings, line 17)
FAIL: gcc.dg/compare1.c (test for excess errors)
=== gcc Summary for unix ===
# of expected passes 8038
# of unexpected failures 4
# of expected failures 31
# of unsupported tests 24
=== gcc Summary ===
# of expected passes 24104
# of unexpected failures 26
# of expected failures 93
# of unsupported tests 72
/teal/caip5/ghazi/gcc-testing/2.95/buildckmax/gcc/xgcc version 2.95.3 20001229 (prerelease)
=== g++ tests ===
Running target unix/-fPIC
FAIL: g++.dg/special/conpr-1.C execution test
FAIL: g++.dg/special/conpr-2.C execution test
FAIL: g++.dg/special/conpr-3.C execution test
FAIL: g++.dg/special/conpr-3.C execution test
FAIL: g++.gb/sig01.C (test for excess errors)
FAIL: g++.gb/sig02.C (test for excess errors)
FAIL: g++.gb/sig03.C (test for excess errors)
FAIL: g++.gb/sig04.C (test for excess errors)
FAIL: g++.gb/sig05.C (test for excess errors)
FAIL: g++.gb/sig06.C (test for excess errors)
FAIL: g++.gb/sig07.C (test for excess errors)
FAIL: g++.gb/sig08.C (test for excess errors)
FAIL: g++.gb/sig09.C (test for excess errors)
FAIL: g++.gb/sig10.C (test for excess errors)
FAIL: g++.gb/sig11.C (test for excess errors)
FAIL: g++.gb/sig12.C (test for excess errors)
FAIL: g++.gb/sig13.C (test for excess errors)
FAIL: g++.gb/sig14.C (test for excess errors)
FAIL: g++.gb/sig15.C (test for excess errors)
FAIL: g++.gb/sig16.C (test for excess errors)
FAIL: g++.gb/sig17.C (test for excess errors)
FAIL: g++.gb/sig18.C (test for excess errors)
FAIL: g++.gb/sig19.C (test for excess errors)
FAIL: g++.gb/sig20.C (test for excess errors)
FAIL: g++.gb/sig21.C (test for excess errors)
FAIL: g++.gb/sig22.C (test for excess errors)
FAIL: g++.gb/sig23.C (test for excess errors)
FAIL: g++.gb/sig24.C (test for excess errors)
FAIL: g++.gb/sig25.C (test for excess errors)
FAIL: g++.gb/sig26.C (test for excess errors)
FAIL: g++.gb/sig27.C (test for excess errors)
FAIL: g++.gb/sig28.C (test for excess errors)
FAIL: g++.gb/sig29.C (test for excess errors)
FAIL: g++.gb/sig30.C (test for excess errors)
FAIL: g++.gb/sig31.C (test for excess errors)
FAIL: g++.law/profile1.C (test for excess errors)
FAIL: g++.law/profile1.C Execution test
XPASS: g++.pt/instantiate6.C (test for excess errors)
FAIL: g++.robertl/eb131.C candidate (test for errors, line 13)
FAIL: g++.robertl/eb83.C (test for excess errors)
FAIL: g++.robertl/eb83.C Execution test
=== g++ Summary for unix/-fPIC ===
# of expected passes 5115
# of unexpected failures 40
# of unexpected successes 1
# of expected failures 76
# of untested testcases 10
Running target unix/-fpic
FAIL: g++.dg/special/conpr-1.C execution test
FAIL: g++.dg/special/conpr-2.C execution test
FAIL: g++.dg/special/conpr-3.C execution test
FAIL: g++.dg/special/conpr-3.C execution test
FAIL: g++.gb/sig01.C (test for excess errors)
FAIL: g++.gb/sig02.C (test for excess errors)
FAIL: g++.gb/sig03.C (test for excess errors)
FAIL: g++.gb/sig04.C (test for excess errors)
FAIL: g++.gb/sig05.C (test for excess errors)
FAIL: g++.gb/sig06.C (test for excess errors)
FAIL: g++.gb/sig07.C (test for excess errors)
FAIL: g++.gb/sig08.C (test for excess errors)
FAIL: g++.gb/sig09.C (test for excess errors)
FAIL: g++.gb/sig10.C (test for excess errors)
FAIL: g++.gb/sig11.C (test for excess errors)
FAIL: g++.gb/sig12.C (test for excess errors)
FAIL: g++.gb/sig13.C (test for excess errors)
FAIL: g++.gb/sig14.C (test for excess errors)
FAIL: g++.gb/sig15.C (test for excess errors)
FAIL: g++.gb/sig16.C (test for excess errors)
FAIL: g++.gb/sig17.C (test for excess errors)
FAIL: g++.gb/sig18.C (test for excess errors)
FAIL: g++.gb/sig19.C (test for excess errors)
FAIL: g++.gb/sig20.C (test for excess errors)
FAIL: g++.gb/sig21.C (test for excess errors)
FAIL: g++.gb/sig22.C (test for excess errors)
FAIL: g++.gb/sig23.C (test for excess errors)
FAIL: g++.gb/sig24.C (test for excess errors)
FAIL: g++.gb/sig25.C (test for excess errors)
FAIL: g++.gb/sig26.C (test for excess errors)
FAIL: g++.gb/sig27.C (test for excess errors)
FAIL: g++.gb/sig28.C (test for excess errors)
FAIL: g++.gb/sig29.C (test for excess errors)
FAIL: g++.gb/sig30.C (test for excess errors)
FAIL: g++.gb/sig31.C (test for excess errors)
FAIL: g++.law/profile1.C (test for excess errors)
FAIL: g++.law/profile1.C Execution test
XPASS: g++.pt/instantiate6.C (test for excess errors)
FAIL: g++.robertl/eb131.C candidate (test for errors, line 13)
FAIL: g++.robertl/eb83.C (test for excess errors)
FAIL: g++.robertl/eb83.C Execution test
=== g++ Summary for unix/-fpic ===
# of expected passes 5115
# of unexpected failures 40
# of unexpected successes 1
# of expected failures 76
# of untested testcases 10
Running target unix
FAIL: g++.dg/special/conpr-1.C execution test
FAIL: g++.dg/special/conpr-2.C execution test
FAIL: g++.dg/special/conpr-3.C execution test
FAIL: g++.dg/special/conpr-3.C execution test
FAIL: g++.gb/sig01.C (test for excess errors)
FAIL: g++.gb/sig02.C (test for excess errors)
FAIL: g++.gb/sig03.C (test for excess errors)
FAIL: g++.gb/sig04.C (test for excess errors)
FAIL: g++.gb/sig05.C (test for excess errors)
FAIL: g++.gb/sig06.C (test for excess errors)
FAIL: g++.gb/sig07.C (test for excess errors)
FAIL: g++.gb/sig08.C (test for excess errors)
FAIL: g++.gb/sig09.C (test for excess errors)
FAIL: g++.gb/sig10.C (test for excess errors)
FAIL: g++.gb/sig11.C (test for excess errors)
FAIL: g++.gb/sig12.C (test for excess errors)
FAIL: g++.gb/sig13.C (test for excess errors)
FAIL: g++.gb/sig14.C (test for excess errors)
FAIL: g++.gb/sig15.C (test for excess errors)
FAIL: g++.gb/sig16.C (test for excess errors)
FAIL: g++.gb/sig17.C (test for excess errors)
FAIL: g++.gb/sig18.C (test for excess errors)
FAIL: g++.gb/sig19.C (test for excess errors)
FAIL: g++.gb/sig20.C (test for excess errors)
FAIL: g++.gb/sig21.C (test for excess errors)
FAIL: g++.gb/sig22.C (test for excess errors)
FAIL: g++.gb/sig23.C (test for excess errors)
FAIL: g++.gb/sig24.C (test for excess errors)
FAIL: g++.gb/sig25.C (test for excess errors)
FAIL: g++.gb/sig26.C (test for excess errors)
FAIL: g++.gb/sig27.C (test for excess errors)
FAIL: g++.gb/sig28.C (test for excess errors)
FAIL: g++.gb/sig29.C (test for excess errors)
FAIL: g++.gb/sig30.C (test for excess errors)
FAIL: g++.gb/sig31.C (test for excess errors)
XPASS: g++.pt/instantiate6.C (test for excess errors)
FAIL: g++.robertl/eb131.C candidate (test for errors, line 13)
=== g++ Summary for unix ===
# of expected passes 5119
# of unexpected failures 36
# of unexpected successes 1
# of expected failures 76
# of untested testcases 10
=== g++ Summary ===
# of expected passes 15349
# of unexpected failures 116
# of unexpected successes 3
# of expected failures 228
# of untested testcases 30
/teal/caip5/ghazi/gcc-testing/2.95/buildckmax/gcc/testsuite/../xgcc version 2.95.3 20001229 (prerelease)
=== g77 tests ===
Running target unix/-fPIC
=== g77 Summary for unix/-fPIC ===
# of expected passes 602
Running target unix/-fpic
=== g77 Summary for unix/-fpic ===
# of expected passes 602
Running target unix
=== g77 Summary for unix ===
# of expected passes 602
=== g77 Summary ===
# of expected passes 1806
=== objc tests ===
Running target unix/-fPIC
FAIL: objc/execute/bf-1.m compilation, -O
FAIL: objc/execute/bf-10.m compilation, -O
FAIL: objc/execute/bf-11.m compilation, -O
FAIL: objc/execute/bf-12.m compilation, -O
FAIL: objc/execute/bf-13.m compilation, -O
FAIL: objc/execute/bf-14.m compilation, -O
FAIL: objc/execute/bf-15.m compilation, -O
FAIL: objc/execute/bf-16.m compilation, -O
FAIL: objc/execute/bf-17.m compilation, -O
FAIL: objc/execute/bf-18.m compilation, -O
FAIL: objc/execute/bf-19.m compilation, -O
FAIL: objc/execute/bf-2.m compilation, -O
FAIL: objc/execute/bf-3.m compilation, -O
FAIL: objc/execute/bf-4.m compilation, -O
FAIL: objc/execute/bf-5.m compilation, -O
FAIL: objc/execute/bf-6.m compilation, -O
FAIL: objc/execute/bf-7.m compilation, -O
FAIL: objc/execute/bf-8.m compilation, -O
FAIL: objc/execute/bf-9.m compilation, -O
=== objc Summary for unix/-fPIC ===
# of unexpected failures 19
# of untested testcases 19
Running target unix/-fpic
FAIL: objc/execute/bf-1.m compilation, -O
FAIL: objc/execute/bf-10.m compilation, -O
FAIL: objc/execute/bf-11.m compilation, -O
FAIL: objc/execute/bf-12.m compilation, -O
FAIL: objc/execute/bf-13.m compilation, -O
FAIL: objc/execute/bf-14.m compilation, -O
FAIL: objc/execute/bf-15.m compilation, -O
FAIL: objc/execute/bf-16.m compilation, -O
FAIL: objc/execute/bf-17.m compilation, -O
FAIL: objc/execute/bf-18.m compilation, -O
FAIL: objc/execute/bf-19.m compilation, -O
FAIL: objc/execute/bf-2.m compilation, -O
FAIL: objc/execute/bf-3.m compilation, -O
FAIL: objc/execute/bf-4.m compilation, -O
FAIL: objc/execute/bf-5.m compilation, -O
FAIL: objc/execute/bf-6.m compilation, -O
FAIL: objc/execute/bf-7.m compilation, -O
FAIL: objc/execute/bf-8.m compilation, -O
FAIL: objc/execute/bf-9.m compilation, -O
=== objc Summary for unix/-fpic ===
# of unexpected failures 19
# of untested testcases 19
Running target unix
FAIL: objc/execute/bf-1.m compilation, -O
FAIL: objc/execute/bf-10.m compilation, -O
FAIL: objc/execute/bf-11.m compilation, -O
FAIL: objc/execute/bf-12.m compilation, -O
FAIL: objc/execute/bf-13.m compilation, -O
FAIL: objc/execute/bf-14.m compilation, -O
FAIL: objc/execute/bf-15.m compilation, -O
FAIL: objc/execute/bf-16.m compilation, -O
FAIL: objc/execute/bf-17.m compilation, -O
FAIL: objc/execute/bf-18.m compilation, -O
FAIL: objc/execute/bf-19.m compilation, -O
FAIL: objc/execute/bf-2.m compilation, -O
FAIL: objc/execute/bf-3.m compilation, -O
FAIL: objc/execute/bf-4.m compilation, -O
FAIL: objc/execute/bf-5.m compilation, -O
FAIL: objc/execute/bf-6.m compilation, -O
FAIL: objc/execute/bf-7.m compilation, -O
FAIL: objc/execute/bf-8.m compilation, -O
FAIL: objc/execute/bf-9.m compilation, -O
=== objc Summary for unix ===
# of unexpected failures 19
# of untested testcases 19
=== objc Summary ===
# of unexpected failures 57
# of untested testcases 57
/teal/caip5/ghazi/gcc-testing/2.95/buildckmax/gcc/xgcc version 2.95.3 20001229 (prerelease)
Compiler version: 2.95.3 20001229 (prerelease)
Platform: sparc-sun-solaris2.7
configure flags: --with-gcc-version-trigger=/teal/caip5/ghazi/gcc-testing/2.95/egcs-2.95-CVS20001229/gcc/version.c --host=sparc-sun-solaris2.7 --verbose --enable-checking=yes --norecursion
BOOT_CFLAGS=-g -O3 -funroll-all-loops