This is the mail archive of the
gcc-testresults@gcc.gnu.org
mailing list for the GCC project.
Results for 2.97 20001218 (experimental) testsuite on alpha-redhat-linux-gnu
- To: gcc-testresults at gcc dot gnu dot org
- Subject: Results for 2.97 20001218 (experimental) testsuite on alpha-redhat-linux-gnu
- From: Christian Iseli <chris at ludwig-alpha dot unil dot ch>
- Date: Mon, 18 Dec 2000 17:07:30 +0100
Native configuration is alpha-redhat-linux-gnu
=== libstdc++-v3 tests ===
Detailed test results in ./testsuite/20001218-mkcheck.txt
+: pass, -b: build failure, -r: run failure, x: disabled
------------------------------------------------------------------------
static shared test
------------------------------------------------------------------------
+ + 17_intro/header_ciso646.cc
+ + 17_intro/header_fstream.cc
+ + 17_intro/header_iomanip.cc
+ + 17_intro/header_ios.cc
+ + 17_intro/header_iosfwd.cc
+ + 17_intro/header_iostream.cc
+ + 17_intro/header_istream.cc
+ + 17_intro/header_ostream.cc
+ + 17_intro/headers.cc
+ + 17_intro/header_sstream.cc
+ + 17_intro/header_streambuf.cc
+ + 18_support/numeric_limits.cc
+ + 20_util/auto_ptr.cc
+ + 21_strings/append.cc
+ + 21_strings/capacity.cc
+ + 21_strings/char_traits.cc
+ + 21_strings/compare.cc
+ + 21_strings/ctor_copy_dtor.cc
+ + 21_strings/element_access.cc
+ + 21_strings/find.cc
+ + 21_strings/insert.cc
+ + 21_strings/inserters_extractors.cc
+ + 21_strings/invariants.cc
+ + 21_strings/nonmember.cc
+ + 21_strings/operations.cc
+ + 21_strings/replace.cc
+ + 21_strings/rfind.cc
+ + 21_strings/substr.cc
+ + 22_locale/codecvt_char_char.cc
+ + 22_locale/codecvt_unicode_char.cc
+ + 22_locale/codecvt_unicode_wchar_t.cc
+ + 22_locale/codecvt_wchar_t_char.cc
+ + 22_locale/ctor_copy_dtor.cc
-b -b 22_locale/ctype.cc
+ + 22_locale/ctype_char_members.cc
+ + 22_locale/ctype_wchar_t_members.cc
+ + 22_locale/facet.cc
+ + 22_locale/global_templates.cc
+ + 22_locale/operators.cc
+ + 22_locale/static_members.cc
+ + 23_containers/bitset_ctor.cc
+ + 23_containers/bitset_shift.cc
-b -b 23_containers/map_operators.cc
+ + 23_containers/multiset.cc
-b -b 23_containers/set_operators.cc
+ + 23_containers/vector_capacity.cc
+ + 23_containers/vector_ctor.cc
+ + 23_containers/vector_element_access.cc
+ + 23_containers/vector_modifiers.cc
+ + 24_iterators/istreambuf_iterator.cc
+ + 24_iterators/iterator.cc
+ + 25_algorithms/lower_bound.cc
+ + 25_algorithms/min_max.cc
+ + 26_numerics/binary_closure.cc
+ + 26_numerics/buggy_complex.cc
+ + 26_numerics/c_math.cc
+ + 26_numerics/complex_inserters_extractors.cc
+ + 26_numerics/complex_value.cc
+ + 26_numerics/valarray.cc
+ + 27_io/filebuf.cc
-r -r 27_io/filebuf_members.cc
+ + 27_io/fpos.cc
+ + 27_io/ifstream_members.cc
+ + 27_io/ios_base_callbacks.cc
+ + 27_io/ios_base_members_static.cc
+ + 27_io/ios_ctor.cc
+ + 27_io/ios_manip_basefield.cc
+ + 27_io/ios_manip_fmtflags.cc
+ + 27_io/ios_members.cc
+ + 27_io/istream.cc
+ + 27_io/istream_extractor_arith.cc
+ + 27_io/istream_extractor_char.cc
+ + 27_io/istream_extractor_other.cc
+ + 27_io/istream_manip.cc
+ + 27_io/istream_seeks.cc
+ + 27_io/istream_sentry.cc
+ + 27_io/istream_unformatted.cc
+ + 27_io/istringstream_members.cc
+ + 27_io/narrow_stream_objects.cc
+ + 27_io/ofstream_members.cc
+ + 27_io/ostream.cc
+ + 27_io/ostream_inserter_arith.cc
+ + 27_io/ostream_inserter_char.cc
+ + 27_io/ostream_inserter_other.cc
+ + 27_io/ostream_manip.cc
+ + 27_io/ostream_seeks.cc
+ + 27_io/ostream_unformatted.cc
+ + 27_io/streambuf.cc
+ + 27_io/stringbuf.cc
+ + 27_io/stringstream.cc
+ + 27_io/wide_stream_objects.cc
+ + ext/headers.cc
testrun == 1513 seconds
=== gcc tests ===
Running target unix
FAIL: gcc.c-torture/compile/20001116-1.c, -O0
FAIL: gcc.c-torture/compile/20001116-1.c, -O1
FAIL: gcc.c-torture/compile/20001116-1.c, -O2
FAIL: gcc.c-torture/compile/20001116-1.c, -O3 -fomit-frame-pointer
FAIL: gcc.c-torture/compile/20001116-1.c, -O3 -g
FAIL: gcc.c-torture/compile/20001116-1.c, -Os
FAIL: gcc.c-torture/compile/20001205-1.c, -O1
FAIL: gcc.c-torture/compile/20001205-1.c, -O3 -g
FAIL: gcc.c-torture/execute/20001130-2.c execution, -O2
FAIL: gcc.c-torture/execute/20001130-2.c execution, -Os
XPASS: gcc.c-torture/execute/memcheck/blkarg.c execution, -O0
XPASS: gcc.c-torture/execute/memcheck/blkarg.c execution, -O1
XPASS: gcc.c-torture/execute/memcheck/blkarg.c execution, -O2
XPASS: gcc.c-torture/execute/memcheck/blkarg.c execution, -Os
FAIL: gcc.c-torture/unsorted/loop386.c, -O3 -g
FAIL: gcc.dg/sequence-pt-1.c sequence point warning (test for warnings, line 59)
FAIL: gcc.misc-tests/mg.c
=== gcc Summary ===
# of expected passes 13243
# of unexpected failures 13
# of unexpected successes 4
# of expected failures 71
# of unsupported tests 48
/usr/src/redhat/BUILD/obj-alpha-linux/gcc/xgcc version 2.97 20001218 (experimental)
=== g++ tests ===
Running target unix
FAIL: g++.brendan/crash39.C (test for excess errors)
FAIL: g++.eh/badalloc1.C Execution test
FAIL: g++.ext/instantiate1.C not instantiated (test for errors, line 20)
FAIL: g++.ext/instantiate3.C not instantiated (test for errors, line 13)
FAIL: g++.jason/2371.C (test for excess errors)
FAIL: g++.law/code-gen5.C (test for excess errors)
FAIL: g++.law/ctors12.C (test for excess errors)
FAIL: g++.law/cvt2.C (test for excess errors)
FAIL: g++.mike/eh2.C (test for excess errors)
FAIL: g++.other/crash18.C (test for excess errors)
FAIL: g++.other/crash32.C (test for excess errors)
FAIL: g++.other/eh3.C Execution test
FAIL: g++.other/loop2.C caused compiler crash
FAIL: g++.robertl/eb39.C (test for excess errors)
FAIL: g++.robertl/eb44.C (test for excess errors)
FAIL: g++.robertl/eb66.C (test for excess errors)
FAIL: g++.robertl/eb91.C (test for excess errors)
=== g++ Summary ===
# of expected passes 6143
# of unexpected failures 17
# of expected failures 101
# of untested testcases 18
/usr/src/redhat/BUILD/obj-alpha-linux/gcc/testsuite/../g++ version 2.97 20001218 (experimental)
=== g77 tests ===
Running target unix
=== g77 Summary ===
# of expected passes 889
=== objc tests ===
Running target unix
FAIL: objc/execute/fdecl.m compilation, -O
FAIL: objc/execute/np-1.m compilation, -O
FAIL: objc/execute/np-2.m compilation, -O
FAIL: objc/execute/protocol.m compilation, -O
=== objc Summary ===
# of expected passes 46
# of unexpected failures 4
# of untested testcases 4
/usr/src/redhat/BUILD/obj-alpha-linux/gcc/xgcc version 2.97 20001218 (experimental)
Compiler version: 2.97 20001218 (experimental)
Platform: alpha-redhat-linux-gnu
configure flags: --host=alpha-redhat-linux --prefix=/usr --enable-shared --enable-threads --with-system-zlib
Counting all warnings,
there are 58 warnings in stage3 of this bootstrap.
Number of warnings per file:
5 gcc/loop.c
5 gcc/cp/error.c
5 gcc/c-common.c
4 gcc/reload.c
4 gcc/libgcc2.c
4 gcc/java/lex.c
3 gcc/gcc.c
3 gcc/dwarf2out.c
2 gcc/expr.c
2 gcc/cp/call.c
2 gcc/config/alpha/alpha.c
1 gcc/varasm.c
1 gcc/sdbout.c
1 gcc/sched-vis.c
1 gcc/sched-deps.c
1 gcc/reload1.c
1 gcc/objc/objc-act.c
1 gcc/objc/lang-specs.h
1 gcc/java/jvspec.c
1 gcc/java/jcf-write.c
1 gcc/java/jcf-parse.c
1 gcc/fold-const.c
1 gcc/f/lang-specs.h
1 gcc/final.c
1 gcc/cppexp.c
1 gcc/cp/lang-specs.h
1 gcc/cp/errfn.c
1 gcc/combine.c
1 gcc/c-lex.c
1 gcc/builtins.c
Number of warning types:
17 comparison between signed and unsigned
10 \`???' might be used uninitialized in this function
6 string length \`???' is greater than the minimum length \`???' ISO C89 is required to support
5 passing arg ??? of \`???' from incompatible pointer type
5 initialization from incompatible pointer type
4 function declaration isn't a prototype
2 unused variable \`???'
2 no previous prototype for \`???'
2 assignment discards qualifiers from pointer target type
1 traditional C rejects string concatenation
1 pointer targets in passing arg ??? of \`???' differ in signedness
1 \`long' switch expression not converted to \`int' in ISO C
1 function-like macro \`strcmp' must be used with arguments in traditional C
1 \`???' defined but not used