This is the mail archive of the
gcc-testresults@gcc.gnu.org
mailing list for the GCC project.
Results for 2.96 20000823 (experimental) testsuite on sparc-sun-solaris2.7
- To: gcc-testresults at gcc dot gnu dot org
- Subject: Results for 2.96 20000823 (experimental) testsuite on sparc-sun-solaris2.7
- From: "Kaveh R. Ghazi" <ghazi at caip dot rutgers dot edu>
- Date: Thu, 24 Aug 2000 11:04:40 -0400 (EDT)
Native configuration is sparc-sun-solaris2.7
=== libio tests ===
Running target unix/-fPIC
=== libio Summary for unix/-fPIC ===
# of expected passes 40
Running target unix/-fpic
=== libio Summary for unix/-fpic ===
# of expected passes 40
Running target unix
=== libio Summary for unix ===
# of expected passes 40
=== libio Summary ===
# of expected passes 120
=== libstdc++ tests ===
Running target unix/-fPIC
=== libstdc++ Summary for unix/-fPIC ===
# of expected passes 30
Running target unix/-fpic
=== libstdc++ Summary for unix/-fpic ===
# of expected passes 30
Running target unix
=== libstdc++ Summary for unix ===
# of expected passes 30
=== libstdc++ Summary ===
# of expected passes 90
=== gcc tests ===
Running target unix/-fPIC
FAIL: gcc.c-torture/compile/20000606-1.c, -O0
FAIL: gcc.c-torture/compile/20000606-1.c, -O1
FAIL: gcc.c-torture/compile/20000606-1.c, -O2
FAIL: gcc.c-torture/compile/20000606-1.c, -O3 -fomit-frame-pointer
FAIL: gcc.c-torture/compile/20000606-1.c, -O3 -g
FAIL: gcc.c-torture/compile/20000606-1.c, -O3 -fssa
FAIL: gcc.c-torture/compile/20000606-1.c, -Os
FAIL: gcc.c-torture/execute/20000225-1.c execution, -O2
FAIL: gcc.c-torture/execute/20000225-1.c execution, -O3 -fomit-frame-pointer
FAIL: gcc.c-torture/execute/20000225-1.c execution, -O3 -fomit-frame-pointer -funroll-loops
FAIL: gcc.c-torture/execute/20000225-1.c execution, -O3 -fomit-frame-pointer -funroll-all-loops -finline-functions
FAIL: gcc.c-torture/execute/20000225-1.c execution, -O3 -g
FAIL: gcc.c-torture/execute/20000225-1.c execution, -O3 -fssa
FAIL: gcc.c-torture/execute/20000225-1.c execution, -Os
FAIL: gcc.c-torture/execute/20000731-2.c execution, -O3 -fomit-frame-pointer -funroll-all-loops -finline-functions
FAIL: gcc.c-torture/execute/20000801-1.c execution, -O2
FAIL: gcc.c-torture/execute/20000801-1.c execution, -O3 -fomit-frame-pointer
FAIL: gcc.c-torture/execute/20000801-1.c execution, -O3 -fomit-frame-pointer -funroll-loops
FAIL: gcc.c-torture/execute/20000801-1.c execution, -O3 -fomit-frame-pointer -funroll-all-loops -finline-functions
FAIL: gcc.c-torture/execute/20000801-1.c compilation, -O3 -g
FAIL: gcc.c-torture/execute/20000801-1.c execution, -Os
FAIL: gcc.c-torture/execute/20000801-2.c execution, -O3 -fomit-frame-pointer -funroll-all-loops -finline-functions
FAIL: gcc.c-torture/execute/930622-2.c execution, -O3 -fomit-frame-pointer
FAIL: gcc.c-torture/execute/930622-2.c execution, -O3 -g
FAIL: gcc.c-torture/execute/930622-2.c execution, -O3 -fssa
FAIL: gcc.c-torture/execute/va-arg-12.c execution, -O1
FAIL: gcc.c-torture/execute/va-arg-12.c execution, -O2
FAIL: gcc.c-torture/execute/va-arg-12.c execution, -O3 -fomit-frame-pointer
FAIL: gcc.c-torture/execute/va-arg-12.c execution, -O3 -g
FAIL: gcc.c-torture/execute/va-arg-12.c execution, -O3 -fssa
FAIL: gcc.c-torture/execute/va-arg-12.c execution, -Os
FAIL: gcc.c-torture/execute/va-arg-15.c execution, -O1
FAIL: gcc.c-torture/execute/va-arg-15.c execution, -O2
FAIL: gcc.c-torture/execute/va-arg-15.c execution, -O3 -fomit-frame-pointer
FAIL: gcc.c-torture/execute/va-arg-15.c execution, -O3 -fomit-frame-pointer -funroll-loops
FAIL: gcc.c-torture/execute/va-arg-15.c execution, -O3 -fomit-frame-pointer -funroll-all-loops -finline-functions
FAIL: gcc.c-torture/execute/va-arg-15.c execution, -O3 -g
FAIL: gcc.c-torture/execute/va-arg-15.c execution, -O3 -fssa
FAIL: gcc.c-torture/execute/va-arg-15.c execution, -Os
FAIL: gcc.c-torture/execute/va-arg-16.c execution, -O1
FAIL: gcc.c-torture/execute/va-arg-16.c execution, -O2
FAIL: gcc.c-torture/execute/va-arg-16.c execution, -O3 -fomit-frame-pointer
FAIL: gcc.c-torture/execute/va-arg-16.c execution, -O3 -g
FAIL: gcc.c-torture/execute/va-arg-16.c execution, -O3 -fssa
FAIL: gcc.c-torture/execute/va-arg-16.c execution, -Os
FAIL: gcc.c-torture/execute/va-arg-20.c execution, -O1
FAIL: gcc.c-torture/execute/va-arg-20.c execution, -O2
FAIL: gcc.c-torture/execute/va-arg-20.c execution, -Os
FAIL: gcc.c-torture/execute/ieee/minuszero.c execution, -O1
FAIL: gcc.c-torture/execute/ieee/minuszero.c execution, -O2
FAIL: gcc.c-torture/execute/ieee/minuszero.c execution, -O3 -fomit-frame-pointer
FAIL: gcc.c-torture/execute/ieee/minuszero.c execution, -O3 -fomit-frame-pointer -funroll-loops
FAIL: gcc.c-torture/execute/ieee/minuszero.c execution, -O3 -fomit-frame-pointer -funroll-all-loops -finline-functions
FAIL: gcc.c-torture/execute/ieee/minuszero.c execution, -O3 -g
FAIL: gcc.c-torture/execute/ieee/minuszero.c execution, -O3 -fssa
FAIL: gcc.c-torture/execute/ieee/minuszero.c execution, -Os
FAIL: gcc.c-torture/execute/ieee/rbug.c execution, -O3 -fomit-frame-pointer
FAIL: gcc.c-torture/execute/ieee/rbug.c execution, -O3 -g
FAIL: gcc.c-torture/execute/ieee/rbug.c execution, -O3 -fssa
FAIL: gcc.dg/cpp/if-2.c wide charconst recognition (test for bogus messages, line 9)
FAIL: gcc.dg/cpp/tr-warn4.c numeric constant suffix (test for warnings, line 9)
FAIL: gcc.dg/20000629-1.c (test for excess errors)
FAIL: gcc.dg/c90-array-lval-1.c (test for excess errors)
FAIL: gcc.dg/c99-array-lval-1.c (test for excess errors)
XPASS: gcc.dg/c99-array-nonobj-1.c func [] var (test for errors, line 23)
FAIL: gcc.dg/c99-array-nonobj-1.c (test for excess errors)
FAIL: gcc.dg/format-va-1.c wrong type in format warning (test for bogus messages, line 11)
FAIL: gcc.dg/format-va-1.c format error (test for warnings, line 11)
FAIL: gcc.dg/noreturn-1.c this function should not get any warnings (test for bogus messages, line 52)
FAIL: gcc.dg/noreturn-1.c detect return from tail call (test for warnings, line 59)
FAIL: gcc.dg/noreturn-2.c noreturn does return (test for bogus messages, line 12)
FAIL: gcc.dg/noncompile/label-lineno-1.c label lineno (test for errors, line 11)
FAIL: gcc.dg/noncompile/label-lineno-1.c (test for excess errors)
FAIL: gcc.dg/noncompile/label-lineno-1.c label lineno (test for errors, line 11)
FAIL: gcc.dg/noncompile/label-lineno-1.c (test for excess errors)
FAIL: gcc.dg/noncompile/label-lineno-1.c label lineno (test for errors, line 11)
FAIL: gcc.dg/noncompile/label-lineno-1.c (test for excess errors)
FAIL: gcc.dg/noncompile/label-lineno-1.c label lineno (test for errors, line 11)
FAIL: gcc.dg/noncompile/label-lineno-1.c (test for excess errors)
FAIL: gcc.dg/noncompile/label-lineno-1.c label lineno (test for errors, line 11)
FAIL: gcc.dg/noncompile/label-lineno-1.c (test for excess errors)
FAIL: gcc.dg/noncompile/label-lineno-1.c label lineno (test for errors, line 11)
FAIL: gcc.dg/noncompile/label-lineno-1.c (test for excess errors)
FAIL: gcc.dg/noncompile/label-lineno-1.c label lineno (test for errors, line 11)
FAIL: gcc.dg/noncompile/label-lineno-1.c (test for excess errors)
FAIL: gcc.misc-tests/gcov-1.c (test for excess errors)
FAIL: gcc.misc-tests/gcov-1.c execution test
FAIL: gcov-1.c:1:is 4:should be 11
FAIL: gcov-1.c:1:is 5:should be 10
FAIL: gcov-1.c:1:is 7:should be 1
FAIL: gcc.misc-tests/gcov-2.c (test for excess errors) (PRMS 8294)
FAIL: gcc.misc-tests/gcov-2.c execution test (PRMS 8294)
=== gcc Summary for unix/-fPIC ===
# of expected passes 13496
# of unexpected failures 91
# of unexpected successes 1
# of expected failures 71
# of unresolved testcases 4
# of unsupported tests 40
Running target unix/-fpic
FAIL: gcc.c-torture/compile/20000606-1.c, -O0
FAIL: gcc.c-torture/compile/20000606-1.c, -O1
FAIL: gcc.c-torture/compile/20000606-1.c, -O2
FAIL: gcc.c-torture/compile/20000606-1.c, -O3 -fomit-frame-pointer
FAIL: gcc.c-torture/compile/20000606-1.c, -O3 -g
FAIL: gcc.c-torture/compile/20000606-1.c, -O3 -fssa
FAIL: gcc.c-torture/compile/20000606-1.c, -Os
FAIL: gcc.c-torture/execute/20000225-1.c execution, -O2
FAIL: gcc.c-torture/execute/20000225-1.c execution, -O3 -fomit-frame-pointer
FAIL: gcc.c-torture/execute/20000225-1.c execution, -O3 -fomit-frame-pointer -funroll-loops
FAIL: gcc.c-torture/execute/20000225-1.c execution, -O3 -fomit-frame-pointer -funroll-all-loops -finline-functions
FAIL: gcc.c-torture/execute/20000225-1.c execution, -O3 -g
FAIL: gcc.c-torture/execute/20000225-1.c execution, -O3 -fssa
FAIL: gcc.c-torture/execute/20000225-1.c execution, -Os
FAIL: gcc.c-torture/execute/20000731-2.c execution, -O3 -fomit-frame-pointer -funroll-all-loops -finline-functions
FAIL: gcc.c-torture/execute/20000801-1.c execution, -O2
FAIL: gcc.c-torture/execute/20000801-1.c execution, -O3 -fomit-frame-pointer
FAIL: gcc.c-torture/execute/20000801-1.c execution, -O3 -fomit-frame-pointer -funroll-loops
FAIL: gcc.c-torture/execute/20000801-1.c execution, -O3 -fomit-frame-pointer -funroll-all-loops -finline-functions
FAIL: gcc.c-torture/execute/20000801-1.c compilation, -O3 -g
FAIL: gcc.c-torture/execute/20000801-1.c execution, -Os
FAIL: gcc.c-torture/execute/20000801-2.c execution, -O3 -fomit-frame-pointer -funroll-all-loops -finline-functions
FAIL: gcc.c-torture/execute/930622-2.c execution, -O3 -fomit-frame-pointer
FAIL: gcc.c-torture/execute/930622-2.c execution, -O3 -g
FAIL: gcc.c-torture/execute/930622-2.c execution, -O3 -fssa
FAIL: gcc.c-torture/execute/va-arg-12.c execution, -O1
FAIL: gcc.c-torture/execute/va-arg-12.c execution, -O2
FAIL: gcc.c-torture/execute/va-arg-12.c execution, -O3 -fomit-frame-pointer
FAIL: gcc.c-torture/execute/va-arg-12.c execution, -O3 -g
FAIL: gcc.c-torture/execute/va-arg-12.c execution, -O3 -fssa
FAIL: gcc.c-torture/execute/va-arg-12.c execution, -Os
FAIL: gcc.c-torture/execute/va-arg-15.c execution, -O1
FAIL: gcc.c-torture/execute/va-arg-15.c execution, -O2
FAIL: gcc.c-torture/execute/va-arg-15.c execution, -O3 -fomit-frame-pointer
FAIL: gcc.c-torture/execute/va-arg-15.c execution, -O3 -fomit-frame-pointer -funroll-loops
FAIL: gcc.c-torture/execute/va-arg-15.c execution, -O3 -fomit-frame-pointer -funroll-all-loops -finline-functions
FAIL: gcc.c-torture/execute/va-arg-15.c execution, -O3 -g
FAIL: gcc.c-torture/execute/va-arg-15.c execution, -O3 -fssa
FAIL: gcc.c-torture/execute/va-arg-15.c execution, -Os
FAIL: gcc.c-torture/execute/va-arg-16.c execution, -O1
FAIL: gcc.c-torture/execute/va-arg-16.c execution, -O2
FAIL: gcc.c-torture/execute/va-arg-16.c execution, -O3 -fomit-frame-pointer
FAIL: gcc.c-torture/execute/va-arg-16.c execution, -O3 -g
FAIL: gcc.c-torture/execute/va-arg-16.c execution, -O3 -fssa
FAIL: gcc.c-torture/execute/va-arg-16.c execution, -Os
FAIL: gcc.c-torture/execute/va-arg-20.c execution, -O1
FAIL: gcc.c-torture/execute/va-arg-20.c execution, -O2
FAIL: gcc.c-torture/execute/va-arg-20.c execution, -Os
FAIL: gcc.c-torture/execute/ieee/minuszero.c execution, -O1
FAIL: gcc.c-torture/execute/ieee/minuszero.c execution, -O2
FAIL: gcc.c-torture/execute/ieee/minuszero.c execution, -O3 -fomit-frame-pointer
FAIL: gcc.c-torture/execute/ieee/minuszero.c execution, -O3 -fomit-frame-pointer -funroll-loops
FAIL: gcc.c-torture/execute/ieee/minuszero.c execution, -O3 -fomit-frame-pointer -funroll-all-loops -finline-functions
FAIL: gcc.c-torture/execute/ieee/minuszero.c execution, -O3 -g
FAIL: gcc.c-torture/execute/ieee/minuszero.c execution, -O3 -fssa
FAIL: gcc.c-torture/execute/ieee/minuszero.c execution, -Os
FAIL: gcc.c-torture/execute/ieee/rbug.c execution, -O3 -fomit-frame-pointer
FAIL: gcc.c-torture/execute/ieee/rbug.c execution, -O3 -g
FAIL: gcc.c-torture/execute/ieee/rbug.c execution, -O3 -fssa
FAIL: gcc.dg/cpp/if-2.c wide charconst recognition (test for bogus messages, line 9)
FAIL: gcc.dg/cpp/tr-warn4.c numeric constant suffix (test for warnings, line 9)
FAIL: gcc.dg/20000629-1.c (test for excess errors)
FAIL: gcc.dg/c90-array-lval-1.c (test for excess errors)
FAIL: gcc.dg/c99-array-lval-1.c (test for excess errors)
XPASS: gcc.dg/c99-array-nonobj-1.c func [] var (test for errors, line 23)
FAIL: gcc.dg/c99-array-nonobj-1.c (test for excess errors)
FAIL: gcc.dg/format-va-1.c wrong type in format warning (test for bogus messages, line 11)
FAIL: gcc.dg/format-va-1.c format error (test for warnings, line 11)
FAIL: gcc.dg/noreturn-1.c this function should not get any warnings (test for bogus messages, line 52)
FAIL: gcc.dg/noreturn-1.c detect return from tail call (test for warnings, line 59)
FAIL: gcc.dg/noreturn-2.c noreturn does return (test for bogus messages, line 12)
FAIL: gcc.dg/noncompile/label-lineno-1.c label lineno (test for errors, line 11)
FAIL: gcc.dg/noncompile/label-lineno-1.c (test for excess errors)
FAIL: gcc.dg/noncompile/label-lineno-1.c label lineno (test for errors, line 11)
FAIL: gcc.dg/noncompile/label-lineno-1.c (test for excess errors)
FAIL: gcc.dg/noncompile/label-lineno-1.c label lineno (test for errors, line 11)
FAIL: gcc.dg/noncompile/label-lineno-1.c (test for excess errors)
FAIL: gcc.dg/noncompile/label-lineno-1.c label lineno (test for errors, line 11)
FAIL: gcc.dg/noncompile/label-lineno-1.c (test for excess errors)
FAIL: gcc.dg/noncompile/label-lineno-1.c label lineno (test for errors, line 11)
FAIL: gcc.dg/noncompile/label-lineno-1.c (test for excess errors)
FAIL: gcc.dg/noncompile/label-lineno-1.c label lineno (test for errors, line 11)
FAIL: gcc.dg/noncompile/label-lineno-1.c (test for excess errors)
FAIL: gcc.dg/noncompile/label-lineno-1.c label lineno (test for errors, line 11)
FAIL: gcc.dg/noncompile/label-lineno-1.c (test for excess errors)
FAIL: gcc.misc-tests/gcov-1.c (test for excess errors)
FAIL: gcc.misc-tests/gcov-1.c execution test
FAIL: gcov-1.c:1:is 4:should be 11
FAIL: gcov-1.c:1:is 5:should be 10
FAIL: gcov-1.c:1:is 7:should be 1
FAIL: gcc.misc-tests/gcov-2.c (test for excess errors) (PRMS 8294)
FAIL: gcc.misc-tests/gcov-2.c execution test (PRMS 8294)
=== gcc Summary for unix/-fpic ===
# of expected passes 13496
# of unexpected failures 91
# of unexpected successes 1
# of expected failures 71
# of unresolved testcases 4
# of unsupported tests 40
Running target unix
FAIL: gcc.c-torture/compile/20000606-1.c, -O0
FAIL: gcc.c-torture/compile/20000606-1.c, -O1
FAIL: gcc.c-torture/compile/20000606-1.c, -O2
FAIL: gcc.c-torture/compile/20000606-1.c, -O3 -fomit-frame-pointer
FAIL: gcc.c-torture/compile/20000606-1.c, -O3 -g
FAIL: gcc.c-torture/compile/20000606-1.c, -O3 -fssa
FAIL: gcc.c-torture/compile/20000606-1.c, -Os
FAIL: gcc.c-torture/execute/20000225-1.c execution, -O2
FAIL: gcc.c-torture/execute/20000225-1.c execution, -O3 -fomit-frame-pointer
FAIL: gcc.c-torture/execute/20000225-1.c execution, -O3 -fomit-frame-pointer -funroll-loops
FAIL: gcc.c-torture/execute/20000225-1.c execution, -O3 -fomit-frame-pointer -funroll-all-loops -finline-functions
FAIL: gcc.c-torture/execute/20000225-1.c execution, -O3 -g
FAIL: gcc.c-torture/execute/20000225-1.c execution, -O3 -fssa
FAIL: gcc.c-torture/execute/20000225-1.c execution, -Os
FAIL: gcc.c-torture/execute/20000731-2.c execution, -O3 -fomit-frame-pointer -funroll-all-loops -finline-functions
FAIL: gcc.c-torture/execute/20000801-1.c execution, -O2
FAIL: gcc.c-torture/execute/20000801-1.c execution, -O3 -fomit-frame-pointer
FAIL: gcc.c-torture/execute/20000801-1.c execution, -O3 -fomit-frame-pointer -funroll-loops
FAIL: gcc.c-torture/execute/20000801-1.c execution, -O3 -fomit-frame-pointer -funroll-all-loops -finline-functions
FAIL: gcc.c-torture/execute/20000801-1.c compilation, -O3 -g
FAIL: gcc.c-torture/execute/20000801-1.c execution, -Os
FAIL: gcc.c-torture/execute/20000801-2.c execution, -O3 -fomit-frame-pointer -funroll-all-loops -finline-functions
FAIL: gcc.c-torture/execute/va-arg-12.c execution, -O1
FAIL: gcc.c-torture/execute/va-arg-12.c execution, -O2
FAIL: gcc.c-torture/execute/va-arg-12.c execution, -O3 -fomit-frame-pointer
FAIL: gcc.c-torture/execute/va-arg-12.c execution, -O3 -g
FAIL: gcc.c-torture/execute/va-arg-12.c execution, -O3 -fssa
FAIL: gcc.c-torture/execute/va-arg-12.c execution, -Os
FAIL: gcc.c-torture/execute/va-arg-15.c execution, -O1
FAIL: gcc.c-torture/execute/va-arg-15.c execution, -O2
FAIL: gcc.c-torture/execute/va-arg-15.c execution, -O3 -fomit-frame-pointer
FAIL: gcc.c-torture/execute/va-arg-15.c execution, -O3 -fomit-frame-pointer -funroll-loops
FAIL: gcc.c-torture/execute/va-arg-15.c execution, -O3 -fomit-frame-pointer -funroll-all-loops -finline-functions
FAIL: gcc.c-torture/execute/va-arg-15.c execution, -O3 -g
FAIL: gcc.c-torture/execute/va-arg-15.c execution, -O3 -fssa
FAIL: gcc.c-torture/execute/va-arg-15.c execution, -Os
FAIL: gcc.c-torture/execute/va-arg-16.c execution, -O1
FAIL: gcc.c-torture/execute/va-arg-16.c execution, -O2
FAIL: gcc.c-torture/execute/va-arg-16.c execution, -O3 -fomit-frame-pointer
FAIL: gcc.c-torture/execute/va-arg-16.c execution, -O3 -g
FAIL: gcc.c-torture/execute/va-arg-16.c execution, -O3 -fssa
FAIL: gcc.c-torture/execute/va-arg-16.c execution, -Os
FAIL: gcc.c-torture/execute/va-arg-20.c execution, -O1
FAIL: gcc.c-torture/execute/va-arg-20.c execution, -O2
FAIL: gcc.c-torture/execute/va-arg-20.c execution, -Os
FAIL: gcc.dg/cpp/if-2.c wide charconst recognition (test for bogus messages, line 9)
FAIL: gcc.dg/cpp/tr-warn4.c numeric constant suffix (test for warnings, line 9)
FAIL: gcc.dg/20000629-1.c (test for excess errors)
FAIL: gcc.dg/c90-array-lval-1.c (test for excess errors)
FAIL: gcc.dg/c99-array-lval-1.c (test for excess errors)
XPASS: gcc.dg/c99-array-nonobj-1.c func [] var (test for errors, line 23)
FAIL: gcc.dg/c99-array-nonobj-1.c (test for excess errors)
FAIL: gcc.dg/format-va-1.c wrong type in format warning (test for bogus messages, line 11)
FAIL: gcc.dg/format-va-1.c format error (test for warnings, line 11)
FAIL: gcc.dg/noreturn-1.c this function should not get any warnings (test for bogus messages, line 52)
FAIL: gcc.dg/noreturn-1.c detect return from tail call (test for warnings, line 59)
FAIL: gcc.dg/noreturn-2.c noreturn does return (test for bogus messages, line 12)
FAIL: gcc.dg/noncompile/label-lineno-1.c label lineno (test for errors, line 11)
FAIL: gcc.dg/noncompile/label-lineno-1.c (test for excess errors)
FAIL: gcc.dg/noncompile/label-lineno-1.c label lineno (test for errors, line 11)
FAIL: gcc.dg/noncompile/label-lineno-1.c (test for excess errors)
FAIL: gcc.dg/noncompile/label-lineno-1.c label lineno (test for errors, line 11)
FAIL: gcc.dg/noncompile/label-lineno-1.c (test for excess errors)
FAIL: gcc.dg/noncompile/label-lineno-1.c label lineno (test for errors, line 11)
FAIL: gcc.dg/noncompile/label-lineno-1.c (test for excess errors)
FAIL: gcc.dg/noncompile/label-lineno-1.c label lineno (test for errors, line 11)
FAIL: gcc.dg/noncompile/label-lineno-1.c (test for excess errors)
FAIL: gcc.dg/noncompile/label-lineno-1.c label lineno (test for errors, line 11)
FAIL: gcc.dg/noncompile/label-lineno-1.c (test for excess errors)
FAIL: gcc.dg/noncompile/label-lineno-1.c label lineno (test for errors, line 11)
FAIL: gcc.dg/noncompile/label-lineno-1.c (test for excess errors)
=== gcc Summary for unix ===
# of expected passes 13515
# of unexpected failures 70
# of unexpected successes 1
# of expected failures 71
# of unresolved testcases 4
# of unsupported tests 40
=== gcc Summary ===
# of expected passes 40507
# of unexpected failures 252
# of unexpected successes 3
# of expected failures 213
# of unresolved testcases 12
# of unsupported tests 120
/teal/caip5/ghazi/gcc-testing/build/gcc/xgcc version 2.96 20000823 (experimental)
=== g++ tests ===
Running target unix/-fPIC
FAIL: g++.dg/special/conpr-1.C execution test
FAIL: g++.dg/special/conpr-2.C execution test
FAIL: g++.dg/special/conpr-3.C execution test
FAIL: g++.dg/special/conpr-3.C execution test
FAIL: g++.benjamin/tem03.C (test for excess errors)
FAIL: g++.bob/incomplete-cast1.C (test for excess errors)
FAIL: g++.bob/inherit1.C (test for excess errors)
FAIL: g++.bob/inherit2.C (test for excess errors)
FAIL: g++.brendan/crash11.C (test for excess errors)
FAIL: g++.brendan/crash48.C (test for excess errors)
FAIL: g++.brendan/crash56.C (test for excess errors)
FAIL: g++.brendan/crash60.C (test for excess errors)
FAIL: g++.brendan/crash9.C (test for excess errors)
FAIL: g++.brendan/misc15.C (test for excess errors)
FAIL: g++.brendan/misc17.C (test for excess errors)
FAIL: g++.brendan/nest1.C (test for excess errors)
FAIL: g++.brendan/overload4.C (test for excess errors)
FAIL: g++.brendan/redecl3.C (test for excess errors)
FAIL: g++.brendan/static2.C (test for excess errors)
FAIL: g++.brendan/visibility10.C (test for excess errors)
FAIL: g++.brendan/visibility2.C (test for excess errors)
FAIL: g++.brendan/visibility6.C (test for excess errors)
FAIL: g++.brendan/visibility7.C (test for excess errors)
FAIL: g++.brendan/visibility8.C (test for excess errors)
FAIL: g++.brendan/visibility9.C (test for excess errors)
FAIL: g++.bugs/900119_01.C (test for excess errors)
FAIL: g++.bugs/900205_02.C (test for excess errors)
FAIL: g++.bugs/900205_03.C (test for excess errors)
FAIL: g++.bugs/900215_02.C (test for excess errors)
FAIL: g++.bugs/900407_01.C (test for excess errors)
FAIL: g++.bugs/900428_03.C (test for excess errors)
FAIL: g++.bugs/900519_13.C (test for excess errors)
FAIL: g++.eh/spec6.C (test for excess errors)
FAIL: g++.ext/array1.C (test for excess errors)
FAIL: g++.ext/attrib4.C (test for excess errors)
FAIL: g++.ext/initp1.C Execution test
FAIL: g++.ext/instantiate1.C not instantiated (test for errors, line 18)
FAIL: g++.ext/instantiate1.C not instantiated (test for errors, line 20)
FAIL: g++.ext/instantiate2.C not instantiated (test for errors, line 16)
FAIL: g++.ext/instantiate3.C not instantiated (test for errors, line 13)
FAIL: g++.jason/access18.C (test for excess errors)
FAIL: g++.jason/access22.C (test for excess errors)
FAIL: g++.jason/access23.C (test for excess errors)
FAIL: g++.jason/const4.C (test for excess errors)
FAIL: g++.jason/lineno3.C (test for excess errors)
FAIL: g++.jason/lineno4.C (test for excess errors)
FAIL: g++.jason/local.C (test for excess errors)
FAIL: g++.jason/member.C (test for excess errors)
FAIL: g++.jason/opeq3.C (test for excess errors)
FAIL: g++.jason/overload20.C (test for excess errors)
FAIL: g++.jason/overload8.C (test for excess errors)
FAIL: g++.jason/report.C (test for excess errors)
FAIL: g++.jason/scoping10.C (test for excess errors)
FAIL: g++.jason/tempcons.C (test for excess errors)
FAIL: g++.jason/typeck.C (test for excess errors)
FAIL: g++.law/access3.C (test for excess errors)
FAIL: g++.law/access4.C (test for excess errors)
FAIL: g++.law/arm12.C (test for excess errors)
FAIL: g++.law/ctors10.C (test for excess errors)
FAIL: g++.law/ctors5.C (test for excess errors)
FAIL: g++.law/enum3.C (test for excess errors)
FAIL: g++.law/init10.C (test for excess errors)
FAIL: g++.law/missed-error3.C (test for excess errors)
FAIL: g++.law/operators4.C (test for excess errors)
FAIL: g++.law/profile1.C (test for excess errors)
FAIL: g++.law/profile1.C Execution test
FAIL: g++.law/visibility12.C (test for excess errors)
FAIL: g++.law/visibility13.C (test for excess errors)
FAIL: g++.law/visibility16.C (test for excess errors)
FAIL: g++.law/visibility17.C (test for excess errors)
FAIL: g++.law/visibility19.C (test for excess errors)
FAIL: g++.law/visibility20.C (test for excess errors)
FAIL: g++.law/visibility21.C (test for excess errors)
FAIL: g++.law/visibility24.C (test for excess errors)
FAIL: g++.law/visibility28.C (test for excess errors)
FAIL: g++.law/visibility3.C (test for excess errors)
FAIL: g++.law/visibility4.C (test for excess errors)
FAIL: g++.law/visibility6.C (test for excess errors)
FAIL: g++.law/visibility7.C (test for excess errors)
FAIL: g++.law/visibility8.C (test for excess errors)
FAIL: g++.law/visibility9.C (test for excess errors)
FAIL: g++.martin/ambig1.C (test for excess errors)
FAIL: g++.martin/pure1.C (test for excess errors)
FAIL: g++.mike/ambig1.C (test for excess errors)
FAIL: g++.mike/err2.C (test for excess errors)
FAIL: g++.mike/err3.C (test for excess errors)
FAIL: g++.mike/net12.C (test for excess errors)
FAIL: g++.mike/net31.C (test for excess errors)
FAIL: g++.mike/p10247.C (test for excess errors)
FAIL: g++.mike/p10769a.C (test for excess errors)
FAIL: g++.mike/p10769b.C (test for excess errors)
FAIL: g++.mike/p11110.C (test for excess errors)
FAIL: g++.mike/p1989.C (test for excess errors)
FAIL: g++.mike/p2431.C (test for excess errors)
FAIL: g++.mike/p2573.C (test for excess errors)
FAIL: g++.mike/p438.C (test for excess errors)
FAIL: g++.mike/p701.C (test for excess errors)
FAIL: g++.mike/p7476.C (test for excess errors)
FAIL: g++.mike/p784.C (test for excess errors)
FAIL: g++.mike/p7868.C (test for excess errors)
FAIL: g++.mike/p8009.C (test for excess errors)
FAIL: g++.mike/pmf6.C (test for excess errors)
FAIL: g++.mike/warn3.C (test for excess errors)
FAIL: g++.niklas/t120.C (test for excess errors)
FAIL: g++.niklas/t121.C (test for excess errors)
FAIL: g++.ns/alias4.C (test for excess errors)
FAIL: g++.oliva/ctor1.C (test for excess errors)
FAIL: g++.oliva/delete1.C (test for excess errors)
FAIL: g++.other/access7.C (test for excess errors)
FAIL: g++.other/array3.C (test for excess errors)
FAIL: g++.other/const1.C (test for excess errors)
FAIL: g++.other/crash18.C (test for excess errors)
FAIL: g++.other/defarg1.C (test for excess errors)
FAIL: g++.other/delete4.C (test for excess errors)
FAIL: g++.other/delete5.C (test for excess errors)
FAIL: g++.other/friend1.C (test for excess errors)
FAIL: g++.other/loop2.C caused compiler crash
FAIL: g++.other/nested1.C (test for excess errors)
FAIL: g++.other/pmf3.C (test for excess errors)
FAIL: g++.other/ptrmem3.C (test for excess errors)
FAIL: g++.other/ptrmem7.C (test for excess errors)
FAIL: g++.other/union4.C (test for excess errors)
FAIL: g++.pt/assign1.C (test for excess errors)
FAIL: g++.pt/crash20.C (test for excess errors)
FAIL: g++.pt/crash36.C (test for excess errors)
FAIL: g++.pt/crash6.C (test for excess errors)
FAIL: g++.pt/error1.C (test for excess errors)
FAIL: g++.pt/expr8.C (test for excess errors)
FAIL: g++.pt/friend11.C (test for excess errors)
FAIL: g++.pt/friend21.C (test for excess errors)
FAIL: g++.pt/infinite1.C starting here (test for errors, line 17)
FAIL: g++.pt/lookup8.C (test for excess errors)
FAIL: g++.pt/ptrmem10.C (test for excess errors)
FAIL: g++.pt/t11.C (test for excess errors)
FAIL: g++.pt/t14.C (test for excess errors)
FAIL: g++.pt/ttp10.C (test for excess errors)
FAIL: g++.robertl/eb127.C (test for excess errors)
FAIL: g++.robertl/eb131.C (test for excess errors)
FAIL: g++.robertl/eb69.C (test for excess errors)
FAIL: g++.robertl/eb83.C (test for excess errors)
FAIL: g++.robertl/eb83.C Execution test
=== g++ Summary for unix/-fPIC ===
# of expected passes 5835
# of unexpected failures 141
# of expected failures 94
# of untested testcases 16
Running target unix/-fpic
FAIL: g++.dg/special/conpr-1.C execution test
FAIL: g++.dg/special/conpr-2.C execution test
FAIL: g++.dg/special/conpr-3.C execution test
FAIL: g++.dg/special/conpr-3.C execution test
FAIL: g++.benjamin/tem03.C (test for excess errors)
FAIL: g++.bob/incomplete-cast1.C (test for excess errors)
FAIL: g++.bob/inherit1.C (test for excess errors)
FAIL: g++.bob/inherit2.C (test for excess errors)
FAIL: g++.brendan/crash11.C (test for excess errors)
FAIL: g++.brendan/crash48.C (test for excess errors)
FAIL: g++.brendan/crash56.C (test for excess errors)
FAIL: g++.brendan/crash60.C (test for excess errors)
FAIL: g++.brendan/crash9.C (test for excess errors)
FAIL: g++.brendan/misc15.C (test for excess errors)
FAIL: g++.brendan/misc17.C (test for excess errors)
FAIL: g++.brendan/nest1.C (test for excess errors)
FAIL: g++.brendan/overload4.C (test for excess errors)
FAIL: g++.brendan/redecl3.C (test for excess errors)
FAIL: g++.brendan/static2.C (test for excess errors)
FAIL: g++.brendan/visibility10.C (test for excess errors)
FAIL: g++.brendan/visibility2.C (test for excess errors)
FAIL: g++.brendan/visibility6.C (test for excess errors)
FAIL: g++.brendan/visibility7.C (test for excess errors)
FAIL: g++.brendan/visibility8.C (test for excess errors)
FAIL: g++.brendan/visibility9.C (test for excess errors)
FAIL: g++.bugs/900119_01.C (test for excess errors)
FAIL: g++.bugs/900205_02.C (test for excess errors)
FAIL: g++.bugs/900205_03.C (test for excess errors)
FAIL: g++.bugs/900215_02.C (test for excess errors)
FAIL: g++.bugs/900407_01.C (test for excess errors)
FAIL: g++.bugs/900428_03.C (test for excess errors)
FAIL: g++.bugs/900519_13.C (test for excess errors)
FAIL: g++.eh/spec6.C (test for excess errors)
FAIL: g++.ext/array1.C (test for excess errors)
FAIL: g++.ext/attrib4.C (test for excess errors)
FAIL: g++.ext/initp1.C Execution test
FAIL: g++.ext/instantiate1.C not instantiated (test for errors, line 18)
FAIL: g++.ext/instantiate1.C not instantiated (test for errors, line 20)
FAIL: g++.ext/instantiate2.C not instantiated (test for errors, line 16)
FAIL: g++.ext/instantiate3.C not instantiated (test for errors, line 13)
FAIL: g++.jason/access18.C (test for excess errors)
FAIL: g++.jason/access22.C (test for excess errors)
FAIL: g++.jason/access23.C (test for excess errors)
FAIL: g++.jason/const4.C (test for excess errors)
FAIL: g++.jason/lineno3.C (test for excess errors)
FAIL: g++.jason/lineno4.C (test for excess errors)
FAIL: g++.jason/local.C (test for excess errors)
FAIL: g++.jason/member.C (test for excess errors)
FAIL: g++.jason/opeq3.C (test for excess errors)
FAIL: g++.jason/overload20.C (test for excess errors)
FAIL: g++.jason/overload8.C (test for excess errors)
FAIL: g++.jason/report.C (test for excess errors)
FAIL: g++.jason/scoping10.C (test for excess errors)
FAIL: g++.jason/tempcons.C (test for excess errors)
FAIL: g++.jason/typeck.C (test for excess errors)
FAIL: g++.law/access3.C (test for excess errors)
FAIL: g++.law/access4.C (test for excess errors)
FAIL: g++.law/arm12.C (test for excess errors)
FAIL: g++.law/ctors10.C (test for excess errors)
FAIL: g++.law/ctors5.C (test for excess errors)
FAIL: g++.law/enum3.C (test for excess errors)
FAIL: g++.law/init10.C (test for excess errors)
FAIL: g++.law/missed-error3.C (test for excess errors)
FAIL: g++.law/operators4.C (test for excess errors)
FAIL: g++.law/profile1.C (test for excess errors)
FAIL: g++.law/profile1.C Execution test
FAIL: g++.law/visibility12.C (test for excess errors)
FAIL: g++.law/visibility13.C (test for excess errors)
FAIL: g++.law/visibility16.C (test for excess errors)
FAIL: g++.law/visibility17.C (test for excess errors)
FAIL: g++.law/visibility19.C (test for excess errors)
FAIL: g++.law/visibility20.C (test for excess errors)
FAIL: g++.law/visibility21.C (test for excess errors)
FAIL: g++.law/visibility24.C (test for excess errors)
FAIL: g++.law/visibility28.C (test for excess errors)
FAIL: g++.law/visibility3.C (test for excess errors)
FAIL: g++.law/visibility4.C (test for excess errors)
FAIL: g++.law/visibility6.C (test for excess errors)
FAIL: g++.law/visibility7.C (test for excess errors)
FAIL: g++.law/visibility8.C (test for excess errors)
FAIL: g++.law/visibility9.C (test for excess errors)
FAIL: g++.martin/ambig1.C (test for excess errors)
FAIL: g++.martin/pure1.C (test for excess errors)
FAIL: g++.mike/ambig1.C (test for excess errors)
FAIL: g++.mike/err2.C (test for excess errors)
FAIL: g++.mike/err3.C (test for excess errors)
FAIL: g++.mike/net12.C (test for excess errors)
FAIL: g++.mike/net31.C (test for excess errors)
FAIL: g++.mike/p10247.C (test for excess errors)
FAIL: g++.mike/p10769a.C (test for excess errors)
FAIL: g++.mike/p10769b.C (test for excess errors)
FAIL: g++.mike/p11110.C (test for excess errors)
FAIL: g++.mike/p1989.C (test for excess errors)
FAIL: g++.mike/p2431.C (test for excess errors)
FAIL: g++.mike/p2573.C (test for excess errors)
FAIL: g++.mike/p438.C (test for excess errors)
FAIL: g++.mike/p701.C (test for excess errors)
FAIL: g++.mike/p7476.C (test for excess errors)
FAIL: g++.mike/p784.C (test for excess errors)
FAIL: g++.mike/p7868.C (test for excess errors)
FAIL: g++.mike/p8009.C (test for excess errors)
FAIL: g++.mike/pmf6.C (test for excess errors)
FAIL: g++.mike/warn3.C (test for excess errors)
FAIL: g++.niklas/t120.C (test for excess errors)
FAIL: g++.niklas/t121.C (test for excess errors)
FAIL: g++.ns/alias4.C (test for excess errors)
FAIL: g++.oliva/ctor1.C (test for excess errors)
FAIL: g++.oliva/delete1.C (test for excess errors)
FAIL: g++.other/access7.C (test for excess errors)
FAIL: g++.other/array3.C (test for excess errors)
FAIL: g++.other/const1.C (test for excess errors)
FAIL: g++.other/crash18.C (test for excess errors)
FAIL: g++.other/defarg1.C (test for excess errors)
FAIL: g++.other/delete4.C (test for excess errors)
FAIL: g++.other/delete5.C (test for excess errors)
FAIL: g++.other/friend1.C (test for excess errors)
FAIL: g++.other/loop2.C caused compiler crash
FAIL: g++.other/nested1.C (test for excess errors)
FAIL: g++.other/pmf3.C (test for excess errors)
FAIL: g++.other/ptrmem3.C (test for excess errors)
FAIL: g++.other/ptrmem7.C (test for excess errors)
FAIL: g++.other/union4.C (test for excess errors)
FAIL: g++.pt/assign1.C (test for excess errors)
FAIL: g++.pt/crash20.C (test for excess errors)
FAIL: g++.pt/crash36.C (test for excess errors)
FAIL: g++.pt/crash6.C (test for excess errors)
FAIL: g++.pt/error1.C (test for excess errors)
FAIL: g++.pt/expr8.C (test for excess errors)
FAIL: g++.pt/friend11.C (test for excess errors)
FAIL: g++.pt/friend21.C (test for excess errors)
FAIL: g++.pt/infinite1.C starting here (test for errors, line 17)
FAIL: g++.pt/lookup8.C (test for excess errors)
FAIL: g++.pt/ptrmem10.C (test for excess errors)
FAIL: g++.pt/t11.C (test for excess errors)
FAIL: g++.pt/t14.C (test for excess errors)
FAIL: g++.pt/ttp10.C (test for excess errors)
FAIL: g++.robertl/eb127.C (test for excess errors)
FAIL: g++.robertl/eb131.C (test for excess errors)
FAIL: g++.robertl/eb69.C (test for excess errors)
FAIL: g++.robertl/eb83.C (test for excess errors)
FAIL: g++.robertl/eb83.C Execution test
=== g++ Summary for unix/-fpic ===
# of expected passes 5835
# of unexpected failures 141
# of expected failures 94
# of untested testcases 16
Running target unix
FAIL: g++.dg/special/conpr-1.C execution test
FAIL: g++.dg/special/conpr-2.C execution test
FAIL: g++.dg/special/conpr-3.C execution test
FAIL: g++.dg/special/conpr-3.C execution test
FAIL: g++.benjamin/tem03.C (test for excess errors)
FAIL: g++.bob/incomplete-cast1.C (test for excess errors)
FAIL: g++.bob/inherit1.C (test for excess errors)
FAIL: g++.bob/inherit2.C (test for excess errors)
FAIL: g++.brendan/crash11.C (test for excess errors)
FAIL: g++.brendan/crash48.C (test for excess errors)
FAIL: g++.brendan/crash56.C (test for excess errors)
FAIL: g++.brendan/crash60.C (test for excess errors)
FAIL: g++.brendan/crash9.C (test for excess errors)
FAIL: g++.brendan/misc15.C (test for excess errors)
FAIL: g++.brendan/misc17.C (test for excess errors)
FAIL: g++.brendan/nest1.C (test for excess errors)
FAIL: g++.brendan/overload4.C (test for excess errors)
FAIL: g++.brendan/redecl3.C (test for excess errors)
FAIL: g++.brendan/static2.C (test for excess errors)
FAIL: g++.brendan/visibility10.C (test for excess errors)
FAIL: g++.brendan/visibility2.C (test for excess errors)
FAIL: g++.brendan/visibility6.C (test for excess errors)
FAIL: g++.brendan/visibility7.C (test for excess errors)
FAIL: g++.brendan/visibility8.C (test for excess errors)
FAIL: g++.brendan/visibility9.C (test for excess errors)
FAIL: g++.bugs/900119_01.C (test for excess errors)
FAIL: g++.bugs/900205_02.C (test for excess errors)
FAIL: g++.bugs/900205_03.C (test for excess errors)
FAIL: g++.bugs/900215_02.C (test for excess errors)
FAIL: g++.bugs/900407_01.C (test for excess errors)
FAIL: g++.bugs/900428_03.C (test for excess errors)
FAIL: g++.bugs/900519_13.C (test for excess errors)
FAIL: g++.eh/spec6.C (test for excess errors)
FAIL: g++.ext/array1.C (test for excess errors)
FAIL: g++.ext/attrib4.C (test for excess errors)
FAIL: g++.ext/initp1.C Execution test
FAIL: g++.ext/instantiate1.C not instantiated (test for errors, line 18)
FAIL: g++.ext/instantiate1.C not instantiated (test for errors, line 20)
FAIL: g++.ext/instantiate2.C not instantiated (test for errors, line 16)
FAIL: g++.ext/instantiate3.C not instantiated (test for errors, line 13)
FAIL: g++.jason/access18.C (test for excess errors)
FAIL: g++.jason/access22.C (test for excess errors)
FAIL: g++.jason/access23.C (test for excess errors)
FAIL: g++.jason/const4.C (test for excess errors)
FAIL: g++.jason/lineno3.C (test for excess errors)
FAIL: g++.jason/lineno4.C (test for excess errors)
FAIL: g++.jason/local.C (test for excess errors)
FAIL: g++.jason/member.C (test for excess errors)
FAIL: g++.jason/opeq3.C (test for excess errors)
FAIL: g++.jason/overload20.C (test for excess errors)
FAIL: g++.jason/overload8.C (test for excess errors)
FAIL: g++.jason/report.C (test for excess errors)
FAIL: g++.jason/scoping10.C (test for excess errors)
FAIL: g++.jason/tempcons.C (test for excess errors)
FAIL: g++.jason/typeck.C (test for excess errors)
FAIL: g++.law/access3.C (test for excess errors)
FAIL: g++.law/access4.C (test for excess errors)
FAIL: g++.law/arm12.C (test for excess errors)
FAIL: g++.law/ctors10.C (test for excess errors)
FAIL: g++.law/ctors5.C (test for excess errors)
FAIL: g++.law/enum3.C (test for excess errors)
FAIL: g++.law/init10.C (test for excess errors)
FAIL: g++.law/missed-error3.C (test for excess errors)
FAIL: g++.law/operators4.C (test for excess errors)
FAIL: g++.law/visibility12.C (test for excess errors)
FAIL: g++.law/visibility13.C (test for excess errors)
FAIL: g++.law/visibility16.C (test for excess errors)
FAIL: g++.law/visibility17.C (test for excess errors)
FAIL: g++.law/visibility19.C (test for excess errors)
FAIL: g++.law/visibility20.C (test for excess errors)
FAIL: g++.law/visibility21.C (test for excess errors)
FAIL: g++.law/visibility24.C (test for excess errors)
FAIL: g++.law/visibility28.C (test for excess errors)
FAIL: g++.law/visibility3.C (test for excess errors)
FAIL: g++.law/visibility4.C (test for excess errors)
FAIL: g++.law/visibility6.C (test for excess errors)
FAIL: g++.law/visibility7.C (test for excess errors)
FAIL: g++.law/visibility8.C (test for excess errors)
FAIL: g++.law/visibility9.C (test for excess errors)
FAIL: g++.martin/ambig1.C (test for excess errors)
FAIL: g++.martin/pure1.C (test for excess errors)
FAIL: g++.mike/ambig1.C (test for excess errors)
FAIL: g++.mike/err2.C (test for excess errors)
FAIL: g++.mike/err3.C (test for excess errors)
FAIL: g++.mike/net12.C (test for excess errors)
FAIL: g++.mike/net31.C (test for excess errors)
FAIL: g++.mike/p10247.C (test for excess errors)
FAIL: g++.mike/p10769a.C (test for excess errors)
FAIL: g++.mike/p10769b.C (test for excess errors)
FAIL: g++.mike/p11110.C (test for excess errors)
FAIL: g++.mike/p1989.C (test for excess errors)
FAIL: g++.mike/p2431.C (test for excess errors)
FAIL: g++.mike/p2573.C (test for excess errors)
FAIL: g++.mike/p438.C (test for excess errors)
FAIL: g++.mike/p701.C (test for excess errors)
FAIL: g++.mike/p7476.C (test for excess errors)
FAIL: g++.mike/p784.C (test for excess errors)
FAIL: g++.mike/p7868.C (test for excess errors)
FAIL: g++.mike/p8009.C (test for excess errors)
FAIL: g++.mike/pmf6.C (test for excess errors)
FAIL: g++.mike/warn3.C (test for excess errors)
FAIL: g++.niklas/t120.C (test for excess errors)
FAIL: g++.niklas/t121.C (test for excess errors)
FAIL: g++.ns/alias4.C (test for excess errors)
FAIL: g++.oliva/ctor1.C (test for excess errors)
FAIL: g++.oliva/delete1.C (test for excess errors)
FAIL: g++.other/access7.C (test for excess errors)
FAIL: g++.other/array3.C (test for excess errors)
FAIL: g++.other/const1.C (test for excess errors)
FAIL: g++.other/crash18.C (test for excess errors)
FAIL: g++.other/defarg1.C (test for excess errors)
FAIL: g++.other/delete4.C (test for excess errors)
FAIL: g++.other/delete5.C (test for excess errors)
FAIL: g++.other/friend1.C (test for excess errors)
FAIL: g++.other/loop2.C caused compiler crash
FAIL: g++.other/nested1.C (test for excess errors)
FAIL: g++.other/pmf3.C (test for excess errors)
FAIL: g++.other/ptrmem3.C (test for excess errors)
FAIL: g++.other/ptrmem7.C (test for excess errors)
FAIL: g++.other/union4.C (test for excess errors)
FAIL: g++.pt/assign1.C (test for excess errors)
FAIL: g++.pt/crash20.C (test for excess errors)
FAIL: g++.pt/crash36.C (test for excess errors)
FAIL: g++.pt/crash6.C (test for excess errors)
FAIL: g++.pt/error1.C (test for excess errors)
FAIL: g++.pt/expr8.C (test for excess errors)
FAIL: g++.pt/friend11.C (test for excess errors)
FAIL: g++.pt/friend21.C (test for excess errors)
FAIL: g++.pt/infinite1.C starting here (test for errors, line 17)
FAIL: g++.pt/lookup8.C (test for excess errors)
FAIL: g++.pt/ptrmem10.C (test for excess errors)
FAIL: g++.pt/t11.C (test for excess errors)
FAIL: g++.pt/t14.C (test for excess errors)
FAIL: g++.pt/ttp10.C (test for excess errors)
FAIL: g++.robertl/eb127.C (test for excess errors)
FAIL: g++.robertl/eb131.C (test for excess errors)
FAIL: g++.robertl/eb69.C (test for excess errors)
=== g++ Summary for unix ===
# of expected passes 5839
# of unexpected failures 137
# of expected failures 94
# of untested testcases 16
=== g++ Summary ===
# of expected passes 17509
# of unexpected failures 419
# of expected failures 282
# of untested testcases 48
/teal/caip5/ghazi/gcc-testing/build/gcc/testsuite/../g++ version 2.96 20000823 (experimental)
=== g77 tests ===
Running target unix/-fPIC
=== g77 Summary for unix/-fPIC ===
# of expected passes 983
Running target unix/-fpic
=== g77 Summary for unix/-fpic ===
# of expected passes 983
Running target unix
=== g77 Summary for unix ===
# of expected passes 983
=== g77 Summary ===
# of expected passes 2949
=== objc tests ===
Running target unix/-fPIC
FAIL: objc/execute/bf-1.m compilation, -O
FAIL: objc/execute/bf-10.m compilation, -O
FAIL: objc/execute/bf-11.m compilation, -O
FAIL: objc/execute/bf-12.m compilation, -O
FAIL: objc/execute/bf-13.m compilation, -O
FAIL: objc/execute/bf-14.m compilation, -O
FAIL: objc/execute/bf-15.m compilation, -O
FAIL: objc/execute/bf-16.m compilation, -O
FAIL: objc/execute/bf-17.m compilation, -O
FAIL: objc/execute/bf-18.m compilation, -O
FAIL: objc/execute/bf-19.m compilation, -O
FAIL: objc/execute/bf-2.m compilation, -O
FAIL: objc/execute/bf-20.m compilation, -O
FAIL: objc/execute/bf-3.m compilation, -O
FAIL: objc/execute/bf-4.m compilation, -O
FAIL: objc/execute/bf-5.m compilation, -O
FAIL: objc/execute/bf-6.m compilation, -O
FAIL: objc/execute/bf-7.m compilation, -O
FAIL: objc/execute/bf-8.m compilation, -O
FAIL: objc/execute/bf-9.m compilation, -O
FAIL: objc/execute/string1.m compilation, -O
FAIL: objc/execute/string2.m compilation, -O
=== objc Summary for unix/-fPIC ===
# of unexpected failures 22
# of untested testcases 22
Running target unix/-fpic
FAIL: objc/execute/bf-1.m compilation, -O
FAIL: objc/execute/bf-10.m compilation, -O
FAIL: objc/execute/bf-11.m compilation, -O
FAIL: objc/execute/bf-12.m compilation, -O
FAIL: objc/execute/bf-13.m compilation, -O
FAIL: objc/execute/bf-14.m compilation, -O
FAIL: objc/execute/bf-15.m compilation, -O
FAIL: objc/execute/bf-16.m compilation, -O
FAIL: objc/execute/bf-17.m compilation, -O
FAIL: objc/execute/bf-18.m compilation, -O
FAIL: objc/execute/bf-19.m compilation, -O
FAIL: objc/execute/bf-2.m compilation, -O
FAIL: objc/execute/bf-20.m compilation, -O
FAIL: objc/execute/bf-3.m compilation, -O
FAIL: objc/execute/bf-4.m compilation, -O
FAIL: objc/execute/bf-5.m compilation, -O
FAIL: objc/execute/bf-6.m compilation, -O
FAIL: objc/execute/bf-7.m compilation, -O
FAIL: objc/execute/bf-8.m compilation, -O
FAIL: objc/execute/bf-9.m compilation, -O
FAIL: objc/execute/string1.m compilation, -O
FAIL: objc/execute/string2.m compilation, -O
=== objc Summary for unix/-fpic ===
# of unexpected failures 22
# of untested testcases 22
Running target unix
FAIL: objc/execute/bf-1.m compilation, -O
FAIL: objc/execute/bf-10.m compilation, -O
FAIL: objc/execute/bf-11.m compilation, -O
FAIL: objc/execute/bf-12.m compilation, -O
FAIL: objc/execute/bf-13.m compilation, -O
FAIL: objc/execute/bf-14.m compilation, -O
FAIL: objc/execute/bf-15.m compilation, -O
FAIL: objc/execute/bf-16.m compilation, -O
FAIL: objc/execute/bf-17.m compilation, -O
FAIL: objc/execute/bf-18.m compilation, -O
FAIL: objc/execute/bf-19.m compilation, -O
FAIL: objc/execute/bf-2.m compilation, -O
FAIL: objc/execute/bf-20.m compilation, -O
FAIL: objc/execute/bf-3.m compilation, -O
FAIL: objc/execute/bf-4.m compilation, -O
FAIL: objc/execute/bf-5.m compilation, -O
FAIL: objc/execute/bf-6.m compilation, -O
FAIL: objc/execute/bf-7.m compilation, -O
FAIL: objc/execute/bf-8.m compilation, -O
FAIL: objc/execute/bf-9.m compilation, -O
FAIL: objc/execute/string1.m compilation, -O
FAIL: objc/execute/string2.m compilation, -O
=== objc Summary for unix ===
# of unexpected failures 22
# of untested testcases 22
=== objc Summary ===
# of unexpected failures 66
# of untested testcases 66
/teal/caip5/ghazi/gcc-testing/build/gcc/xgcc version 2.96 20000823 (experimental)
Compiler version: 2.96 20000823 (experimental)
Platform: sparc-sun-solaris2.7
configure flags: --host=sparc-sun-solaris2.7 --verbose