This is the mail archive of the
gcc-testresults@gcc.gnu.org
mailing list for the GCC project.
Results for 2.96 20000814 (experimental) testsuite on sparc-sun-solaris2.5.1
- To: gcc-testresults at gcc dot gnu dot org
- Subject: Results for 2.96 20000814 (experimental) testsuite on sparc-sun-solaris2.5.1
- From: Rodney Brown <rdb at localhost>
- Date: Thu, 17 Aug 2000 07:56:22 +1000
Native configuration is sparc-sun-solaris2.5.1
=== libio tests ===
Running target unix
FAIL: tFile.cc execution
FAIL: tFile.cc execution -b0
FAIL: tFile.cc execution -b3
FAIL: tfformat.c execution
=== libio Summary ===
# of expected passes 33
# of unexpected failures 4
# of expected failures 4
=== libstdc++ tests ===
Running target unix
=== libstdc++ Summary ===
# of expected passes 30
=== gcc tests ===
Running target unix
FAIL: gcc.c-torture/execute/20000225-1.c execution, -O2
FAIL: gcc.c-torture/execute/20000225-1.c execution, -O3 -fomit-frame-pointer
FAIL: gcc.c-torture/execute/20000225-1.c execution, -O3 -fomit-frame-pointer -funroll-loops
FAIL: gcc.c-torture/execute/20000225-1.c execution, -O3 -fomit-frame-pointer -funroll-all-loops -finline-functions
FAIL: gcc.c-torture/execute/20000225-1.c execution, -O3 -g
FAIL: gcc.c-torture/execute/20000225-1.c execution, -O3 -fssa
FAIL: gcc.c-torture/execute/20000225-1.c execution, -Os
FAIL: gcc.c-torture/execute/20000731-2.c execution, -O3 -fomit-frame-pointer -funroll-all-loops -finline-functions
FAIL: gcc.c-torture/execute/va-arg-12.c execution, -O1
FAIL: gcc.c-torture/execute/va-arg-12.c execution, -O2
FAIL: gcc.c-torture/execute/va-arg-12.c execution, -O3 -fomit-frame-pointer
FAIL: gcc.c-torture/execute/va-arg-12.c execution, -O3 -g
FAIL: gcc.c-torture/execute/va-arg-12.c execution, -O3 -fssa
FAIL: gcc.c-torture/execute/va-arg-12.c execution, -Os
FAIL: gcc.c-torture/execute/va-arg-15.c execution, -O1
FAIL: gcc.c-torture/execute/va-arg-15.c execution, -O2
FAIL: gcc.c-torture/execute/va-arg-15.c execution, -O3 -fomit-frame-pointer
FAIL: gcc.c-torture/execute/va-arg-15.c execution, -O3 -fomit-frame-pointer -funroll-loops
FAIL: gcc.c-torture/execute/va-arg-15.c execution, -O3 -fomit-frame-pointer -funroll-all-loops -finline-functions
FAIL: gcc.c-torture/execute/va-arg-15.c execution, -O3 -g
FAIL: gcc.c-torture/execute/va-arg-15.c execution, -O3 -fssa
FAIL: gcc.c-torture/execute/va-arg-15.c execution, -Os
FAIL: gcc.c-torture/execute/va-arg-16.c execution, -O1
FAIL: gcc.c-torture/execute/va-arg-16.c execution, -O2
FAIL: gcc.c-torture/execute/va-arg-16.c execution, -O3 -fomit-frame-pointer
FAIL: gcc.c-torture/execute/va-arg-16.c execution, -O3 -g
FAIL: gcc.c-torture/execute/va-arg-16.c execution, -O3 -fssa
FAIL: gcc.c-torture/execute/va-arg-16.c execution, -Os
FAIL: gcc.c-torture/execute/va-arg-20.c execution, -O1
FAIL: gcc.c-torture/execute/va-arg-20.c execution, -O2
FAIL: gcc.c-torture/execute/va-arg-20.c execution, -Os
FAIL: gcc.dg/cpp/if-2.c wide charconst recognition (test for bogus messages, line 9)
FAIL: gcc.dg/c90-array-lval-1.c (test for excess errors)
FAIL: gcc.dg/c99-array-lval-1.c (test for excess errors)
FAIL: gcc.dg/noreturn-1.c this function should not get any warnings (test for bogus messages, line 52)
FAIL: gcc.dg/noreturn-1.c detect return from tail call (test for warnings, line 59)
FAIL: gcc.dg/noreturn-2.c noreturn does return (test for bogus messages, line 12)
=== gcc Summary ===
# of expected passes 12928
# of unexpected failures 37
# of expected failures 54
# of unresolved testcases 3
# of unsupported tests 38
/devel/src/egcs-20000814.chk/gcc/xgcc version 2.96 20000814 (experimental)
=== g++ tests ===
Running target unix
FAIL: g++.dg/special/conpr-1.C execution test
FAIL: g++.dg/special/conpr-2.C execution test
FAIL: g++.dg/special/conpr-3.C execution test
FAIL: g++.dg/special/conpr-3.C execution test
FAIL: g++.ext/initp1.C Execution test
FAIL: g++.ext/instantiate1.C not instantiated (test for errors, line 18)
FAIL: g++.ext/instantiate1.C not instantiated (test for errors, line 20)
FAIL: g++.ext/instantiate2.C not instantiated (test for errors, line 16)
FAIL: g++.ext/instantiate3.C not instantiated (test for errors, line 13)
FAIL: g++.ns/koenig7.C (test for excess errors)
FAIL: g++.other/crash18.C (test for excess errors)
=== g++ Summary ===
# of expected passes 5937
# of unexpected failures 11
# of expected failures 98
# of untested testcases 16
/devel/src/egcs-20000814.chk/gcc/testsuite/../g++ version 2.96 20000814 (experimental)
=== g77 tests ===
Running target unix
=== g77 Summary ===
# of expected passes 983
=== objc tests ===
Running target unix
FAIL: objc/execute/bf-1.m compilation, -O
FAIL: objc/execute/bf-10.m compilation, -O
FAIL: objc/execute/bf-11.m compilation, -O
FAIL: objc/execute/bf-12.m compilation, -O
FAIL: objc/execute/bf-13.m compilation, -O
FAIL: objc/execute/bf-14.m compilation, -O
FAIL: objc/execute/bf-15.m compilation, -O
FAIL: objc/execute/bf-16.m compilation, -O
FAIL: objc/execute/bf-17.m compilation, -O
FAIL: objc/execute/bf-18.m compilation, -O
FAIL: objc/execute/bf-19.m compilation, -O
FAIL: objc/execute/bf-2.m compilation, -O
FAIL: objc/execute/bf-20.m compilation, -O
FAIL: objc/execute/bf-3.m compilation, -O
FAIL: objc/execute/bf-4.m compilation, -O
FAIL: objc/execute/bf-5.m compilation, -O
FAIL: objc/execute/bf-6.m compilation, -O
FAIL: objc/execute/bf-7.m compilation, -O
FAIL: objc/execute/bf-8.m compilation, -O
FAIL: objc/execute/bf-9.m compilation, -O
FAIL: objc/execute/string1.m compilation, -O
FAIL: objc/execute/string2.m compilation, -O
=== objc Summary ===
# of unexpected failures 22
# of untested testcases 22
/devel/src/egcs-20000814.chk/gcc/xgcc version 2.96 20000814 (experimental)
Compiler version: 2.96 20000814 (experimental)
Platform: sparc-sun-solaris2.5.1
configure flags: --host=sparc-sun-solaris2.5.1 --enable-checking
Counting all warnings,
there are 115 warnings in stage3 of this bootstrap.
Number of warnings per file:
32 ../../egcs-20000814/gcc/combine.c
11 ../../egcs-20000814/gcc/expr.c
10 ../../../egcs-20000814/gcc/intl/gettext.h
7 ../../egcs-20000814/gcc/libgcc2.c
7 ../../egcs-20000814/gcc/gcc.c
7 ../../egcs-20000814/gcc/cse.c
6 ../../egcs-20000814/gcc/frame-dwarf2.c
4 ../../egcs-20000814/gcc/config/sparc/sparc.c
4 ../../../egcs-20000814/gcc/java/jcf-reader.c
3 ../../egcs-20000814/gcc/loop.c
2 ../../egcs-20000814/gcc/reload1.c
2 ../../egcs-20000814/gcc/regmove.c
2 ../../egcs-20000814/gcc/function.c
2 ../../egcs-20000814/gcc/fold-const.c
2 ../../egcs-20000814/gcc/cpplex.c
2 ../../egcs-20000814/gcc/alias.c
1 ../../egcs-20000814/gcc/java/jvspec.c
1 ../../egcs-20000814/gcc/ggc-page.c
1 ../../egcs-20000814/gcc/gcse.c
1 ../../egcs-20000814/gcc/flow.c
1 ../../egcs-20000814/gcc/final.c
1 ../../egcs-20000814/gcc/f/lang-specs.h
1 ../../egcs-20000814/gcc/expmed.c
1 ../../egcs-20000814/gcc/dwarfout.c
1 ../../egcs-20000814/gcc/dwarf2out.c
1 ../../egcs-20000814/gcc/cppfiles.c
1 ../../../egcs-20000814/gcc/cp/error.c
1 ../../../egcs-20000814/gcc/cp/errfn.c
Number of warning types:
53 comparison between signed and unsigned
16 signed and unsigned type in conditional expression
12 traditional C rejects the \`???' suffix
5 string length \`???' is greater than the minimum length \`???' ISO C89 is required to support
5 function declaration isn't a prototype
5 (near initialization for \`???')
4 implicit declaration of function \`???'
4 \`???' defined but not used
3 missing braces around initializer
2 missing initializer
2 assignment from incompatible pointer type
1 unused variable \`???'
1 pointer targets in passing arg ??? of \`???' differ in signedness
1 passing arg ??? of \`???' discards qualifiers from pointer target type
1 \`???' might be used uninitialized in this function