This is the mail archive of the
gcc-testresults@gcc.gnu.org
mailing list for the GCC project.
Results for 2.96 20000731 (experimental) testsuite on alpha-dec-osf4.0e
- To: gcc-testresults at gcc dot gnu dot org
- Subject: Results for 2.96 20000731 (experimental) testsuite on alpha-dec-osf4.0e
- From: Rodney Brown <rdb at localhost>
- Date: Sat, 5 Jan 1980 00:35:35 +1100
Native configuration is alpha-dec-osf4.0e
=== libio tests ===
Running target unix
=== libio Summary ===
# of expected passes 40
=== libstdc++ tests ===
Running target unix
=== libstdc++ Summary ===
# of expected passes 30
=== gcc tests ===
Running target unix
FAIL: gcc.c-torture/compile/920501-18.c, -O3 -fssa
FAIL: gcc.c-torture/execute/990811-1.c execution, -O3 -fomit-frame-pointer
FAIL: gcc.c-torture/execute/990811-1.c execution, -O3 -fomit-frame-pointer -funroll-loops
FAIL: gcc.c-torture/execute/990811-1.c execution, -O3 -fomit-frame-pointer -funroll-all-loops -finline-functions
FAIL: gcc.c-torture/execute/990811-1.c execution, -O3 -g
FAIL: gcc.c-torture/execute/990811-1.c execution, -O3 -fssa
FAIL: gcc.c-torture/execute/ieee/20000320-1.c execution, -O0
FAIL: gcc.c-torture/execute/ieee/20000320-1.c execution, -O1
FAIL: gcc.c-torture/execute/ieee/20000320-1.c execution, -O2
FAIL: gcc.c-torture/execute/ieee/20000320-1.c execution, -O3 -fomit-frame-pointer
FAIL: gcc.c-torture/execute/ieee/20000320-1.c execution, -O3 -g
FAIL: gcc.c-torture/execute/ieee/20000320-1.c execution, -O3 -fssa
FAIL: gcc.c-torture/execute/ieee/20000320-1.c execution, -Os
FAIL: gcc.c-torture/execute/ieee/fp-cmp-2.c execution, -O0
FAIL: gcc.c-torture/execute/ieee/fp-cmp-2.c execution, -O1
FAIL: gcc.c-torture/execute/ieee/fp-cmp-2.c execution, -O2
FAIL: gcc.c-torture/execute/ieee/fp-cmp-2.c execution, -O3 -fomit-frame-pointer
FAIL: gcc.c-torture/execute/ieee/fp-cmp-2.c execution, -O3 -fomit-frame-pointer -funroll-loops
FAIL: gcc.c-torture/execute/ieee/fp-cmp-2.c execution, -O3 -fomit-frame-pointer -funroll-all-loops -finline-functions
FAIL: gcc.c-torture/execute/ieee/fp-cmp-2.c execution, -O3 -g
FAIL: gcc.c-torture/execute/ieee/fp-cmp-2.c execution, -O3 -fssa
FAIL: gcc.c-torture/execute/ieee/fp-cmp-2.c execution, -Os
FAIL: gcc.c-torture/execute/ieee/fp-cmp-4.c execution, -O0
FAIL: gcc.c-torture/execute/ieee/fp-cmp-4.c execution, -O1
FAIL: gcc.c-torture/execute/ieee/fp-cmp-4.c execution, -O2
FAIL: gcc.c-torture/execute/ieee/fp-cmp-4.c execution, -O3 -fomit-frame-pointer
FAIL: gcc.c-torture/execute/ieee/fp-cmp-4.c execution, -O3 -fomit-frame-pointer -funroll-loops
FAIL: gcc.c-torture/execute/ieee/fp-cmp-4.c execution, -O3 -fomit-frame-pointer -funroll-all-loops -finline-functions
FAIL: gcc.c-torture/execute/ieee/fp-cmp-4.c execution, -O3 -g
FAIL: gcc.c-torture/execute/ieee/fp-cmp-4.c execution, -O3 -fssa
FAIL: gcc.c-torture/execute/ieee/fp-cmp-4.c execution, -Os
FAIL: gcc.c-torture/execute/ieee/hugeval.c execution, -O0
FAIL: gcc.c-torture/execute/ieee/hugeval.c execution, -O1
FAIL: gcc.c-torture/execute/ieee/hugeval.c execution, -O2
FAIL: gcc.c-torture/execute/ieee/hugeval.c execution, -O3 -fomit-frame-pointer
FAIL: gcc.c-torture/execute/ieee/hugeval.c execution, -O3 -g
FAIL: gcc.c-torture/execute/ieee/hugeval.c execution, -O3 -fssa
FAIL: gcc.c-torture/execute/ieee/hugeval.c execution, -Os
FAIL: gcc.c-torture/execute/ieee/mzero2.c execution, -O0
FAIL: gcc.c-torture/execute/ieee/mzero2.c execution, -O1
FAIL: gcc.c-torture/execute/ieee/mzero2.c execution, -O2
FAIL: gcc.c-torture/execute/ieee/mzero2.c execution, -O3 -fomit-frame-pointer
FAIL: gcc.c-torture/execute/ieee/mzero2.c execution, -O3 -g
FAIL: gcc.c-torture/execute/ieee/mzero2.c execution, -O3 -fssa
FAIL: gcc.c-torture/execute/ieee/mzero2.c execution, -Os
XPASS: gcc.c-torture/execute/memcheck/blkarg.c execution, -O0
XPASS: gcc.c-torture/execute/memcheck/blkarg.c execution, -O1
XPASS: gcc.c-torture/execute/memcheck/blkarg.c execution, -O2
XPASS: gcc.c-torture/execute/memcheck/blkarg.c execution, -Os
FAIL: gcc.dg/cpp/20000725-1.c (test for excess errors)
FAIL: gcc.dg/cpp/lexstrng.c (test for excess errors)
FAIL: gcc.dg/cpp/paste2.c (test for excess errors)
FAIL: gcc.dg/20000419-2.c (test for excess errors)
FAIL: gcc.dg/noreturn-1.c this function should not get any warnings (test for bogus messages, line 52)
FAIL: gcc.dg/noreturn-1.c detect return from tail call (test for warnings, line 59)
FAIL: gcc.dg/noncompile/920923-1.c (test for excess errors)
=== gcc Summary ===
# of expected passes 11843
# of unexpected failures 52
# of unexpected successes 4
# of expected failures 38
# of unresolved testcases 3
# of unsupported tests 39
/user/rand/rdb/src/egcs-20000731.obj/gcc/xgcc version 2.96 20000731 (experimental)
=== g++ tests ===
Running target unix
FAIL: g++.eh/badalloc1.C Execution test
FAIL: g++.ext/instantiate1.C not instantiated (test for errors, line 18)
FAIL: g++.ext/instantiate1.C not instantiated (test for errors, line 20)
FAIL: g++.ext/instantiate2.C not instantiated (test for errors, line 16)
FAIL: g++.ext/instantiate3.C not instantiated (test for errors, line 13)
FAIL: g++.other/crash18.C caused compiler crash
FAIL: g++.other/syntax1.C (test for excess errors)
FAIL: g++.other/syntax2.C (test for excess errors)
FAIL: g++.pt/static8.C (test for excess errors)
=== g++ Summary ===
# of expected passes 5908
# of unexpected failures 9
# of expected failures 99
# of untested testcases 18
/user/rand/rdb/src/egcs-20000731.obj/gcc/testsuite/../g++ version 2.96 20000731 (experimental)
=== g77 tests ===
Running target unix
XPASS: g77.f-torture/compile/20000629-1.f, -O0
XPASS: g77.f-torture/compile/20000629-1.f, -O1
XPASS: g77.f-torture/compile/20000629-1.f, -O2
XPASS: g77.f-torture/compile/20000629-1.f, -O2 -fomit-frame-pointer -finline-functions
XPASS: g77.f-torture/compile/20000629-1.f, -O2 -fomit-frame-pointer -finline-functions -funroll-loops
XPASS: g77.f-torture/compile/20000629-1.f, -O2 -fomit-frame-pointer -finline-functions -funroll-all-loops
XPASS: g77.f-torture/compile/20000629-1.f, -O3 -g
XPASS: g77.f-torture/compile/20000629-1.f, -O3 -fssa
XPASS: g77.f-torture/compile/20000629-1.f, -Os
=== g77 Summary ===
# of expected passes 974
# of unexpected successes 9
=== objc tests ===
Running target unix
FAIL: objc/execute/bf-1.m compilation, -O
FAIL: objc/execute/bf-10.m compilation, -O
FAIL: objc/execute/bf-11.m compilation, -O
FAIL: objc/execute/bf-12.m compilation, -O
FAIL: objc/execute/bf-13.m compilation, -O
FAIL: objc/execute/bf-14.m compilation, -O
FAIL: objc/execute/bf-15.m compilation, -O
FAIL: objc/execute/bf-16.m compilation, -O
FAIL: objc/execute/bf-17.m compilation, -O
FAIL: objc/execute/bf-18.m compilation, -O
FAIL: objc/execute/bf-19.m compilation, -O
FAIL: objc/execute/bf-2.m compilation, -O
FAIL: objc/execute/bf-20.m compilation, -O
FAIL: objc/execute/bf-3.m compilation, -O
FAIL: objc/execute/bf-4.m compilation, -O
FAIL: objc/execute/bf-5.m compilation, -O
FAIL: objc/execute/bf-6.m compilation, -O
FAIL: objc/execute/bf-7.m compilation, -O
FAIL: objc/execute/bf-8.m compilation, -O
FAIL: objc/execute/bf-9.m compilation, -O
FAIL: objc/execute/string1.m compilation, -O
FAIL: objc/execute/string2.m compilation, -O
=== objc Summary ===
# of unexpected failures 22
# of untested testcases 22
/user/rand/rdb/src/egcs-20000731.obj/gcc/xgcc version 2.96 20000731 (experimental)
Compiler version: 2.96 20000731 (experimental)
Platform: alpha-dec-osf4.0e
configure flags: --host=alpha-dec-osf4.0e
Counting all warnings,
there are 196 warnings in stage3 of this bootstrap.
Number of warnings per file:
86 ../../egcs-20000731/include/getopt.h
26 cc1plus
9 ../../egcs-20000731/gcc/cpplex.c
8 ../../egcs-20000731/gcc/libgcc2.c
7 ../../egcs-20000731/gcc/reload.c
6 ../../egcs-20000731/gcc/mips-tfile.c
6 ../../egcs-20000731/gcc/combine.c
4 ../../egcs-20000731/gcc/ssa.c
4 ../../egcs-20000731/gcc/gcc.c
4 ../../../egcs-20000731/libiberty/pexecute.c
4 ../../../../egcs-20000731/libiberty/pexecute.c
2 ../../egcs-20000731/gcc/regrename.c
2 ../../egcs-20000731/gcc/config/alpha/alpha.c
2 ../../egcs-20000731/gcc/c-common.c
2 ../../../egcs-20000731/libiberty/getopt.c
2 ../../../../egcs-20000731/libiberty/getopt.c
1 /usr/local/lib/gcc-lib/alpha-dec-osf4.0e/2.95.2/include/va_list.h
1 /usr/local/lib/gcc-lib/alpha-dec-osf4.0e/2.95.2/include/va-alpha.h
1 ../../egcs-20000731/gcc/regclass.c
1 ../../egcs-20000731/gcc/mips-tdump.c
1 ../../egcs-20000731/gcc/loop.c
1 ../../egcs-20000731/gcc/java/jvspec.c
1 ../../egcs-20000731/gcc/gcse.c
1 ../../egcs-20000731/gcc/fold-const.c
1 ../../egcs-20000731/gcc/final.c
1 ../../egcs-20000731/gcc/f/lang-specs.h
1 ../../egcs-20000731/gcc/errors.c
1 ../../egcs-20000731/gcc/cppexp.c
1 ../../egcs-20000731/gcc/collect2.c
1 ../../../egcs-20000731/gcc/java/jcf-write.c
1 ../../../egcs-20000731/gcc/java/class.c
1 ../../../egcs-20000731/gcc/intl/localealias.c
1 ../../../egcs-20000731/gcc/intl/dcgettext.c
1 ../../../egcs-20000731/gcc/f/expr.c
1 ../../../egcs-20000731/gcc/cp/semantics.c
1 ../../../egcs-20000731/gcc/cp/lex.c
1 ../../../egcs-20000731/gcc/cp/error.c
1 ../../../egcs-20000731/gcc/cp/errfn.c
Number of warning types:
96 function declaration isn't a prototype
26 Ignoring command line option '-Wstrict-prototypes'
20 signed and unsigned type in conditional expression
11 comparison between signed and unsigned
6 variable \`???' might be clobbered by \`longjmp' or \`vfork'
6 \`???' might be used uninitialized in this function
5 unused parameter \`???'
4 implicit declaration of function \`???'
3 string length \`???' is greater than the minimum length \`???' ANSI C is required to support
3 passing arg ??? of \`???' from incompatible pointer type
2 width of integer constant changes with -traditional
2 unused variable \`???'
2 pointer targets in passing arg ??? of \`???' differ in signedness
2 no previous prototype for \`???'
1 statement with no effect
1 redefinition of \`???'
1 non-static declaration for \`???' follows static
1 missing initializer
1 \`long' switch expression not converted to \`int' in ANSI C
1 \`???' previously declared here
1 \`???' defined but not used
1 (near initialization for \`???')