This is the mail archive of the gcc-testresults@gcc.gnu.org mailing list for the GCC project.


Index Nav: [Date Index] [Subject Index] [Author Index] [Thread Index]
Message Nav: [Date Prev] [Date Next] [Thread Prev] [Thread Next]

Results for 2.96 20000319 (experimental) testsuite on i686-pc-linux-gnu


Native configuration is i686-pc-linux-gnu

		=== libio tests ===


Running target unix

		=== libio Summary ===

# of expected passes		40
		=== libstdc++ tests ===


Running target unix

		=== libstdc++ Summary ===

# of expected passes		30
		=== gcc tests ===


Running target unix
FAIL: gcc.c-torture/compile/20000105-1.c,  -O0  
FAIL: gcc.c-torture/execute/20000225-1.c execution,  -O2 
FAIL: gcc.c-torture/execute/20000225-1.c execution,  -O3 -fomit-frame-pointer 
FAIL: gcc.c-torture/execute/20000225-1.c execution,  -O3 -fomit-frame-pointer -funroll-loops 
FAIL: gcc.c-torture/execute/20000225-1.c execution,  -O3 -fomit-frame-pointer -funroll-all-loops -finline-functions 
FAIL: gcc.c-torture/execute/20000225-1.c execution,  -O3 -g 
FAIL: gcc.c-torture/execute/20000225-1.c execution,  -Os 
FAIL: gcc.c-torture/execute/20000313-1.c execution,  -O1 
FAIL: gcc.c-torture/execute/20000313-1.c execution,  -O2 
FAIL: gcc.c-torture/execute/20000313-1.c execution,  -Os 
FAIL: gcc.c-torture/execute/991221-1.c execution,  -O1 
FAIL: gcc.c-torture/execute/991221-1.c execution,  -O2 
FAIL: gcc.c-torture/execute/991221-1.c execution,  -O3 -fomit-frame-pointer 
FAIL: gcc.c-torture/execute/991221-1.c execution,  -O3 -g 
FAIL: gcc.c-torture/execute/991221-1.c execution,  -Os 
FAIL: gcc.c-torture/execute/ieee/fp-cmp-4.c compilation,  -O0 
FAIL: gcc.c-torture/execute/ieee/fp-cmp-4.c compilation,  -O1 
FAIL: gcc.c-torture/execute/ieee/fp-cmp-4.c compilation,  -O2 
FAIL: gcc.c-torture/execute/ieee/fp-cmp-4.c compilation,  -O3 -fomit-frame-pointer 
FAIL: gcc.c-torture/execute/ieee/fp-cmp-4.c compilation,  -O3 -fomit-frame-pointer -funroll-loops 
FAIL: gcc.c-torture/execute/ieee/fp-cmp-4.c compilation,  -O3 -fomit-frame-pointer -funroll-all-loops -finline-functions 
FAIL: gcc.c-torture/execute/ieee/fp-cmp-4.c compilation,  -O3 -g 
FAIL: gcc.c-torture/execute/ieee/fp-cmp-4.c compilation,  -Os 
FAIL: gcc.dg/991214-1.c (test for excess errors)
FAIL: cpp-mi.c: redundant include check
FAIL: gcc.dg/cpp-redef-2.c anon varargs (test for warnings, line 15)
FAIL: gcc.dg/cpp-wi1.c (test for excess errors)
FAIL: gcc.dg/pr-impl.c stdio.h (test for warnings, line 7)
FAIL: gcc.dg/special/weak-1.c execution test

		=== gcc Summary ===

# of expected passes		9374
# of unexpected failures	29
# of expected failures		31
# of unresolved testcases	8
# of unsupported tests		15
/home/ghazi/gcc-testing/build/gcc/xgcc version 2.96 20000319 (experimental)

		=== g++ tests ===


Running target unix
FAIL: g++.dg/special/conpr-1.C execution test
FAIL: g++.dg/special/conpr-2.C execution test
FAIL: g++.dg/special/conpr-3.C execution test
FAIL: g++.dg/special/conpr-3.C execution test
FAIL: g++.eh/crash3.C caused compiler crash
FAIL: g++.ext/initp1.C  Execution test
FAIL: g++.jason/inline3.C caused compiler crash
FAIL: g++.oliva/template7.C caused compiler crash

		=== g++ Summary ===

# of expected passes		5798
# of unexpected failures	8
# of expected failures		90
# of untested testcases		8
/home/ghazi/gcc-testing/build/gcc/testsuite/../g++ version 2.96 20000319 (experimental)

		=== g77 tests ===


Running target unix
FAIL: g77.f-torture/execute/19990325-0.f compilation,  -O0 
FAIL: g77.f-torture/execute/19990325-0.f compilation,  -O1 
FAIL: g77.f-torture/execute/19990325-0.f compilation,  -O2 
FAIL: g77.f-torture/execute/19990325-0.f compilation,  -O2 -fomit-frame-pointer -finline-functions 
FAIL: g77.f-torture/execute/19990325-0.f compilation,  -Os 
FAIL: g77.f-torture/execute/19990325-1.f compilation,  -O0 
FAIL: g77.f-torture/execute/19990325-1.f compilation,  -O1 
FAIL: g77.f-torture/execute/19990325-1.f compilation,  -O2 
FAIL: g77.f-torture/execute/19990325-1.f compilation,  -O2 -fomit-frame-pointer -finline-functions 
FAIL: g77.f-torture/execute/19990325-1.f compilation,  -Os 
FAIL: g77.f-torture/execute/short.f execution,  -Os 

		=== g77 Summary ===

# of expected passes		643
# of unexpected failures	11
# of untested testcases		10
		=== objc tests ===


Running target unix

		=== objc Summary ===

# of expected passes		38
/home/ghazi/gcc-testing/build/gcc/xgcc version 2.96 20000319 (experimental)


Compiler version: 2.96 20000319 (experimental) 
Platform: i686-pc-linux-gnu
configure flags: --with-gcc-version-trigger=/home/ghazi/gcc-testing/egcs-CVS20000319/gcc/version.c --host=i686-pc-linux-gnu --verbose --norecursion

Index Nav: [Date Index] [Subject Index] [Author Index] [Thread Index]
Message Nav: [Date Prev] [Date Next] [Thread Prev] [Thread Next]