<!DOCTYPE HTML PUBLIC "-//W3C//DTD HTML 3.2//EN">
<HTML>
<HEAD>
<META HTTP-EQUIV="Content-Type" CONTENT="text/html; charset=us-ascii">
<META NAME="Generator" CONTENT="MS Exchange Server version 6.0.6249.1">
<TITLE>Results for 3.2.1 testsuite on i686-pc-linux-gnu</TITLE>
</HEAD>
<BODY>
<!-- Converted from text/plain format -->
<P><FONT SIZE=2>LAST_UPDATED: </FONT>
<BR><FONT SIZE=2>Native configuration is i686-pc-linux-gnu</FONT>
</P>
<P> <FONT SIZE=2>=== g77 tests ===</FONT>
</P>
<BR>
<P><FONT SIZE=2>Running target unix</FONT>
</P>
<P> <FONT SIZE=2>=== g77 Summary ===</FONT>
</P>
<P><FONT SIZE=2># of expected passes 1468</FONT>
<BR><FONT SIZE=2>/free/shop/build-gcc-3.2.1-i686-pc-linux-gnu/gcc/testsuite/../g77 version 3.2.1</FONT>
</P>
<P> <FONT SIZE=2>=== gcc tests ===</FONT>
</P>
<BR>
<P><FONT SIZE=2>Running target unix</FONT>
<BR><FONT SIZE=2>UNRESOLVED: weak-1.c</FONT>
<BR><FONT SIZE=2>UNRESOLVED: weak-2.c</FONT>
<BR><FONT SIZE=2>UNRESOLVED: wkali-1.c</FONT>
<BR><FONT SIZE=2>UNRESOLVED: wkali-2.c</FONT>
</P>
<P> <FONT SIZE=2>=== gcc Summary ===</FONT>
</P>
<P><FONT SIZE=2># of expected passes 18533</FONT>
<BR><FONT SIZE=2># of expected failures 68</FONT>
<BR><FONT SIZE=2># of unresolved testcases 4</FONT>
<BR><FONT SIZE=2># of unsupported tests 44</FONT>
<BR><FONT SIZE=2>/free/shop/build-gcc-3.2.1-i686-pc-linux-gnu/gcc/xgcc version 3.2.1</FONT>
</P>
<P> <FONT SIZE=2>=== g++ tests ===</FONT>
</P>
<BR>
<P><FONT SIZE=2>Running target unix</FONT>
<BR><FONT SIZE=2>FAIL: g++.pt/instantiate4.C (test for excess errors)</FONT>
<BR><FONT SIZE=2>FAIL: g++.pt/instantiate6.C (test for excess errors)</FONT>
<BR><FONT SIZE=2>FAIL: g++.pt/repo1.C (test for excess errors)</FONT>
<BR><FONT SIZE=2>FAIL: g++.pt/repo2.C (test for excess errors)</FONT>
<BR><FONT SIZE=2>FAIL: g++.pt/repo3.C (test for excess errors)</FONT>
<BR><FONT SIZE=2>FAIL: g++.pt/repo4.C (test for excess errors)</FONT>
</P>
<P> <FONT SIZE=2>=== g++ Summary ===</FONT>
</P>
<P><FONT SIZE=2># of expected passes 7330</FONT>
<BR><FONT SIZE=2># of unexpected failures 6</FONT>
<BR><FONT SIZE=2># of expected failures 89</FONT>
<BR><FONT SIZE=2># of untested testcases 9</FONT>
<BR><FONT SIZE=2># of unsupported tests 3</FONT>
<BR><FONT SIZE=2>/free/shop/build-gcc-3.2.1-i686-pc-linux-gnu/gcc/testsuite/../g++ version 3.2.1</FONT>
</P>
<P> <FONT SIZE=2>=== objc tests ===</FONT>
</P>
<BR>
<P><FONT SIZE=2>Running target unix</FONT>
</P>
<P> <FONT SIZE=2>=== objc Summary ===</FONT>
</P>
<P><FONT SIZE=2># of expected passes 1035</FONT>
<BR><FONT SIZE=2># of expected failures 6</FONT>
<BR><FONT SIZE=2>/free/shop/build-gcc-3.2.1-i686-pc-linux-gnu/gcc/xgcc version 3.2.1</FONT>
</P>
<P> <FONT SIZE=2>=== libjava tests ===</FONT>
</P>
<BR>
<P><FONT SIZE=2>Running target unix</FONT>
<BR><FONT SIZE=2>FAIL: Thread_Interrupt -O output from bytecode->native test</FONT>
</P>
<P> <FONT SIZE=2>=== libjava Summary ===</FONT>
</P>
<P><FONT SIZE=2># of expected passes 2060</FONT>
<BR><FONT SIZE=2># of unexpected failures 1</FONT>
<BR><FONT SIZE=2># of expected failures 18</FONT>
<BR><FONT SIZE=2># of untested testcases 14</FONT>
<BR> <FONT SIZE=2>=== libstdc++-v3 tests ===</FONT>
</P>
<BR>
<P><FONT SIZE=2>Running target unix</FONT>
<BR><FONT SIZE=2>XPASS: 22_locale/ctype_is_wchar_t.cc execution test</FONT>
<BR><FONT SIZE=2>FAIL: 26_numerics/c99_classification_macros_c.cc (test for excess errors)</FONT>
</P>
<P> <FONT SIZE=2>=== libstdc++-v3 Summary ===</FONT>
</P>
<P><FONT SIZE=2># of expected passes 410</FONT>
<BR><FONT SIZE=2># of unexpected failures 1</FONT>
<BR><FONT SIZE=2># of unexpected successes 1</FONT>
<BR><FONT SIZE=2># of expected failures 25</FONT>
</P>
<P><FONT SIZE=2>Compiler version: 3.2.1 </FONT>
<BR><FONT SIZE=2>Platform: i686-pc-linux-gnu</FONT>
<BR><FONT SIZE=2>configure flags: --host=i686-pc-linux-gnu --prefix=/export/shop/stow/gcc-3.2.1/i686-pc-linux-gnu --infodir=/export/shop/stow/gcc-3.2.1/info --mandir=/export/shop/stow/gcc-3.2.1/man --datadir=/export/shop/stow/gcc-3.2.1/share --enable-threads=posix --enable-long-long --enable-namespaces --enable-multilib --with-as=/export/shop/stow/binutils-2.13.1/i686-pc-linux-gnu/bin/as --with-ld=/export/shop/stow/binutils-2.13.1/i686-pc-linux-gnu/bin/ld --enable-nls --with-included-gettext</FONT></P>
</BODY>
</HTML>