This is the mail archive of the
gcc-testresults@gcc.gnu.org
mailing list for the GCC project.
Results for 10.0.0 20191115 (experimental) [trunk revision 278282] (GCC) testsuite on sparcv9-sun-solaris2.11
- From: Rainer Orth <ro at CeBiTec dot Uni-Bielefeld dot DE>
- To: gcc-testresults at gcc dot gnu dot org
- Date: Sat, 16 Nov 2019 21:38:11 +0100 (MET)
- Subject: Results for 10.0.0 20191115 (experimental) [trunk revision 278282] (GCC) testsuite on sparcv9-sun-solaris2.11
LAST_UPDATED: Fri Nov 15 10:01:58 UTC 2019 (revision 278282)
=== acats tests ===
=== acats Summary ===
# of expected passes 2320
# of unexpected failures 0
Native configuration is sparcv9-sun-solaris2.11
=== g++ tests ===
Running target unix
FAIL: g++.dg/gcov/pr16855-priority.C -std=gnu++14 gcov: 1 failures in line counts, 0 in branch percentages, 0 in return percentages, 0 in intermediate format
FAIL: g++.dg/gcov/pr16855-priority.C -std=gnu++14 line 22: is #####:should be 1
FAIL: g++.dg/gcov/pr16855-priority.C -std=gnu++17 gcov: 1 failures in line counts, 0 in branch percentages, 0 in return percentages, 0 in intermediate format
FAIL: g++.dg/gcov/pr16855-priority.C -std=gnu++17 line 22: is #####:should be 1
FAIL: g++.dg/gcov/pr16855-priority.C -std=gnu++2a gcov: 1 failures in line counts, 0 in branch percentages, 0 in return percentages, 0 in intermediate format
FAIL: g++.dg/gcov/pr16855-priority.C -std=gnu++2a line 22: is #####:should be 1
FAIL: g++.dg/gcov/pr16855-priority.C -std=gnu++98 gcov: 1 failures in line counts, 0 in branch percentages, 0 in return percentages, 0 in intermediate format
FAIL: g++.dg/gcov/pr16855-priority.C -std=gnu++98 line 22: is #####:should be 1
FAIL: g++.dg/gcov/pr16855.C -std=gnu++14 gcov: 1 failures in line counts, 0 in branch percentages, 0 in return percentages, 0 in intermediate format
FAIL: g++.dg/gcov/pr16855.C -std=gnu++14 line 24: is #####:should be 1
FAIL: g++.dg/gcov/pr16855.C -std=gnu++17 gcov: 1 failures in line counts, 0 in branch percentages, 0 in return percentages, 0 in intermediate format
FAIL: g++.dg/gcov/pr16855.C -std=gnu++17 line 24: is #####:should be 1
FAIL: g++.dg/gcov/pr16855.C -std=gnu++2a gcov: 1 failures in line counts, 0 in branch percentages, 0 in return percentages, 0 in intermediate format
FAIL: g++.dg/gcov/pr16855.C -std=gnu++2a line 24: is #####:should be 1
FAIL: g++.dg/gcov/pr16855.C -std=gnu++98 gcov: 1 failures in line counts, 0 in branch percentages, 0 in return percentages, 0 in intermediate format
FAIL: g++.dg/gcov/pr16855.C -std=gnu++98 line 24: is #####:should be 1
FAIL: g++.dg/lto/pr89335 cp_lto_pr89335_0.o assemble, -O2 -flto -Wsuggest-final-methods
=== g++ Summary for unix ===
# of expected passes 178086
# of unexpected failures 17
# of expected failures 715
# of unsupported tests 7681
Running target unix/-m32
FAIL: g++.dg/asan/default-options-1.C -O0 execution test
FAIL: g++.dg/asan/default-options-1.C -O1 execution test
FAIL: g++.dg/asan/default-options-1.C -O2 execution test
FAIL: g++.dg/asan/default-options-1.C -O2 -flto execution test
FAIL: g++.dg/asan/default-options-1.C -O2 -flto -flto-partition=none execution test
FAIL: g++.dg/asan/default-options-1.C -O3 -g execution test
FAIL: g++.dg/asan/default-options-1.C -Os execution test
FAIL: g++.dg/gcov/pr16855-priority.C -std=gnu++14 gcov: 1 failures in line counts, 0 in branch percentages, 0 in return percentages, 0 in intermediate format
FAIL: g++.dg/gcov/pr16855-priority.C -std=gnu++14 line 22: is #####:should be 1
FAIL: g++.dg/gcov/pr16855-priority.C -std=gnu++17 gcov: 1 failures in line counts, 0 in branch percentages, 0 in return percentages, 0 in intermediate format
FAIL: g++.dg/gcov/pr16855-priority.C -std=gnu++17 line 22: is #####:should be 1
FAIL: g++.dg/gcov/pr16855-priority.C -std=gnu++2a gcov: 1 failures in line counts, 0 in branch percentages, 0 in return percentages, 0 in intermediate format
FAIL: g++.dg/gcov/pr16855-priority.C -std=gnu++2a line 22: is #####:should be 1
FAIL: g++.dg/gcov/pr16855-priority.C -std=gnu++98 gcov: 1 failures in line counts, 0 in branch percentages, 0 in return percentages, 0 in intermediate format
FAIL: g++.dg/gcov/pr16855-priority.C -std=gnu++98 line 22: is #####:should be 1
FAIL: g++.dg/gcov/pr16855.C -std=gnu++14 gcov: 1 failures in line counts, 0 in branch percentages, 0 in return percentages, 0 in intermediate format
FAIL: g++.dg/gcov/pr16855.C -std=gnu++14 line 24: is #####:should be 1
FAIL: g++.dg/gcov/pr16855.C -std=gnu++17 gcov: 1 failures in line counts, 0 in branch percentages, 0 in return percentages, 0 in intermediate format
FAIL: g++.dg/gcov/pr16855.C -std=gnu++17 line 24: is #####:should be 1
FAIL: g++.dg/gcov/pr16855.C -std=gnu++2a gcov: 1 failures in line counts, 0 in branch percentages, 0 in return percentages, 0 in intermediate format
FAIL: g++.dg/gcov/pr16855.C -std=gnu++2a line 24: is #####:should be 1
FAIL: g++.dg/gcov/pr16855.C -std=gnu++98 gcov: 1 failures in line counts, 0 in branch percentages, 0 in return percentages, 0 in intermediate format
FAIL: g++.dg/gcov/pr16855.C -std=gnu++98 line 24: is #####:should be 1
FAIL: g++.dg/lto/pr89335 cp_lto_pr89335_0.o assemble, -O2 -flto -Wsuggest-final-methods
=== g++ Summary for unix/-m32 ===
# of expected passes 177300
# of unexpected failures 24
# of expected failures 711
# of unsupported tests 7977
=== g++ Summary ===
# of expected passes 355386
# of unexpected failures 41
# of expected failures 1426
# of unsupported tests 15658
/var/gcc/regression/trunk/11-gcc-64/build/gcc/xg++ version 10.0.0 20191115 (experimental) [trunk revision 278282] (GCC)
=== gcc tests ===
Running target unix
FAIL: gcc.dg/Wstringop-overflow-17.c (test for warnings, line 8)
FAIL: gcc.dg/strlenopt-81.c (test for excess errors)
UNRESOLVED: gcc.dg/strlenopt-81.c compilation failed to produce executable
XPASS: gcc.dg/graphite/scop-21.c scan-tree-dump-times graphite "number of SCoPs: 1" 1
FAIL: gcc.dg/ipa/ipa-icf-38.c scan-ltrans-tree-dump-not optimized "Function bar"
FAIL: gcc.dg/vect/bb-slp-21.c -flto -ffat-lto-objects scan-tree-dump-times slp2 "vectorizing stmts using SLP" 1
FAIL: gcc.dg/vect/bb-slp-21.c scan-tree-dump-times slp2 "vectorizing stmts using SLP" 1
FAIL: gcc.dg/vect/bb-slp-22.c -flto -ffat-lto-objects scan-tree-dump-times slp2 "basic block vectorized" 1
FAIL: gcc.dg/vect/bb-slp-22.c scan-tree-dump-times slp2 "basic block vectorized" 1
FAIL: gcc.dg/vect/bb-slp-40.c -flto -ffat-lto-objects scan-tree-dump slp1 "vectorizing stmts using SLP"
FAIL: gcc.dg/vect/bb-slp-40.c scan-tree-dump slp1 "vectorizing stmts using SLP"
FAIL: gcc.dg/vect/bb-slp-div-2.c -flto -ffat-lto-objects scan-tree-dump slp2 "basic block vectorized"
FAIL: gcc.dg/vect/bb-slp-div-2.c scan-tree-dump slp2 "basic block vectorized"
FAIL: gcc.dg/vect/vect-epilogues.c -flto -ffat-lto-objects scan-tree-dump vect "LOOP EPILOGUE VECTORIZED"
FAIL: gcc.dg/vect/vect-epilogues.c scan-tree-dump vect "LOOP EPILOGUE VECTORIZED"
WARNING: gcc.target/sparc/ultrasp12.c (test for excess errors) program timed out.
FAIL: gcc.target/sparc/ultrasp12.c (test for excess errors)
=== gcc Summary for unix ===
# of expected passes 118306
# of unexpected failures 14
# of unexpected successes 1
# of expected failures 627
# of unresolved testcases 1
# of unsupported tests 2921
Running target unix/-m32
FAIL: gcc.dg/Wstringop-overflow-17.c (test for warnings, line 8)
FAIL: gcc.dg/pr84877.c execution test
FAIL: gcc.dg/strlenopt-81.c (test for excess errors)
UNRESOLVED: gcc.dg/strlenopt-81.c compilation failed to produce executable
XPASS: gcc.dg/graphite/scop-21.c scan-tree-dump-times graphite "number of SCoPs: 1" 1
FAIL: gcc.dg/ipa/ipa-icf-38.c scan-ltrans-tree-dump-not optimized "Function bar"
FAIL: gcc.dg/simulate-thread/atomic-other-int.c -O2 -g thread simulation test
FAIL: gcc.dg/simulate-thread/atomic-other-int.c -O3 -g thread simulation test
FAIL: gcc.dg/simulate-thread/speculative-store-4.c -O0 -g thread simulation test
FAIL: gcc.dg/simulate-thread/speculative-store-4.c -O2 -g thread simulation test
FAIL: gcc.dg/simulate-thread/speculative-store-4.c -O3 -g thread simulation test
FAIL: gcc.dg/simulate-thread/speculative-store.c -O0 -g thread simulation test
FAIL: gcc.dg/vect/bb-slp-21.c -flto -ffat-lto-objects scan-tree-dump-times slp2 "vectorizing stmts using SLP" 1
FAIL: gcc.dg/vect/bb-slp-21.c scan-tree-dump-times slp2 "vectorizing stmts using SLP" 1
FAIL: gcc.dg/vect/bb-slp-22.c -flto -ffat-lto-objects scan-tree-dump-times slp2 "basic block vectorized" 1
FAIL: gcc.dg/vect/bb-slp-22.c scan-tree-dump-times slp2 "basic block vectorized" 1
FAIL: gcc.dg/vect/bb-slp-40.c -flto -ffat-lto-objects scan-tree-dump slp1 "vectorizing stmts using SLP"
FAIL: gcc.dg/vect/bb-slp-40.c scan-tree-dump slp1 "vectorizing stmts using SLP"
FAIL: gcc.dg/vect/bb-slp-div-2.c -flto -ffat-lto-objects scan-tree-dump slp2 "basic block vectorized"
FAIL: gcc.dg/vect/bb-slp-div-2.c scan-tree-dump slp2 "basic block vectorized"
FAIL: gcc.dg/vect/vect-epilogues.c -flto -ffat-lto-objects scan-tree-dump vect "LOOP EPILOGUE VECTORIZED"
FAIL: gcc.dg/vect/vect-epilogues.c scan-tree-dump vect "LOOP EPILOGUE VECTORIZED"
=== gcc Summary for unix/-m32 ===
# of expected passes 118744
# of unexpected failures 20
# of unexpected successes 1
# of expected failures 636
# of unresolved testcases 1
# of unsupported tests 3526
=== gcc Summary ===
# of expected passes 237050
# of unexpected failures 34
# of unexpected successes 2
# of expected failures 1263
# of unresolved testcases 2
# of unsupported tests 6447
/var/gcc/regression/trunk/11-gcc-64/build/gcc/xgcc version 10.0.0 20191115 (experimental) [trunk revision 278282] (GCC)
=== gdc tests ===
Running target unix
=== gdc Summary for unix ===
# of expected passes 22867
# of unsupported tests 40
Running target unix/-m32
=== gdc Summary for unix/-m32 ===
# of expected passes 22867
# of unsupported tests 40
=== gdc Summary ===
# of expected passes 45734
# of unsupported tests 80
/var/gcc/regression/trunk/11-gcc-64/build/gcc/gdc version 10.0.0 20191115 (experimental) [trunk revision 278282] (GCC)
=== gfortran tests ===
Running target unix
FAIL: gfortran.dg/ISO_Fortran_binding_15.f90 -O3 -fomit-frame-pointer -funroll-loops -fpeel-loops -ftracer -finline-functions execution test
FAIL: gfortran.dg/ISO_Fortran_binding_15.f90 -O3 -g execution test
FAIL: gfortran.dg/ISO_Fortran_binding_15.f90 -Os execution test
=== gfortran Summary for unix ===
# of expected passes 52225
# of unexpected failures 3
# of expected failures 189
# of unsupported tests 150
Running target unix/-m32
FAIL: gfortran.dg/ISO_Fortran_binding_15.f90 -O1 execution test
FAIL: gfortran.dg/ISO_Fortran_binding_15.f90 -O2 execution test
FAIL: gfortran.dg/ISO_Fortran_binding_15.f90 -O3 -fomit-frame-pointer -funroll-loops -fpeel-loops -ftracer -finline-functions execution test
FAIL: gfortran.dg/ISO_Fortran_binding_15.f90 -O3 -g execution test
FAIL: gfortran.dg/ISO_Fortran_binding_15.f90 -Os execution test
=== gfortran Summary for unix/-m32 ===
# of expected passes 51964
# of unexpected failures 5
# of expected failures 189
# of unsupported tests 277
=== gfortran Summary ===
# of expected passes 104189
# of unexpected failures 8
# of expected failures 378
# of unsupported tests 427
/var/gcc/regression/trunk/11-gcc-64/build/gcc/gfortran version 10.0.0 20191115 (experimental) [trunk revision 278282] (GCC)
=== gnat tests ===
Running target unix
=== gnat Summary for unix ===
# of expected passes 3227
# of expected failures 23
# of unsupported tests 32
Running target unix/-m32
=== gnat Summary for unix/-m32 ===
# of expected passes 3227
# of expected failures 23
# of unsupported tests 32
=== gnat Summary ===
# of expected passes 6454
# of expected failures 46
# of unsupported tests 64
/var/gcc/regression/trunk/11-gcc-64/build/gcc/gnatmake version 10.0.0 20191115 (experimental) [trunk revision 278282]
=== go tests ===
Running target unix
FAIL: ./index0-out.go execution, -O0 -g -fno-var-tracking-assignments
FAIL: go.test/test/fixedbugs/issue4348.go -O (test for excess errors)
=== go Summary for unix ===
# of expected passes 7348
# of unexpected failures 2
# of expected failures 1
# of untested testcases 11
# of unsupported tests 3
Running target unix/-m32
FAIL: ./index0-out.go execution, -O0 -g -fno-var-tracking-assignments
FAIL: go.test/test/fixedbugs/issue4085b.go execution, -O2 -g
FAIL: go.test/test/fixedbugs/issue4562.go execution, -O2 -g
FAIL: go.test/test/nil.go execution, -O2 -g
=== go Summary for unix/-m32 ===
# of expected passes 7466
# of unexpected failures 4
# of expected failures 1
# of untested testcases 11
# of unsupported tests 3
=== go Summary ===
# of expected passes 14814
# of unexpected failures 6
# of expected failures 2
# of untested testcases 22
# of unsupported tests 6
=== obj-c++ tests ===
Running target unix/-m32
=== obj-c++ Summary for unix/-m32 ===
# of expected passes 1450
# of expected failures 2
# of unsupported tests 77
Running target unix
=== obj-c++ Summary for unix ===
# of expected passes 1442
# of expected failures 10
# of unsupported tests 77
=== obj-c++ Summary ===
# of expected passes 2892
# of expected failures 12
# of unsupported tests 154
/var/gcc/regression/trunk/11-gcc-64/build/gcc/xg++ version 10.0.0 20191115 (experimental) [trunk revision 278282] (GCC)
=== objc tests ===
Running target unix
=== objc Summary for unix ===
# of expected passes 2782
# of unsupported tests 68
Running target unix/-m32
=== objc Summary for unix/-m32 ===
# of expected passes 2782
# of unsupported tests 68
=== objc Summary ===
# of expected passes 5564
# of unsupported tests 136
/var/gcc/regression/trunk/11-gcc-64/build/gcc/xgcc version 10.0.0 20191115 (experimental) [trunk revision 278282] (GCC)
=== gotools tests ===
FAIL: TestScript
FAIL: go test cmd/go
FAIL: TestAbort
FAIL: TestArenaCollision
FAIL: TestGccgoCrashTracebackNodebug
FAIL: go test runtime
FAIL: TestSIGPROF
FAIL: go test misc/cgo/testcarchive
=== gotools Summary ===
# of expected passes 365
# of unexpected failures 8
# of untested testcases 197
/var/gcc/regression/trunk/11-gcc-64/build/./gcc/gccgo version 10.0.0 20191115 (experimental) [trunk revision 278282] (GCC)
=== libatomic tests ===
Running target unix/-m32
=== libatomic Summary for unix/-m32 ===
# of expected passes 44
# of unsupported tests 5
Running target unix
=== libatomic Summary for unix ===
# of expected passes 54
=== libatomic Summary ===
# of expected passes 98
# of unsupported tests 5
=== libffi tests ===
Running target unix/-m32
=== libffi Summary for unix/-m32 ===
# of expected passes 2214
Running target unix
=== libffi Summary for unix ===
# of expected passes 2214
=== libffi Summary ===
# of expected passes 4428
=== libgo tests ===
Running target unix
FAIL: go/build
FAIL: runtime
FAIL: runtime/pprof
FAIL: sync/atomic
=== libgo Summary for unix ===
# of expected passes 170
# of unexpected failures 4
Running target unix/-m32
FAIL: go/build
FAIL: os/signal
FAIL: runtime
FAIL: runtime/pprof
FAIL: sync/atomic
=== libgo Summary for unix/-m32 ===
# of expected passes 169
# of unexpected failures 5
=== libgo Summary ===
# of expected passes 339
# of unexpected failures 9
/var/gcc/regression/trunk/11-gcc-64/build/./gcc/gccgo version 10.0.0 20191115 (experimental) [trunk revision 278282] (GCC)
=== libgomp tests ===
Running target unix
=== libgomp Summary for unix ===
# of expected passes 6980
# of expected failures 4
# of unsupported tests 432
Running target unix/-m32
WARNING: libgomp.c++/task-reduction-11.C execution test program timed out.
FAIL: libgomp.c++/task-reduction-11.C execution test
=== libgomp Summary for unix/-m32 ===
# of expected passes 6979
# of unexpected failures 1
# of expected failures 4
# of unsupported tests 432
=== libgomp Summary ===
# of expected passes 13959
# of unexpected failures 1
# of expected failures 8
# of unsupported tests 864
=== libitm tests ===
Running target unix/-m32
=== libitm Summary for unix/-m32 ===
# of expected passes 42
# of expected failures 3
# of unsupported tests 1
Running target unix
=== libitm Summary for unix ===
# of expected passes 42
# of expected failures 3
# of unsupported tests 1
=== libitm Summary ===
# of expected passes 84
# of expected failures 6
# of unsupported tests 2
=== libstdc++ tests ===
Running target unix
=== libstdc++ Summary for unix ===
# of expected passes 12486
# of expected failures 92
# of unsupported tests 721
Running target unix/-m32
=== libstdc++ Summary for unix/-m32 ===
# of expected passes 12486
# of expected failures 92
# of unsupported tests 721
=== libstdc++ Summary ===
# of expected passes 24972
# of expected failures 184
# of unsupported tests 1442
Compiler version: 10.0.0 20191115 (experimental) [trunk revision 278282] (GCC)
Platform: sparcv9-sun-solaris2.11
configure flags: --prefix=/vol/gcc --target=sparcv9-sun-solaris2.11 --enable-objc-gc --with-target-bdw-gc-include=/vol/gcc/include --with-target-bdw-gc-lib=/vol/gcc/lib/sparcv9,sparcv8plus=/vol/gcc/lib --with-as=/usr/ccs/bin/as --without-gnu-as --with-gmp-include=/vol/gcc/include --with-gmp-lib=/vol/gcc/lib/sparcv9 --with-mpfr-include=/vol/gcc/include --with-mpfr-lib=/vol/gcc/lib/sparcv9 --with-mpc-include=/vol/gcc/include --with-mpc-lib=/vol/gcc/lib/sparcv9 --enable-languages=all,ada,obj-c++,go --with-isl-include=/vol/gcc/include --with-isl-lib=/vol/gcc/lib/sparcv9 --with-zstd-include=/vol/gcc/include --with-zstd-lib=/vol/gcc/lib/sparcv9 --build=sparcv9-sun-solaris2.11 --host=sparcv9-sun-solaris2.11
BOOT_CFLAGS=-g -O2