This is the mail archive of the
gcc-testresults@gcc.gnu.org
mailing list for the GCC project.
Results for 7.4.1 20191105 [gcc-7-branch revision 277823] (GCC) testsuite on x86_64-apple-darwin17
- From: Iain Sandoe <iains dot gcc at gmail dot com>
- To: GCC-testresults at gcc dot gnu dot org
- Date: Thu, 14 Nov 2019 08:06:33 +0000
- Subject: Results for 7.4.1 20191105 [gcc-7-branch revision 277823] (GCC) testsuite on x86_64-apple-darwin17
LAST_UPDATED: Tue Nov 5 13:01:29 UTC 2019 (revision 277823)
Native configuration is x86_64-apple-darwin17
=== g++ tests ===
Running target unix/-m32
FAIL: g++.dg/asan/pr78651.C -O2 -flto (internal compiler error)
FAIL: g++.dg/asan/pr78651.C -O2 -flto (test for excess errors)
FAIL: g++.dg/asan/pr78651.C -O2 -flto -flto-partition=none (internal compiler error)
FAIL: g++.dg/asan/pr78651.C -O2 -flto -flto-partition=none (test for excess errors)
FAIL: g++.dg/ipa/pr67056.C scan-ipa-dump cp "Speculative outer type:struct CompositeClass"
UNRESOLVED: g++.dg/lto/pr65276 cp_lto_pr65276_0.o-cp_lto_pr65276_1.o execute -flto -O0 -std=c++11
FAIL: g++.dg/lto/pr65276 cp_lto_pr65276_0.o-cp_lto_pr65276_1.o link, -flto -O0 -std=c++11
=== g++ Summary for unix/-m32 ===
# of expected passes 109888
# of unexpected failures 6
# of expected failures 410
# of unresolved testcases 1
# of unsupported tests 4681
Running target unix/-m64
FAIL: g++.dg/asan/pr78651.C -O2 -flto (internal compiler error)
FAIL: g++.dg/asan/pr78651.C -O2 -flto (test for excess errors)
FAIL: g++.dg/asan/pr78651.C -O2 -flto -flto-partition=none (internal compiler error)
FAIL: g++.dg/asan/pr78651.C -O2 -flto -flto-partition=none (test for excess errors)
FAIL: g++.dg/ipa/pr67056.C scan-ipa-dump cp "Speculative outer type:struct CompositeClass"
UNRESOLVED: g++.dg/lto/pr65276 cp_lto_pr65276_0.o-cp_lto_pr65276_1.o execute -flto -O0 -std=c++11
FAIL: g++.dg/lto/pr65276 cp_lto_pr65276_0.o-cp_lto_pr65276_1.o link, -flto -O0 -std=c++11
=== g++ Summary for unix/-m64 ===
# of expected passes 111296
# of unexpected failures 6
# of expected failures 410
# of unresolved testcases 1
# of unsupported tests 4885
=== g++ Summary ===
# of expected passes 221184
# of unexpected failures 12
# of expected failures 820
# of unresolved testcases 2
# of unsupported tests 9566
/Volumes/scratch/10-13-his/gcc-7-wip/gcc/testsuite/g++/../../xg++ version 7.4.1 20191105 [gcc-7-branch revision 277823] (GCC)
=== gcc tests ===
Running target unix/-m32
FAIL: c-c++-common/asan/strncpy-overflow-1.c -O0 output pattern test
FAIL: c-c++-common/asan/strncpy-overflow-1.c -O1 output pattern test
FAIL: c-c++-common/asan/strncpy-overflow-1.c -O2 output pattern test
FAIL: c-c++-common/asan/strncpy-overflow-1.c -O2 -flto (test for excess errors)
FAIL: c-c++-common/asan/strncpy-overflow-1.c -O2 -flto output pattern test
FAIL: c-c++-common/asan/strncpy-overflow-1.c -O2 -flto -flto-partition=none (test for excess errors)
FAIL: c-c++-common/asan/strncpy-overflow-1.c -O2 -flto -flto-partition=none output pattern test
FAIL: c-c++-common/asan/strncpy-overflow-1.c -O3 -g output pattern test
FAIL: c-c++-common/asan/strncpy-overflow-1.c -Os output pattern test
FAIL: gcc.dg/framework-1.c (test for excess errors)
XPASS: gcc.dg/pr78768.c -Wformat-overflow (test for warnings, line 11)
FAIL: gcc.dg/stack-layout-dynamic-1.c (test for excess errors)
UNRESOLVED: gcc.dg/stack-layout-dynamic-1.c scan-assembler-not cfi_def_cfa_register
FAIL: gcc.dg/graphite/scop-19.c scan-tree-dump-times graphite "number of SCoPs: 0" 1
FAIL: gcc.dg/torture/builtin-self.c -O0 scan-assembler-not \\tcall
FAIL: gcc.misc-tests/linkage.c link
FAIL: gcc.target/i386/align-limit.c scan-assembler .p2align 6,,1
FAIL: gcc.target/i386/avx512vl-vcvtpd2dq-2.c (test for excess errors)
UNRESOLVED: gcc.target/i386/avx512vl-vcvtpd2dq-2.c compilation failed to produce executable
FAIL: gcc.target/i386/avx512vl-vcvtpd2ps-2.c (test for excess errors)
UNRESOLVED: gcc.target/i386/avx512vl-vcvtpd2ps-2.c compilation failed to produce executable
FAIL: gcc.target/i386/avx512vl-vcvtpd2udq-2.c (test for excess errors)
UNRESOLVED: gcc.target/i386/avx512vl-vcvtpd2udq-2.c compilation failed to produce executable
FAIL: gcc.target/i386/avx512vl-vcvtqq2ps-2.c (test for excess errors)
UNRESOLVED: gcc.target/i386/avx512vl-vcvtqq2ps-2.c compilation failed to produce executable
FAIL: gcc.target/i386/avx512vl-vcvttpd2dq-2.c (test for excess errors)
UNRESOLVED: gcc.target/i386/avx512vl-vcvttpd2dq-2.c compilation failed to produce executable
FAIL: gcc.target/i386/avx512vl-vcvttpd2udq-2.c (test for excess errors)
UNRESOLVED: gcc.target/i386/avx512vl-vcvttpd2udq-2.c compilation failed to produce executable
FAIL: gcc.target/i386/avx512vl-vcvtuqq2ps-2.c (test for excess errors)
UNRESOLVED: gcc.target/i386/avx512vl-vcvtuqq2ps-2.c compilation failed to produce executable
FAIL: gcc.target/i386/pad-3.c scan-assembler-not nop
FAIL: gcc.target/i386/pr36502.c scan-assembler-not esp
FAIL: gcc.target/i386/pr66334.c scan-assembler movl[ \\\\t].+, %ebx
FAIL: gcc.target/i386/pr71245-1.c scan-assembler-not (fistp|fild)
FAIL: gcc.target/i386/pr71245-2.c scan-assembler-not movlps
FAIL: gcc.target/i386/pr78035.c scan-assembler-times cmp 2
=== gcc Summary for unix/-m32 ===
# of expected passes 121451
# of unexpected failures 28
# of unexpected successes 1
# of expected failures 372
# of unresolved testcases 8
# of unsupported tests 2778
Running target unix/-m64
FAIL: c-c++-common/asan/strncpy-overflow-1.c -O0 output pattern test
FAIL: c-c++-common/asan/strncpy-overflow-1.c -O1 output pattern test
FAIL: c-c++-common/asan/strncpy-overflow-1.c -O2 output pattern test
FAIL: c-c++-common/asan/strncpy-overflow-1.c -O2 -flto (test for excess errors)
FAIL: c-c++-common/asan/strncpy-overflow-1.c -O2 -flto output pattern test
FAIL: c-c++-common/asan/strncpy-overflow-1.c -O2 -flto -flto-partition=none (test for excess errors)
FAIL: c-c++-common/asan/strncpy-overflow-1.c -O2 -flto -flto-partition=none output pattern test
FAIL: c-c++-common/asan/strncpy-overflow-1.c -O3 -g output pattern test
FAIL: c-c++-common/asan/strncpy-overflow-1.c -Os output pattern test
FAIL: gcc.dg/framework-1.c (test for excess errors)
XPASS: gcc.dg/pr78768.c -Wformat-overflow (test for warnings, line 11)
FAIL: gcc.dg/graphite/scop-19.c scan-tree-dump-times graphite "number of SCoPs: 0" 1
FAIL: gcc.target/i386/align-limit.c scan-assembler .p2align 6,,1
FAIL: gcc.target/i386/avx512vl-vcvtpd2dq-2.c (test for excess errors)
UNRESOLVED: gcc.target/i386/avx512vl-vcvtpd2dq-2.c compilation failed to produce executable
FAIL: gcc.target/i386/avx512vl-vcvtpd2ps-2.c (test for excess errors)
UNRESOLVED: gcc.target/i386/avx512vl-vcvtpd2ps-2.c compilation failed to produce executable
FAIL: gcc.target/i386/avx512vl-vcvtpd2udq-2.c (test for excess errors)
UNRESOLVED: gcc.target/i386/avx512vl-vcvtpd2udq-2.c compilation failed to produce executable
FAIL: gcc.target/i386/avx512vl-vcvtqq2ps-2.c (test for excess errors)
UNRESOLVED: gcc.target/i386/avx512vl-vcvtqq2ps-2.c compilation failed to produce executable
FAIL: gcc.target/i386/avx512vl-vcvttpd2dq-2.c (test for excess errors)
UNRESOLVED: gcc.target/i386/avx512vl-vcvttpd2dq-2.c compilation failed to produce executable
FAIL: gcc.target/i386/avx512vl-vcvttpd2udq-2.c (test for excess errors)
UNRESOLVED: gcc.target/i386/avx512vl-vcvttpd2udq-2.c compilation failed to produce executable
FAIL: gcc.target/i386/avx512vl-vcvtuqq2ps-2.c (test for excess errors)
UNRESOLVED: gcc.target/i386/avx512vl-vcvtuqq2ps-2.c compilation failed to produce executable
FAIL: gcc.target/i386/pr78035.c scan-assembler-times cmp 2
=== gcc Summary for unix/-m64 ===
# of expected passes 123262
# of unexpected failures 20
# of unexpected successes 1
# of expected failures 372
# of unresolved testcases 7
# of unsupported tests 2628
=== gcc Summary ===
# of expected passes 244713
# of unexpected failures 48
# of unexpected successes 2
# of expected failures 744
# of unresolved testcases 15
# of unsupported tests 5406
/Volumes/scratch/10-13-his/gcc-7-wip/gcc/xgcc version 7.4.1 20191105 [gcc-7-branch revision 277823] (GCC)
=== gfortran tests ===
Running target unix/-m32
=== gfortran Summary for unix/-m32 ===
# of expected passes 45831
# of expected failures 87
# of unsupported tests 173
Running target unix/-m64
=== gfortran Summary for unix/-m64 ===
# of expected passes 46048
# of expected failures 87
# of unsupported tests 70
=== gfortran Summary ===
# of expected passes 91879
# of expected failures 174
# of unsupported tests 243
/Volumes/scratch/10-13-his/gcc-7-wip/gcc/testsuite/gfortran/../../gfortran version 7.4.1 20191105 [gcc-7-branch revision 277823] (GCC)
=== gnat tests ===
Running target unix/-m32
=== gnat Summary for unix/-m32 ===
# of expected passes 2603
# of expected failures 25
# of unsupported tests 7
Running target unix/-m64
=== gnat Summary for unix/-m64 ===
# of expected passes 2603
# of expected failures 25
# of unsupported tests 7
=== gnat Summary ===
# of expected passes 5206
# of expected failures 50
# of unsupported tests 14
/Volumes/scratch/10-13-his/gcc-7-wip/gcc/gnatmake version 7.4.1 20191105 [gcc-7-branch revision 277823]
=== obj-c++ tests ===
Running target unix/-m64
FAIL: obj-c++.dg/gnu-api-2-objc.mm -fnext-runtime execution test
FAIL: obj-c++.dg/try-catch-2.mm -fnext-runtime execution test
FAIL: obj-c++.dg/try-catch-9.mm -fnext-runtime execution test
FAIL: obj-c++.dg/plugin/diagnostic-test-expressions-1.mm -fplugin=./diagnostic_plugin_test_tree_expression_range.so (test for warnings, line 60)
FAIL: obj-c++.dg/plugin/diagnostic-test-expressions-1.mm -fplugin=./diagnostic_plugin_test_tree_expression_range.so (test for warnings, line 68)
FAIL: obj-c++.dg/plugin/diagnostic-test-expressions-1.mm -fplugin=./diagnostic_plugin_test_tree_expression_range.so expected multiline pattern lines 62-63 not found: " __emit_expression_range \\( 0, @selector\\(func0\\) \\);.*\\n \\^~~~~~~~~~~~~~~~\\n"
FAIL: obj-c++.dg/plugin/diagnostic-test-expressions-1.mm -fplugin=./diagnostic_plugin_test_tree_expression_range.so expected multiline pattern lines 70-71 not found: " __emit_expression_range \\( 0, @protocol\\(prot\\) \\);.*\\n \\^~~~~~~~~~~~~~~\\n"
FAIL: obj-c++.dg/plugin/diagnostic-test-expressions-1.mm -fplugin=./diagnostic_plugin_test_tree_expression_range.so (test for excess errors)
=== obj-c++ Summary for unix/-m64 ===
# of expected passes 3064
# of unexpected failures 8
# of expected failures 18
# of unsupported tests 70
Running target unix/-m32
FAIL: obj-c++.dg/gnu-api-2-objc.mm -fnext-runtime execution test
FAIL: obj-c++.dg/stubify-2.mm -fnext-runtime scan-rtl-dump-not jump "symbol_ref.*"objc_msgSend""
FAIL: obj-c++.dg/plugin/diagnostic-test-expressions-1.mm -fplugin=./diagnostic_plugin_test_tree_expression_range.so (test for warnings, line 60)
FAIL: obj-c++.dg/plugin/diagnostic-test-expressions-1.mm -fplugin=./diagnostic_plugin_test_tree_expression_range.so expected multiline pattern lines 62-63 not found: " __emit_expression_range \\( 0, @selector\\(func0\\) \\);.*\\n \\^~~~~~~~~~~~~~~~\\n"
FAIL: obj-c++.dg/plugin/diagnostic-test-expressions-1.mm -fplugin=./diagnostic_plugin_test_tree_expression_range.so (test for excess errors)
=== obj-c++ Summary for unix/-m32 ===
# of expected passes 3125
# of unexpected failures 5
# of expected failures 2
# of unsupported tests 64
=== obj-c++ Summary ===
# of expected passes 6189
# of unexpected failures 13
# of expected failures 20
# of unsupported tests 134
/Volumes/scratch/10-13-his/gcc-7-wip/gcc/testsuite/obj-c++/../../xg++ version 7.4.1 20191105 [gcc-7-branch revision 277823] (GCC)
=== objc tests ===
Running target unix/-m32
FAIL: objc.dg/call-super-2.m -fnext-runtime (test for warnings, line 104)
FAIL: objc.dg/call-super-2.m -fnext-runtime (test for warnings, line 74)
FAIL: objc.dg/gnu-api-2-objc.m -fnext-runtime execution test
FAIL: objc.dg/ivar-scope-4.m -fnext-runtime execution test
FAIL: objc.dg/plugin/diagnostic-test-expressions-1.m -fplugin=./diagnostic_plugin_test_tree_expression_range.so (test for warnings, line 60)
FAIL: objc.dg/plugin/diagnostic-test-expressions-1.m -fplugin=./diagnostic_plugin_test_tree_expression_range.so expected multiline pattern lines 62-63 not found: " __emit_expression_range \\( 0, @selector\\(func0\\) \\);.*\\n \\^~~~~~~~~~~~~~~~\\n"
FAIL: objc.dg/plugin/diagnostic-test-expressions-1.m -fplugin=./diagnostic_plugin_test_tree_expression_range.so (test for excess errors)
=== objc Summary for unix/-m32 ===
# of expected passes 5675
# of unexpected failures 7
# of expected failures 7
# of unsupported tests 82
Running target unix/-m64
FAIL: objc.dg/call-super-2.m -fnext-runtime (test for warnings, line 104)
FAIL: objc.dg/call-super-2.m -fnext-runtime (test for warnings, line 74)
FAIL: objc.dg/category-1.m -fnext-runtime execution test
FAIL: objc.dg/exceptions-2.m -fnext-runtime execution test
FAIL: objc.dg/gnu-api-2-objc.m -fnext-runtime execution test
FAIL: objc.dg/super-class-3.m -fnext-runtime execution test
FAIL: objc.dg/plugin/diagnostic-test-expressions-1.m -fplugin=./diagnostic_plugin_test_tree_expression_range.so (test for warnings, line 60)
FAIL: objc.dg/plugin/diagnostic-test-expressions-1.m -fplugin=./diagnostic_plugin_test_tree_expression_range.so (test for warnings, line 68)
FAIL: objc.dg/plugin/diagnostic-test-expressions-1.m -fplugin=./diagnostic_plugin_test_tree_expression_range.so expected multiline pattern lines 62-63 not found: " __emit_expression_range \\( 0, @selector\\(func0\\) \\);.*\\n \\^~~~~~~~~~~~~~~~\\n"
FAIL: objc.dg/plugin/diagnostic-test-expressions-1.m -fplugin=./diagnostic_plugin_test_tree_expression_range.so expected multiline pattern lines 70-71 not found: " __emit_expression_range \\( 0, @protocol\\(prot\\) \\);.*\\n ~~~~~~~~~~~~~~~\\n"
FAIL: objc.dg/plugin/diagnostic-test-expressions-1.m -fplugin=./diagnostic_plugin_test_tree_expression_range.so (test for excess errors)
FAIL: objc.dg/torture/forward-1.m -O0 -fnext-runtime execution test
FAIL: objc.dg/torture/forward-1.m -O1 -fnext-runtime execution test
FAIL: objc.dg/torture/forward-1.m -O2 -fnext-runtime execution test
FAIL: objc.dg/torture/forward-1.m -O2 -flto -fnext-runtime execution test
FAIL: objc.dg/torture/forward-1.m -O2 -flto -flto-partition=none -fnext-runtime execution test
FAIL: objc.dg/torture/forward-1.m -O3 -fomit-frame-pointer -funroll-loops -fpeel-loops -ftracer -finline-functions -fnext-runtime execution test
FAIL: objc.dg/torture/forward-1.m -O3 -g -fnext-runtime execution test
FAIL: objc.dg/torture/forward-1.m -Os -fnext-runtime execution test
=== objc Summary for unix/-m64 ===
# of expected passes 5529
# of unexpected failures 19
# of expected failures 7
# of unsupported tests 88
=== objc Summary ===
# of expected passes 11204
# of unexpected failures 26
# of expected failures 14
# of unsupported tests 170
/Volumes/scratch/10-13-his/gcc-7-wip/gcc/xgcc version 7.4.1 20191105 [gcc-7-branch revision 277823] (GCC)
=== libatomic tests ===
Running target unix/-m64
=== libatomic Summary for unix/-m64 ===
# of expected passes 54
Running target unix/-m32
=== libatomic Summary for unix/-m32 ===
# of expected passes 44
# of unsupported tests 5
=== libatomic Summary ===
# of expected passes 98
# of unsupported tests 5
=== libgomp tests ===
Running target unix/-m64
FAIL: libgomp.fortran/examples-4/simd-3.f90 -O1 execution test
FAIL: libgomp.fortran/examples-4/simd-3.f90 -Os execution test
=== libgomp Summary for unix/-m64 ===
# of expected passes 5268
# of unexpected failures 2
# of unsupported tests 321
Running target unix/-m32
FAIL: libgomp.fortran/examples-4/simd-3.f90 -O1 execution test
=== libgomp Summary for unix/-m32 ===
# of expected passes 5269
# of unexpected failures 1
# of unsupported tests 321
=== libgomp Summary ===
# of expected passes 10537
# of unexpected failures 3
# of unsupported tests 642
=== libitm tests ===
Running target unix/-m64
=== libitm Summary for unix/-m64 ===
# of expected passes 40
# of expected failures 3
# of unsupported tests 2
Running target unix/-m32
=== libitm Summary for unix/-m32 ===
# of expected passes 40
# of expected failures 3
# of unsupported tests 2
=== libitm Summary ===
# of expected passes 80
# of expected failures 6
# of unsupported tests 4
=== libstdc++ tests ===
Running target unix/-m32
=== libstdc++ Summary for unix/-m32 ===
# of expected passes 10913
# of expected failures 66
# of unsupported tests 669
Running target unix/-m64
=== libstdc++ Summary for unix/-m64 ===
# of expected passes 10911
# of expected failures 66
# of unsupported tests 670
=== libstdc++ Summary ===
# of expected passes 21824
# of expected failures 132
# of unsupported tests 1339
Compiler version: 7.4.1 20191105 [gcc-7-branch revision 277823] (GCC)
Platform: x86_64-apple-darwin17
configure flags: --prefix=/opt/iains/x86_64-apple-darwin17/gcc-7-wip --target=x86_64-apple-darwin17 --host=x86_64-apple-darwin17 --build=x86_64-apple-darwin17 --with-sysroot=/opt/iains/SDKs/darwin17 --with-ld=/opt/iains/x86_64-apple-darwin/xtools-2-2-3/bin/ld --with-as=/opt/iains/x86_64-apple-darwin/xtools-2-2-3/bin/llas --with-cpu=corei7 --disable-nls --enable-version-specific-runtime-libs --enable-languages=all,ada,obj-c++ CC='x86_64-apple-darwin-gcc --sysroot=/opt/iains/SDKs/darwin15' CXX='x86_64-apple-darwin-g++ --sysroot=/opt/iains/SDKs/darwin15'