This is the mail archive of the
gcc-testresults@gcc.gnu.org
mailing list for the GCC project.
Results for 10.0.0 20191112 (experimental) [trunk revision 278082] (GCC) testsuite on i686-apple-darwin10
- From: Iain Sandoe <iains dot gcc at gmail dot com>
- To: GCC-testresults at gcc dot gnu dot org
- Date: Wed, 13 Nov 2019 23:51:21 +0000
- Subject: Results for 10.0.0 20191112 (experimental) [trunk revision 278082] (GCC) testsuite on i686-apple-darwin10
LAST_UPDATED: Tue Nov 12 09:05:23 UTC 2019 (revision 278082)
=== acats tests ===
=== acats Summary ===
# of expected passes 2320
# of unexpected failures 0
Native configuration is i686-apple-darwin10
=== g++ tests ===
Running target unix
FAIL: g++.dg/ext/pr84828.C -std=gnu++14 (internal compiler error)
FAIL: g++.dg/ext/pr84828.C -std=gnu++14 (test for excess errors)
FAIL: g++.dg/ext/pr84828.C -std=gnu++17 (internal compiler error)
FAIL: g++.dg/ext/pr84828.C -std=gnu++17 (test for excess errors)
FAIL: g++.dg/ext/pr84828.C -std=gnu++2a (internal compiler error)
FAIL: g++.dg/ext/pr84828.C -std=gnu++2a (test for excess errors)
FAIL: g++.dg/ext/pr84828.C -std=gnu++98 (internal compiler error)
FAIL: g++.dg/ext/pr84828.C -std=gnu++98 (test for excess errors)
FAIL: g++.dg/ipa/pr61160-1.C -std=gnu++14 (internal compiler error)
FAIL: g++.dg/ipa/pr61160-1.C -std=gnu++14 (test for excess errors)
FAIL: g++.dg/ipa/pr61160-1.C -std=gnu++17 (internal compiler error)
FAIL: g++.dg/ipa/pr61160-1.C -std=gnu++17 (test for excess errors)
FAIL: g++.dg/ipa/pr61160-1.C -std=gnu++2a (internal compiler error)
FAIL: g++.dg/ipa/pr61160-1.C -std=gnu++2a (test for excess errors)
FAIL: g++.dg/ipa/pr61160-1.C -std=gnu++98 (internal compiler error)
FAIL: g++.dg/ipa/pr61160-1.C -std=gnu++98 (test for excess errors)
FAIL: g++.dg/ipa/pr61160-2.C -std=gnu++14 (internal compiler error)
FAIL: g++.dg/ipa/pr61160-2.C -std=gnu++14 (test for excess errors)
UNRESOLVED: g++.dg/ipa/pr61160-2.C -std=gnu++14 compilation failed to
produce executable
FAIL: g++.dg/ipa/pr61160-2.C -std=gnu++17 (internal compiler error)
FAIL: g++.dg/ipa/pr61160-2.C -std=gnu++17 (test for excess errors)
UNRESOLVED: g++.dg/ipa/pr61160-2.C -std=gnu++17 compilation failed to
produce executable
FAIL: g++.dg/ipa/pr61160-2.C -std=gnu++2a (internal compiler error)
FAIL: g++.dg/ipa/pr61160-2.C -std=gnu++2a (test for excess errors)
UNRESOLVED: g++.dg/ipa/pr61160-2.C -std=gnu++2a compilation failed to
produce executable
FAIL: g++.dg/ipa/pr61160-2.C -std=gnu++98 (internal compiler error)
FAIL: g++.dg/ipa/pr61160-2.C -std=gnu++98 (test for excess errors)
UNRESOLVED: g++.dg/ipa/pr61160-2.C -std=gnu++98 compilation failed to
produce executable
FAIL: g++.dg/ipa/pr61160-3.C -std=gnu++14 (internal compiler error)
FAIL: g++.dg/ipa/pr61160-3.C -std=gnu++14 (test for excess errors)
UNRESOLVED: g++.dg/ipa/pr61160-3.C -std=gnu++14 compilation failed to
produce executable
FAIL: g++.dg/ipa/pr61160-3.C -std=gnu++17 (internal compiler error)
FAIL: g++.dg/ipa/pr61160-3.C -std=gnu++17 (test for excess errors)
UNRESOLVED: g++.dg/ipa/pr61160-3.C -std=gnu++17 compilation failed to
produce executable
FAIL: g++.dg/ipa/pr61160-3.C -std=gnu++2a (internal compiler error)
FAIL: g++.dg/ipa/pr61160-3.C -std=gnu++2a (test for excess errors)
UNRESOLVED: g++.dg/ipa/pr61160-3.C -std=gnu++2a compilation failed to
produce executable
FAIL: g++.dg/ipa/pr61160-3.C -std=gnu++98 (internal compiler error)
FAIL: g++.dg/ipa/pr61160-3.C -std=gnu++98 (test for excess errors)
UNRESOLVED: g++.dg/ipa/pr61160-3.C -std=gnu++98 compilation failed to
produce executable
FAIL: g++.dg/ipa/pr61654.C -std=gnu++14 (internal compiler error)
FAIL: g++.dg/ipa/pr61654.C -std=gnu++14 (test for excess errors)
FAIL: g++.dg/ipa/pr61654.C -std=gnu++17 (internal compiler error)
FAIL: g++.dg/ipa/pr61654.C -std=gnu++17 (test for excess errors)
FAIL: g++.dg/ipa/pr61654.C -std=gnu++2a (internal compiler error)
FAIL: g++.dg/ipa/pr61654.C -std=gnu++2a (test for excess errors)
FAIL: g++.dg/ipa/pr61654.C -std=gnu++98 (internal compiler error)
FAIL: g++.dg/ipa/pr61654.C -std=gnu++98 (test for excess errors)
FAIL: g++.dg/ipa/pr63814.C -std=gnu++14 (internal compiler error)
FAIL: g++.dg/ipa/pr63814.C -std=gnu++14 (test for excess errors)
UNRESOLVED: g++.dg/ipa/pr63814.C -std=gnu++14 compilation failed to
produce executable
FAIL: g++.dg/ipa/pr63814.C -std=gnu++17 (internal compiler error)
FAIL: g++.dg/ipa/pr63814.C -std=gnu++17 (test for excess errors)
UNRESOLVED: g++.dg/ipa/pr63814.C -std=gnu++17 compilation failed to
produce executable
FAIL: g++.dg/ipa/pr63814.C -std=gnu++2a (internal compiler error)
FAIL: g++.dg/ipa/pr63814.C -std=gnu++2a (test for excess errors)
UNRESOLVED: g++.dg/ipa/pr63814.C -std=gnu++2a compilation failed to
produce executable
FAIL: g++.dg/ipa/pr63814.C -std=gnu++98 (internal compiler error)
FAIL: g++.dg/ipa/pr63814.C -std=gnu++98 (test for excess errors)
UNRESOLVED: g++.dg/ipa/pr63814.C -std=gnu++98 compilation failed to
produce executable
FAIL: g++.dg/ipa/pr66616.C -std=gnu++14 (internal compiler error)
FAIL: g++.dg/ipa/pr66616.C -std=gnu++14 (test for excess errors)
UNRESOLVED: g++.dg/ipa/pr66616.C -std=gnu++14 compilation failed to
produce executable
FAIL: g++.dg/ipa/pr66616.C -std=gnu++17 (internal compiler error)
FAIL: g++.dg/ipa/pr66616.C -std=gnu++17 (test for excess errors)
UNRESOLVED: g++.dg/ipa/pr66616.C -std=gnu++17 compilation failed to
produce executable
FAIL: g++.dg/ipa/pr66616.C -std=gnu++2a (internal compiler error)
FAIL: g++.dg/ipa/pr66616.C -std=gnu++2a (test for excess errors)
UNRESOLVED: g++.dg/ipa/pr66616.C -std=gnu++2a compilation failed to
produce executable
FAIL: g++.dg/ipa/pr66616.C -std=gnu++98 (internal compiler error)
FAIL: g++.dg/ipa/pr66616.C -std=gnu++98 (test for excess errors)
UNRESOLVED: g++.dg/ipa/pr66616.C -std=gnu++98 compilation failed to
produce executable
FAIL: g++.dg/ipa/pr67056.C scan-ipa-dump cp "Speculative outer
type:struct CompositeClass"
FAIL: g++.dg/other/pr87916.C -std=gnu++14 (internal compiler error)
FAIL: g++.dg/other/pr87916.C -std=gnu++14 (test for excess errors)
FAIL: g++.dg/other/pr87916.C -std=gnu++17 (internal compiler error)
FAIL: g++.dg/other/pr87916.C -std=gnu++17 (test for excess errors)
FAIL: g++.dg/other/pr87916.C -std=gnu++2a (internal compiler error)
FAIL: g++.dg/other/pr87916.C -std=gnu++2a (test for excess errors)
FAIL: g++.dg/other/pr87916.C -std=gnu++98 (internal compiler error)
FAIL: g++.dg/other/pr87916.C -std=gnu++98 (test for excess errors)
FAIL: g++.dg/pr80481.C -std=gnu++14 scan-assembler-not vmovaps
FAIL: g++.dg/pr80481.C -std=gnu++17 scan-assembler-not vmovaps
FAIL: g++.dg/pr80481.C -std=gnu++2a scan-assembler-not vmovaps
FAIL: g++.dg/pr80481.C -std=gnu++98 scan-assembler-not vmovaps
FAIL: g++.dg/gomp/pr88182.C -std=gnu++14 (test for excess errors)
UNRESOLVED: g++.dg/gomp/pr88182.C -std=gnu++14 compilation failed to
produce executable
FAIL: g++.dg/gomp/pr88182.C -std=gnu++17 (test for excess errors)
UNRESOLVED: g++.dg/gomp/pr88182.C -std=gnu++17 compilation failed to
produce executable
FAIL: g++.dg/gomp/pr88182.C -std=gnu++2a (test for excess errors)
UNRESOLVED: g++.dg/gomp/pr88182.C -std=gnu++2a compilation failed to
produce executable
FAIL: g++.dg/gomp/pr88182.C -std=gnu++98 (test for excess errors)
UNRESOLVED: g++.dg/gomp/pr88182.C -std=gnu++98 compilation failed to
produce executable
FAIL: g++.dg/lto/pr65276 cp_lto_pr65276_0.o-cp_lto_pr65276_1.o link, -flto
-O0 -std=c++11
FAIL: g++.dg/lto/pr89335 cp_lto_pr89335_0.o assemble, -O2 -flto
-Wsuggest-final-methods
FAIL: g++.dg/tls/thread_local-order2.C -std=c++14 execution test
FAIL: g++.dg/tls/thread_local-order2.C -std=c++17 execution test
FAIL: g++.dg/tls/thread_local-order2.C -std=c++2a execution test
=== g++ Summary ===
# of expected passes 172121
# of unexpected failures 78
# of expected failures 738
# of unresolved testcases 20
# of unsupported tests 7098
/Volumes/i686-sno/10-6-sno/i686-gcc-trunk/gcc/testsuite/g++/../../xg++
version 10.0.0 20191112 (experimental) [trunk revision 278082] (GCC)
=== gcc tests ===
Running target unix
FAIL: gcc.dg/debug/dwarf2/inline4.c scan-assembler
DW_TAG_inlined_subroutine[^\\\\(]*\\\\([^\\\\)]*\\\\)[^\\\\(]*\\\\(DIE
\\\\(0x[0-9a-f]*\\\\) DW_TAG_formal_parameter[^\\\\(]*\\\\(DIE
\\\\(0x[0-9a-f]*\\\\) DW_TAG_variable
FAIL: gcc.dg/debug/dwarf2/inline5.c scan-assembler-not \\\\(DIE
\\\\(0x([0-9a-f]*)\\\\)
DW_TAG_lexical_block\\\\)[^#/!@;\\\\|]*[#/!@;\\\\|]+
+[^(].*DW_TAG_lexical_block\\\\)[^#/!@;\\\\|x]*x\\\\1[^#/!@;\\\\|]*[#/!@;\\\\|]
+DW_AT_abstract_origin
FAIL: gcc.dg/pr68766.c (internal compiler error)
FAIL: gcc.dg/pr68766.c (test for excess errors)
FAIL: gcc.dg/stack-layout-dynamic-1.c (test for excess errors)
UNRESOLVED: gcc.dg/stack-layout-dynamic-1.c scan-assembler-not
cfi_def_cfa_register
FAIL: c-c++-common/goacc/firstprivate-mappings-1.c scan-tree-dump omplower
"(?n)#pragma omp target oacc_parallel map\\\\(from:array_so \\\\[len:
4\\\\]\\\\) firstprivate\\\\(array_li.[0-9]+\\\\)
map\\\\(tofrom:\\\\(\\\\*array.[0-9]+\\\\) \\\\[len: D\\\\.[0-9]+\\\\]\\\\)
map\\\\(firstprivate:array \\\\[pointer assign, bias: 0\\\\]\\\\) \\\\["
WARNING: c-c++-common/gomp/if-4.c (test for errors, line 7) program timed
out.
FAIL: gcc.dg/ipa/ipa-icf-38.c scan-ltrans-tree-dump-not optimized "Function
bar"
FAIL: gcc.dg/simulate-thread/strict-align-global.c -O2 -g thread
simulation test
FAIL: gcc.dg/simulate-thread/strict-align-global.c -O3 -g thread
simulation test
FAIL: gcc.dg/simulate-thread/subfields.c -O3 -g thread simulation test
FAIL: gcc.dg/torture/builtin-self.c -O0 scan-assembler-not \\tcall
FAIL: gcc.dg/tree-ssa/ssa-dse-36.c scan-tree-dump-times dse1 "Deleted
redundant call" 3
FAIL: gcc.dg/vect/bb-slp-41.c -flto -ffat-lto-objects scan-tree-dump-times
slp1 "Found vectorizable constructor" 12
FAIL: gcc.dg/vect/bb-slp-41.c -flto -ffat-lto-objects scan-tree-dump-times
slp1 "vectorizing stmts using SLP" 4
FAIL: gcc.dg/vect/bb-slp-41.c scan-tree-dump-times slp1 "Found vectorizable
constructor" 12
FAIL: gcc.dg/vect/bb-slp-41.c scan-tree-dump-times slp1 "vectorizing stmts
using SLP" 4
FAIL: gcc.dg/vect/vect-epilogues.c -flto -ffat-lto-objects scan-tree-dump
vect "LOOP EPILOGUE VECTORIZED"
FAIL: gcc.dg/vect/vect-epilogues.c scan-tree-dump vect "LOOP EPILOGUE
VECTORIZED"
XPASS: gcc.dg/vect/vect-reduc-in-order-1.c -flto -ffat-lto-objects
execution test
XPASS: gcc.dg/vect/vect-reduc-in-order-1.c execution test
XPASS: gcc.dg/vect/vect-reduc-in-order-2.c -flto -ffat-lto-objects
execution test
XPASS: gcc.dg/vect/vect-reduc-in-order-2.c execution test
XPASS: gcc.dg/vect/vect-reduc-in-order-3.c -flto -ffat-lto-objects
execution test
XPASS: gcc.dg/vect/vect-reduc-in-order-3.c execution test
XPASS: gcc.dg/vect/vect-reduc-in-order-4.c -flto -ffat-lto-objects
execution test
XPASS: gcc.dg/vect/vect-reduc-in-order-4.c execution test
FAIL: gcc.target/i386/pad-3.c scan-assembler-not nop
FAIL: gcc.target/i386/pr15184-1.c scan-assembler-times movb[ \\\\t]+%al 4
FAIL: gcc.target/i386/pr15184-2.c scan-assembler-times movb[ \\\\t]+%al 2
FAIL: gcc.target/i386/pr36502.c scan-assembler-not esp
FAIL: gcc.target/i386/pr54855-3.c scan-assembler-not movsd
FAIL: gcc.target/i386/pr54855-7.c scan-assembler-not movss
FAIL: gcc.target/i386/pr57193.c scan-assembler-times movdqa 2
FAIL: gcc.target/i386/pr66334.c scan-assembler movl[ \\\\t].+, %ebx
FAIL: gcc.target/i386/pr71245-1.c scan-assembler-not (fistp|fild)
FAIL: gcc.target/i386/pr71245-2.c scan-assembler-not movlps
FAIL: gcc.target/i386/pr78035.c scan-assembler-times cmp 2
FAIL: gcc.target/i386/pr81736-5.c scan-assembler-not %[re]bp
FAIL: gcc.target/i386/pr84278.c scan-assembler-not \\\\(%.sp\\\\)
FAIL: gcc.target/i386/pr85667-6.c scan-assembler-times flds[^\\n\\r]* 1
FAIL: gcc.target/i386/pr88414.c (internal compiler error)
FAIL: gcc.target/i386/pr88414.c (test for excess errors)
=== gcc Summary ===
# of expected passes 129371
# of unexpected failures 34
# of unexpected successes 8
# of expected failures 545
# of unresolved testcases 1
# of unsupported tests 4778
/Volumes/i686-sno/10-6-sno/i686-gcc-trunk/gcc/xgcc version 10.0.0 20191112
(experimental) [trunk revision 278082] (GCC)
=== gfortran tests ===
Running target unix
=== gfortran Summary ===
# of expected passes 51934
# of expected failures 179
# of unsupported tests 205
/Volumes/i686-sno/10-6-sno/i686-gcc-trunk/gcc/testsuite/gfortran/../../gfortran
version 10.0.0 20191112 (experimental) [trunk revision 278082] (GCC)
=== gnat tests ===
Running target unix
FAIL: gnat.dg/bias1.adb scan-assembler DW_AT_GNU_bias
=== gnat Summary ===
# of expected passes 3263
# of unexpected failures 1
# of expected failures 23
# of unsupported tests 13
/Volumes/i686-sno/10-6-sno/i686-gcc-trunk/gcc/gnatmake version 10.0.0
20191112 (experimental) [trunk revision 278082]
=== obj-c++ tests ===
Running target unix
=== obj-c++ Summary ===
# of expected passes 3103
# of expected failures 2
# of unsupported tests 62
/Volumes/i686-sno/10-6-sno/i686-gcc-trunk/gcc/testsuite/obj-c++/../../xg++
version 10.0.0 20191112 (experimental) [trunk revision 278082] (GCC)
=== objc tests ===
Running target unix
FAIL: objc.dg/ivar-scope-4.m -fnext-runtime execution test
=== objc Summary ===
# of expected passes 5633
# of unexpected failures 1
# of expected failures 6
# of unsupported tests 78
/Volumes/i686-sno/10-6-sno/i686-gcc-trunk/gcc/xgcc version 10.0.0 20191112
(experimental) [trunk revision 278082] (GCC)
=== libatomic tests ===
Running target unix
=== libatomic Summary ===
# of expected passes 44
# of unsupported tests 5
=== libgomp tests ===
Running target unix
=== libgomp Summary ===
# of expected passes 6955
# of expected failures 2
# of unsupported tests 431
=== libitm tests ===
Running target unix
=== libitm Summary ===
# of expected passes 40
# of expected failures 3
# of unsupported tests 2
=== libstdc++ tests ===
Running target unix
FAIL: 27_io/basic_filebuf/open/char/2.cc execution test
WARNING: 30_threads/condition_variable/54185.cc execution test program
timed out.
FAIL: 30_threads/condition_variable/54185.cc execution test
FAIL: ext/stdio_filebuf/char/10063-2.cc execution test
FAIL: ext/stdio_filebuf/char/81751.cc execution test
=== libstdc++ Summary ===
# of expected passes 12401
# of unexpected failures 4
# of expected failures 92
# of unsupported tests 754
Compiler version: 10.0.0 20191112 (experimental) [trunk revision 278082]
(GCC)
Platform: i686-apple-darwin10
configure flags: --prefix=/opt/iains/i686-apple-darwin10/gcc-10-0-0
--target=i686-apple-darwin10 --host=i686-apple-darwin10
--build=i686-apple-darwin10 --enable-checking=yes --disable-nls
--enable-version-specific-runtime-libs --with-cpu-32=pentium-m
--with-cpu-64=core2 --disable-libsanitizer --enable-languages=all
--with-ld=/usr/bin/ld --with-as=/usr/bin/as