This is the mail archive of the
gcc-testresults@gcc.gnu.org
mailing list for the GCC project.
Results for 10.0.0 20191113 (experimental) [master revision 278112] (GCC) testsuite on i686-pc-linux-gnu
- From: LINARO TCWG <tcwg-buildslave at linaro dot org>
- To: gcc-testresults at gcc dot gnu dot org
- Date: Wed, 13 Nov 2019 09:40:26 +0000
- Subject: Results for 10.0.0 20191113 (experimental) [master revision 278112] (GCC) testsuite on i686-pc-linux-gnu
LAST_UPDATED: Wed Nov 13 08:24:33 UTC 2019 (revision 278112)
Native configuration is i686-pc-linux-gnu
=== gcc tests ===
Running target tcwg-local
FAIL: gcc.dg/gimplefe-41.c (internal compiler error)
FAIL: gcc.dg/gimplefe-41.c (test for excess errors)
XPASS: gcc.dg/guality/example.c -O0 execution test
XPASS: gcc.dg/guality/example.c -O1 -DPREVENT_OPTIMIZATION execution test
XPASS: gcc.dg/guality/example.c -Og -DPREVENT_OPTIMIZATION execution test
XPASS: gcc.dg/guality/guality.c -O0 execution test
XPASS: gcc.dg/guality/guality.c -O1 -DPREVENT_OPTIMIZATION execution test
XPASS: gcc.dg/guality/guality.c -O2 -DPREVENT_OPTIMIZATION execution test
XPASS: gcc.dg/guality/guality.c -O2 -flto -fno-use-linker-plugin -flto-partition=none -DPREVENT_OPTIMIZATION execution test
XPASS: gcc.dg/guality/guality.c -O2 -flto -fuse-linker-plugin -fno-fat-lto-objects -DPREVENT_OPTIMIZATION execution test
XPASS: gcc.dg/guality/guality.c -O3 -g -DPREVENT_OPTIMIZATION execution test
XPASS: gcc.dg/guality/guality.c -Os -DPREVENT_OPTIMIZATION execution test
XPASS: gcc.dg/guality/guality.c -Og -DPREVENT_OPTIMIZATION execution test
XPASS: gcc.dg/guality/inline-params.c -O2 -DPREVENT_OPTIMIZATION execution test
XPASS: gcc.dg/guality/inline-params.c -O2 -flto -fno-use-linker-plugin -flto-partition=none -DPREVENT_OPTIMIZATION execution test
XPASS: gcc.dg/guality/inline-params.c -O2 -flto -fuse-linker-plugin -fno-fat-lto-objects -DPREVENT_OPTIMIZATION execution test
XPASS: gcc.dg/guality/inline-params.c -O3 -g -DPREVENT_OPTIMIZATION execution test
XPASS: gcc.dg/guality/inline-params.c -Os -DPREVENT_OPTIMIZATION execution test
FAIL: gcc.dg/guality/loop-1.c -O3 -fomit-frame-pointer -funroll-loops -fpeel-loops -ftracer -finline-functions -DPREVENT_OPTIMIZATION line 20 i == 1
FAIL: gcc.dg/guality/pr36728-4.c -O2 -flto -fuse-linker-plugin -fno-fat-lto-objects -DPREVENT_OPTIMIZATION line 14 y == 2
FAIL: gcc.dg/guality/pr36728-4.c -O2 -flto -fuse-linker-plugin -fno-fat-lto-objects -DPREVENT_OPTIMIZATION line 16 y == 2
FAIL: gcc.dg/guality/pr36728-4.c -O3 -g -DPREVENT_OPTIMIZATION line 14 y == 2
FAIL: gcc.dg/guality/pr36728-4.c -O3 -g -DPREVENT_OPTIMIZATION line 16 y == 2
XPASS: gcc.dg/guality/pr41353-1.c -O0 line 28 j == 28 + 37
XPASS: gcc.dg/guality/pr41353-1.c -Os -DPREVENT_OPTIMIZATION line 28 j == 28 + 37
XPASS: gcc.dg/guality/pr41353-1.c -Og -DPREVENT_OPTIMIZATION line 28 j == 28 + 37
FAIL: gcc.dg/guality/pr41447-1.c -O2 -DPREVENT_OPTIMIZATION execution test
FAIL: gcc.dg/guality/pr41447-1.c -O2 -flto -fno-use-linker-plugin -flto-partition=none -DPREVENT_OPTIMIZATION execution test
FAIL: gcc.dg/guality/pr41447-1.c -O3 -g -DPREVENT_OPTIMIZATION execution test
FAIL: gcc.dg/guality/pr54519-1.c -O2 -flto -fno-use-linker-plugin -flto-partition=none -DPREVENT_OPTIMIZATION line 20 y == 25
FAIL: gcc.dg/guality/pr54519-1.c -O2 -flto -fno-use-linker-plugin -flto-partition=none -DPREVENT_OPTIMIZATION line 20 z == 6
FAIL: gcc.dg/guality/pr54519-1.c -O2 -flto -fno-use-linker-plugin -flto-partition=none -DPREVENT_OPTIMIZATION line 23 y == 117
FAIL: gcc.dg/guality/pr54519-1.c -O2 -flto -fno-use-linker-plugin -flto-partition=none -DPREVENT_OPTIMIZATION line 23 z == 8
FAIL: gcc.dg/guality/pr54519-1.c -O2 -flto -fuse-linker-plugin -fno-fat-lto-objects -DPREVENT_OPTIMIZATION line 20 y == 25
FAIL: gcc.dg/guality/pr54519-1.c -O2 -flto -fuse-linker-plugin -fno-fat-lto-objects -DPREVENT_OPTIMIZATION line 20 z == 6
FAIL: gcc.dg/guality/pr54519-1.c -O2 -flto -fuse-linker-plugin -fno-fat-lto-objects -DPREVENT_OPTIMIZATION line 23 y == 117
FAIL: gcc.dg/guality/pr54519-1.c -O2 -flto -fuse-linker-plugin -fno-fat-lto-objects -DPREVENT_OPTIMIZATION line 23 z == 8
FAIL: gcc.dg/guality/pr54519-2.c -O2 -flto -fno-use-linker-plugin -flto-partition=none -DPREVENT_OPTIMIZATION line 17 y == 25
FAIL: gcc.dg/guality/pr54519-2.c -O2 -flto -fuse-linker-plugin -fno-fat-lto-objects -DPREVENT_OPTIMIZATION line 17 y == 25
FAIL: gcc.dg/guality/pr54519-3.c -O2 -flto -fno-use-linker-plugin -flto-partition=none -DPREVENT_OPTIMIZATION line 20 y == 25
FAIL: gcc.dg/guality/pr54519-3.c -O2 -flto -fno-use-linker-plugin -flto-partition=none -DPREVENT_OPTIMIZATION line 20 z == 6
FAIL: gcc.dg/guality/pr54519-3.c -O2 -flto -fno-use-linker-plugin -flto-partition=none -DPREVENT_OPTIMIZATION line 23 y == 117
FAIL: gcc.dg/guality/pr54519-3.c -O2 -flto -fno-use-linker-plugin -flto-partition=none -DPREVENT_OPTIMIZATION line 23 z == 8
FAIL: gcc.dg/guality/pr54519-3.c -O2 -flto -fuse-linker-plugin -fno-fat-lto-objects -DPREVENT_OPTIMIZATION line 20 y == 25
FAIL: gcc.dg/guality/pr54519-3.c -O2 -flto -fuse-linker-plugin -fno-fat-lto-objects -DPREVENT_OPTIMIZATION line 20 z == 6
FAIL: gcc.dg/guality/pr54519-3.c -O2 -flto -fuse-linker-plugin -fno-fat-lto-objects -DPREVENT_OPTIMIZATION line 23 y == 117
FAIL: gcc.dg/guality/pr54519-3.c -O2 -flto -fuse-linker-plugin -fno-fat-lto-objects -DPREVENT_OPTIMIZATION line 23 z == 8
FAIL: gcc.dg/guality/pr54519-4.c -O2 -flto -fno-use-linker-plugin -flto-partition=none -DPREVENT_OPTIMIZATION line 17 y == 25
FAIL: gcc.dg/guality/pr54519-4.c -O2 -flto -fuse-linker-plugin -fno-fat-lto-objects -DPREVENT_OPTIMIZATION line 17 y == 25
FAIL: gcc.dg/guality/pr54519-5.c -O2 -flto -fno-use-linker-plugin -flto-partition=none -DPREVENT_OPTIMIZATION line 17 y == 25
FAIL: gcc.dg/guality/pr54519-5.c -O2 -flto -fuse-linker-plugin -fno-fat-lto-objects -DPREVENT_OPTIMIZATION line 17 y == 25
FAIL: gcc.dg/guality/pr54519-6.c -Os -DPREVENT_OPTIMIZATION line 11 x == 2
XPASS: gcc.dg/guality/pr54970.c -O0 line 15 a[0] == 1
XPASS: gcc.dg/guality/pr54970.c -O0 line 20 a[0] == 1
XPASS: gcc.dg/guality/pr54970.c -O0 line 25 a[0] == 1
XPASS: gcc.dg/guality/pr54970.c -O0 line 31 a[0] == 4
XPASS: gcc.dg/guality/pr54970.c -O0 line 36 a[0] == 4
XPASS: gcc.dg/guality/pr54970.c -O0 line 45 a[0] == 4
XPASS: gcc.dg/guality/pr54970.c -O0 line 45 p[-2] == 4
XPASS: gcc.dg/guality/pr54970.c -O0 line 45 q[-1] == 4
XPASS: gcc.dg/guality/pr54970.c -Og -DPREVENT_OPTIMIZATION line 15 a[0] == 1
XPASS: gcc.dg/guality/pr54970.c -Og -DPREVENT_OPTIMIZATION line 20 a[0] == 1
XPASS: gcc.dg/guality/pr54970.c -Og -DPREVENT_OPTIMIZATION line 25 a[0] == 1
XPASS: gcc.dg/guality/pr54970.c -Og -DPREVENT_OPTIMIZATION line 31 a[0] == 4
XPASS: gcc.dg/guality/pr54970.c -Og -DPREVENT_OPTIMIZATION line 36 a[0] == 4
XPASS: gcc.dg/guality/pr54970.c -Og -DPREVENT_OPTIMIZATION line 45 a[0] == 4
XPASS: gcc.dg/guality/pr54970.c -Og -DPREVENT_OPTIMIZATION line 45 p[-2] == 4
XPASS: gcc.dg/guality/pr54970.c -Og -DPREVENT_OPTIMIZATION line 45 q[-1] == 4
FAIL: gcc.dg/guality/pr56154-1.c -Og -DPREVENT_OPTIMIZATION line pr56154-1.c:20 x.a == 6
FAIL: gcc.dg/guality/pr59776.c -Og -DPREVENT_OPTIMIZATION line pr59776.c:17 s1.f == 5.0
FAIL: gcc.dg/guality/pr59776.c -Og -DPREVENT_OPTIMIZATION line pr59776.c:17 s1.g == 6.0
FAIL: gcc.dg/guality/pr59776.c -Og -DPREVENT_OPTIMIZATION line pr59776.c:17 s2.f == 0.0
FAIL: gcc.dg/guality/pr59776.c -Og -DPREVENT_OPTIMIZATION line pr59776.c:17 s2.g == 6.0
FAIL: gcc.dg/guality/pr59776.c -Og -DPREVENT_OPTIMIZATION line pr59776.c:20 s1.f == 5.0
FAIL: gcc.dg/guality/pr59776.c -Og -DPREVENT_OPTIMIZATION line pr59776.c:20 s1.g == 6.0
FAIL: gcc.dg/guality/pr59776.c -Og -DPREVENT_OPTIMIZATION line pr59776.c:20 s2.f == 5.0
FAIL: gcc.dg/guality/pr59776.c -Og -DPREVENT_OPTIMIZATION line pr59776.c:20 s2.g == 6.0
FAIL: gcc.dg/guality/pr90074.c -O2 -flto -fuse-linker-plugin -fno-fat-lto-objects -DPREVENT_OPTIMIZATION line 28 c + 1 == 2
FAIL: gcc.dg/guality/pr90074.c -O2 -flto -fuse-linker-plugin -fno-fat-lto-objects -DPREVENT_OPTIMIZATION line 28 i + 1 == 8
FAIL: gcc.dg/guality/pr90716.c -O2 -flto -fuse-linker-plugin -fno-fat-lto-objects -DPREVENT_OPTIMIZATION line 23 j + 1 == 9
FAIL: gcc.dg/guality/sra-1.c -O2 -flto -fuse-linker-plugin -fno-fat-lto-objects -DPREVENT_OPTIMIZATION line 21 a.i == 4
FAIL: gcc.dg/guality/sra-1.c -O2 -flto -fuse-linker-plugin -fno-fat-lto-objects -DPREVENT_OPTIMIZATION line 21 a.j == 14
FAIL: gcc.dg/guality/sra-1.c -O2 -flto -fuse-linker-plugin -fno-fat-lto-objects -DPREVENT_OPTIMIZATION line 32 a[0] == 4
FAIL: gcc.dg/guality/sra-1.c -O2 -flto -fuse-linker-plugin -fno-fat-lto-objects -DPREVENT_OPTIMIZATION line 32 a[1] == 14
FAIL: gcc.dg/guality/sra-1.c -O2 -flto -fuse-linker-plugin -fno-fat-lto-objects -DPREVENT_OPTIMIZATION line 43 a.i == 4
FAIL: gcc.dg/guality/sra-1.c -O2 -flto -fuse-linker-plugin -fno-fat-lto-objects -DPREVENT_OPTIMIZATION line 43 a.j == 14
FAIL: gcc.dg/guality/sra-1.c -Og -DPREVENT_OPTIMIZATION line 21 a.i == 4
FAIL: gcc.dg/guality/sra-1.c -Og -DPREVENT_OPTIMIZATION line 21 a.j == 14
FAIL: gcc.dg/guality/sra-1.c -Og -DPREVENT_OPTIMIZATION line 32 a[0] == 4
FAIL: gcc.dg/guality/sra-1.c -Og -DPREVENT_OPTIMIZATION line 32 a[1] == 14
FAIL: gcc.dg/guality/sra-1.c -Og -DPREVENT_OPTIMIZATION line 43 a.i == 4
FAIL: gcc.dg/guality/sra-1.c -Og -DPREVENT_OPTIMIZATION line 43 a.j == 14
FAIL: gcc.dg/guality/vla-1.c -O2 -flto -fuse-linker-plugin -fno-fat-lto-objects -DPREVENT_OPTIMIZATION line 24 i == 5
FAIL: gcc.dg/guality/vla-1.c -O2 -flto -fuse-linker-plugin -fno-fat-lto-objects -DPREVENT_OPTIMIZATION line 24 sizeof (a) == 17 * sizeof (short)
FAIL: gcc.dg/ipa/ipa-sra-19.c (test for excess errors)
ERROR: couldn't open "/home/tcwg-buildslave/workspace/tcwg-buildfarm__1/_build/builds/i686-pc-linux-gnu/i686-pc-linux-gnu/gcc.git~master_rev_50780f79215a6225c202503eabde79636f32cfe8-stage2/gcc/testsuite/gcc/../../params.options": no such file or directory
ERROR: couldn't open "/home/tcwg-buildslave/workspace/tcwg-buildfarm__1/_build/builds/i686-pc-linux-gnu/i686-pc-linux-gnu/gcc.git~master_rev_50780f79215a6225c202503eabde79636f32cfe8-stage2/gcc/testsuite/gcc1/../../params.options": no such file or directory
ERROR: couldn't open "/home/tcwg-buildslave/workspace/tcwg-buildfarm__1/_build/builds/i686-pc-linux-gnu/i686-pc-linux-gnu/gcc.git~master_rev_50780f79215a6225c202503eabde79636f32cfe8-stage2/gcc/testsuite/gcc10/../../params.options": no such file or directory
ERROR: couldn't open "/home/tcwg-buildslave/workspace/tcwg-buildfarm__1/_build/builds/i686-pc-linux-gnu/i686-pc-linux-gnu/gcc.git~master_rev_50780f79215a6225c202503eabde79636f32cfe8-stage2/gcc/testsuite/gcc11/../../params.options": no such file or directory
ERROR: couldn't open "/home/tcwg-buildslave/workspace/tcwg-buildfarm__1/_build/builds/i686-pc-linux-gnu/i686-pc-linux-gnu/gcc.git~master_rev_50780f79215a6225c202503eabde79636f32cfe8-stage2/gcc/testsuite/gcc12/../../params.options": no such file or directory
ERROR: couldn't open "/home/tcwg-buildslave/workspace/tcwg-buildfarm__1/_build/builds/i686-pc-linux-gnu/i686-pc-linux-gnu/gcc.git~master_rev_50780f79215a6225c202503eabde79636f32cfe8-stage2/gcc/testsuite/gcc13/../../params.options": no such file or directory
ERROR: couldn't open "/home/tcwg-buildslave/workspace/tcwg-buildfarm__1/_build/builds/i686-pc-linux-gnu/i686-pc-linux-gnu/gcc.git~master_rev_50780f79215a6225c202503eabde79636f32cfe8-stage2/gcc/testsuite/gcc14/../../params.options": no such file or directory
ERROR: couldn't open "/home/tcwg-buildslave/workspace/tcwg-buildfarm__1/_build/builds/i686-pc-linux-gnu/i686-pc-linux-gnu/gcc.git~master_rev_50780f79215a6225c202503eabde79636f32cfe8-stage2/gcc/testsuite/gcc15/../../params.options": no such file or directory
ERROR: couldn't open "/home/tcwg-buildslave/workspace/tcwg-buildfarm__1/_build/builds/i686-pc-linux-gnu/i686-pc-linux-gnu/gcc.git~master_rev_50780f79215a6225c202503eabde79636f32cfe8-stage2/gcc/testsuite/gcc16/../../params.options": no such file or directory
ERROR: couldn't open "/home/tcwg-buildslave/workspace/tcwg-buildfarm__1/_build/builds/i686-pc-linux-gnu/i686-pc-linux-gnu/gcc.git~master_rev_50780f79215a6225c202503eabde79636f32cfe8-stage2/gcc/testsuite/gcc17/../../params.options": no such file or directory
ERROR: couldn't open "/home/tcwg-buildslave/workspace/tcwg-buildfarm__1/_build/builds/i686-pc-linux-gnu/i686-pc-linux-gnu/gcc.git~master_rev_50780f79215a6225c202503eabde79636f32cfe8-stage2/gcc/testsuite/gcc18/../../params.options": no such file or directory
ERROR: couldn't open "/home/tcwg-buildslave/workspace/tcwg-buildfarm__1/_build/builds/i686-pc-linux-gnu/i686-pc-linux-gnu/gcc.git~master_rev_50780f79215a6225c202503eabde79636f32cfe8-stage2/gcc/testsuite/gcc19/../../params.options": no such file or directory
ERROR: couldn't open "/home/tcwg-buildslave/workspace/tcwg-buildfarm__1/_build/builds/i686-pc-linux-gnu/i686-pc-linux-gnu/gcc.git~master_rev_50780f79215a6225c202503eabde79636f32cfe8-stage2/gcc/testsuite/gcc2/../../params.options": no such file or directory
ERROR: couldn't open "/home/tcwg-buildslave/workspace/tcwg-buildfarm__1/_build/builds/i686-pc-linux-gnu/i686-pc-linux-gnu/gcc.git~master_rev_50780f79215a6225c202503eabde79636f32cfe8-stage2/gcc/testsuite/gcc20/../../params.options": no such file or directory
ERROR: couldn't open "/home/tcwg-buildslave/workspace/tcwg-buildfarm__1/_build/builds/i686-pc-linux-gnu/i686-pc-linux-gnu/gcc.git~master_rev_50780f79215a6225c202503eabde79636f32cfe8-stage2/gcc/testsuite/gcc21/../../params.options": no such file or directory
ERROR: couldn't open "/home/tcwg-buildslave/workspace/tcwg-buildfarm__1/_build/builds/i686-pc-linux-gnu/i686-pc-linux-gnu/gcc.git~master_rev_50780f79215a6225c202503eabde79636f32cfe8-stage2/gcc/testsuite/gcc22/../../params.options": no such file or directory
ERROR: couldn't open "/home/tcwg-buildslave/workspace/tcwg-buildfarm__1/_build/builds/i686-pc-linux-gnu/i686-pc-linux-gnu/gcc.git~master_rev_50780f79215a6225c202503eabde79636f32cfe8-stage2/gcc/testsuite/gcc23/../../params.options": no such file or directory
ERROR: couldn't open "/home/tcwg-buildslave/workspace/tcwg-buildfarm__1/_build/builds/i686-pc-linux-gnu/i686-pc-linux-gnu/gcc.git~master_rev_50780f79215a6225c202503eabde79636f32cfe8-stage2/gcc/testsuite/gcc24/../../params.options": no such file or directory
ERROR: couldn't open "/home/tcwg-buildslave/workspace/tcwg-buildfarm__1/_build/builds/i686-pc-linux-gnu/i686-pc-linux-gnu/gcc.git~master_rev_50780f79215a6225c202503eabde79636f32cfe8-stage2/gcc/testsuite/gcc25/../../params.options": no such file or directory
ERROR: couldn't open "/home/tcwg-buildslave/workspace/tcwg-buildfarm__1/_build/builds/i686-pc-linux-gnu/i686-pc-linux-gnu/gcc.git~master_rev_50780f79215a6225c202503eabde79636f32cfe8-stage2/gcc/testsuite/gcc26/../../params.options": no such file or directory
ERROR: couldn't open "/home/tcwg-buildslave/workspace/tcwg-buildfarm__1/_build/builds/i686-pc-linux-gnu/i686-pc-linux-gnu/gcc.git~master_rev_50780f79215a6225c202503eabde79636f32cfe8-stage2/gcc/testsuite/gcc27/../../params.options": no such file or directory
ERROR: couldn't open "/home/tcwg-buildslave/workspace/tcwg-buildfarm__1/_build/builds/i686-pc-linux-gnu/i686-pc-linux-gnu/gcc.git~master_rev_50780f79215a6225c202503eabde79636f32cfe8-stage2/gcc/testsuite/gcc28/../../params.options": no such file or directory
ERROR: couldn't open "/home/tcwg-buildslave/workspace/tcwg-buildfarm__1/_build/builds/i686-pc-linux-gnu/i686-pc-linux-gnu/gcc.git~master_rev_50780f79215a6225c202503eabde79636f32cfe8-stage2/gcc/testsuite/gcc29/../../params.options": no such file or directory
ERROR: couldn't open "/home/tcwg-buildslave/workspace/tcwg-buildfarm__1/_build/builds/i686-pc-linux-gnu/i686-pc-linux-gnu/gcc.git~master_rev_50780f79215a6225c202503eabde79636f32cfe8-stage2/gcc/testsuite/gcc3/../../params.options": no such file or directory
ERROR: couldn't open "/home/tcwg-buildslave/workspace/tcwg-buildfarm__1/_build/builds/i686-pc-linux-gnu/i686-pc-linux-gnu/gcc.git~master_rev_50780f79215a6225c202503eabde79636f32cfe8-stage2/gcc/testsuite/gcc30/../../params.options": no such file or directory
ERROR: couldn't open "/home/tcwg-buildslave/workspace/tcwg-buildfarm__1/_build/builds/i686-pc-linux-gnu/i686-pc-linux-gnu/gcc.git~master_rev_50780f79215a6225c202503eabde79636f32cfe8-stage2/gcc/testsuite/gcc4/../../params.options": no such file or directory
ERROR: couldn't open "/home/tcwg-buildslave/workspace/tcwg-buildfarm__1/_build/builds/i686-pc-linux-gnu/i686-pc-linux-gnu/gcc.git~master_rev_50780f79215a6225c202503eabde79636f32cfe8-stage2/gcc/testsuite/gcc5/../../params.options": no such file or directory
ERROR: couldn't open "/home/tcwg-buildslave/workspace/tcwg-buildfarm__1/_build/builds/i686-pc-linux-gnu/i686-pc-linux-gnu/gcc.git~master_rev_50780f79215a6225c202503eabde79636f32cfe8-stage2/gcc/testsuite/gcc6/../../params.options": no such file or directory
ERROR: couldn't open "/home/tcwg-buildslave/workspace/tcwg-buildfarm__1/_build/builds/i686-pc-linux-gnu/i686-pc-linux-gnu/gcc.git~master_rev_50780f79215a6225c202503eabde79636f32cfe8-stage2/gcc/testsuite/gcc7/../../params.options": no such file or directory
ERROR: couldn't open "/home/tcwg-buildslave/workspace/tcwg-buildfarm__1/_build/builds/i686-pc-linux-gnu/i686-pc-linux-gnu/gcc.git~master_rev_50780f79215a6225c202503eabde79636f32cfe8-stage2/gcc/testsuite/gcc8/../../params.options": no such file or directory
ERROR: couldn't open "/home/tcwg-buildslave/workspace/tcwg-buildfarm__1/_build/builds/i686-pc-linux-gnu/i686-pc-linux-gnu/gcc.git~master_rev_50780f79215a6225c202503eabde79636f32cfe8-stage2/gcc/testsuite/gcc9/../../params.options": no such file or directory
ERROR: tcl error sourcing /home/tcwg-buildslave/workspace/tcwg-buildfarm__1/snapshots/gcc.git~master_rev_50780f79215a6225c202503eabde79636f32cfe8/gcc/testsuite/gcc.dg/params/params.exp.
ERROR: tcl error sourcing /home/tcwg-buildslave/workspace/tcwg-buildfarm__1/snapshots/gcc.git~master_rev_50780f79215a6225c202503eabde79636f32cfe8/gcc/testsuite/gcc.dg/params/params.exp.
ERROR: tcl error sourcing /home/tcwg-buildslave/workspace/tcwg-buildfarm__1/snapshots/gcc.git~master_rev_50780f79215a6225c202503eabde79636f32cfe8/gcc/testsuite/gcc.dg/params/params.exp.
ERROR: tcl error sourcing /home/tcwg-buildslave/workspace/tcwg-buildfarm__1/snapshots/gcc.git~master_rev_50780f79215a6225c202503eabde79636f32cfe8/gcc/testsuite/gcc.dg/params/params.exp.
ERROR: tcl error sourcing /home/tcwg-buildslave/workspace/tcwg-buildfarm__1/snapshots/gcc.git~master_rev_50780f79215a6225c202503eabde79636f32cfe8/gcc/testsuite/gcc.dg/params/params.exp.
ERROR: tcl error sourcing /home/tcwg-buildslave/workspace/tcwg-buildfarm__1/snapshots/gcc.git~master_rev_50780f79215a6225c202503eabde79636f32cfe8/gcc/testsuite/gcc.dg/params/params.exp.
ERROR: tcl error sourcing /home/tcwg-buildslave/workspace/tcwg-buildfarm__1/snapshots/gcc.git~master_rev_50780f79215a6225c202503eabde79636f32cfe8/gcc/testsuite/gcc.dg/params/params.exp.
ERROR: tcl error sourcing /home/tcwg-buildslave/workspace/tcwg-buildfarm__1/snapshots/gcc.git~master_rev_50780f79215a6225c202503eabde79636f32cfe8/gcc/testsuite/gcc.dg/params/params.exp.
ERROR: tcl error sourcing /home/tcwg-buildslave/workspace/tcwg-buildfarm__1/snapshots/gcc.git~master_rev_50780f79215a6225c202503eabde79636f32cfe8/gcc/testsuite/gcc.dg/params/params.exp.
ERROR: tcl error sourcing /home/tcwg-buildslave/workspace/tcwg-buildfarm__1/snapshots/gcc.git~master_rev_50780f79215a6225c202503eabde79636f32cfe8/gcc/testsuite/gcc.dg/params/params.exp.
ERROR: tcl error sourcing /home/tcwg-buildslave/workspace/tcwg-buildfarm__1/snapshots/gcc.git~master_rev_50780f79215a6225c202503eabde79636f32cfe8/gcc/testsuite/gcc.dg/params/params.exp.
ERROR: tcl error sourcing /home/tcwg-buildslave/workspace/tcwg-buildfarm__1/snapshots/gcc.git~master_rev_50780f79215a6225c202503eabde79636f32cfe8/gcc/testsuite/gcc.dg/params/params.exp.
ERROR: tcl error sourcing /home/tcwg-buildslave/workspace/tcwg-buildfarm__1/snapshots/gcc.git~master_rev_50780f79215a6225c202503eabde79636f32cfe8/gcc/testsuite/gcc.dg/params/params.exp.
ERROR: tcl error sourcing /home/tcwg-buildslave/workspace/tcwg-buildfarm__1/snapshots/gcc.git~master_rev_50780f79215a6225c202503eabde79636f32cfe8/gcc/testsuite/gcc.dg/params/params.exp.
ERROR: tcl error sourcing /home/tcwg-buildslave/workspace/tcwg-buildfarm__1/snapshots/gcc.git~master_rev_50780f79215a6225c202503eabde79636f32cfe8/gcc/testsuite/gcc.dg/params/params.exp.
ERROR: tcl error sourcing /home/tcwg-buildslave/workspace/tcwg-buildfarm__1/snapshots/gcc.git~master_rev_50780f79215a6225c202503eabde79636f32cfe8/gcc/testsuite/gcc.dg/params/params.exp.
ERROR: tcl error sourcing /home/tcwg-buildslave/workspace/tcwg-buildfarm__1/snapshots/gcc.git~master_rev_50780f79215a6225c202503eabde79636f32cfe8/gcc/testsuite/gcc.dg/params/params.exp.
ERROR: tcl error sourcing /home/tcwg-buildslave/workspace/tcwg-buildfarm__1/snapshots/gcc.git~master_rev_50780f79215a6225c202503eabde79636f32cfe8/gcc/testsuite/gcc.dg/params/params.exp.
ERROR: tcl error sourcing /home/tcwg-buildslave/workspace/tcwg-buildfarm__1/snapshots/gcc.git~master_rev_50780f79215a6225c202503eabde79636f32cfe8/gcc/testsuite/gcc.dg/params/params.exp.
ERROR: tcl error sourcing /home/tcwg-buildslave/workspace/tcwg-buildfarm__1/snapshots/gcc.git~master_rev_50780f79215a6225c202503eabde79636f32cfe8/gcc/testsuite/gcc.dg/params/params.exp.
ERROR: tcl error sourcing /home/tcwg-buildslave/workspace/tcwg-buildfarm__1/snapshots/gcc.git~master_rev_50780f79215a6225c202503eabde79636f32cfe8/gcc/testsuite/gcc.dg/params/params.exp.
ERROR: tcl error sourcing /home/tcwg-buildslave/workspace/tcwg-buildfarm__1/snapshots/gcc.git~master_rev_50780f79215a6225c202503eabde79636f32cfe8/gcc/testsuite/gcc.dg/params/params.exp.
ERROR: tcl error sourcing /home/tcwg-buildslave/workspace/tcwg-buildfarm__1/snapshots/gcc.git~master_rev_50780f79215a6225c202503eabde79636f32cfe8/gcc/testsuite/gcc.dg/params/params.exp.
ERROR: tcl error sourcing /home/tcwg-buildslave/workspace/tcwg-buildfarm__1/snapshots/gcc.git~master_rev_50780f79215a6225c202503eabde79636f32cfe8/gcc/testsuite/gcc.dg/params/params.exp.
ERROR: tcl error sourcing /home/tcwg-buildslave/workspace/tcwg-buildfarm__1/snapshots/gcc.git~master_rev_50780f79215a6225c202503eabde79636f32cfe8/gcc/testsuite/gcc.dg/params/params.exp.
ERROR: tcl error sourcing /home/tcwg-buildslave/workspace/tcwg-buildfarm__1/snapshots/gcc.git~master_rev_50780f79215a6225c202503eabde79636f32cfe8/gcc/testsuite/gcc.dg/params/params.exp.
ERROR: tcl error sourcing /home/tcwg-buildslave/workspace/tcwg-buildfarm__1/snapshots/gcc.git~master_rev_50780f79215a6225c202503eabde79636f32cfe8/gcc/testsuite/gcc.dg/params/params.exp.
ERROR: tcl error sourcing /home/tcwg-buildslave/workspace/tcwg-buildfarm__1/snapshots/gcc.git~master_rev_50780f79215a6225c202503eabde79636f32cfe8/gcc/testsuite/gcc.dg/params/params.exp.
ERROR: tcl error sourcing /home/tcwg-buildslave/workspace/tcwg-buildfarm__1/snapshots/gcc.git~master_rev_50780f79215a6225c202503eabde79636f32cfe8/gcc/testsuite/gcc.dg/params/params.exp.
ERROR: tcl error sourcing /home/tcwg-buildslave/workspace/tcwg-buildfarm__1/snapshots/gcc.git~master_rev_50780f79215a6225c202503eabde79636f32cfe8/gcc/testsuite/gcc.dg/params/params.exp.
ERROR: tcl error sourcing /home/tcwg-buildslave/workspace/tcwg-buildfarm__1/snapshots/gcc.git~master_rev_50780f79215a6225c202503eabde79636f32cfe8/gcc/testsuite/gcc.dg/params/params.exp.
FAIL: gcc.dg/tree-prof/crossmodule-indircall-1.c execution, -fprofile-use -D_PROFILE_USE
FAIL: gcc.dg/vect/bb-slp-40.c -flto -ffat-lto-objects scan-tree-dump-times slp1 "Found vectorizable constructor" 1
FAIL: gcc.dg/vect/bb-slp-40.c -flto -ffat-lto-objects scan-tree-dump-times slp1 "vectorizing stmts using SLP" 1
FAIL: gcc.dg/vect/bb-slp-40.c scan-tree-dump-times slp1 "Found vectorizable constructor" 1
FAIL: gcc.dg/vect/bb-slp-40.c scan-tree-dump-times slp1 "vectorizing stmts using SLP" 1
FAIL: gcc.dg/vect/bb-slp-41.c -flto -ffat-lto-objects scan-tree-dump-times slp1 "Found vectorizable constructor" 12
FAIL: gcc.dg/vect/bb-slp-41.c -flto -ffat-lto-objects scan-tree-dump-times slp1 "vectorizing stmts using SLP" 4
FAIL: gcc.dg/vect/bb-slp-41.c scan-tree-dump-times slp1 "Found vectorizable constructor" 12
FAIL: gcc.dg/vect/bb-slp-41.c scan-tree-dump-times slp1 "vectorizing stmts using SLP" 4
FAIL: gcc.dg/vect/vect-epilogues.c -flto -ffat-lto-objects scan-tree-dump vect "LOOP EPILOGUE VECTORIZED"
FAIL: gcc.dg/vect/vect-epilogues.c scan-tree-dump vect "LOOP EPILOGUE VECTORIZED"
FAIL: gcc.target/i386/pr57193.c scan-assembler-times movdqa 2
=== gcc Summary ===
# of expected passes 146330
# of unexpected failures 72
# of unexpected successes 35
# of expected failures 621
# of unsupported tests 2733
/home/tcwg-buildslave/workspace/tcwg-buildfarm__1/_build/builds/i686-pc-linux-gnu/i686-pc-linux-gnu/gcc.git~master_rev_50780f79215a6225c202503eabde79636f32cfe8-stage2/gcc/xgcc version 10.0.0 20191113 (experimental) [master revision 278112] (GCC)
=== gfortran tests ===
Running target tcwg-local
FAIL: gfortran.dg/ISO_Fortran_binding_15.f90 -O0 execution test
FAIL: gfortran.dg/ISO_Fortran_binding_15.f90 -O1 execution test
FAIL: gfortran.dg/ISO_Fortran_binding_15.f90 -O2 execution test
FAIL: gfortran.dg/ISO_Fortran_binding_15.f90 -O3 -fomit-frame-pointer -funroll-loops -fpeel-loops -ftracer -finline-functions execution test
FAIL: gfortran.dg/ISO_Fortran_binding_15.f90 -O3 -g execution test
FAIL: gfortran.dg/ISO_Fortran_binding_15.f90 -Os execution test
FAIL: gfortran.dg/vect/fast-math-mgrid-resid.f -O scan-tree-dump pcom "vectp_u.*__lsm.* = PHI <.*vectp_u.*__lsm"
=== gfortran Summary ===
# of expected passes 52048
# of unexpected failures 7
# of expected failures 179
# of unsupported tests 187
/home/tcwg-buildslave/workspace/tcwg-buildfarm__1/_build/builds/i686-pc-linux-gnu/i686-pc-linux-gnu/gcc.git~master_rev_50780f79215a6225c202503eabde79636f32cfe8-stage2/gcc/gfortran version 10.0.0 20191113 (experimental) [master revision 278112] (GCC)
=== g++ tests ===
Running target tcwg-local
FAIL: g++.dg/ipa/pr61654.C -std=gnu++14 (internal compiler error)
FAIL: g++.dg/ipa/pr61654.C -std=gnu++14 (test for excess errors)
FAIL: g++.dg/ipa/pr61654.C -std=gnu++17 (internal compiler error)
FAIL: g++.dg/ipa/pr61654.C -std=gnu++17 (test for excess errors)
FAIL: g++.dg/ipa/pr61654.C -std=gnu++2a (internal compiler error)
FAIL: g++.dg/ipa/pr61654.C -std=gnu++2a (test for excess errors)
FAIL: g++.dg/ipa/pr61654.C -std=gnu++98 (internal compiler error)
FAIL: g++.dg/ipa/pr61654.C -std=gnu++98 (test for excess errors)
FAIL: g++.dg/ipa/pr63814.C -std=gnu++14 (internal compiler error)
FAIL: g++.dg/ipa/pr63814.C -std=gnu++14 (test for excess errors)
UNRESOLVED: g++.dg/ipa/pr63814.C -std=gnu++14 compilation failed to produce executable
FAIL: g++.dg/ipa/pr63814.C -std=gnu++17 (internal compiler error)
FAIL: g++.dg/ipa/pr63814.C -std=gnu++17 (test for excess errors)
UNRESOLVED: g++.dg/ipa/pr63814.C -std=gnu++17 compilation failed to produce executable
FAIL: g++.dg/ipa/pr63814.C -std=gnu++2a (internal compiler error)
FAIL: g++.dg/ipa/pr63814.C -std=gnu++2a (test for excess errors)
UNRESOLVED: g++.dg/ipa/pr63814.C -std=gnu++2a compilation failed to produce executable
FAIL: g++.dg/ipa/pr63814.C -std=gnu++98 (internal compiler error)
FAIL: g++.dg/ipa/pr63814.C -std=gnu++98 (test for excess errors)
UNRESOLVED: g++.dg/ipa/pr63814.C -std=gnu++98 compilation failed to produce executable
FAIL: g++.dg/other/pr87916.C -std=gnu++14 (internal compiler error)
FAIL: g++.dg/other/pr87916.C -std=gnu++14 (test for excess errors)
FAIL: g++.dg/other/pr87916.C -std=gnu++17 (internal compiler error)
FAIL: g++.dg/other/pr87916.C -std=gnu++17 (test for excess errors)
FAIL: g++.dg/other/pr87916.C -std=gnu++2a (internal compiler error)
FAIL: g++.dg/other/pr87916.C -std=gnu++2a (test for excess errors)
FAIL: g++.dg/other/pr87916.C -std=gnu++98 (internal compiler error)
FAIL: g++.dg/other/pr87916.C -std=gnu++98 (test for excess errors)
FAIL: g++.dg/guality/pr55665.C -O2 -flto -fno-use-linker-plugin -flto-partition=none line 23 p == 40
=== g++ Summary ===
# of expected passes 182837
# of unexpected failures 25
# of expected failures 720
# of unresolved testcases 4
# of unsupported tests 6974
/home/tcwg-buildslave/workspace/tcwg-buildfarm__1/_build/builds/i686-pc-linux-gnu/i686-pc-linux-gnu/gcc.git~master_rev_50780f79215a6225c202503eabde79636f32cfe8-stage2/gcc/xg++ version 10.0.0 20191113 (experimental) [master revision 278112] (GCC)
=== obj-c++ tests ===
Running target tcwg-local
=== obj-c++ Summary ===
# of expected passes 1450
# of expected failures 2
# of unsupported tests 77
/home/tcwg-buildslave/workspace/tcwg-buildfarm__1/_build/builds/i686-pc-linux-gnu/i686-pc-linux-gnu/gcc.git~master_rev_50780f79215a6225c202503eabde79636f32cfe8-stage2/gcc/xg++ version 10.0.0 20191113 (experimental) [master revision 278112] (GCC)
=== objc tests ===
Running target tcwg-local
=== objc Summary ===
# of expected passes 2776
# of expected failures 6
# of unsupported tests 68
/home/tcwg-buildslave/workspace/tcwg-buildfarm__1/_build/builds/i686-pc-linux-gnu/i686-pc-linux-gnu/gcc.git~master_rev_50780f79215a6225c202503eabde79636f32cfe8-stage2/gcc/xgcc version 10.0.0 20191113 (experimental) [master revision 278112] (GCC)
=== libatomic tests ===
Running target tcwg-local
=== libatomic Summary ===
# of expected passes 44
# of unsupported tests 5
=== libgomp tests ===
Running target tcwg-local
=== libgomp Summary ===
# of expected passes 7113
# of expected failures 2
# of unsupported tests 355
=== libitm tests ===
Running target tcwg-local
=== libitm Summary ===
# of expected passes 42
# of expected failures 3
# of unsupported tests 1
=== libstdc++ tests ===
Running target tcwg-local
FAIL: 29_atomics/atomic_float/1.cc execution test
FAIL: experimental/memory_resource/new_delete_resource.cc execution test
FAIL: libstdc++-prettyprinters/80276.cc whatis p4
FAIL: libstdc++-prettyprinters/80276.cc whatis p4
=== libstdc++ Summary ===
# of expected passes 13533
# of unexpected failures 4
# of expected failures 92
# of unsupported tests 642
Compiler version: 10.0.0 20191113 (experimental) [master revision 278112] (GCC)
Platform: i686-pc-linux-gnu
configure flags: SHELL=/bin/bash --with-mpc=/home/tcwg-buildslave/workspace/tcwg-buildfarm__1/_build/builds/destdir/i686-pc-linux-gnu --with-mpfr=/home/tcwg-buildslave/workspace/tcwg-buildfarm__1/_build/builds/destdir/i686-pc-linux-gnu --with-gmp=/home/tcwg-buildslave/workspace/tcwg-buildfarm__1/_build/builds/destdir/i686-pc-linux-gnu --with-gnu-as --with-gnu-ld --disable-libmudflap --enable-lto --enable-shared --without-included-gettext --enable-nls --with-system-zlib --disable-sjlj-exceptions --enable-gnu-unique-object --enable-linker-build-id --disable-libstdcxx-pch --enable-c99 --enable-clocale=gnu --enable-libstdcxx-debug --enable-long-long --with-cloog=no --with-ppl=no --with-isl=no --disable-multilib --enable-threads=posix --enable-multiarch --enable-libstdcxx-time=yes --enable-gnu-indirect-function --enable-checking=yes --enable-bootstrap --enable-languages=c,c++,fortran,lto,objc,obj-c++ --build=i686-pc-linux-gnu --host=i686-pc-linux-gnu --target=i686-pc-linux-gnu --prefix=/h
ome/tcwg-buildslave/workspace/tcwg-buildfarm__1/_build/builds/destdir/i686-pc-linux-gnu