This is the mail archive of the
gcc-testresults@gcc.gnu.org
mailing list for the GCC project.
Results for 9.2.0 (GCC) testsuite on sparc-unknown-linux-gnu
- From: Aaro Koskinen <aaro dot koskinen at iki dot fi>
- To: gcc-testresults at gcc dot gnu dot org
- Date: Wed, 13 Nov 2019 01:24:27 +0200
- Subject: Results for 9.2.0 (GCC) testsuite on sparc-unknown-linux-gnu
-- Build environment ----------------------------------------------------------
Distro: los.git rootfs=6f8fe native=6f8fe gcctest=f2b85f3
Kernel: Linux 5.3.0-ultra-los_6f8fe
Memory: 507480 kB (plus 4200984 kB swap)
CPU: cpu : TI UltraSparc IIi (Sabre)
fpu : UltraSparc IIi integrated FPU
pmu : ultra12
prom : OBP 3.31.0 2001/07/25 20:36
type : sun4u
ncpus probed : 1
ncpus active : 1
D\$ parity tl1 : 0
I\$ parity tl1 : 0
Cpu0ClkTck : 000000001a39de00
cpucaps : flush,stbar,swap,muldiv,v9,mul32,div32,v8plus,vis
MMU Type : Spitfire
MMU PGSZs : 8K,64K,512K,4MB
-- Time consumed --------------------------------------------------------------
Build: real 23h 7m 08s
user 22h 9m 48s
sys 42m 58.51s
Test: real 48h 28m 13s
user 43h 30m 06s
sys 4h 28m 24s
-------------------------------------------------------------------------------
LAST_UPDATED: Obtained from SVN: tags/gcc_9_2_0_release revision 274275
Native configuration is sparc-unknown-linux-gnu
=== g++ tests ===
Running target unix
=== g++ Summary ===
# of expected passes 122547
# of expected failures 509
# of unsupported tests 6066
/home/aakoskin/gcctest/build/gcc/xg++ version 9.2.0 (GCC)
=== gcc tests ===
Running target unix
XPASS: gcc.dg/vect/bb-slp-div-1.c scan-tree-dump slp2 "basic block vectorized"
XPASS: gcc.dg/vect/bb-slp-div-1.c -flto -ffat-lto-objects scan-tree-dump slp2 "basic block vectorized"
=== gcc Summary ===
# of expected passes 108977
# of unexpected successes 2
# of expected failures 594
# of unsupported tests 2913
/home/aakoskin/gcctest/build/gcc/xgcc version 9.2.0 (GCC)
=== libatomic tests ===
Running target unix
=== libatomic Summary ===
# of expected passes 44
# of unsupported tests 5
=== libgomp tests ===
Running target unix
FAIL: libgomp.oacc-c/../libgomp.oacc-c-c++-common/atomic_update-1.c -DACC_DEVICE_TYPE_host=1 -DACC_MEM_SHARED=1 -foffload=disable -O2 execution test
FAIL: libgomp.oacc-c++/../libgomp.oacc-c-c++-common/atomic_update-1.c -DACC_DEVICE_TYPE_host=1 -DACC_MEM_SHARED=1 -foffload=disable -O2 execution test
=== libgomp Summary ===
# of expected passes 2300
# of unexpected failures 2
# of expected failures 2
# of unsupported tests 217
=== libitm tests ===
Running target unix
=== libitm Summary ===
# of expected passes 42
# of expected failures 3
# of unsupported tests 1
=== libstdc++ tests ===
Running target unix
FAIL: libstdc++-abi/abi_check
=== libstdc++ Summary ===
# of expected passes 12140
# of unexpected failures 1
# of expected failures 78
# of unsupported tests 718
Compiler version: 9.2.0 (GCC)
Platform: sparc-unknown-linux-gnu
configure flags: --build=sparc-linux-gnu --host=sparc-linux-gnu --target=sparc-linux-gnu --with-cpu=ultrasparc --enable-targets=all --disable-libsanitizer --disable-nls --enable-checking=release --enable-languages=c,c++ --with-system-zlib --with-sysroot=/