This is the mail archive of the
gcc-testresults@gcc.gnu.org
mailing list for the GCC project.
Results for 10.0.0 20191108 (experimental) [trunk revision 277965] (GCC) testsuite on i386-pc-solaris2.11
- From: Rainer Orth <ro at CeBiTec dot Uni-Bielefeld dot DE>
- To: gcc-testresults at gcc dot gnu dot org
- Date: Sat, 9 Nov 2019 00:06:21 +0100 (MET)
- Subject: Results for 10.0.0 20191108 (experimental) [trunk revision 277965] (GCC) testsuite on i386-pc-solaris2.11
LAST_UPDATED: Fri Nov 8 12:18:18 UTC 2019 (revision 277965)
=== acats tests ===
=== acats Summary ===
# of expected passes 2320
# of unexpected failures 0
Native configuration is i386-pc-solaris2.11
=== g++ tests ===
Running target unix
FAIL: c-c++-common/asan/swapcontext-test-1.c -O0 execution test
FAIL: c-c++-common/asan/swapcontext-test-1.c -O1 execution test
FAIL: c-c++-common/asan/swapcontext-test-1.c -O2 execution test
FAIL: c-c++-common/asan/swapcontext-test-1.c -O2 -flto execution test
FAIL: c-c++-common/asan/swapcontext-test-1.c -O2 -flto -flto-partition=none execution test
FAIL: c-c++-common/asan/swapcontext-test-1.c -O3 -fomit-frame-pointer -funroll-loops -fpeel-loops -ftracer -finline-functions execution test
FAIL: c-c++-common/asan/swapcontext-test-1.c -O3 -g execution test
FAIL: c-c++-common/asan/swapcontext-test-1.c -Os execution test
FAIL: g++.dg/lto/pr89335 cp_lto_pr89335_0.o assemble, -O2 -flto -Wsuggest-final-methods
=== g++ Summary for unix ===
# of expected passes 179277
# of unexpected failures 9
# of expected failures 727
# of unsupported tests 7399
Running target unix/-m64
FAIL: g++.dg/pr80481.C -std=gnu++14 scan-assembler-not vmovaps
FAIL: g++.dg/pr80481.C -std=gnu++17 scan-assembler-not vmovaps
FAIL: g++.dg/pr80481.C -std=gnu++2a scan-assembler-not vmovaps
FAIL: g++.dg/pr80481.C -std=gnu++98 scan-assembler-not vmovaps
FAIL: g++.dg/tree-ssa/pr90883.C scan-tree-dump dse2 "Deleted redundant store: .*.a = {}"
FAIL: g++.dg/lto/pr89335 cp_lto_pr89335_0.o assemble, -O2 -flto -Wsuggest-final-methods
=== g++ Summary for unix/-m64 ===
# of expected passes 179643
# of unexpected failures 6
# of expected failures 731
# of unsupported tests 7348
=== g++ Summary ===
# of expected passes 358920
# of unexpected failures 15
# of expected failures 1458
# of unsupported tests 14747
/var/gcc/regression/trunk/11.3-gcc-gas/build/gcc/xg++ version 10.0.0 20191108 (experimental) [trunk revision 277965] (GCC)
=== gcc tests ===
Running target unix
FAIL: c-c++-common/asan/swapcontext-test-1.c -O0 execution test
FAIL: c-c++-common/asan/swapcontext-test-1.c -O1 execution test
FAIL: c-c++-common/asan/swapcontext-test-1.c -O2 execution test
FAIL: c-c++-common/asan/swapcontext-test-1.c -O2 -flto execution test
FAIL: c-c++-common/asan/swapcontext-test-1.c -O2 -flto -flto-partition=none execution test
FAIL: c-c++-common/asan/swapcontext-test-1.c -O3 -fomit-frame-pointer -funroll-loops -fpeel-loops -ftracer -finline-functions execution test
FAIL: c-c++-common/asan/swapcontext-test-1.c -O3 -g execution test
FAIL: c-c++-common/asan/swapcontext-test-1.c -Os execution test
FAIL: gcc.dg/cast-function-1.c (internal compiler error)
FAIL: gcc.dg/cast-function-1.c (test for excess errors)
FAIL: gcc.dg/visibility-22.c execution test
XPASS: gcc.dg/graphite/scop-21.c scan-tree-dump-times graphite "number of SCoPs: 1" 1
FAIL: gcc.dg/ipa/iinline-attr.c scan-ipa-dump inline "hooray[^\\\\n]*inline copy in test"
FAIL: gcc.dg/ipa/ipa-icf-38.c scan-ltrans-tree-dump-not optimized "Function bar"
FAIL: gcc.dg/torture/pr60092.c -O0 execution test
FAIL: gcc.dg/vect/bb-slp-41.c -flto -ffat-lto-objects scan-tree-dump-times slp1 "Found vectorizable constructor" 12
FAIL: gcc.dg/vect/bb-slp-41.c -flto -ffat-lto-objects scan-tree-dump-times slp1 "vectorizing stmts using SLP" 4
FAIL: gcc.dg/vect/bb-slp-41.c scan-tree-dump-times slp1 "Found vectorizable constructor" 12
FAIL: gcc.dg/vect/bb-slp-41.c scan-tree-dump-times slp1 "vectorizing stmts using SLP" 4
FAIL: gcc.dg/vect/vect-epilogues.c -flto -ffat-lto-objects scan-tree-dump vect "LOOP EPILOGUE VECTORIZED"
FAIL: gcc.dg/vect/vect-epilogues.c scan-tree-dump vect "LOOP EPILOGUE VECTORIZED"
FAIL: gcc.target/i386/pr57193.c scan-assembler-times movdqa 2
=== gcc Summary for unix ===
# of expected passes 140173
# of unexpected failures 21
# of unexpected successes 1
# of expected failures 564
# of unsupported tests 2939
Running target unix/-m64
FAIL: gcc.dg/visibility-22.c execution test
XPASS: gcc.dg/graphite/scop-21.c scan-tree-dump-times graphite "number of SCoPs: 1" 1
FAIL: gcc.dg/ipa/iinline-attr.c scan-ipa-dump inline "hooray[^\\\\n]*inline copy in test"
FAIL: gcc.dg/ipa/ipa-icf-38.c scan-ltrans-tree-dump-not optimized "Function bar"
FAIL: gcc.dg/torture/pr60092.c -O0 execution test
XPASS: gcc.dg/tree-ssa/builtin-snprintf-6.c scan-tree-dump-times optimized "Function test_assign_aggregate" 1
FAIL: gcc.dg/vect/bb-slp-41.c -flto -ffat-lto-objects scan-tree-dump-times slp1 "vectorizing stmts using SLP" 4
FAIL: gcc.dg/vect/bb-slp-41.c scan-tree-dump-times slp1 "vectorizing stmts using SLP" 4
FAIL: gcc.target/i386/pr57193.c scan-assembler-times movdqa 2
=== gcc Summary for unix/-m64 ===
# of expected passes 140615
# of unexpected failures 7
# of unexpected successes 2
# of expected failures 555
# of unsupported tests 2418
=== gcc Summary ===
# of expected passes 280788
# of unexpected failures 28
# of unexpected successes 3
# of expected failures 1119
# of unsupported tests 5357
/var/gcc/regression/trunk/11.3-gcc-gas/build/gcc/xgcc version 10.0.0 20191108 (experimental) [trunk revision 277965] (GCC)
=== gdc tests ===
Running target unix
FAIL: gdc.dg/lto/ltotests d_lto_ltotests_0.o-d_lto_ltotests_1.o link, -O0 -flto (internal compiler error)
FAIL: gdc.dg/lto/ltotests d_lto_ltotests_0.o-d_lto_ltotests_1.o link, -O0 -flto -flto-partition=1to1 (internal compiler error)
FAIL: gdc.dg/lto/ltotests d_lto_ltotests_0.o-d_lto_ltotests_1.o link, -O0 -flto -flto-partition=none (internal compiler error)
FAIL: gdc.dg/lto/ltotests d_lto_ltotests_0.o-d_lto_ltotests_1.o link, -O2 -flto (internal compiler error)
FAIL: gdc.dg/lto/ltotests d_lto_ltotests_0.o-d_lto_ltotests_1.o link, -O2 -flto -flto-partition=1to1 (internal compiler error)
FAIL: gdc.dg/lto/ltotests d_lto_ltotests_0.o-d_lto_ltotests_1.o link, -O2 -flto -flto-partition=none (internal compiler error)
FAIL: gdc.test/runnable/nested.d -O2 (internal compiler error)
UNRESOLVED: gdc.test/runnable/nested.d -O2 compilation failed to produce executable
FAIL: gdc.test/runnable/nested.d -O2 -frelease (internal compiler error)
UNRESOLVED: gdc.test/runnable/nested.d -O2 -frelease compilation failed to produce executable
FAIL: gdc.test/runnable/nested.d -O2 -frelease -g (internal compiler error)
UNRESOLVED: gdc.test/runnable/nested.d -O2 -frelease -g compilation failed to produce executable
FAIL: gdc.test/runnable/nested.d -O2 -frelease -g -shared-libphobos (internal compiler error)
UNRESOLVED: gdc.test/runnable/nested.d -O2 -frelease -g -shared-libphobos compilation failed to produce executable
FAIL: gdc.test/runnable/nested.d -O2 -frelease -shared-libphobos (internal compiler error)
UNRESOLVED: gdc.test/runnable/nested.d -O2 -frelease -shared-libphobos compilation failed to produce executable
FAIL: gdc.test/runnable/nested.d -O2 -g (internal compiler error)
UNRESOLVED: gdc.test/runnable/nested.d -O2 -g compilation failed to produce executable
FAIL: gdc.test/runnable/nested.d -O2 -g -shared-libphobos (internal compiler error)
UNRESOLVED: gdc.test/runnable/nested.d -O2 -g -shared-libphobos compilation failed to produce executable
FAIL: gdc.test/runnable/nested.d -O2 -shared-libphobos (internal compiler error)
UNRESOLVED: gdc.test/runnable/nested.d -O2 -shared-libphobos compilation failed to produce executable
=== gdc Summary for unix ===
# of expected passes 29834
# of unexpected failures 14
# of unresolved testcases 8
Running target unix/-m64
FAIL: gdc.dg/lto/ltotests d_lto_ltotests_0.o-d_lto_ltotests_1.o link, -O0 -flto (internal compiler error)
FAIL: gdc.dg/lto/ltotests d_lto_ltotests_0.o-d_lto_ltotests_1.o link, -O0 -flto -flto-partition=1to1 (internal compiler error)
FAIL: gdc.dg/lto/ltotests d_lto_ltotests_0.o-d_lto_ltotests_1.o link, -O0 -flto -flto-partition=none (internal compiler error)
FAIL: gdc.dg/lto/ltotests d_lto_ltotests_0.o-d_lto_ltotests_1.o link, -O2 -flto (internal compiler error)
FAIL: gdc.dg/lto/ltotests d_lto_ltotests_0.o-d_lto_ltotests_1.o link, -O2 -flto -flto-partition=1to1 (internal compiler error)
FAIL: gdc.dg/lto/ltotests d_lto_ltotests_0.o-d_lto_ltotests_1.o link, -O2 -flto -flto-partition=none (internal compiler error)
=== gdc Summary for unix/-m64 ===
# of expected passes 29842
# of unexpected failures 6
=== gdc Summary ===
# of expected passes 59676
# of unexpected failures 20
# of unresolved testcases 8
/var/gcc/regression/trunk/11.3-gcc-gas/build/gcc/gdc version 10.0.0 20191108 (experimental) [trunk revision 277965] (GCC)
=== gfortran tests ===
Running target unix
=== gfortran Summary for unix ===
# of expected passes 50931
# of expected failures 189
# of unsupported tests 206
Running target unix/-m64
=== gfortran Summary for unix/-m64 ===
# of expected passes 51160
# of expected failures 189
# of unsupported tests 97
=== gfortran Summary ===
# of expected passes 102091
# of expected failures 378
# of unsupported tests 303
/var/gcc/regression/trunk/11.3-gcc-gas/build/gcc/gfortran version 10.0.0 20191108 (experimental) [trunk revision 277965] (GCC)
=== gnat tests ===
Running target unix
=== gnat Summary for unix ===
# of expected passes 3272
# of expected failures 23
# of unsupported tests 9
Running target unix/-m64
=== gnat Summary for unix/-m64 ===
# of expected passes 3272
# of expected failures 23
# of unsupported tests 9
=== gnat Summary ===
# of expected passes 6544
# of expected failures 46
# of unsupported tests 18
/var/gcc/regression/trunk/11.3-gcc-gas/build/gcc/gnatmake version 10.0.0 20191108 (experimental) [trunk revision 277965]
=== go tests ===
Running target unix
FAIL: ./index0-out.go execution, -O0 -g -fno-var-tracking-assignments
FAIL: go.test/test/fixedbugs/issue4085b.go execution, -O2 -g
=== go Summary for unix ===
# of expected passes 7471
# of unexpected failures 2
# of expected failures 1
# of untested testcases 10
# of unsupported tests 2
Running target unix/-m64
FAIL: ./index0-out.go execution, -O0 -g -fno-var-tracking-assignments
=== go Summary for unix/-m64 ===
# of expected passes 7353
# of unexpected failures 1
# of expected failures 1
# of untested testcases 10
# of unsupported tests 1
=== go Summary ===
# of expected passes 14824
# of unexpected failures 3
# of expected failures 2
# of untested testcases 20
# of unsupported tests 3
=== obj-c++ tests ===
Running target unix
=== obj-c++ Summary for unix ===
# of expected passes 1450
# of expected failures 2
# of unsupported tests 77
Running target unix/-m64
=== obj-c++ Summary for unix/-m64 ===
# of expected passes 1442
# of expected failures 10
# of unsupported tests 77
=== obj-c++ Summary ===
# of expected passes 2892
# of expected failures 12
# of unsupported tests 154
/var/gcc/regression/trunk/11.3-gcc-gas/build/gcc/xg++ version 10.0.0 20191108 (experimental) [trunk revision 277965] (GCC)
=== objc tests ===
Running target unix
=== objc Summary for unix ===
# of expected passes 2776
# of expected failures 6
# of unsupported tests 68
Running target unix/-m64
=== objc Summary for unix/-m64 ===
# of expected passes 2776
# of expected failures 6
# of unsupported tests 68
=== objc Summary ===
# of expected passes 5552
# of expected failures 12
# of unsupported tests 136
/var/gcc/regression/trunk/11.3-gcc-gas/build/gcc/xgcc version 10.0.0 20191108 (experimental) [trunk revision 277965] (GCC)
=== gotools tests ===
FAIL: TestAbort
FAIL: TestSelectStackAdjust
FAIL: go test runtime
FAIL: go test misc/cgo/test
FAIL: TestEarlySignalHandler
FAIL: TestOsSignal
FAIL: TestPIE
FAIL: TestSigaltstack
FAIL: go test misc/cgo/testcarchive
=== gotools Summary ===
# of expected passes 343
# of unexpected failures 9
# of untested testcases 199
/var/gcc/regression/trunk/11.3-gcc-gas/build/./gcc/gccgo version 10.0.0 20191108 (experimental) [trunk revision 277965] (GCC)
=== libatomic tests ===
Running target unix
=== libatomic Summary for unix ===
# of expected passes 44
# of unsupported tests 5
Running target unix/-m64
=== libatomic Summary for unix/-m64 ===
# of expected passes 54
=== libatomic Summary ===
# of expected passes 98
# of unsupported tests 5
=== libffi tests ===
Running target unix
=== libffi Summary for unix ===
# of expected passes 2799
Running target unix/-m64
=== libffi Summary for unix/-m64 ===
# of expected passes 2214
=== libffi Summary ===
# of expected passes 5013
=== libgo tests ===
Running target unix
FAIL: go/build
FAIL: runtime
=== libgo Summary for unix ===
# of expected passes 172
# of unexpected failures 2
Running target unix/-m64
FAIL: bytes
FAIL: crypto/tls
FAIL: database/sql
FAIL: go/build
FAIL: html/template
FAIL: net/http
FAIL: os
FAIL: os/signal
FAIL: runtime
FAIL: runtime/pprof
FAIL: sync
=== libgo Summary for unix/-m64 ===
# of expected passes 163
# of unexpected failures 11
=== libgo Summary ===
# of expected passes 335
# of unexpected failures 13
/var/gcc/regression/trunk/11.3-gcc-gas/build/./gcc/gccgo version 10.0.0 20191108 (experimental) [trunk revision 277965] (GCC)
=== libgomp tests ===
Running target unix
WARNING: libgomp.c++/task-reduction-10.C execution test program timed out.
FAIL: libgomp.c++/task-reduction-10.C execution test
WARNING: libgomp.c++/task-reduction-11.C execution test program timed out.
FAIL: libgomp.c++/task-reduction-11.C execution test
WARNING: libgomp.c++/task-reduction-13.C execution test program timed out.
FAIL: libgomp.c++/task-reduction-13.C execution test
=== libgomp Summary for unix ===
# of expected passes 7073
# of unexpected failures 3
# of expected failures 4
# of unsupported tests 366
Running target unix/-m64
WARNING: libgomp.c++/task-reduction-10.C execution test program timed out.
FAIL: libgomp.c++/task-reduction-10.C execution test
WARNING: libgomp.c++/task-reduction-11.C execution test program timed out.
FAIL: libgomp.c++/task-reduction-11.C execution test
=== libgomp Summary for unix/-m64 ===
# of expected passes 7074
# of unexpected failures 2
# of expected failures 4
# of unsupported tests 366
=== libgomp Summary ===
# of expected passes 14147
# of unexpected failures 5
# of expected failures 8
# of unsupported tests 732
=== libitm tests ===
Running target unix
=== libitm Summary for unix ===
# of expected passes 42
# of expected failures 3
# of unsupported tests 1
Running target unix/-m64
=== libitm Summary for unix/-m64 ===
# of expected passes 42
# of expected failures 3
# of unsupported tests 1
=== libitm Summary ===
# of expected passes 84
# of expected failures 6
# of unsupported tests 2
=== libphobos tests ===
Running target unix
FAIL: libphobos.druntime_shared/core/time.d execution test
FAIL: libphobos.phobos_shared/std/datetime/systime.d execution test
FAIL: libphobos.phobos_shared/std/datetime/timezone.d execution test
FAIL: libphobos.phobos_shared/std/experimental/logger/filelogger.d execution test
FAIL: libphobos.phobos_shared/std/format.d execution test
FAIL: libphobos.phobos_shared/std/math.d execution test
FAIL: libphobos.phobos_shared/std/parallelism.d execution test
FAIL: libphobos.shared/finalize.d -shared-libphobos -ldl execution test
FAIL: libphobos.shared/linkD.c lib.so -ldl -pthread execution test
FAIL: libphobos.shared/load.d -shared-libphobos -ldl execution test
FAIL: libphobos.shared/load_13414.d -shared-libphobos -ldl execution test
FAIL: libphobos.shared/load_linkdep.d -shared-libphobos -ldl execution test
=== libphobos Summary for unix ===
# of expected passes 412
# of unexpected failures 12
Running target unix/-m64
FAIL: libphobos.druntime_shared/core/time.d execution test
FAIL: libphobos.phobos_shared/std/datetime/systime.d execution test
FAIL: libphobos.phobos_shared/std/datetime/timezone.d execution test
FAIL: libphobos.phobos_shared/std/experimental/logger/filelogger.d execution test
FAIL: libphobos.phobos_shared/std/format.d execution test
FAIL: libphobos.phobos_shared/std/math.d execution test
FAIL: libphobos.phobos_shared/std/parallelism.d execution test
FAIL: libphobos.shared/finalize.d -shared-libphobos -ldl execution test
FAIL: libphobos.shared/linkD.c lib.so -ldl -pthread execution test
FAIL: libphobos.shared/load.d -shared-libphobos -ldl execution test
FAIL: libphobos.shared/load_13414.d -shared-libphobos -ldl execution test
FAIL: libphobos.shared/load_linkdep.d -shared-libphobos -ldl execution test
=== libphobos Summary for unix/-m64 ===
# of expected passes 412
# of unexpected failures 12
=== libphobos Summary ===
# of expected passes 824
# of unexpected failures 24
=== libstdc++ tests ===
Running target unix
FAIL: experimental/net/internet/resolver/ops/lookup.cc execution test
=== libstdc++ Summary for unix ===
# of expected passes 12489
# of unexpected failures 1
# of expected failures 93
# of unsupported tests 708
Running target unix/-m64
FAIL: experimental/net/internet/resolver/ops/lookup.cc execution test
=== libstdc++ Summary for unix/-m64 ===
# of expected passes 12482
# of unexpected failures 1
# of expected failures 92
# of unsupported tests 712
=== libstdc++ Summary ===
# of expected passes 24971
# of unexpected failures 2
# of expected failures 185
# of unsupported tests 1420
Compiler version: 10.0.0 20191108 (experimental) [trunk revision 277965] (GCC)
Platform: i386-pc-solaris2.11
configure flags: --prefix=/vol/gcc --target=i386-pc-solaris2.11 --enable-objc-gc --with-target-bdw-gc-include=/vol/gcc/include --with-target-bdw-gc-lib=/vol/gcc/lib,amd64=/vol/gcc/lib/amd64 --with-as=/vol/gcc/bin/gas-2.33.1 --with-gnu-as --with-gmp-include=/vol/gcc/include --with-gmp-lib=/vol/gcc/lib --with-mpfr-include=/vol/gcc/include --with-mpfr-lib=/vol/gcc/lib --with-mpc-include=/vol/gcc/include --with-mpc-lib=/vol/gcc/lib --enable-languages=all,ada,obj-c++,go --with-isl-include=/vol/gcc/include --with-isl-lib=/vol/gcc/lib --with-zstd-include=/vol/gcc/include --with-zstd-lib=/vol/gcc/lib --build=i386-pc-solaris2.11 --host=i386-pc-solaris2.11
BOOT_CFLAGS=-g -O2