This is the mail archive of the
gcc-testresults@gcc.gnu.org
mailing list for the GCC project.
Results for 7.4.1 20191105 (GCC) testsuite on powerpc-ibm-aix7.2.0.0
- From: David Edelsohn <edelsohn at p824aix dot watson dot ibm dot com>
- To: gcc-testresults at gcc dot gnu dot org
- Date: Wed, 6 Nov 2019 09:04:47 -0500
- Subject: Results for 7.4.1 20191105 (GCC) testsuite on powerpc-ibm-aix7.2.0.0
LAST_UPDATED: Obtained from SVN: branches/gcc-7-branch revision 277823
Native configuration is powerpc-ibm-aix7.2.0.0
=== g++ tests ===
Running target unix
FAIL: g++.dg/compat/eh/new1 cp_compat_x_tst.o-cp_compat_y_tst.o execute
XPASS: g++.dg/debug/pr56294.C -gdwarf-2 (test for excess errors)
XPASS: g++.dg/debug/pr56294.C -gdwarf-2 -g1 (test for excess errors)
XPASS: g++.dg/debug/pr56294.C -gdwarf-2 -g3 (test for excess errors)
XPASS: g++.dg/debug/pr56294.C -gxcoff (test for excess errors)
XPASS: g++.dg/debug/pr56294.C -gxcoff+ (test for excess errors)
XPASS: g++.dg/debug/pr56294.C -gxcoff+1 (test for excess errors)
XPASS: g++.dg/debug/pr56294.C -gxcoff+3 (test for excess errors)
XPASS: g++.dg/debug/pr56294.C -gxcoff1 (test for excess errors)
XPASS: g++.dg/debug/pr56294.C -gxcoff3 (test for excess errors)
XPASS: g++.dg/debug/pr56819.C -gdwarf-2 (test for excess errors)
XPASS: g++.dg/debug/pr56819.C -gdwarf-2 -g1 (test for excess errors)
XPASS: g++.dg/debug/pr56819.C -gdwarf-2 -g3 (test for excess errors)
XPASS: g++.dg/debug/pr56819.C -gxcoff (test for excess errors)
XPASS: g++.dg/debug/pr56819.C -gxcoff+ (test for excess errors)
XPASS: g++.dg/debug/pr56819.C -gxcoff+1 (test for excess errors)
XPASS: g++.dg/debug/pr56819.C -gxcoff+3 (test for excess errors)
XPASS: g++.dg/debug/pr56819.C -gxcoff1 (test for excess errors)
XPASS: g++.dg/debug/pr56819.C -gxcoff3 (test for excess errors)
XPASS: g++.dg/debug/dwarf2/defaulted-member-function-3.C scan-assembler-not DW_AT_defaulted
XPASS: g++.dg/debug/dwarf2/inline-var-2.C scan-assembler-not DW_TAG_member
XPASS: g++.dg/debug/dwarf2/pr46123-2.C -std=gnu++11 broken -feliminate-dwarf2-dups (test for bogus messages, line 1)
XPASS: g++.dg/debug/dwarf2/pr46123-2.C -std=gnu++14 broken -feliminate-dwarf2-dups (test for bogus messages, line 1)
XPASS: g++.dg/debug/dwarf2/pr46123-2.C -std=gnu++98 broken -feliminate-dwarf2-dups (test for bogus messages, line 1)
XPASS: g++.dg/eh/new1.C -std=c++11 execution test
XPASS: g++.dg/eh/new1.C -std=c++98 execution test
FAIL: g++.dg/opt/pr80436.C -std=gnu++11 (test for excess errors)
FAIL: g++.dg/opt/pr80436.C -std=gnu++14 (test for excess errors)
FAIL: g++.dg/opt/pr83084.C -std=gnu++11 (test for excess errors)
FAIL: g++.dg/opt/pr83084.C -std=gnu++14 (test for excess errors)
FAIL: g++.dg/opt/pr83084.C -std=gnu++98 (test for excess errors)
XPASS: g++.dg/template/linkage1.C -std=c++98 scan-assembler-not (weak|glob)[^\\n]*_Z3fooIXadL_ZL11static_funcvEEEvv
FAIL: g++.dg/tree-prof/pr57451.C compilation, -fprofile-use -D_PROFILE_USE
UNRESOLVED: g++.dg/tree-prof/pr57451.C execution, -fprofile-use -D_PROFILE_USE
XPASS: g++.old-deja/g++.eh/new2.C -std=gnu++11 execution test
XPASS: g++.old-deja/g++.eh/new2.C -std=gnu++98 execution test
XPASS: g++.old-deja/g++.mike/p755a.C -std=c++11 execution test
XPASS: g++.old-deja/g++.mike/p755a.C -std=c++98 execution test
=== g++ Summary ===
# of expected passes 98925
# of unexpected failures 7
# of unexpected successes 30
# of expected failures 623
# of unresolved testcases 1
# of unsupported tests 4621
/tmp/GCC/gcc/testsuite/g++/../../xg++ version 7.4.1 20191105 (GCC)
=== gcc tests ===
Running target unix
FAIL: gcc.c-torture/execute/alias-3.c -O0 (test for excess errors)
UNRESOLVED: gcc.c-torture/execute/alias-3.c -O0 compilation failed to produce executable
FAIL: gcc.c-torture/execute/alias-3.c -O1 (test for excess errors)
UNRESOLVED: gcc.c-torture/execute/alias-3.c -O1 compilation failed to produce executable
FAIL: gcc.c-torture/execute/alias-3.c -O2 (test for excess errors)
UNRESOLVED: gcc.c-torture/execute/alias-3.c -O2 compilation failed to produce executable
FAIL: gcc.c-torture/execute/alias-3.c -O3 -g (test for excess errors)
UNRESOLVED: gcc.c-torture/execute/alias-3.c -O3 -g compilation failed to produce executable
FAIL: gcc.c-torture/execute/alias-3.c -Os (test for excess errors)
UNRESOLVED: gcc.c-torture/execute/alias-3.c -Os compilation failed to produce executable
XPASS: gcc.dg/autopar/pr46799.c (test for excess errors)
XPASS: gcc.dg/debug/dwarf2/dwarf2-macro.c scan-assembler Start new file
XPASS: gcc.dg/debug/dwarf2/dwarf2-macro2.c scan-assembler At line number 0
XPASS: gcc.dg/debug/dwarf2/stacked-qualified-types-3.c scan-assembler-times DIE \\\\([^\\n]*\\\\) DW_TAG_(?:const|volatile|atomic|restrict)_type 8
FAIL: gcc.dg/asm-names.c scan-assembler-not ____frob14
FAIL: gcc.dg/ipa/iinline-attr.c scan-ipa-dump inline "hooray[^\\\\n]*inline copy in test"
XPASS: gcc.dg/torture/pr59166.c -O0 (test for excess errors)
FAIL: gcc.dg/torture/pr68264.c -O0 execution test
FAIL: gcc.dg/torture/pr68264.c -Os execution test
FAIL: gcc.dg/torture/pr90020.c -O0 (test for excess errors)
UNRESOLVED: gcc.dg/torture/pr90020.c -O0 compilation failed to produce executable
FAIL: gcc.dg/torture/pr90020.c -O1 (test for excess errors)
UNRESOLVED: gcc.dg/torture/pr90020.c -O1 compilation failed to produce executable
FAIL: gcc.dg/torture/pr90020.c -O2 (test for excess errors)
UNRESOLVED: gcc.dg/torture/pr90020.c -O2 compilation failed to produce executable
FAIL: gcc.dg/torture/pr90020.c -O3 -g (test for excess errors)
UNRESOLVED: gcc.dg/torture/pr90020.c -O3 -g compilation failed to produce executable
FAIL: gcc.dg/torture/pr90020.c -Os (test for excess errors)
UNRESOLVED: gcc.dg/torture/pr90020.c -Os compilation failed to produce executable
XPASS: gcc.dg/vect/costmodel/ppc/costmodel-fast-math-vect-pr29925.c scan-tree-dump-times vect "vectorization not profitable" 1
FAIL: gcc.dg/vect/costmodel/ppc/costmodel-vect-76b.c scan-tree-dump-times vect "vectorized 1 loops" 1
XPASS: gcc.dg/vect/slp-24-big-array.c scan-tree-dump-times vect "vectorized 1 loops" 1
XPASS: gcc.dg/vect/slp-24-big-array.c scan-tree-dump-times vect "vectorizing stmts using SLP" 2
XPASS: gcc.dg/vect/slp-24.c scan-tree-dump-times vect "vectorized 1 loops" 1
XPASS: gcc.dg/vect/slp-24.c scan-tree-dump-times vect "vectorizing stmts using SLP" 2
FAIL: gcc.dg/vect/slp-perm-8.c scan-tree-dump-times vect "vectorized 1 loops" 1
XPASS: gcc.dg/vect/vect-24.c scan-tree-dump-times vect "vectorized 3 loops" 1
FAIL: gcc.target/powerpc/pr80695-p9.c (test for excess errors)
FAIL: gcc.target/powerpc/pr80695-p9.c scan-tree-dump-times slp2 "vectorization is not profitable" 1
FAIL: gcc.target/powerpc/pr83399.c (test for excess errors)
FAIL: gcc.target/powerpc/pr91275.c (test for excess errors)
UNRESOLVED: gcc.target/powerpc/pr91275.c compilation failed to produce executable
FAIL: gcc.target/powerpc/vec-extract-sint128-1.c (test for excess errors)
UNRESOLVED: gcc.target/powerpc/vec-extract-sint128-1.c compilation failed to produce executable
FAIL: gcc.target/powerpc/vec-extract-uint128-1.c (test for excess errors)
UNRESOLVED: gcc.target/powerpc/vec-extract-uint128-1.c compilation failed to produce executable
=== gcc Summary ===
# of expected passes 83054
# of unexpected failures 22
# of unexpected successes 11
# of expected failures 337
# of unresolved testcases 13
# of unsupported tests 2459
/tmp/GCC/gcc/xgcc version 7.4.1 20191105 (GCC)
=== gfortran tests ===
Running target unix
FAIL: gfortran.dg/bind_c_array_params_2.f90 -O scan-assembler-times [ \\t][\$,_0-9]*myBindC 1
XPASS: gfortran.dg/default_format_1.f90 -O0 execution test
XPASS: gfortran.dg/default_format_1.f90 -O1 execution test
XPASS: gfortran.dg/default_format_1.f90 -O2 execution test
XPASS: gfortran.dg/default_format_1.f90 -O3 -fomit-frame-pointer -funroll-loops -fpeel-loops -ftracer -finline-functions execution test
XPASS: gfortran.dg/default_format_1.f90 -O3 -g execution test
XPASS: gfortran.dg/default_format_1.f90 -Os execution test
XPASS: gfortran.dg/default_format_denormal_1.f90 -O0 execution test
XPASS: gfortran.dg/default_format_denormal_1.f90 -O1 execution test
XPASS: gfortran.dg/default_format_denormal_1.f90 -O2 execution test
XPASS: gfortran.dg/default_format_denormal_1.f90 -O3 -fomit-frame-pointer -funroll-loops -fpeel-loops -ftracer -finline-functions execution test
XPASS: gfortran.dg/default_format_denormal_1.f90 -O3 -g execution test
XPASS: gfortran.dg/default_format_denormal_1.f90 -Os execution test
FAIL: gfortran.dg/graphite/vect-pr40979.f90 -O scan-tree-dump-times vect "vectorized 1 loops" 1
FAIL: gfortran.dg/vect/fast-math-mgrid-resid.f -O scan-tree-dump pcom "vectp_u.*__lsm.* = PHI <.*vectp_u.*__lsm"
=== gfortran Summary ===
# of expected passes 45048
# of unexpected failures 3
# of unexpected successes 12
# of expected failures 94
# of unsupported tests 353
/tmp/GCC/gcc/testsuite/gfortran/../../gfortran version 7.4.1 20191105 (GCC)
=== objc tests ===
Running target unix
FAIL: objc.dg-struct-layout-encoding-1/t026_main.m execution test
=== objc Summary ===
# of expected passes 2679
# of unexpected failures 1
# of expected failures 10
# of unsupported tests 59
/tmp/GCC/gcc/xgcc version 7.4.1 20191105 (GCC)
=== libatomic tests ===
Running target unix
=== libatomic Summary ===
# of expected passes 44
# of unsupported tests 5
=== libgomp tests ===
Running target unix
FAIL: libgomp.fortran/omp_workshare1.f -O execution test
FAIL: libgomp.fortran/omp_workshare2.f -O execution test
WARNING: program timed out.
FAIL: libgomp.fortran/recursion1.f90 -O0 execution test
FAIL: libgomp.fortran/recursion1.f90 -O1 execution test
FAIL: libgomp.fortran/recursion1.f90 -O2 execution test
FAIL: libgomp.fortran/recursion1.f90 -O3 -fomit-frame-pointer -funroll-loops -fpeel-loops -ftracer -finline-functions execution test
FAIL: libgomp.fortran/recursion1.f90 -O3 -g execution test
FAIL: libgomp.fortran/recursion1.f90 -Os execution test
FAIL: libgomp.fortran/strassen.f90 -O execution test
FAIL: libgomp.graphite/force-parallel-7.c execution test
FAIL: libgomp.oacc-c/../libgomp.oacc-c-c++-common/atomic_update-1.c -DACC_DEVICE_TYPE_host=1 -DACC_MEM_SHARED=1 -O2 execution test
FAIL: libgomp.oacc-c++/../libgomp.oacc-c-c++-common/atomic_update-1.c -DACC_DEVICE_TYPE_host=1 -DACC_MEM_SHARED=1 -O2 execution test
=== libgomp Summary ===
# of expected passes 5098
# of unexpected failures 12
# of unsupported tests 401
=== libstdc++ tests ===
Running target unix
=== libstdc++ Summary ===
# of expected passes 10215
# of expected failures 71
# of unsupported tests 729
Compiler version: 7.4.1 20191105 (GCC)
Platform: powerpc-ibm-aix7.2.0.0
configure flags: --disable-werror --enable-languages=c,c++,fortran,objc --with-gmp=/gsa/yktgsa/home/e/d/edelsohn/install --with-isl=/gsa/yktgsa/home/e/d/edelsohn/install --with-libiconv-prefix=/gsa/yktgsa/home/e/d/edelsohn/install --disable-libstdcxx-pch --with-included-gettext