This is the mail archive of the
gcc-testresults@gcc.gnu.org
mailing list for the GCC project.
Results for 10.0.0 20191102 (experimental) [trunk revision 277743] (GCC) testsuite on i686-apple-darwin9
- From: Iain Sandoe <iains dot gcc at gmail dot com>
- To: GCC-testresults at gcc dot gnu dot org
- Date: Sun, 3 Nov 2019 08:57:25 +0000
- Subject: Results for 10.0.0 20191102 (experimental) [trunk revision 277743] (GCC) testsuite on i686-apple-darwin9
LAST_UPDATED: Sat Nov 2 11:22:55 UTC 2019 (revision 277743)
=== acats tests ===
=== acats Summary ===
# of expected passes 2320
# of unexpected failures 0
Native configuration is i686-apple-darwin9
=== g++ tests ===
Running target unix/-m32
WARNING: c-c++-common/missing-close-symbol.c -std=gnu++98 (test for errors, line 11) program timed out.
WARNING: g++.dg/cpp0x/Wnarrowing13.C -std=c++17 (test for errors, line 6) program timed out.
WARNING: g++.dg/cpp0x/auto2.C -std=c++17 (test for excess errors) program timed out.
FAIL: g++.dg/cpp0x/auto2.C -std=c++17 (test for excess errors)
WARNING: g++.dg/cpp0x/range-for14.C -std=c++14 (test for warnings, line 22) program timed out.
WARNING: g++.dg/cpp1z/class-deduction9.C -std=c++2a (test for errors, line 13) program timed out.
FAIL: g++.dg/ext/pr84828.C -std=gnu++14 (internal compiler error)
FAIL: g++.dg/ext/pr84828.C -std=gnu++14 (test for excess errors)
FAIL: g++.dg/ext/pr84828.C -std=gnu++17 (internal compiler error)
FAIL: g++.dg/ext/pr84828.C -std=gnu++17 (test for excess errors)
FAIL: g++.dg/ext/pr84828.C -std=gnu++2a (internal compiler error)
FAIL: g++.dg/ext/pr84828.C -std=gnu++2a (test for excess errors)
FAIL: g++.dg/ext/pr84828.C -std=gnu++98 (internal compiler error)
FAIL: g++.dg/ext/pr84828.C -std=gnu++98 (test for excess errors)
XPASS: g++.dg/ext/sync-4.C -std=gnu++14 execution test
XPASS: g++.dg/ext/sync-4.C -std=gnu++17 execution test
XPASS: g++.dg/ext/sync-4.C -std=gnu++2a execution test
XPASS: g++.dg/ext/sync-4.C -std=gnu++98 execution test
WARNING: g++.dg/init/static-init3.C -std=c++17 (test for excess errors) program timed out.
FAIL: g++.dg/init/static-init3.C -std=c++17 (test for excess errors)
FAIL: g++.dg/ipa/pr67056.C scan-ipa-dump cp "Speculative outer type:struct CompositeClass"
WARNING: g++.dg/other/const3.C -std=c++98 (test for excess errors) program timed out.
FAIL: g++.dg/other/const3.C -std=c++98 (test for excess errors)
WARNING: g++.dg/parse/error62.C -std=c++14 (test for errors, line 5) program timed out.
WARNING: g++.dg/pr61324.C -std=gnu++17 (test for excess errors) program timed out.
FAIL: g++.dg/pr61324.C -std=gnu++17 (test for excess errors)
WARNING: g++.dg/pr78060.C -std=gnu++14 (test for excess errors) program timed out.
FAIL: g++.dg/pr78060.C -std=gnu++14 (test for excess errors)
FAIL: g++.dg/pr80481.C -std=gnu++14 scan-assembler-not vmovaps
FAIL: g++.dg/pr80481.C -std=gnu++17 scan-assembler-not vmovaps
FAIL: g++.dg/pr80481.C -std=gnu++2a scan-assembler-not vmovaps
FAIL: g++.dg/pr80481.C -std=gnu++98 scan-assembler-not vmovaps
WARNING: g++.dg/template/init6.C -std=c++98 (test for excess errors) program timed out.
FAIL: g++.dg/template/init6.C -std=c++98 (test for excess errors)
WARNING: g++.dg/warn/friend.C -std=gnu++2a (test for excess errors) program timed out.
FAIL: g++.dg/warn/friend.C -std=gnu++2a (test for excess errors)
WARNING: g++.dg/warn/mvp.C -std=c++17 (test for warnings, line 8) program timed out.
FAIL: g++.dg/gomp/pr88182.C -std=gnu++14 (test for excess errors)
UNRESOLVED: g++.dg/gomp/pr88182.C -std=gnu++14 compilation failed to produce executable
FAIL: g++.dg/gomp/pr88182.C -std=gnu++17 (test for excess errors)
UNRESOLVED: g++.dg/gomp/pr88182.C -std=gnu++17 compilation failed to produce executable
FAIL: g++.dg/gomp/pr88182.C -std=gnu++2a (test for excess errors)
UNRESOLVED: g++.dg/gomp/pr88182.C -std=gnu++2a compilation failed to produce executable
FAIL: g++.dg/gomp/pr88182.C -std=gnu++98 (test for excess errors)
UNRESOLVED: g++.dg/gomp/pr88182.C -std=gnu++98 compilation failed to produce executable
WARNING: g++.dg/lto/20110311-1 cp_lto_20110311-1_0.o assemble, -O2 -flto -flto-partition=1to1 program timed out.
FAIL: g++.dg/lto/20110311-1 cp_lto_20110311-1_0.o assemble, -O2 -flto -flto-partition=1to1
FAIL: g++.dg/lto/pr65276 cp_lto_pr65276_0.o-cp_lto_pr65276_1.o link, -flto -O0 -std=c++11
FAIL: g++.dg/lto/pr89335 cp_lto_pr89335_0.o assemble, -O2 -flto -Wsuggest-final-methods
FAIL: g++.dg/tls/thread_local-order2.C -std=c++14 execution test
FAIL: g++.dg/tls/thread_local-order2.C -std=c++17 execution test
FAIL: g++.dg/tls/thread_local-order2.C -std=c++2a execution test
WARNING: c-c++-common/torture/pr42834.c -O2 (test for excess errors) program timed out.
FAIL: c-c++-common/torture/pr42834.c -O2 (test for excess errors)
WARNING: g++.old-deja/g++.brendan/cvt5.C -std=c++17 (test for excess errors) program timed out.
FAIL: g++.old-deja/g++.brendan/cvt5.C -std=c++17 (test for excess errors)
WARNING: g++.old-deja/g++.jason/template44.C -std=c++14 (test for excess errors) program timed out.
FAIL: g++.old-deja/g++.jason/template44.C -std=c++14 (test for excess errors)
WARNING: g++.old-deja/g++.pt/enum3.C -std=c++14 (test for excess errors) program timed out.
FAIL: g++.old-deja/g++.pt/enum3.C -std=c++14 (test for excess errors)
=== g++ Summary for unix/-m32 ===
# of expected passes 171238
# of unexpected failures 34
# of unexpected successes 4
# of expected failures 722
# of unresolved testcases 4
# of unsupported tests 6953
Running target unix/-m64
WARNING: g++.dg/cpp0x/decltype13.C -std=c++2a (test for errors, line 7) program timed out.
WARNING: g++.dg/cpp1y/lambda-deduce-mult-neg.C -std=c++2a (test for errors, line 11) program timed out.
WARNING: g++.dg/cpp1y/lambda-generic-this1.C -std=c++14 (test for excess errors) program timed out.
FAIL: g++.dg/cpp1y/lambda-generic-this1.C -std=c++14 (test for excess errors)
FAIL: g++.dg/eh/weak1.C -std=gnu++14 execution test
FAIL: g++.dg/eh/weak1.C -std=gnu++17 execution test
FAIL: g++.dg/eh/weak1.C -std=gnu++2a execution test
FAIL: g++.dg/eh/weak1.C -std=gnu++98 execution test
WARNING: g++.dg/ext/packed3.C -std=c++17 (test for errors, line 22) program timed out.
XPASS: g++.dg/ext/sync-4.C -std=gnu++14 execution test
XPASS: g++.dg/ext/sync-4.C -std=gnu++17 execution test
XPASS: g++.dg/ext/sync-4.C -std=gnu++2a execution test
XPASS: g++.dg/ext/sync-4.C -std=gnu++98 execution test
FAIL: g++.dg/ipa/pr67056.C scan-ipa-dump cp "Speculative outer type:struct CompositeClass"
WARNING: g++.dg/other/error22.C -std=c++14 (test for errors, line 8) program timed out.
WARNING: g++.dg/overload/member1.C -std=c++98 (test for excess errors) program timed out.
FAIL: g++.dg/overload/member1.C -std=c++98 (test for excess errors)
FAIL: g++.dg/pr80481.C -std=gnu++14 scan-assembler-not vmovaps
FAIL: g++.dg/pr80481.C -std=gnu++17 scan-assembler-not vmovaps
FAIL: g++.dg/pr80481.C -std=gnu++2a scan-assembler-not vmovaps
FAIL: g++.dg/pr80481.C -std=gnu++98 scan-assembler-not vmovaps
WARNING: g++.dg/tree-ssa/pr20963.C -std=gnu++17 (test for excess errors) program timed out.
FAIL: g++.dg/tree-ssa/pr20963.C -std=gnu++17 (test for excess errors)
FAIL: g++.dg/tree-ssa/pr90883.C scan-tree-dump dse2 "Deleted redundant store: .*.a = {}"
WARNING: c-c++-common/gomp/pr90954.c -std=gnu++14 (test for excess errors) program timed out.
FAIL: c-c++-common/gomp/pr90954.c -std=gnu++14 (test for excess errors)
WARNING: g++.dg/gomp/member-4.C -std=c++2a (test for errors, line 8) program timed out.
FAIL: g++.dg/gomp/pr88182.C -std=gnu++14 (test for excess errors)
UNRESOLVED: g++.dg/gomp/pr88182.C -std=gnu++14 compilation failed to produce executable
FAIL: g++.dg/gomp/pr88182.C -std=gnu++17 (test for excess errors)
UNRESOLVED: g++.dg/gomp/pr88182.C -std=gnu++17 compilation failed to produce executable
FAIL: g++.dg/gomp/pr88182.C -std=gnu++2a (test for excess errors)
UNRESOLVED: g++.dg/gomp/pr88182.C -std=gnu++2a compilation failed to produce executable
FAIL: g++.dg/gomp/pr88182.C -std=gnu++98 (test for excess errors)
UNRESOLVED: g++.dg/gomp/pr88182.C -std=gnu++98 compilation failed to produce executable
FAIL: g++.dg/lto/devirt-19 cp_lto_devirt-19_0.o-cp_lto_devirt-19_0.o link, -O2 -fdump-ipa-cp -fipa-cp-clone -Wno-return-type -flto -r -nostdlib
FAIL: g++.dg/lto/pr65276 cp_lto_pr65276_0.o-cp_lto_pr65276_1.o link, -flto -O0 -std=c++11
FAIL: g++.dg/lto/pr89335 cp_lto_pr89335_0.o assemble, -O2 -flto -Wsuggest-final-methods
FAIL: g++.dg/tls/thread_local-order2.C -std=c++14 execution test
FAIL: g++.dg/tls/thread_local-order2.C -std=c++17 execution test
FAIL: g++.dg/tls/thread_local-order2.C -std=c++2a execution test
WARNING: c-c++-common/tm/safe-1.c -std=gnu++14 (test for errors, line 29) program timed out.
WARNING: g++.old-deja/g++.niklas/t138.C -std=c++17 (test for excess errors) program timed out.
FAIL: g++.old-deja/g++.niklas/t138.C -std=c++17 (test for excess errors)
WARNING: g++.old-deja/g++.other/local3.C -std=c++2a (test for excess errors) program timed out.
FAIL: g++.old-deja/g++.other/local3.C -std=c++2a (test for excess errors)
=== g++ Summary for unix/-m64 ===
# of expected passes 173329
# of unexpected failures 26
# of unexpected successes 4
# of expected failures 726
# of unresolved testcases 4
# of unsupported tests 7183
=== g++ Summary ===
# of expected passes 344567
# of unexpected failures 60
# of unexpected successes 8
# of expected failures 1448
# of unresolved testcases 8
# of unsupported tests 14136
/Volumes/Work/10-5-leo/gcc-trunk-wip/gcc/testsuite/g++/../../xg++ version 10.0.0 20191102 (experimental) [trunk revision 277743] (GCC)
=== gcc tests ===
Running target unix/-m32
WARNING: gcc.c-torture/compile/20080929-1.c -O2 -flto -flto-partition=none (test for excess errors) program timed out.
FAIL: gcc.c-torture/compile/20080929-1.c -O2 -flto -flto-partition=none (test for excess errors)
WARNING: gcc.c-torture/compile/941014-2.c -O1 (test for excess errors) program timed out.
FAIL: gcc.c-torture/compile/941014-2.c -O1 (test for excess errors)
WARNING: gcc.c-torture/compile/960220-1.c -Os (test for excess errors) program timed out.
FAIL: gcc.c-torture/compile/960220-1.c -Os (test for excess errors)
WARNING: gcc.c-torture/compile/pr44043.c -O2 -flto (test for excess errors) program timed out.
FAIL: gcc.c-torture/compile/pr44043.c -O2 -flto (test for excess errors)
WARNING: gcc.c-torture/compile/pr67506.c -O2 -flto -flto-partition=none (test for excess errors) program timed out.
FAIL: gcc.c-torture/compile/pr67506.c -O2 -flto -flto-partition=none (test for excess errors)
WARNING: gcc.c-torture/compile/signext.c -O1 (test for excess errors) program timed out.
FAIL: gcc.c-torture/compile/signext.c -O1 (test for excess errors)
WARNING: gcc.c-torture/execute/920603-1.c -O1 (test for excess errors) program timed out.
FAIL: gcc.c-torture/execute/920603-1.c -O1 (test for excess errors)
WARNING: gcc.c-torture/execute/ieee/acc1.c compilation, -O2 -flto program timed out.
FAIL: gcc.c-torture/execute/ieee/acc1.c compilation, -O2 -flto
UNRESOLVED: gcc.c-torture/execute/ieee/acc1.c execution, -O2 -flto
WARNING: gcc.dg/debug/redecl-1.c -gdwarf-2 -g1 -O (test for excess errors) program timed out.
FAIL: gcc.dg/debug/redecl-1.c -gdwarf-2 -g1 -O (test for excess errors)
WARNING: gcc.dg/debug/redecl-5.c -gstabs+ -O3 (test for excess errors) program timed out.
FAIL: gcc.dg/debug/redecl-5.c -gstabs+ -O3 (test for excess errors)
FAIL: gcc.dg/debug/dwarf2/inline4.c scan-assembler DW_TAG_inlined_subroutine[^\\\\(]*\\\\([^\\\\)]*\\\\)[^\\\\(]*\\\\(DIE \\\\(0x[0-9a-f]*\\\\) DW_TAG_formal_parameter[^\\\\(]*\\\\(DIE \\\\(0x[0-9a-f]*\\\\) DW_TAG_variable
FAIL: gcc.dg/debug/dwarf2/inline5.c scan-assembler-not \\\\(DIE \\\\(0x([0-9a-f]*)\\\\) DW_TAG_lexical_block\\\\)[^#/!@;\\\\|]*[#/!@;\\\\|]+ +[^(].*DW_TAG_lexical_block\\\\)[^#/!@;\\\\|x]*x\\\\1[^#/!@;\\\\|]*[#/!@;\\\\|] +DW_AT_abstract_origin
WARNING: gcc.dg/builtin-memchr-4.c (test for excess errors) program timed out.
FAIL: gcc.dg/builtin-memchr-4.c (test for excess errors)
WARNING: gcc.dg/fold-and-rshift-1.c (test for excess errors) program timed out.
FAIL: gcc.dg/fold-and-rshift-1.c (test for excess errors)
WARNING: gcc.dg/nodfp-1.c reject decimal float (test for errors, line 4) program timed out.
FAIL: gcc.dg/pr68766.c (internal compiler error)
FAIL: gcc.dg/pr68766.c (test for excess errors)
FAIL: gcc.dg/stack-layout-dynamic-1.c (test for excess errors)
UNRESOLVED: gcc.dg/stack-layout-dynamic-1.c scan-assembler-not cfi_def_cfa_register
FAIL: c-c++-common/goacc/firstprivate-mappings-1.c scan-tree-dump omplower "(?n)#pragma omp target oacc_parallel map\\\\(from:array_so \\\\[len: 4\\\\]\\\\) firstprivate\\\\(array_li.[0-9]+\\\\) map\\\\(tofrom:\\\\(\\\\*array.[0-9]+\\\\) \\\\[len: D\\\\.[0-9]+\\\\]\\\\) map\\\\(firstprivate:array \\\\[pointer assign, bias: 0\\\\]\\\\) \\\\["
FAIL: gcc.dg/ipa/ipa-icf-38.c scan-ltrans-tree-dump-not optimized "Function bar"
WARNING: gcc.dg/lto/20101009-2 c_lto_20101009-2_2.o assemble, -O0 -flto -flto-partition=1to1 program timed out.
FAIL: gcc.dg/lto/20101009-2 c_lto_20101009-2_2.o assemble, -O0 -flto -flto-partition=1to1
FAIL: gcc.dg/torture/builtin-self.c -O0 scan-assembler-not \\tcall
WARNING: gcc.dg/torture/float32x-nan.c -O2 -flto (test for excess errors) program timed out.
FAIL: gcc.dg/torture/float32x-nan.c -O2 -flto (test for excess errors)
WARNING: gcc.dg/torture/stackalign/alloca-1.c -O1 -fpic (test for excess errors) program timed out.
FAIL: gcc.dg/torture/stackalign/alloca-1.c -O1 -fpic (test for excess errors)
WARNING: gcc.dg/torture/stackalign/alloca-6.c -Os (test for excess errors) program timed out.
FAIL: gcc.dg/torture/stackalign/alloca-6.c -Os (test for excess errors)
WARNING: gcc.dg/tree-ssa/loadpre8.c (test for excess errors) program timed out.
FAIL: gcc.dg/tree-ssa/loadpre8.c (test for excess errors)
WARNING: gcc.dg/tree-ssa/pr87022.c (test for excess errors) program timed out.
FAIL: gcc.dg/tree-ssa/pr87022.c (test for excess errors)
FAIL: gcc.dg/vect/vect-epilogues.c -flto -ffat-lto-objects scan-tree-dump vect "LOOP EPILOGUE VECTORIZED"
FAIL: gcc.dg/vect/vect-epilogues.c scan-tree-dump vect "LOOP EPILOGUE VECTORIZED"
XPASS: gcc.dg/vect/vect-reduc-in-order-1.c -flto -ffat-lto-objects execution test
XPASS: gcc.dg/vect/vect-reduc-in-order-1.c execution test
XPASS: gcc.dg/vect/vect-reduc-in-order-2.c -flto -ffat-lto-objects execution test
XPASS: gcc.dg/vect/vect-reduc-in-order-2.c execution test
XPASS: gcc.dg/vect/vect-reduc-in-order-3.c -flto -ffat-lto-objects execution test
XPASS: gcc.dg/vect/vect-reduc-in-order-3.c execution test
XPASS: gcc.dg/vect/vect-reduc-in-order-4.c -flto -ffat-lto-objects execution test
XPASS: gcc.dg/vect/vect-reduc-in-order-4.c execution test
FAIL: gcc.target/i386/pad-3.c scan-assembler-not nop
FAIL: gcc.target/i386/pr15184-1.c scan-assembler-times movb[ \\\\t]+%al 4
FAIL: gcc.target/i386/pr15184-2.c scan-assembler-times movb[ \\\\t]+%al 2
FAIL: gcc.target/i386/pr36502.c scan-assembler-not esp
FAIL: gcc.target/i386/pr54855-3.c scan-assembler-not movsd
FAIL: gcc.target/i386/pr54855-7.c scan-assembler-not movss
FAIL: gcc.target/i386/pr57193.c scan-assembler-times movdqa 2
WARNING: gcc.target/i386/pr60205-2.c (test for warnings, line 12) program timed out.
FAIL: gcc.target/i386/pr66334.c scan-assembler movl[ \\\\t].+, %ebx
FAIL: gcc.target/i386/pr71245-1.c scan-assembler-not (fistp|fild)
FAIL: gcc.target/i386/pr71245-2.c scan-assembler-not movlps
FAIL: gcc.target/i386/pr78035.c scan-assembler-times cmp 2
FAIL: gcc.target/i386/pr81736-5.c scan-assembler-not %[re]bp
FAIL: gcc.target/i386/pr83008.c scan-assembler-not vmovdq(a|u)(32|64)
FAIL: gcc.target/i386/pr84278.c scan-assembler-not \\\\(%.sp\\\\)
FAIL: gcc.target/i386/pr85667-6.c scan-assembler-times flds[^\\n\\r]* 1
FAIL: gcc.target/i386/pr88414.c (internal compiler error)
FAIL: gcc.target/i386/pr88414.c (test for excess errors)
FAIL: gcc.target/i386/pr92258.c (test for excess errors)
=== gcc Summary for unix/-m32 ===
# of expected passes 129028
# of unexpected failures 46
# of unexpected successes 8
# of expected failures 540
# of unresolved testcases 2
# of unsupported tests 4783
Running target unix/-m64
WARNING: gcc.c-torture/compile/20011130-2.c -O2 -flto (test for excess errors) program timed out.
FAIL: gcc.c-torture/compile/20011130-2.c -O2 -flto (test for excess errors)
WARNING: gcc.c-torture/compile/20020926-1.c -O1 (test for excess errors) program timed out.
FAIL: gcc.c-torture/compile/20020926-1.c -O1 (test for excess errors)
WARNING: gcc.c-torture/compile/921024-1.c -Os (test for excess errors) program timed out.
FAIL: gcc.c-torture/compile/921024-1.c -Os (test for excess errors)
WARNING: gcc.c-torture/compile/931013-3.c -Os (test for excess errors) program timed out.
FAIL: gcc.c-torture/compile/931013-3.c -Os (test for excess errors)
WARNING: gcc.c-torture/execute/991216-1.c -O2 -flto -flto-partition=none (test for excess errors) program timed out.
FAIL: gcc.c-torture/execute/991216-1.c -O2 -flto -flto-partition=none (test for excess errors)
WARNING: gcc.c-torture/execute/pr38048-1.c -Os (test for excess errors) program timed out.
FAIL: gcc.c-torture/execute/pr38048-1.c -Os (test for excess errors)
WARNING: gcc.c-torture/execute/ssad-run.c -O2 -flto (test for excess errors) program timed out.
FAIL: gcc.c-torture/execute/ssad-run.c -O2 -flto (test for excess errors)
FAIL: gcc.dg/atomic/c11-atomic-exec-5.c -O0 execution test
FAIL: gcc.dg/atomic/c11-atomic-exec-5.c -O1 execution test
FAIL: gcc.dg/atomic/c11-atomic-exec-5.c -O2 execution test
FAIL: gcc.dg/atomic/c11-atomic-exec-5.c -O2 -flto execution test
FAIL: gcc.dg/atomic/c11-atomic-exec-5.c -O2 -flto -flto-partition=none execution test
FAIL: gcc.dg/atomic/c11-atomic-exec-5.c -O3 -fomit-frame-pointer -funroll-loops -fpeel-loops -ftracer -finline-functions execution test
FAIL: gcc.dg/atomic/c11-atomic-exec-5.c -O3 -g execution test
FAIL: gcc.dg/atomic/c11-atomic-exec-5.c -Os execution test
WARNING: gcc.dg/compat/struct-by-value-6a c_compat_x_tst.o compile program timed out.
FAIL: gcc.dg/compat/struct-by-value-6a c_compat_x_tst.o compile
WARNING: gcc.dg/debug/dwarf2-1.c -gstabs+3 -O3 (test for excess errors) program timed out.
FAIL: gcc.dg/debug/dwarf2-1.c -gstabs+3 -O3 (test for excess errors)
FAIL: gcc.dg/debug/dwarf2/inline4.c scan-assembler DW_TAG_inlined_subroutine[^\\\\(]*\\\\([^\\\\)]*\\\\)[^\\\\(]*\\\\(DIE \\\\(0x[0-9a-f]*\\\\) DW_TAG_formal_parameter[^\\\\(]*\\\\(DIE \\\\(0x[0-9a-f]*\\\\) DW_TAG_variable
FAIL: gcc.dg/debug/dwarf2/inline5.c scan-assembler-not \\\\(DIE \\\\(0x([0-9a-f]*)\\\\) DW_TAG_lexical_block\\\\)[^#/!@;\\\\|]*[#/!@;\\\\|]+ +[^(].*DW_TAG_lexical_block\\\\)[^#/!@;\\\\|x]*x\\\\1[^#/!@;\\\\|]*[#/!@;\\\\|] +DW_AT_abstract_origin
FAIL: gcc.dg/attr-weakref-1.c execution test
WARNING: gcc.dg/inline-6.c (test for excess errors) program timed out.
FAIL: gcc.dg/inline-6.c (test for excess errors)
WARNING: gcc.dg/pr26632.c (test for bogus messages, line 13) program timed out.
FAIL: gcc.dg/pr26632.c (test for excess errors)
FAIL: gcc.dg/pr68766.c (internal compiler error)
FAIL: gcc.dg/pr68766.c (test for excess errors)
FAIL: gcc.dg/stack-layout-dynamic-1.c (test for excess errors)
UNRESOLVED: gcc.dg/stack-layout-dynamic-1.c scan-assembler-not cfi_def_cfa_register
FAIL: gcc.dg/strlenopt-82.c scan-tree-dump-times optimized "call_in_true_branch_not_eliminated_" 0
FAIL: gcc.dg/ipa/ipa-icf-38.c scan-ltrans-tree-dump-not optimized "Function bar"
WARNING: ./cpp-3.h -Os (test for excess errors) program timed out.
FAIL: ./cpp-3.h -Os (test for excess errors)
FAIL: gcc.dg/rtl/x86_64/final.c (internal compiler error)
FAIL: gcc.dg/rtl/x86_64/final.c (test for excess errors)
UNRESOLVED: gcc.dg/rtl/x86_64/final.c scan-assembler .cfi_endproc
UNRESOLVED: gcc.dg/rtl/x86_64/final.c scan-assembler .cfi_startproc
UNRESOLVED: gcc.dg/rtl/x86_64/final.c scan-assembler ret
UNRESOLVED: gcc.dg/rtl/x86_64/final.c scan-assembler test_1:
WARNING: gcc.dg/torture/pr53516.c -O1 (test for excess errors) program timed out.
FAIL: gcc.dg/torture/pr53516.c -O1 (test for excess errors)
XPASS: gcc.dg/tree-ssa/builtin-snprintf-6.c scan-tree-dump-times optimized "Function test_assign_aggregate" 1
WARNING: gcc.dg/tree-ssa/calloc-2.c (test for excess errors) program timed out.
FAIL: gcc.dg/tree-ssa/calloc-2.c (test for excess errors)
XPASS: gcc.dg/tree-ssa/pr91091-2.c scan-tree-dump-times fre1 " = [^;]*x;" 1
XPASS: gcc.dg/tree-ssa/pr91091-2.c scan-tree-dump-times fre1 "x = " 1
XPASS: gcc.dg/tree-ssa/ssa-fre-77.c scan-tree-dump fre1 "return 1;"
FAIL: gcc.target/i386/pr57193.c scan-assembler-times movdqa 2
FAIL: gcc.target/i386/pr78035.c scan-assembler-times cmp 2
FAIL: gcc.target/i386/pr83008.c scan-assembler-not vmovdq(a|u)(32|64)
FAIL: gcc.target/i386/pr92258.c (test for excess errors)
FAIL: gcc.target/i386/stackalign/pr88483-1.c -mno-stackrealign scan-assembler-not and[lq]?[^\\\\n]*-[0-9]+,[^\\\\n]*sp
FAIL: gcc.target/i386/stackalign/pr88483-1.c -mstackrealign scan-assembler-not and[lq]?[^\\\\n]*-[0-9]+,[^\\\\n]*sp
FAIL: gcc.target/i386/stackalign/pr88483-2.c -mno-stackrealign scan-assembler-not (sub|add)(l|q)[\\\\t ]*\\\\\$[0-9]*,[\\\\t ]*%[re]?sp
FAIL: gcc.target/i386/stackalign/pr88483-2.c -mno-stackrealign scan-assembler-not and[lq]?[^\\\\n]*-[0-9]+,[^\\\\n]*sp
FAIL: gcc.target/i386/stackalign/pr88483-2.c -mstackrealign scan-assembler-not (sub|add)(l|q)[\\\\t ]*\\\\\$[0-9]*,[\\\\t ]*%[re]?sp
FAIL: gcc.target/i386/stackalign/pr88483-2.c -mstackrealign scan-assembler-not and[lq]?[^\\\\n]*-[0-9]+,[^\\\\n]*sp
=== gcc Summary for unix/-m64 ===
# of expected passes 130868
# of unexpected failures 42
# of unexpected successes 4
# of expected failures 544
# of unresolved testcases 5
# of unsupported tests 4630
=== gcc Summary ===
# of expected passes 259896
# of unexpected failures 88
# of unexpected successes 12
# of expected failures 1084
# of unresolved testcases 7
# of unsupported tests 9413
/Volumes/Work/10-5-leo/gcc-trunk-wip/gcc/xgcc version 10.0.0 20191102 (experimental) [trunk revision 277743] (GCC)
=== gfortran tests ===
Running target unix/-m32
WARNING: gfortran.dg/array_constructor_20.f90 -O (test for excess errors) program timed out.
FAIL: gfortran.dg/array_constructor_20.f90 -O (test for excess errors)
WARNING: gfortran.dg/dependency_40.f90 -O2 (test for excess errors) program timed out.
FAIL: gfortran.dg/dependency_40.f90 -O2 (test for excess errors)
WARNING: gfortran.dg/team_number_1.f90 -O2 (test for excess errors) program timed out.
FAIL: gfortran.dg/team_number_1.f90 -O2 (test for excess errors)
WARNING: gfortran.dg/uncommon_block_data_1.f90 -O (test for errors, line 8) program timed out.
=== gfortran Summary for unix/-m32 ===
# of expected passes 50617
# of unexpected failures 3
# of expected failures 185
# of unsupported tests 205
Running target unix/-m64
WARNING: gfortran.dg/implicit_class_1.f90 -O1 (test for excess errors) program timed out.
WARNING: gfortran.dg/init_flag_9.f90 -O1 (test for excess errors) program timed out.
FAIL: gfortran.dg/init_flag_9.f90 -O1 (test for excess errors)
WARNING: gfortran.dg/open_errors.f90 -O3 -fomit-frame-pointer -funroll-loops -fpeel-loops -ftracer -finline-functions (test for excess errors) program timed out.
FAIL: gfortran.dg/open_errors.f90 -O3 -fomit-frame-pointer -funroll-loops -fpeel-loops -ftracer -finline-functions (test for excess errors)
=== gfortran Summary for unix/-m64 ===
# of expected passes 50849
# of unexpected failures 2
# of expected failures 185
# of unsupported tests 94
=== gfortran Summary ===
# of expected passes 101466
# of unexpected failures 5
# of expected failures 370
# of unsupported tests 299
/Volumes/Work/10-5-leo/gcc-trunk-wip/gcc/testsuite/gfortran/../../gfortran version 10.0.0 20191102 (experimental) [trunk revision 277743] (GCC)
=== gnat tests ===
Running target unix/-m32
FAIL: gnat.dg/bias1.adb scan-assembler DW_AT_GNU_bias
WARNING: gnat.dg/volatile6.adb (test for excess errors) program timed out.
=== gnat Summary for unix/-m32 ===
# of expected passes 3263
# of unexpected failures 1
# of expected failures 23
# of unsupported tests 13
Running target unix/-m64
FAIL: gnat.dg/bias1.adb scan-assembler DW_AT_GNU_bias
WARNING: gnat.dg/inline21_h.adb (test for excess errors) program timed out.
WARNING: gnat.dg/object_overflow1.adb (test for warnings, line 10) program timed out.
WARNING: gnat.dg/valid4.adb (test for excess errors) program timed out.
=== gnat Summary for unix/-m64 ===
# of expected passes 3263
# of unexpected failures 1
# of expected failures 23
# of unsupported tests 13
=== gnat Summary ===
# of expected passes 6526
# of unexpected failures 2
# of expected failures 46
# of unsupported tests 26
/Volumes/Work/10-5-leo/gcc-trunk-wip/gcc/gnatmake version 10.0.0 20191102 (experimental) [trunk revision 277743]
=== obj-c++ tests ===
Running target unix/-m32
=== obj-c++ Summary for unix/-m32 ===
# of expected passes 3103
# of expected failures 2
# of unsupported tests 62
Running target unix/-m64
FAIL: obj-c++.dg/bitfield-2.mm -fnext-runtime execution test
FAIL: obj-c++.dg/property/synthesize-10.mm -fnext-runtime execution test
=== obj-c++ Summary for unix/-m64 ===
# of expected passes 3047
# of unexpected failures 2
# of expected failures 19
# of unsupported tests 67
=== obj-c++ Summary ===
# of expected passes 6150
# of unexpected failures 2
# of expected failures 21
# of unsupported tests 129
/Volumes/Work/10-5-leo/gcc-trunk-wip/gcc/testsuite/obj-c++/../../xg++ version 10.0.0 20191102 (experimental) [trunk revision 277743] (GCC)
=== objc tests ===
Running target unix/-m32
FAIL: objc.dg/ivar-scope-4.m -fnext-runtime execution test
WARNING: objc.dg/method-20.m -fgnu-runtime (test for errors, line 7) program timed out.
=== objc Summary for unix/-m32 ===
# of expected passes 5633
# of unexpected failures 1
# of expected failures 6
# of unsupported tests 78
Running target unix/-m64
FAIL: objc.dg/ivar-scope-4.m -fnext-runtime execution test
=== objc Summary for unix/-m64 ===
# of expected passes 5581
# of unexpected failures 1
# of expected failures 12
# of unsupported tests 85
=== objc Summary ===
# of expected passes 11214
# of unexpected failures 2
# of expected failures 18
# of unsupported tests 163
/Volumes/Work/10-5-leo/gcc-trunk-wip/gcc/xgcc version 10.0.0 20191102 (experimental) [trunk revision 277743] (GCC)
=== libatomic tests ===
Running target unix/-m32
=== libatomic Summary for unix/-m32 ===
# of expected passes 44
# of unsupported tests 5
Running target unix/-m64
=== libatomic Summary for unix/-m64 ===
# of expected passes 54
=== libatomic Summary ===
# of expected passes 98
# of unsupported tests 5
=== libgomp tests ===
Running target unix/-m32
WARNING: program timed out.
FAIL: libgomp.c/pr32468.c (test for excess errors)
WARNING: program timed out.
FAIL: libgomp.c++/task-reduction-10.C execution test
WARNING: program timed out.
FAIL: libgomp.c++/task-reduction-8.C execution test
=== libgomp Summary for unix/-m32 ===
# of expected passes 6950
# of unexpected failures 3
# of expected failures 2
# of unsupported tests 426
Running target unix/-m64
FAIL: libgomp.c/../libgomp.c-c++-common/loop-1.c execution test
FAIL: libgomp.c/../libgomp.c-c++-common/pr66199-5.c execution test
FAIL: libgomp.c/pr58392.c execution test
FAIL: libgomp.c/scan-19.c execution test
FAIL: libgomp.c/scan-20.c execution test
FAIL: libgomp.c/simd-10.c execution test
FAIL: libgomp.c/simd-12.c execution test
FAIL: libgomp.c/simd-13.c execution test
FAIL: libgomp.c/simd-6.c execution test
FAIL: libgomp.c++/../libgomp.c-c++-common/loop-1.c execution test
FAIL: libgomp.c++/simd-8.C execution test
WARNING: program timed out.
FAIL: libgomp.c++/task-reduction-10.C execution test
WARNING: program timed out.
FAIL: libgomp.c++/task-reduction-8.C execution test
FAIL: libgomp.fortran/nestedfn5.f90 -O1 execution test
FAIL: libgomp.fortran/nestedfn5.f90 -O2 execution test
FAIL: libgomp.fortran/nestedfn5.f90 -O3 -fomit-frame-pointer -funroll-loops -fpeel-loops -ftracer -finline-functions execution test
FAIL: libgomp.fortran/nestedfn5.f90 -O3 -g execution test
FAIL: libgomp.fortran/nestedfn5.f90 -Os execution test
FAIL: libgomp.fortran/simd1.f90 -O1 execution test
FAIL: libgomp.fortran/simd1.f90 -O2 execution test
FAIL: libgomp.fortran/simd1.f90 -O3 -fomit-frame-pointer -funroll-loops -fpeel-loops -ftracer -finline-functions execution test
FAIL: libgomp.fortran/simd1.f90 -O3 -g execution test
FAIL: libgomp.fortran/simd1.f90 -Os execution test
=== libgomp Summary for unix/-m64 ===
# of expected passes 6930
# of unexpected failures 23
# of expected failures 2
# of unsupported tests 426
=== libgomp Summary ===
# of expected passes 13880
# of unexpected failures 26
# of expected failures 4
# of unsupported tests 852
=== libitm tests ===
Running target unix/-m32
=== libitm Summary for unix/-m32 ===
# of expected passes 40
# of expected failures 3
# of unsupported tests 2
Running target unix/-m64
=== libitm Summary for unix/-m64 ===
# of expected passes 40
# of expected failures 3
# of unsupported tests 2
=== libitm Summary ===
# of expected passes 80
# of expected failures 6
# of unsupported tests 4
=== libstdc++ tests ===
Running target unix/-m32
WARNING: 25_algorithms/minmax/requirements/explicit_instantiation/3.cc (test for excess errors) program timed out.
FAIL: 25_algorithms/minmax/requirements/explicit_instantiation/3.cc (test for excess errors)
FAIL: 27_io/basic_filebuf/open/char/2.cc execution test
WARNING: 30_threads/condition_variable/54185.cc execution test program timed out.
FAIL: 30_threads/condition_variable/54185.cc execution test
FAIL: experimental/net/internet/resolver/ops/reverse.cc execution test
FAIL: ext/mt_allocator/deallocate_global_thread-1.cc execution test
FAIL: ext/mt_allocator/deallocate_global_thread-3.cc execution test
FAIL: ext/stdio_filebuf/char/10063-2.cc execution test
FAIL: ext/stdio_filebuf/char/81751.cc execution test
=== libstdc++ Summary for unix/-m32 ===
# of expected passes 12394
# of unexpected failures 8
# of expected failures 92
# of unsupported tests 754
Running target unix/-m64
FAIL: 27_io/basic_filebuf/open/char/2.cc execution test
FAIL: 27_io/filesystem/operations/last_write_time.cc execution test
WARNING: 30_threads/condition_variable/54185.cc execution test program timed out.
FAIL: 30_threads/condition_variable/54185.cc execution test
FAIL: experimental/filesystem/operations/last_write_time.cc execution test
FAIL: experimental/net/internet/resolver/ops/reverse.cc execution test
FAIL: ext/mt_allocator/deallocate_global_thread-1.cc execution test
FAIL: ext/mt_allocator/deallocate_global_thread-3.cc execution test
FAIL: ext/stdio_filebuf/char/10063-2.cc execution test
FAIL: ext/stdio_filebuf/char/81751.cc execution test
WARNING: tr1/6_containers/unordered_multimap/insert/multimap_single.cc (test for excess errors) program timed out.
FAIL: tr1/6_containers/unordered_multimap/insert/multimap_single.cc (test for excess errors)
=== libstdc++ Summary for unix/-m64 ===
# of expected passes 12390
# of unexpected failures 10
# of expected failures 92
# of unsupported tests 755
=== libstdc++ Summary ===
# of expected passes 24784
# of unexpected failures 18
# of expected failures 184
# of unsupported tests 1509
Compiler version: 10.0.0 20191102 (experimental) [trunk revision 277743] (GCC)
Platform: i686-apple-darwin9
configure flags: --prefix=/opt/iains/i686-apple-darwin9/gcc-10-0-0 --target=i686-apple-darwin9 --host=i686-apple-darwin9 --build=i686-apple-darwin9 --disable-nls --enable-version-specific-runtime-libs --enable-languages=all --with-ld=/usr/bin/ld --with-as=/usr/bin/as --enable-checking=yes CC=gcc CXX=g++