This is the mail archive of the
gcc-testresults@gcc.gnu.org
mailing list for the GCC project.
Results for 10.0.0 20190806 (experimental) [trunk revision 274138] (GCC) testsuite on powerpc-apple-darwin9
- From: Iain Sandoe <iains dot gcc at gmail dot com>
- To: GCC-testresults at gcc dot gnu dot org
- Date: Wed, 7 Aug 2019 13:20:22 +0100
- Subject: Results for 10.0.0 20190806 (experimental) [trunk revision 274138] (GCC) testsuite on powerpc-apple-darwin9
LAST_UPDATED: Tue Aug 6 07:31:54 UTC 2019 (revision 274138)
=== acats tests ===
FAIL: c761003
=== acats Summary ===
# of expected passes 2319
# of unexpected failures 1
Native configuration is powerpc-apple-darwin9
=== g++ tests ===
Running target unix/-m32
FAIL: g++.dg/ipa/pr67056.C scan-ipa-dump cp "Speculative outer type:struct CompositeClass"
FAIL: g++.dg/opt/flifetime-dse2.C -std=gnu++14 execution test
FAIL: g++.dg/opt/flifetime-dse2.C -std=gnu++17 execution test
FAIL: g++.dg/opt/flifetime-dse2.C -std=gnu++98 execution test
FAIL: g++.dg/opt/flifetime-dse4.C -std=gnu++14 execution test
FAIL: g++.dg/opt/flifetime-dse4.C -std=gnu++17 execution test
FAIL: g++.dg/opt/flifetime-dse4.C -std=gnu++98 execution test
FAIL: g++.dg/tree-ssa/pr90883.C scan-tree-dump dse1 "Deleted redundant store: .*.a = {}"
FAIL: g++.dg/warn/Warray-bounds-4.C -std=gnu++14 (test for warnings, line 25)
FAIL: g++.dg/warn/Warray-bounds-4.C -std=gnu++14 (test for excess errors)
FAIL: g++.dg/warn/Warray-bounds-4.C -std=gnu++17 (test for warnings, line 25)
FAIL: g++.dg/warn/Warray-bounds-4.C -std=gnu++17 (test for excess errors)
FAIL: g++.dg/warn/Warray-bounds-4.C -std=gnu++98 (test for warnings, line 25)
FAIL: g++.dg/warn/Warray-bounds-4.C -std=gnu++98 (test for excess errors)
FAIL: g++.dg/lto/20091210-1 cp_lto_20091210-1_0.o-cp_lto_20091210-1_1.o link, -O0 -flto
FAIL: g++.dg/lto/20101126-1 cp_lto_20101126-1_0.o-cp_lto_20101126-1_1.o link, -O0 -flto -flto-partition=1to1
FAIL: g++.dg/lto/pr65276 cp_lto_pr65276_0.o-cp_lto_pr65276_1.o link, -flto -O0 -std=c++11
FAIL: g++.dg/lto/pr65549 cp_lto_pr65549_0.o-cp_lto_pr65549_0.o link, -std=gnu++14 -flto -g -O2 -fno-inline -flto-partition=max -Wno-return-type
FAIL: g++.dg/lto/pr89335 cp_lto_pr89335_0.o assemble, -O2 -flto -Wsuggest-final-methods
FAIL: g++.dg/tls/thread_local-order2.C -std=c++14 execution test
FAIL: g++.dg/tls/thread_local-order2.C -std=c++17 execution test
FAIL: g++.dg/torture/pr33887-2.C -O2 -flto (test for excess errors)
FAIL: g++.dg/torture/pr41257-2.C -O2 -flto (test for excess errors)
FAIL: g++.dg/torture/pr81977.C -O2 -flto (test for excess errors)
FAIL: g++.dg/torture/stackalign/throw-4.C -O2 -flto (test for excess errors)
=== g++ Summary for unix/-m32 ===
# of expected passes 123963
# of unexpected failures 25
# of expected failures 538
# of unsupported tests 6269
Running target unix/-m64
XPASS: g++.dg/ext/sync-4.C -std=gnu++14 execution test
XPASS: g++.dg/ext/sync-4.C -std=gnu++17 execution test
XPASS: g++.dg/ext/sync-4.C -std=gnu++98 execution test
FAIL: g++.dg/ipa/pr67056.C scan-ipa-dump cp "Speculative outer type:struct CompositeClass"
FAIL: g++.dg/opt/flifetime-dse2.C -std=gnu++14 execution test
FAIL: g++.dg/opt/flifetime-dse2.C -std=gnu++17 execution test
FAIL: g++.dg/opt/flifetime-dse2.C -std=gnu++98 execution test
FAIL: g++.dg/opt/flifetime-dse4.C -std=gnu++14 execution test
FAIL: g++.dg/opt/flifetime-dse4.C -std=gnu++17 execution test
FAIL: g++.dg/opt/flifetime-dse4.C -std=gnu++98 execution test
FAIL: g++.dg/warn/Warray-bounds-4.C -std=gnu++14 (test for warnings, line 25)
FAIL: g++.dg/warn/Warray-bounds-4.C -std=gnu++14 (test for excess errors)
FAIL: g++.dg/warn/Warray-bounds-4.C -std=gnu++17 (test for warnings, line 25)
FAIL: g++.dg/warn/Warray-bounds-4.C -std=gnu++17 (test for excess errors)
FAIL: g++.dg/warn/Warray-bounds-4.C -std=gnu++98 (test for warnings, line 25)
FAIL: g++.dg/warn/Warray-bounds-4.C -std=gnu++98 (test for excess errors)
FAIL: g++.dg/lto/20081217-1 cp_lto_20081217-1_0.o-cp_lto_20081217-1_0.o link, -O2 -flto -flto-partition=1to1
FAIL: g++.dg/lto/20101010-2 cp_lto_20101010-2_0.o-cp_lto_20101010-2_0.o link, -O0 -flto
FAIL: g++.dg/lto/odr-5 cp_lto_odr-5_0.o-cp_lto_odr-5_1.o link, -O0 -flto -flto-partition=1to1
FAIL: g++.dg/lto/pr52605 cp_lto_pr52605_0.o-cp_lto_pr52605_0.o link, -flto -g
FAIL: g++.dg/lto/pr64076 cp_lto_pr64076_0.o-cp_lto_pr64076_1.o link, -O2 -flto
FAIL: g++.dg/lto/pr65276 cp_lto_pr65276_0.o-cp_lto_pr65276_1.o link, -flto -O0 -std=c++11
FAIL: g++.dg/lto/pr79671 cp_lto_pr79671_0.o-cp_lto_pr79671_1.o link, -O0 -flto
FAIL: g++.dg/lto/pr79671 cp_lto_pr79671_0.o-cp_lto_pr79671_1.o link, -O0 -flto -flto-partition=1to1
FAIL: g++.dg/lto/pr89335 cp_lto_pr89335_0.o assemble, -O2 -flto -Wsuggest-final-methods
FAIL: g++.dg/tls/thread_local-order2.C -std=c++14 execution test
FAIL: g++.dg/tls/thread_local-order2.C -std=c++17 execution test
FAIL: c-c++-common/torture/builtin-arith-overflow-p-13.c -O2 -flto (test for excess errors)
FAIL: c-c++-common/torture/complex-sign-mul.c -O2 -flto (test for excess errors)
FAIL: g++.dg/torture/pr45843.C -O3 -g (test for excess errors)
UNRESOLVED: g++.dg/torture/pr45843.C -O3 -g compilation failed to produce executable
FAIL: g++.dg/torture/pr71874.C -Os execution test
FAIL: g++.dg/torture/pr85496.C -O1 (internal compiler error)
FAIL: g++.dg/torture/pr85496.C -O1 (test for excess errors)
FAIL: g++.dg/torture/pr85496.C -O2 (internal compiler error)
FAIL: g++.dg/torture/pr85496.C -O2 (test for excess errors)
FAIL: g++.dg/torture/pr85496.C -O2 -flto (internal compiler error)
FAIL: g++.dg/torture/pr85496.C -O2 -flto (test for excess errors)
FAIL: g++.dg/torture/pr85496.C -O2 -flto -flto-partition=none (internal compiler error)
FAIL: g++.dg/torture/pr85496.C -O2 -flto -flto-partition=none (test for excess errors)
FAIL: g++.dg/torture/pr85496.C -O3 -g (internal compiler error)
FAIL: g++.dg/torture/pr85496.C -O3 -g (test for excess errors)
FAIL: g++.dg/torture/pr85496.C -Os (internal compiler error)
FAIL: g++.dg/torture/pr85496.C -Os (test for excess errors)
FAIL: g++.dg/torture/stackalign/eh-alloca-1.C -O2 -flto (test for excess errors)
=== g++ Summary for unix/-m64 ===
# of expected passes 125896
# of unexpected failures 41
# of unexpected successes 3
# of expected failures 538
# of unresolved testcases 1
# of unsupported tests 6217
=== g++ Summary ===
# of expected passes 249859
# of unexpected failures 66
# of unexpected successes 3
# of expected failures 1076
# of unresolved testcases 1
# of unsupported tests 12486
/Volumes/scratch/10-5-leo/powerpc-trunk/gcc/testsuite/g++/../../xg++ version 10.0.0 20190806 (experimental) [trunk revision 274138] (GCC)
=== gcc tests ===
Running target unix/-m32
FAIL: gcc.c-torture/execute/20050316-3.c -O2 -flto (test for excess errors)
FAIL: gcc.c-torture/execute/20141107-1.c -O0 execution test
FAIL: gcc.c-torture/execute/20141107-1.c -O1 (internal compiler error)
FAIL: gcc.c-torture/execute/20141107-1.c -O1 (test for excess errors)
UNRESOLVED: gcc.c-torture/execute/20141107-1.c -O1 compilation failed to produce executable
FAIL: gcc.c-torture/execute/20141107-1.c -O2 (internal compiler error)
FAIL: gcc.c-torture/execute/20141107-1.c -O2 (test for excess errors)
UNRESOLVED: gcc.c-torture/execute/20141107-1.c -O2 compilation failed to produce executable
FAIL: gcc.c-torture/execute/20141107-1.c -O2 -flto (internal compiler error)
FAIL: gcc.c-torture/execute/20141107-1.c -O2 -flto (test for excess errors)
UNRESOLVED: gcc.c-torture/execute/20141107-1.c -O2 -flto compilation failed to produce executable
FAIL: gcc.c-torture/execute/20141107-1.c -O2 -flto -flto-partition=none (internal compiler error)
FAIL: gcc.c-torture/execute/20141107-1.c -O2 -flto -flto-partition=none (test for excess errors)
UNRESOLVED: gcc.c-torture/execute/20141107-1.c -O2 -flto -flto-partition=none compilation failed to produce executable
FAIL: gcc.c-torture/execute/20141107-1.c -O3 -g (internal compiler error)
FAIL: gcc.c-torture/execute/20141107-1.c -O3 -g (test for excess errors)
UNRESOLVED: gcc.c-torture/execute/20141107-1.c -O3 -g compilation failed to produce executable
FAIL: gcc.c-torture/execute/20141107-1.c -Os (internal compiler error)
FAIL: gcc.c-torture/execute/20141107-1.c -Os (test for excess errors)
UNRESOLVED: gcc.c-torture/execute/20141107-1.c -Os compilation failed to produce executable
FAIL: gcc.c-torture/execute/941014-1.c -O2 -flto (test for excess errors)
FAIL: gcc.c-torture/execute/950322-1.c -O2 -flto (test for excess errors)
FAIL: gcc.c-torture/execute/960311-3.c -O2 -flto (test for excess errors)
FAIL: gcc.c-torture/execute/960830-1.c -O2 -flto (test for excess errors)
FAIL: gcc.c-torture/execute/970214-2.c -O2 -flto (test for excess errors)
FAIL: gcc.c-torture/execute/980223.c -O2 -flto (test for excess errors)
FAIL: gcc.c-torture/execute/990222-1.c -O2 -flto (test for excess errors)
FAIL: gcc.c-torture/execute/990804-1.c -O2 -flto (test for excess errors)
FAIL: gcc.c-torture/execute/991030-1.c -O2 -flto (test for excess errors)
FAIL: gcc.c-torture/execute/bitfld-2.c -O2 -flto (test for excess errors)
FAIL: gcc.c-torture/execute/divcmp-4.c -O2 -flto (test for excess errors)
FAIL: gcc.c-torture/execute/fprintf-1.c -O2 -flto (test for excess errors)
FAIL: gcc.c-torture/execute/pr17078-1.c -O2 -flto (test for excess errors)
FAIL: gcc.c-torture/execute/pr22061-2.c -O2 -flto (test for excess errors)
FAIL: gcc.c-torture/execute/pr23324.c -O2 -flto (test for excess errors)
FAIL: gcc.c-torture/execute/pr24141.c -O2 -flto (test for excess errors)
FAIL: gcc.c-torture/execute/pr38969.c -O2 -flto (test for excess errors)
FAIL: gcc.c-torture/execute/pr40022.c -O2 -flto (test for excess errors)
FAIL: gcc.c-torture/execute/pr41750.c -O2 -flto (test for excess errors)
FAIL: gcc.c-torture/execute/pr42269-2.c -O2 -flto (test for excess errors)
FAIL: gcc.c-torture/execute/pr44575.c -O2 -flto (test for excess errors)
FAIL: gcc.c-torture/execute/pr49712.c -O2 -flto (test for excess errors)
FAIL: gcc.c-torture/execute/pr58564.c -O2 -flto (test for excess errors)
FAIL: gcc.c-torture/execute/pr58570.c -O2 -flto (test for excess errors)
FAIL: gcc.c-torture/execute/pr61306-3.c -O2 -flto (test for excess errors)
FAIL: gcc.c-torture/execute/pr63209.c -O2 -flto (test for excess errors)
FAIL: gcc.c-torture/execute/pr68143_1.c -O2 -flto (test for excess errors)
FAIL: gcc.c-torture/execute/pr69320-3.c -O2 -flto (test for excess errors)
FAIL: gcc.c-torture/execute/pr78438.c -O2 -flto (test for excess errors)
FAIL: gcc.c-torture/execute/pr83298.c -O2 -flto (test for excess errors)
FAIL: gcc.c-torture/execute/pr84521.c -O2 -flto (test for excess errors)
FAIL: gcc.c-torture/execute/pr85582-3.c -O2 -flto (test for excess errors)
FAIL: gcc.c-torture/execute/pr86492.c -O2 -flto (test for excess errors)
FAIL: gcc.c-torture/execute/pr89826.c -O2 -flto (test for excess errors)
FAIL: gcc.c-torture/execute/printf-1.c -O2 -flto (test for excess errors)
FAIL: gcc.c-torture/execute/strct-stdarg-1.c -O2 -flto (test for excess errors)
FAIL: gcc.c-torture/execute/strlen-2.c -O2 -flto (test for excess errors)
FAIL: gcc.c-torture/execute/va-arg-7.c -O2 -flto (test for excess errors)
FAIL: gcc.dg/cpp/assert4.c (test for excess errors)
FAIL: gcc.dg/debug/pr41893-1.c -gdwarf-2 -g3 -O3 (test for excess errors)
FAIL: gcc.dg/debug/dwarf2/inline4.c scan-assembler DW_TAG_inlined_subroutine[^\\\\(]*\\\\([^\\\\)]*\\\\)[^\\\\(]*\\\\(DIE \\\\(0x[0-9a-f]*\\\\) DW_TAG_formal_parameter[^\\\\(]*\\\\(DIE \\\\(0x[0-9a-f]*\\\\) DW_TAG_variable
FAIL: gcc.dg/debug/dwarf2/inline5.c scan-assembler-not \\\\(DIE \\\\(0x([0-9a-f]*)\\\\) DW_TAG_lexical_block\\\\)[^#/!@;\\\\|]*[#/!@;\\\\|]+ +[^(].*DW_TAG_lexical_block\\\\)[^#/!@;\\\\|x]*x\\\\1[^#/!@;\\\\|]*[#/!@;\\\\|] +DW_AT_abstract_origin
FAIL: gcc.dg/debug/dwarf2/inline5.c scan-assembler-times DW_TAG_lexical_block\\\\)[^#/!@;\\\\|]*[#/!@;\\\\|]+ +[^#/!@\\\\|]*\\\\(DIE \\\\(0x[0-9a-f]*\\\\) DW_TAG_variable 1
FAIL: gcc.dg/debug/dwarf2/pr53948.c scan-assembler .loc 1 8 [0-9]|[#/!][ \\t]+line 8
FAIL: gcc.dg/atomic-flag.c execution test
FAIL: gcc.dg/builtin-apply4.c execution test
FAIL: gcc.dg/cdce3.c scan-tree-dump cdce "cdce3.c:10: [^\\n\\r]* function call is shrink-wrapped into error conditions."
FAIL: gcc.dg/gimplefe-28.c (internal compiler error)
FAIL: gcc.dg/gimplefe-28.c (test for excess errors)
FAIL: gcc.dg/pow-sqrt-synth-1.c scan-tree-dump-times sincos "synthesizing" 7
FAIL: gcc.dg/pr56228.c (test for excess errors)
FAIL: gcc.dg/pr56837.c scan-tree-dump-times optimized "memset ..b, 1, 1024.;" 1
FAIL: gcc.dg/pr89313.c (test for excess errors)
FAIL: gcc.dg/sinatan-1.c execution test
FAIL: gcc.dg/sms-1.c scan-rtl-dump-times sms "SMS succeeded" 1
FAIL: gcc.dg/store_merging_9.c scan-tree-dump-times store-merging "Merging successful" 2
FAIL: c-c++-common/goacc/firstprivate-mappings-1.c scan-tree-dump omplower "(?n)#pragma omp target oacc_parallel map\\\\(from:array_so \\\\[len: 4\\\\]\\\\) firstprivate\\\\(array_li.[0-9]+\\\\) map\\\\(tofrom:\\\\(\\\\*array.[0-9]+\\\\) \\\\[len: D\\\\.[0-9]+\\\\]\\\\) map\\\\(firstprivate:array \\\\[pointer assign, bias: 0\\\\]\\\\) \\\\["
XPASS: gcc.dg/graphite/pr69728.c scan-tree-dump graphite "loop nest optimized"
FAIL: gcc.dg/graphite/scop-19.c scan-tree-dump-times graphite "number of SCoPs: 0" 1
XPASS: gcc.dg/graphite/scop-21.c scan-tree-dump-times graphite "number of SCoPs: 1" 1
FAIL: gcc.dg/ipa/ipa-icf-38.c scan-ltrans-tree-dump-not optimized "Function bar"
FAIL: gcc.dg/lto/20100227-1 c_lto_20100227-1_0.o-c_lto_20100227-1_1.o link, -O2 -flto -flto-partition=1to1
FAIL: gcc.dg/torture/builtin-ctype-2.c -O2 -flto (test for excess errors)
FAIL: gcc.dg/torture/pr36373-10.c -O2 -flto (test for excess errors)
FAIL: gcc.dg/torture/pr43017.c -O2 -flto (test for excess errors)
FAIL: gcc.dg/torture/pr49217.c -O2 -flto (test for excess errors)
FAIL: gcc.dg/torture/pr52451.c -O0 execution test
FAIL: gcc.dg/torture/pr52451.c -O1 execution test
FAIL: gcc.dg/torture/pr52451.c -O2 execution test
FAIL: gcc.dg/torture/pr52451.c -O2 -flto execution test
FAIL: gcc.dg/torture/pr52451.c -O2 -flto -flto-partition=none execution test
FAIL: gcc.dg/torture/pr52451.c -O3 -g execution test
FAIL: gcc.dg/torture/pr52451.c -Os execution test
FAIL: gcc.dg/torture/pr59374-2.c -O2 -flto (test for excess errors)
FAIL: gcc.dg/torture/pr63380-2.c -O2 -flto (test for excess errors)
FAIL: gcc.dg/torture/pr91323.c -O0 execution test
FAIL: gcc.dg/torture/pr91323.c -O1 execution test
FAIL: gcc.dg/torture/pr91323.c -O2 execution test
FAIL: gcc.dg/torture/pr91323.c -O2 -flto execution test
FAIL: gcc.dg/torture/pr91323.c -O2 -flto -flto-partition=none execution test
FAIL: gcc.dg/torture/pr91323.c -O3 -g execution test
FAIL: gcc.dg/torture/pr91323.c -Os execution test
FAIL: gcc.dg/torture/stackalign/builtin-apply-4.c -O0 execution test
FAIL: gcc.dg/torture/stackalign/builtin-apply-4.c -O0 -fpic execution test
FAIL: gcc.dg/torture/stackalign/builtin-apply-4.c -O1 execution test
FAIL: gcc.dg/torture/stackalign/builtin-apply-4.c -O1 -fpic execution test
FAIL: gcc.dg/torture/stackalign/builtin-apply-4.c -O2 execution test
FAIL: gcc.dg/torture/stackalign/builtin-apply-4.c -O2 -flto execution test
FAIL: gcc.dg/torture/stackalign/builtin-apply-4.c -O2 -flto -flto-partition=none execution test
FAIL: gcc.dg/torture/stackalign/builtin-apply-4.c -O2 -flto -flto-partition=none -fpic execution test
FAIL: gcc.dg/torture/stackalign/builtin-apply-4.c -O2 -flto -fpic execution test
FAIL: gcc.dg/torture/stackalign/builtin-apply-4.c -O2 -fpic execution test
FAIL: gcc.dg/torture/stackalign/builtin-apply-4.c -O3 -g execution test
FAIL: gcc.dg/torture/stackalign/builtin-apply-4.c -O3 -g -fpic execution test
FAIL: gcc.dg/torture/stackalign/builtin-apply-4.c -Os execution test
FAIL: gcc.dg/torture/stackalign/builtin-apply-4.c -Os -fpic execution test
FAIL: gcc.dg/torture/stackalign/nested-1.c -O2 -flto (test for excess errors)
FAIL: gcc.dg/torture/stackalign/setjmp-1.c -O2 -flto -fpic (test for excess errors)
XPASS: gcc.dg/tree-ssa/cunroll-15.c scan-tree-dump optimized "return 1;"
FAIL: gcc.dg/tree-ssa/sra-17.c scan-tree-dump-times esra "Removing load: a = \\\\*.?L.?C.?.?.?0;" 1
FAIL: gcc.dg/tree-ssa/sra-17.c scan-tree-dump-times esra "SR\\\\.[0-9_]+ = \\\\*.?L.?C.?.?.?0\\\\[" 4
FAIL: gcc.dg/tree-ssa/sra-18.c scan-tree-dump-times esra "Removing load: a = \\\\*.?L.?C.?.?.?0;" 1
FAIL: gcc.dg/tree-ssa/sra-18.c scan-tree-dump-times esra "SR\\\\.[0-9_]+ = \\\\*.?L.?C.?.?.?0\\\\.b\\\\[0\\\\]\\\\.f\\\\[0\\\\]\\\\.x" 1
FAIL: gcc.dg/tree-ssa/sra-18.c scan-tree-dump-times esra "SR\\\\.[0-9_]+ = \\\\*.?L.?C.?.?.?0\\\\.b\\\\[0\\\\]\\\\.f\\\\[1\\\\]\\\\.x" 1
FAIL: gcc.dg/tree-ssa/sra-18.c scan-tree-dump-times esra "SR\\\\.[0-9_]+ = \\\\*.?L.?C.?.?.?0\\\\.b\\\\[1\\\\]\\\\.f\\\\[0\\\\]\\\\.x" 1
FAIL: gcc.dg/tree-ssa/sra-18.c scan-tree-dump-times esra "SR\\\\.[0-9_]+ = \\\\*.?L.?C.?.?.?0\\\\.b\\\\[1\\\\]\\\\.f\\\\[1\\\\]\\\\.x" 1
FAIL: gcc.dg/vect/costmodel/ppc/costmodel-bb-slp-9a-pr63175.c scan-assembler-not \\tlwz?u?x?
FAIL: gcc.dg/vect/costmodel/ppc/costmodel-bb-slp-9a-pr63175.c scan-assembler-not \\tstwu?x?
FAIL: gcc.dg/vect/costmodel/ppc/costmodel-vect-31a.c scan-tree-dump-times vect "not vectorized: unsupported unaligned store" 1
FAIL: gcc.dg/vect/bb-slp-over-widen-2.c -flto -ffat-lto-objects scan-tree-dump-times slp2 "basic block vectorized" 2
FAIL: gcc.dg/vect/bb-slp-over-widen-2.c scan-tree-dump-times slp2 "basic block vectorized" 2
FAIL: gcc.dg/vect/bb-slp-subgroups-1.c -flto -ffat-lto-objects (test for excess errors)
FAIL: gcc.dg/vect/no-tree-sra-bb-slp-pr50730.c scan-tree-dump-times slp2 "basic block vectorized" 1
FAIL: gcc.dg/vect/no-vfa-vect-depend-2.c scan-tree-dump-times vect "vectorized 1 loops" 1
FAIL: gcc.dg/vect/no-vfa-vect-depend-3.c scan-tree-dump-times vect "vectorized 1 loops" 4
FAIL: gcc.dg/vect/pr46032.c -flto -ffat-lto-objects scan-tree-dump-times vect "vectorized 1 loop" 1
FAIL: gcc.dg/vect/pr46032.c scan-tree-dump-times vect "vectorized 1 loop" 1
FAIL: gcc.dg/vect/pr65947-1.c -flto -ffat-lto-objects (test for excess errors)
FAIL: gcc.dg/vect/pr70354-2.c -flto -ffat-lto-objects (test for excess errors)
FAIL: gcc.dg/vect/pr85586.c -flto -ffat-lto-objects scan-tree-dump-times vect "LOOP VECTORIZED" 1
FAIL: gcc.dg/vect/pr85586.c scan-tree-dump-times vect "LOOP VECTORIZED" 1
FAIL: gcc.dg/vect/pr88903-2.c -flto -ffat-lto-objects (test for excess errors)
FAIL: gcc.dg/vect/section-anchors-vect-69.c scan-tree-dump-times vect "vectorized 4 loops" 1
FAIL: gcc.dg/vect/slp-43.c -flto -ffat-lto-objects scan-tree-dump-times vect "vectorized 1 loops" 2
FAIL: gcc.dg/vect/slp-43.c scan-tree-dump-times vect "vectorized 1 loops" 2
FAIL: gcc.dg/vect/slp-perm-12.c -flto -ffat-lto-objects scan-tree-dump-times vect "vectorizing stmts using SLP" 1
FAIL: gcc.dg/vect/slp-perm-12.c scan-tree-dump-times vect "vectorizing stmts using SLP" 1
FAIL: gcc.dg/vect/slp-perm-8.c -flto -ffat-lto-objects (test for excess errors)
FAIL: gcc.dg/vect/vect-31.c -flto -ffat-lto-objects scan-tree-dump-times vect "vectorized 4 loops" 1
FAIL: gcc.dg/vect/vect-31.c scan-tree-dump-times vect "vectorized 4 loops" 1
FAIL: gcc.dg/vect/vect-44.c -flto -ffat-lto-objects scan-tree-dump-times vect "Vectorizing an unaligned access" 3
FAIL: gcc.dg/vect/vect-44.c scan-tree-dump-times vect "Vectorizing an unaligned access" 3
FAIL: gcc.dg/vect/vect-50.c -flto -ffat-lto-objects scan-tree-dump-times vect "Vectorizing an unaligned access" 3
FAIL: gcc.dg/vect/vect-50.c scan-tree-dump-times vect "Vectorizing an unaligned access" 3
FAIL: gcc.dg/vect/vect-67.c -flto -ffat-lto-objects (test for excess errors)
FAIL: gcc.dg/vect/vect-93.c -flto -ffat-lto-objects scan-tree-dump-times vect "vectorized 2 loops" 2
FAIL: gcc.dg/vect/vect-93.c -flto -ffat-lto-objects (test for excess errors)
FAIL: gcc.dg/vect/vect-93.c scan-tree-dump-times vect "vectorized 2 loops" 2
FAIL: gcc.dg/vect/vect-cond-7.c -flto -ffat-lto-objects (test for excess errors)
FAIL: gcc.dg/vect/vect-ifcvt-7.c -flto -ffat-lto-objects (test for excess errors)
FAIL: gcc.dg/vect/vect-live-1.c -flto -ffat-lto-objects (test for excess errors)
FAIL: gcc.dg/vect/vect-mult-const-pattern-1.c -flto -ffat-lto-objects (test for excess errors)
FAIL: gcc.dg/vect/vect-multitypes-3.c -flto -ffat-lto-objects (test for excess errors)
FAIL: gcc.dg/vect/vect-over-widen-17.c -flto -ffat-lto-objects scan-tree-dump-not vect "vector[^\\\\n]*char"
FAIL: gcc.dg/vect/vect-over-widen-17.c scan-tree-dump-not vect "vector[^\\\\n]*char"
FAIL: gcc.dg/vect/vect-reduc-dot-3.c -flto -ffat-lto-objects (test for excess errors)
FAIL: gcc.dg/vect/vect-strided-a-u8-i2-gap.c -flto -ffat-lto-objects scan-tree-dump-times vect "vectorized 1 loops" 1
FAIL: gcc.dg/vect/vect-strided-a-u8-i2-gap.c scan-tree-dump-times vect "vectorized 1 loops" 1
FAIL: gcc.dg/vmx/3c-02.c -O2 -flto (test for excess errors)
FAIL: gcc.target/powerpc/pr17381.c scan-assembler-times fmr 1
FAIL: gcc.target/powerpc/pr88233.c scan-assembler-times \\\\mlxvd2x\\\\M 1
FAIL: gcc.target/powerpc/pr88233.c scan-assembler-times \\\\mstxvd2x\\\\M 1
FAIL: gcc.target/powerpc/shrink-wrap-separate-0.c scan-assembler #before\\\\M.*\\\\mmflr\\\\M
FAIL: gcc.target/powerpc/shrink-wrap-separate-1.c scan-assembler \\\\mmflr\\\\M.*\\\\mbl\\\\M.*\\\\mmflr\\\\M.*\\\\mbl\\\\M
FAIL: gcc.target/powerpc/test_fpscr_rn_builtin.c execution test
FAIL: gcc.target/powerpc/test_mffsl.c execution test
=== gcc Summary for unix/-m32 ===
# of expected passes 114033
# of unexpected failures 167
# of unexpected successes 3
# of expected failures 536
# of unresolved testcases 6
# of unsupported tests 4069
Running target unix/-m64
FAIL: gcc.c-torture/execute/builtins/memcpy-chk.c execution, -Os
FAIL: gcc.c-torture/execute/builtins/memmove-chk.c execution, -Os
FAIL: gcc.c-torture/execute/builtins/memops-asm.c execution, -O1
FAIL: gcc.c-torture/execute/builtins/memops-asm.c execution, -O2
FAIL: gcc.c-torture/execute/builtins/memops-asm.c execution, -O3 -g
FAIL: gcc.c-torture/execute/builtins/memops-asm.c execution, -Og -g
FAIL: gcc.c-torture/execute/builtins/memops-asm.c execution, -Os
FAIL: gcc.c-torture/execute/builtins/mempcpy-2.c execution, -Os
FAIL: gcc.c-torture/execute/builtins/mempcpy-chk.c execution, -Os
FAIL: gcc.c-torture/execute/20000113-1.c -O2 -flto (test for excess errors)
FAIL: gcc.c-torture/execute/20000706-5.c -O2 -flto (test for excess errors)
FAIL: gcc.c-torture/execute/20000731-2.c -O2 -flto (test for excess errors)
FAIL: gcc.c-torture/execute/20010119-1.c -O2 -flto (test for excess errors)
FAIL: gcc.c-torture/execute/20030313-1.c -O2 -flto (test for excess errors)
FAIL: gcc.c-torture/execute/20040709-3.c -O1 (test for excess errors)
UNRESOLVED: gcc.c-torture/execute/20040709-3.c -O1 compilation failed to produce executable
FAIL: gcc.c-torture/execute/20040709-3.c -O2 (test for excess errors)
UNRESOLVED: gcc.c-torture/execute/20040709-3.c -O2 compilation failed to produce executable
FAIL: gcc.c-torture/execute/20040709-3.c -O2 -flto execution test
FAIL: gcc.c-torture/execute/20040709-3.c -O2 -flto -flto-partition=none execution test
FAIL: gcc.c-torture/execute/20040709-3.c -O3 -g (test for excess errors)
UNRESOLVED: gcc.c-torture/execute/20040709-3.c -O3 -g compilation failed to produce executable
FAIL: gcc.c-torture/execute/20050502-2.c -Os execution test
FAIL: gcc.c-torture/execute/20051110-2.c -O2 -flto (test for excess errors)
FAIL: gcc.c-torture/execute/20081112-1.c -O2 -flto (test for excess errors)
FAIL: gcc.c-torture/execute/20140212-1.c -O2 -flto (test for excess errors)
FAIL: gcc.c-torture/execute/920429-1.c -O2 -flto (test for excess errors)
FAIL: gcc.c-torture/execute/920829-1.c -O2 -flto (test for excess errors)
FAIL: gcc.c-torture/execute/921006-1.c -O2 -flto (test for excess errors)
FAIL: gcc.c-torture/execute/921208-2.c -O2 -flto (test for excess errors)
FAIL: gcc.c-torture/execute/931004-3.c -O2 -flto (test for excess errors)
FAIL: gcc.c-torture/execute/941110-1.c -O2 -flto (test for excess errors)
FAIL: gcc.c-torture/execute/950915-1.c -O2 -flto (test for excess errors)
FAIL: gcc.c-torture/execute/960513-1.c -O2 -flto (test for excess errors)
FAIL: gcc.c-torture/execute/960909-1.c -O2 -flto (test for excess errors)
FAIL: gcc.c-torture/execute/980526-2.c -O2 -flto (test for excess errors)
FAIL: gcc.c-torture/execute/980602-1.c -O2 -flto (test for excess errors)
FAIL: gcc.c-torture/execute/980612-1.c -O2 -flto (test for excess errors)
FAIL: gcc.c-torture/execute/991202-2.c -O2 -flto (test for excess errors)
FAIL: gcc.c-torture/execute/991202-3.c -O2 -flto (test for excess errors)
FAIL: gcc.c-torture/execute/alloca-1.c -O2 -flto (test for excess errors)
FAIL: gcc.c-torture/execute/bf64-1.c -O2 -flto (test for excess errors)
FAIL: gcc.c-torture/execute/builtin-prefetch-5.c -O2 -flto (test for excess errors)
FAIL: gcc.c-torture/execute/mod-1.c -O2 -flto (test for excess errors)
FAIL: gcc.c-torture/execute/nestfunc-1.c -O2 -flto (test for excess errors)
FAIL: gcc.c-torture/execute/pr21964-1.c -O2 -flto (test for excess errors)
FAIL: gcc.c-torture/execute/pr24851.c -O2 -flto (test for excess errors)
FAIL: gcc.c-torture/execute/pr42154.c -O2 -flto (test for excess errors)
FAIL: gcc.c-torture/execute/pr42691.c -O2 -flto (test for excess errors)
FAIL: gcc.c-torture/execute/pr51933.c -Os execution test
FAIL: gcc.c-torture/execute/pr53465.c -O2 -flto (test for excess errors)
FAIL: gcc.c-torture/execute/pr61375.c -O2 -flto (test for excess errors)
FAIL: gcc.c-torture/execute/pr68185.c -O2 -flto (test for excess errors)
FAIL: gcc.c-torture/execute/pr68249.c -O2 -flto (test for excess errors)
FAIL: gcc.c-torture/execute/pr87623.c -O2 -flto (test for excess errors)
FAIL: gcc.c-torture/execute/ssad-run.c -O2 -flto (test for excess errors)
FAIL: gcc.c-torture/execute/strcpy-2.c -O2 -flto (test for excess errors)
FAIL: gcc.c-torture/execute/strlen-5.c -Os execution test
FAIL: gcc.c-torture/execute/struct-ini-4.c -O2 -flto (test for excess errors)
FAIL: gcc.c-torture/execute/struct-ret-1.c -O2 -flto (test for excess errors)
UNRESOLVED: gcc.c-torture/execute/struct-ret-1.c -O2 -flto compilation failed to produce executable
FAIL: gcc.c-torture/execute/struct-ret-1.c -O2 -flto -flto-partition=none (test for excess errors)
UNRESOLVED: gcc.c-torture/execute/struct-ret-1.c -O2 -flto -flto-partition=none compilation failed to produce executable
FAIL: gcc.c-torture/execute/ieee/rbug.c compilation, -O2 -flto
UNRESOLVED: gcc.c-torture/execute/ieee/rbug.c execution, -O2 -flto
FAIL: gcc.dg/debug/dwarf2/inline4.c scan-assembler DW_TAG_inlined_subroutine[^\\\\(]*\\\\([^\\\\)]*\\\\)[^\\\\(]*\\\\(DIE \\\\(0x[0-9a-f]*\\\\) DW_TAG_formal_parameter[^\\\\(]*\\\\(DIE \\\\(0x[0-9a-f]*\\\\) DW_TAG_variable
FAIL: gcc.dg/debug/dwarf2/inline5.c scan-assembler-not \\\\(DIE \\\\(0x([0-9a-f]*)\\\\) DW_TAG_lexical_block\\\\)[^#/!@;\\\\|]*[#/!@;\\\\|]+ +[^(].*DW_TAG_lexical_block\\\\)[^#/!@;\\\\|x]*x\\\\1[^#/!@;\\\\|]*[#/!@;\\\\|] +DW_AT_abstract_origin
FAIL: gcc.dg/debug/dwarf2/inline5.c scan-assembler-times DW_TAG_lexical_block\\\\)[^#/!@;\\\\|]*[#/!@;\\\\|]+ +[^#/!@\\\\|]*\\\\(DIE \\\\(0x[0-9a-f]*\\\\) DW_TAG_variable 1
FAIL: gcc.dg/debug/dwarf2/pr53948.c scan-assembler .loc 1 8 [0-9]|[#/!][ \\t]+line 8
XPASS: gcc.dg/Wtrampolines.c standard descriptors (test for warnings, line 29)
FAIL: gcc.dg/array-init-2.c execution test
FAIL: gcc.dg/cdce3.c scan-tree-dump cdce "cdce3.c:10: [^\\n\\r]* function call is shrink-wrapped into error conditions."
FAIL: gcc.dg/gimplefe-28.c (internal compiler error)
FAIL: gcc.dg/gimplefe-28.c (test for excess errors)
FAIL: gcc.dg/pow-sqrt-synth-1.c scan-tree-dump-times sincos "synthesizing" 7
FAIL: gcc.dg/pr56228.c (test for excess errors)
FAIL: gcc.dg/pr89313.c (test for excess errors)
FAIL: gcc.dg/sinatan-1.c execution test
XPASS: gcc.dg/graphite/pr69728.c scan-tree-dump graphite "loop nest optimized"
FAIL: gcc.dg/graphite/scop-19.c scan-tree-dump-times graphite "number of SCoPs: 0" 1
XPASS: gcc.dg/graphite/scop-21.c scan-tree-dump-times graphite "number of SCoPs: 1" 1
FAIL: gcc.dg/ipa/ipa-icf-38.c scan-ltrans-tree-dump-not optimized "Function bar"
FAIL: gcc.dg/lto/20090218-1 c_lto_20090218-1_0.o-c_lto_20090218-1_1.o link, -O2 -flto -flto-partition=1to1
FAIL: gcc.dg/lto/20090218-2 c_lto_20090218-2_0.o-c_lto_20090218-2_1.o link, -O0 -flto -flto-partition=1to1
FAIL: gcc.dg/lto/20090706-2 c_lto_20090706-2_0.o-c_lto_20090706-2_0.o link, -O2 -flto -flto-partition=1to1
FAIL: gcc.dg/lto/20091006-2 c_lto_20091006-2_0.o-c_lto_20091006-2_2.o link, -O0 -flto -flto-partition=1to1
FAIL: gcc.dg/lto/attr-weakref-1 c_lto_attr-weakref-1_0.o-c_lto_attr-weakref-1_2.o link, -O0 -flto -flto-partition=1to1
FAIL: gcc.dg/lto/pr27898 c_lto_pr27898_0.o-c_lto_pr27898_1.o link, -O2 -flto
FAIL: gcc.dg/lto/pr28706 c_lto_pr28706_0.o-c_lto_pr28706_1.o link, -O2 -flto -flto-partition=1to1
FAIL: gcc.dg/pch/static-3.c -O3 -g -I. -Dwith_PCH (internal compiler error)
FAIL: gcc.dg/pch/static-3.c -O3 -g -I. -Dwith_PCH (test for excess errors)
FAIL: gcc.dg/pch/static-3.c -O3 -g assembly comparison
FAIL: c-c++-common/torture/pr83553.c -O2 -flto (test for excess errors)
FAIL: gcc.dg/torture/pr33870.c -O2 -flto (test for excess errors)
FAIL: gcc.dg/torture/pr36373-8.c -O2 -flto (test for excess errors)
FAIL: gcc.dg/torture/pr39074-3.c -O2 -flto (test for excess errors)
FAIL: gcc.dg/torture/pr47383.c -O2 -flto (test for excess errors)
FAIL: gcc.dg/torture/pr52451.c -O0 execution test
FAIL: gcc.dg/torture/pr52451.c -O1 execution test
FAIL: gcc.dg/torture/pr52451.c -O2 execution test
FAIL: gcc.dg/torture/pr52451.c -O2 -flto execution test
FAIL: gcc.dg/torture/pr52451.c -O2 -flto -flto-partition=none execution test
FAIL: gcc.dg/torture/pr52451.c -O3 -g execution test
FAIL: gcc.dg/torture/pr52451.c -Os execution test
FAIL: gcc.dg/torture/pr52943.c -O2 -flto (test for excess errors)
FAIL: gcc.dg/torture/pr61964.c -O2 -flto (test for excess errors)
FAIL: gcc.dg/torture/pr68528.c -O2 -flto (test for excess errors)
FAIL: gcc.dg/torture/pr87177.c -O2 -flto (test for excess errors)
FAIL: gcc.dg/torture/pr91323.c -O0 execution test
FAIL: gcc.dg/torture/pr91323.c -O1 execution test
FAIL: gcc.dg/torture/pr91323.c -O2 execution test
FAIL: gcc.dg/torture/pr91323.c -O2 -flto execution test
FAIL: gcc.dg/torture/pr91323.c -O2 -flto -flto-partition=none execution test
FAIL: gcc.dg/torture/pr91323.c -O3 -g execution test
FAIL: gcc.dg/torture/pr91323.c -Os execution test
FAIL: gcc.dg/torture/stackalign/nested-6.c -O2 -flto (test for excess errors)
FAIL: gcc.dg/torture/stackalign/sibcall-1.c -O2 -flto -fpic (test for excess errors)
XPASS: gcc.dg/tree-ssa/cunroll-15.c scan-tree-dump optimized "return 1;"
FAIL: gcc.dg/tree-ssa/sra-17.c scan-tree-dump-times esra "Removing load: a = \\\\*.?L.?C.?.?.?0;" 1
FAIL: gcc.dg/tree-ssa/sra-17.c scan-tree-dump-times esra "SR\\\\.[0-9_]+ = \\\\*.?L.?C.?.?.?0\\\\[" 4
FAIL: gcc.dg/tree-ssa/sra-18.c scan-tree-dump-times esra "Removing load: a = \\\\*.?L.?C.?.?.?0;" 1
FAIL: gcc.dg/tree-ssa/sra-18.c scan-tree-dump-times esra "SR\\\\.[0-9_]+ = \\\\*.?L.?C.?.?.?0\\\\.b\\\\[0\\\\]\\\\.f\\\\[0\\\\]\\\\.x" 1
FAIL: gcc.dg/tree-ssa/sra-18.c scan-tree-dump-times esra "SR\\\\.[0-9_]+ = \\\\*.?L.?C.?.?.?0\\\\.b\\\\[0\\\\]\\\\.f\\\\[1\\\\]\\\\.x" 1
FAIL: gcc.dg/tree-ssa/sra-18.c scan-tree-dump-times esra "SR\\\\.[0-9_]+ = \\\\*.?L.?C.?.?.?0\\\\.b\\\\[1\\\\]\\\\.f\\\\[0\\\\]\\\\.x" 1
FAIL: gcc.dg/tree-ssa/sra-18.c scan-tree-dump-times esra "SR\\\\.[0-9_]+ = \\\\*.?L.?C.?.?.?0\\\\.b\\\\[1\\\\]\\\\.f\\\\[1\\\\]\\\\.x" 1
XPASS: gcc.dg/tree-ssa/ssa-dom-cse-2.c scan-tree-dump optimized "return 28;"
FAIL: gcc.dg/vect/costmodel/ppc/costmodel-bb-slp-9a-pr63175.c scan-assembler-not \\tlwz?u?x?
FAIL: gcc.dg/vect/costmodel/ppc/costmodel-bb-slp-9a-pr63175.c scan-assembler-not \\tstwu?x?
FAIL: gcc.dg/vect/costmodel/ppc/costmodel-pr37194.c scan-tree-dump-times vect "vectorization not profitable" 1
FAIL: gcc.dg/vect/costmodel/ppc/costmodel-pr37194.c scan-tree-dump-times vect "vectorized 1 loops" 1
FAIL: gcc.dg/vect/costmodel/ppc/costmodel-vect-31a.c scan-tree-dump-times vect "not vectorized: unsupported unaligned store" 1
FAIL: gcc.dg/vect/costmodel/ppc/costmodel-vect-33.c scan-tree-dump-times vect "vectorization not profitable" 1
FAIL: gcc.dg/vect/bb-slp-over-widen-2.c -flto -ffat-lto-objects scan-tree-dump-times slp2 "basic block vectorized" 2
FAIL: gcc.dg/vect/bb-slp-over-widen-2.c scan-tree-dump-times slp2 "basic block vectorized" 2
FAIL: gcc.dg/vect/no-tree-sra-bb-slp-pr50730.c scan-tree-dump-times slp2 "basic block vectorized" 1
FAIL: gcc.dg/vect/no-vfa-vect-depend-2.c scan-tree-dump-times vect "vectorized 1 loops" 1
FAIL: gcc.dg/vect/no-vfa-vect-depend-3.c scan-tree-dump-times vect "vectorized 1 loops" 4
FAIL: gcc.dg/vect/pr46032.c -flto -ffat-lto-objects scan-tree-dump-times vect "vectorized 1 loop" 1
FAIL: gcc.dg/vect/pr46032.c scan-tree-dump-times vect "vectorized 1 loop" 1
FAIL: gcc.dg/vect/pr65947-13.c -flto -ffat-lto-objects scan-tree-dump-times vect "LOOP VECTORIZED" 2
FAIL: gcc.dg/vect/pr65947-13.c -flto -ffat-lto-objects scan-tree-dump-times vect "condition expression based on integer induction." 4
FAIL: gcc.dg/vect/pr65947-13.c scan-tree-dump-times vect "LOOP VECTORIZED" 2
FAIL: gcc.dg/vect/pr65947-13.c scan-tree-dump-times vect "condition expression based on integer induction." 4
FAIL: gcc.dg/vect/pr85586.c -flto -ffat-lto-objects scan-tree-dump-times vect "LOOP VECTORIZED" 1
FAIL: gcc.dg/vect/pr85586.c scan-tree-dump-times vect "LOOP VECTORIZED" 1
FAIL: gcc.dg/vect/section-anchors-vect-69.c scan-tree-dump-times vect "Alignment of access forced using versioning" 4
FAIL: gcc.dg/vect/section-anchors-vect-69.c scan-tree-dump-times vect "vectorized 4 loops" 1
FAIL: gcc.dg/vect/slp-43.c -flto -ffat-lto-objects scan-tree-dump-times vect "vectorized 1 loops" 2
FAIL: gcc.dg/vect/slp-43.c scan-tree-dump-times vect "vectorized 1 loops" 2
FAIL: gcc.dg/vect/slp-perm-12.c -flto -ffat-lto-objects scan-tree-dump-times vect "vectorizing stmts using SLP" 1
FAIL: gcc.dg/vect/slp-perm-12.c scan-tree-dump-times vect "vectorizing stmts using SLP" 1
FAIL: gcc.dg/vect/vect-31.c -flto -ffat-lto-objects scan-tree-dump-times vect "vectorized 4 loops" 1
FAIL: gcc.dg/vect/vect-31.c scan-tree-dump-times vect "vectorized 4 loops" 1
FAIL: gcc.dg/vect/vect-35.c -flto -ffat-lto-objects (test for excess errors)
XPASS: gcc.dg/vect/vect-44.c -flto -ffat-lto-objects scan-tree-dump-times vect "Alignment of access forced using peeling" 0
FAIL: gcc.dg/vect/vect-44.c -flto -ffat-lto-objects scan-tree-dump-times vect "Vectorizing an unaligned access" 3
XPASS: gcc.dg/vect/vect-44.c scan-tree-dump-times vect "Alignment of access forced using peeling" 0
FAIL: gcc.dg/vect/vect-44.c scan-tree-dump-times vect "Vectorizing an unaligned access" 3
XPASS: gcc.dg/vect/vect-50.c -flto -ffat-lto-objects scan-tree-dump-times vect "Alignment of access forced using peeling" 0
FAIL: gcc.dg/vect/vect-50.c -flto -ffat-lto-objects scan-tree-dump-times vect "Vectorizing an unaligned access" 3
XPASS: gcc.dg/vect/vect-50.c scan-tree-dump-times vect "Alignment of access forced using peeling" 0
FAIL: gcc.dg/vect/vect-50.c scan-tree-dump-times vect "Vectorizing an unaligned access" 3
FAIL: gcc.dg/vect/vect-93.c -flto -ffat-lto-objects scan-tree-dump-times vect "vectorized 2 loops" 2
FAIL: gcc.dg/vect/vect-93.c scan-tree-dump-times vect "vectorized 2 loops" 2
FAIL: gcc.dg/vect/vect-neg-store-1.c -flto -ffat-lto-objects (test for excess errors)
FAIL: gcc.dg/vect/vect-over-widen-1-big-array.c -flto -ffat-lto-objects (test for excess errors)
FAIL: gcc.dg/vect/vect-over-widen-17.c -flto -ffat-lto-objects scan-tree-dump-not vect "vector[^\\\\n]*char"
FAIL: gcc.dg/vect/vect-over-widen-17.c scan-tree-dump-not vect "vector[^\\\\n]*char"
FAIL: gcc.dg/vect/vect-reduc-sad-1.c -flto -ffat-lto-objects (test for excess errors)
FAIL: gcc.dg/vect/vect-strided-a-u8-i2-gap.c -flto -ffat-lto-objects scan-tree-dump-times vect "vectorized 1 loops" 1
FAIL: gcc.dg/vect/vect-strided-a-u8-i2-gap.c scan-tree-dump-times vect "vectorized 1 loops" 1
FAIL: gcc.dg/vect/vect-strided-store-u32-i2.c -flto -ffat-lto-objects (test for excess errors)
FAIL: gcc.dg/vmx/debug-4.c -O2 -flto (test for excess errors)
FAIL: gcc.target/powerpc/20050603-3.c scan-assembler-not \\\\mrldic
FAIL: gcc.target/powerpc/pr17381.c scan-assembler-times fmr 1
FAIL: gcc.target/powerpc/pr88233.c scan-assembler-times \\\\mlxvd2x\\\\M 1
FAIL: gcc.target/powerpc/pr88233.c scan-assembler-times \\\\mstxvd2x\\\\M 1
FAIL: gcc.target/powerpc/r2_shrink-wrap.c scan-rtl-dump-times pro_and_epilogue "Performing shrink-wrapping" 1
FAIL: gcc.target/powerpc/rlwimi-2.c scan-assembler-times (?n)^\\\\s+[a-z] 20217
FAIL: gcc.target/powerpc/rlwimi-2.c scan-assembler-times (?n)^\\\\s+rldicl 6728
FAIL: gcc.target/powerpc/rlwimi-2.c scan-assembler-times (?n)^\\\\s+rlwimi 1692
FAIL: gcc.target/powerpc/rlwinm-0.c scan-assembler-times (?n)^\\\\s+[a-z] 9730
FAIL: gcc.target/powerpc/rlwinm-0.c scan-assembler-times (?n)^\\\\s+rldicl 3095
FAIL: gcc.target/powerpc/rlwinm-0.c scan-assembler-times (?n)^\\\\s+rlwinm 3094
FAIL: gcc.target/powerpc/rlwinm-0.c scan-assembler-times (?n)^\\\\s+srdi 12
FAIL: gcc.target/powerpc/rlwinm-1.c scan-assembler-times (?n)^\\\\s+[a-z] 9606
FAIL: gcc.target/powerpc/rlwinm-1.c scan-assembler-times (?n)^\\\\s+rldic 2946
FAIL: gcc.target/powerpc/rlwinm-1.c scan-assembler-times (?n)^\\\\s+rlwinm 622
FAIL: gcc.target/powerpc/rlwinm-1.c scan-assembler-times (?n)^\\\\s+slwi 1
FAIL: gcc.target/powerpc/rlwinm-2.c scan-assembler-times (?n)^\\\\s+[a-z] 9466
FAIL: gcc.target/powerpc/rlwinm-2.c scan-assembler-times (?n)^\\\\s+rldic 2840
FAIL: gcc.target/powerpc/rlwinm-2.c scan-assembler-times (?n)^\\\\s+rlwinm 721
FAIL: gcc.target/powerpc/rlwinm-2.c scan-assembler-times (?n)^\\\\s+srdi 12
FAIL: gcc.target/powerpc/shrink-wrap-separate-0.c scan-assembler #before\\\\M.*\\\\mmflr\\\\M
FAIL: gcc.target/powerpc/shrink-wrap-separate-1.c scan-assembler \\\\mmflr\\\\M.*\\\\mbl\\\\M.*\\\\mmflr\\\\M.*\\\\mbl\\\\M
FAIL: gcc.target/powerpc/test_fpscr_rn_builtin.c execution test
FAIL: gcc.target/powerpc/test_mffsl.c execution test
=== gcc Summary for unix/-m64 ===
# of expected passes 115177
# of unexpected failures 182
# of unexpected successes 9
# of expected failures 551
# of unresolved testcases 6
# of unsupported tests 3827
=== gcc Summary ===
# of expected passes 229210
# of unexpected failures 349
# of unexpected successes 12
# of expected failures 1087
# of unresolved testcases 12
# of unsupported tests 7896
/Volumes/scratch/10-5-leo/powerpc-trunk/gcc/xgcc version 10.0.0 20190806 (experimental) [trunk revision 274138] (GCC)
=== gfortran tests ===
Running target unix/-m32
FAIL: gfortran.dg/elemental_subroutine_3.f90 -O1 (test for excess errors)
FAIL: gfortran.dg/elemental_subroutine_3.f90 -O2 (test for excess errors)
FAIL: gfortran.dg/elemental_subroutine_3.f90 -O3 -fomit-frame-pointer -funroll-loops -fpeel-loops -ftracer -finline-functions (test for excess errors)
FAIL: gfortran.dg/elemental_subroutine_3.f90 -O3 -g (test for excess errors)
FAIL: gfortran.dg/elemental_subroutine_3.f90 -Os (test for excess errors)
FAIL: gfortran.dg/erf_3.F90 -O0 execution test
FAIL: gfortran.dg/erf_3.F90 -O1 execution test
FAIL: gfortran.dg/erf_3.F90 -O2 execution test
FAIL: gfortran.dg/erf_3.F90 -O3 -fomit-frame-pointer -funroll-loops -fpeel-loops -ftracer -finline-functions execution test
FAIL: gfortran.dg/erf_3.F90 -O3 -g execution test
FAIL: gfortran.dg/erf_3.F90 -Os execution test
FAIL: gfortran.dg/large_real_kind_2.F90 -O0 execution test
FAIL: gfortran.dg/large_real_kind_3.F90 -O0 execution test
XPASS: gfortran.dg/namelist_utf8.f90 -O0 execution test
XPASS: gfortran.dg/namelist_utf8.f90 -O1 execution test
XPASS: gfortran.dg/namelist_utf8.f90 -O2 execution test
XPASS: gfortran.dg/namelist_utf8.f90 -O3 -fomit-frame-pointer -funroll-loops -fpeel-loops -ftracer -finline-functions execution test
XPASS: gfortran.dg/namelist_utf8.f90 -O3 -g execution test
XPASS: gfortran.dg/namelist_utf8.f90 -Os execution test
FAIL: gfortran.dg/norm2_3.f90 -O0 execution test
FAIL: gfortran.dg/norm2_3.f90 -O1 execution test
FAIL: gfortran.dg/norm2_3.f90 -O2 execution test
FAIL: gfortran.dg/norm2_3.f90 -O3 -fomit-frame-pointer -funroll-loops -fpeel-loops -ftracer -finline-functions execution test
FAIL: gfortran.dg/norm2_3.f90 -O3 -g execution test
FAIL: gfortran.dg/norm2_3.f90 -Os execution test
FAIL: gfortran.dg/quad_2.f90 -O0 execution test
FAIL: gfortran.dg/quad_2.f90 -O1 execution test
FAIL: gfortran.dg/quad_2.f90 -O2 execution test
FAIL: gfortran.dg/quad_2.f90 -O3 -fomit-frame-pointer -funroll-loops -fpeel-loops -ftracer -finline-functions execution test
FAIL: gfortran.dg/quad_2.f90 -O3 -g execution test
FAIL: gfortran.dg/quad_2.f90 -Os execution test
FAIL: gfortran.dg/lto/pr87689 f_lto_pr87689_0.o-f_lto_pr87689_1.o link, -O0 -flto -flto-partition=1to1
FAIL: gfortran.dg/vect/pr48329.f90 -O scan-tree-dump-times vect "vectorized 1 loops" 1
FAIL: gfortran.dg/vect/pr62283-2.f -O scan-tree-dump slp2 "basic block vectorized"
=== gfortran Summary for unix/-m32 ===
# of expected passes 49683
# of unexpected failures 28
# of unexpected successes 6
# of expected failures 212
# of unsupported tests 258
Running target unix/-m64
FAIL: gfortran.dg/alloc_comp_assign_13.f08 -Os execution test
FAIL: gfortran.dg/alloc_comp_assign_14.f08 -Os execution test
FAIL: gfortran.dg/allocatable_function_5.f90 -Os execution test
FAIL: gfortran.dg/allocate_with_source_5.f90 -Os execution test
FAIL: gfortran.dg/argument_checking_1.f90 -Os execution test
FAIL: gfortran.dg/arrayio_14.f90 -Os execution test
FAIL: gfortran.dg/arrayio_2.f90 -Os execution test
FAIL: gfortran.dg/associate_23.f90 -Os execution test
FAIL: gfortran.dg/associate_34.f90 -Os execution test
FAIL: gfortran.dg/backslash_3.f -Os execution test
FAIL: gfortran.dg/char_result_5.f90 -Os execution test
FAIL: gfortran.dg/deallocate_alloc_opt_3.f90 -Os execution test
FAIL: gfortran.dg/dec_type_print_2.f03 -Os execution test
FAIL: gfortran.dg/deferred_character_26.f90 -Os execution test
FAIL: gfortran.dg/deferred_character_7.f90 -Os execution test
FAIL: gfortran.dg/deferred_type_component_1.f90 -Os execution test
FAIL: gfortran.dg/dependency_52.f90 -Os execution test
FAIL: gfortran.dg/elemental_subroutine_3.f90 -O1 (test for excess errors)
FAIL: gfortran.dg/elemental_subroutine_3.f90 -O2 (test for excess errors)
FAIL: gfortran.dg/elemental_subroutine_3.f90 -O3 -fomit-frame-pointer -funroll-loops -fpeel-loops -ftracer -finline-functions (test for excess errors)
FAIL: gfortran.dg/elemental_subroutine_3.f90 -O3 -g (test for excess errors)
FAIL: gfortran.dg/elemental_subroutine_3.f90 -Os (test for excess errors)
FAIL: gfortran.dg/erf_3.F90 -O0 execution test
FAIL: gfortran.dg/erf_3.F90 -O1 execution test
FAIL: gfortran.dg/erf_3.F90 -O2 execution test
FAIL: gfortran.dg/erf_3.F90 -O3 -fomit-frame-pointer -funroll-loops -fpeel-loops -ftracer -finline-functions execution test
FAIL: gfortran.dg/erf_3.F90 -O3 -g execution test
FAIL: gfortran.dg/erf_3.F90 -Os execution test
FAIL: gfortran.dg/extends_1.f03 -Os execution test
FAIL: gfortran.dg/fmt_cache_2.f -Os execution test
FAIL: gfortran.dg/fmt_error_10.f -Os execution test
FAIL: gfortran.dg/fmt_error_9.f -Os execution test
FAIL: gfortran.dg/fmt_i_default_field_width_1.f90 -Os execution test
FAIL: gfortran.dg/fmt_i_default_field_width_2.f90 -Os execution test
FAIL: gfortran.dg/fmt_t_3.f90 -Os execution test
FAIL: gfortran.dg/int_range_io_1.f90 -Os execution test
FAIL: gfortran.dg/intrinsic_pack_1.f90 -O1 execution test
FAIL: gfortran.dg/intrinsic_pack_1.f90 -O2 execution test
FAIL: gfortran.dg/intrinsic_pack_1.f90 -Os execution test
FAIL: gfortran.dg/intrinsic_unpack_1.f90 -O1 execution test
FAIL: gfortran.dg/intrinsic_unpack_1.f90 -O2 execution test
FAIL: gfortran.dg/intrinsic_unpack_1.f90 -O3 -fomit-frame-pointer -funroll-loops -fpeel-loops -ftracer -finline-functions execution test
FAIL: gfortran.dg/intrinsic_unpack_1.f90 -O3 -g execution test
FAIL: gfortran.dg/intrinsic_unpack_1.f90 -Os execution test
FAIL: gfortran.dg/large_real_kind_2.F90 -O0 execution test
FAIL: gfortran.dg/large_real_kind_3.F90 -O0 execution test
FAIL: gfortran.dg/namelist_12.f -Os execution test
FAIL: gfortran.dg/namelist_19.f90 -Os execution test
FAIL: gfortran.dg/namelist_40.f90 -Os output pattern test
FAIL: gfortran.dg/namelist_61.f90 -Os execution test
XPASS: gfortran.dg/namelist_utf8.f90 -O0 execution test
XPASS: gfortran.dg/namelist_utf8.f90 -O1 execution test
XPASS: gfortran.dg/namelist_utf8.f90 -O2 execution test
XPASS: gfortran.dg/namelist_utf8.f90 -O3 -fomit-frame-pointer -funroll-loops -fpeel-loops -ftracer -finline-functions execution test
XPASS: gfortran.dg/namelist_utf8.f90 -O3 -g execution test
XPASS: gfortran.dg/namelist_utf8.f90 -Os execution test
FAIL: gfortran.dg/nan_3.f90 -Os execution test
FAIL: gfortran.dg/nan_6.f90 -Os execution test
FAIL: gfortran.dg/norm2_3.f90 -O0 execution test
FAIL: gfortran.dg/norm2_3.f90 -O1 execution test
FAIL: gfortran.dg/norm2_3.f90 -O2 execution test
FAIL: gfortran.dg/norm2_3.f90 -O3 -fomit-frame-pointer -funroll-loops -fpeel-loops -ftracer -finline-functions execution test
FAIL: gfortran.dg/norm2_3.f90 -O3 -g execution test
FAIL: gfortran.dg/norm2_3.f90 -Os execution test
FAIL: gfortran.dg/pdt_1.f03 -Os execution test
FAIL: gfortran.dg/pr19155.f -Os execution test
FAIL: gfortran.dg/quad_2.f90 -O0 execution test
FAIL: gfortran.dg/quad_2.f90 -O1 execution test
FAIL: gfortran.dg/quad_2.f90 -O2 execution test
FAIL: gfortran.dg/quad_2.f90 -O3 -fomit-frame-pointer -funroll-loops -fpeel-loops -ftracer -finline-functions execution test
FAIL: gfortran.dg/quad_2.f90 -O3 -g execution test
FAIL: gfortran.dg/quad_2.f90 -Os execution test
FAIL: gfortran.dg/realloc_on_assign_4.f03 -Os execution test
FAIL: gfortran.dg/round_4.f90 -Os execution test
FAIL: gfortran.dg/structure_constructor_1.f03 -Os execution test
FAIL: gfortran.dg/submodule_1.f08 -Os execution test
FAIL: gfortran.dg/value_7.f03 -Os execution test
FAIL: gfortran.dg/lto/20091016-1 f_lto_20091016-1_0.o-f_lto_20091016-1_0.o link, -flto -g -fPIC -r
FAIL: gfortran.dg/lto/20091028-2 f_lto_20091028-2_0.o-f_lto_20091028-2_1.o link, -O2 -flto -flto-partition=1to1
FAIL: gfortran.dg/lto/bind_c-5 f_lto_bind_c-5_0.o-f_lto_bind_c-5_1.o link, -O3 -flto
FAIL: gfortran.dg/lto/pr45586 f_lto_pr45586_0.o-f_lto_pr45586_0.o link, -O0 -flto -flto-partition=1to1
FAIL: gfortran.dg/vect/pr48329.f90 -O scan-tree-dump-times vect "vectorized 1 loops" 1
FAIL: gfortran.dg/vect/pr62283-2.f -O scan-tree-dump slp2 "basic block vectorized"
FAIL: gfortran.fortran-torture/execute/adjustr.f90 execution, -Os
FAIL: gfortran.fortran-torture/execute/entry_2.f90 execution, -Os
FAIL: gfortran.fortran-torture/execute/entry_5.f90 execution, -Os
FAIL: gfortran.fortran-torture/execute/save_1.f90 execution, -Os
FAIL: gfortran.fortran-torture/execute/strlen.f90 execution, -Os
=== gfortran Summary for unix/-m64 ===
# of expected passes 49891
# of unexpected failures 82
# of unexpected successes 6
# of expected failures 212
# of unsupported tests 131
=== gfortran Summary ===
# of expected passes 99574
# of unexpected failures 110
# of unexpected successes 12
# of expected failures 424
# of unsupported tests 389
/Volumes/scratch/10-5-leo/powerpc-trunk/gcc/testsuite/gfortran/../../gfortran version 10.0.0 20190806 (experimental) [trunk revision 274138] (GCC)
=== gnat tests ===
Running target unix/-m32
FAIL: gnat.dg/opt39.adb scan-tree-dump-not optimized "tmp"
=== gnat Summary for unix/-m32 ===
# of expected passes 3088
# of unexpected failures 1
# of expected failures 23
# of unsupported tests 29
Running target unix/-m64
FAIL: gnat.dg/opt39.adb scan-tree-dump-not optimized "tmp"
=== gnat Summary for unix/-m64 ===
# of expected passes 3088
# of unexpected failures 1
# of expected failures 23
# of unsupported tests 29
=== gnat Summary ===
# of expected passes 6176
# of unexpected failures 2
# of expected failures 46
# of unsupported tests 58
/Volumes/scratch/10-5-leo/powerpc-trunk/gcc/gnatmake version 10.0.0 20190806 (experimental) [trunk revision 274138]
=== obj-c++ tests ===
Running target unix/-m32
FAIL: obj-c++.dg/torture/strings/const-cfstring-3.mm -O2 -flto -fnext-runtime (test for excess errors)
=== obj-c++ Summary for unix/-m32 ===
# of expected passes 3103
# of unexpected failures 1
# of expected failures 2
# of unsupported tests 62
Running target unix/-m64
FAIL: obj-c++.dg/bitfield-2.mm -fnext-runtime execution test
FAIL: obj-c++.dg/property/synthesize-10.mm -fnext-runtime execution test
=== obj-c++ Summary for unix/-m64 ===
# of expected passes 3047
# of unexpected failures 2
# of expected failures 19
# of unsupported tests 67
=== obj-c++ Summary ===
# of expected passes 6150
# of unexpected failures 3
# of expected failures 21
# of unsupported tests 129
/Volumes/scratch/10-5-leo/powerpc-trunk/gcc/testsuite/obj-c++/../../xg++ version 10.0.0 20190806 (experimental) [trunk revision 274138] (GCC)
=== objc tests ===
Running target unix/-m32
FAIL: objc.dg/fix-and-continue-1.m -fgnu-runtime execution test
FAIL: objc.dg/ivar-scope-4.m -fnext-runtime execution test
FAIL: objc.dg-struct-layout-encoding-1/t001_main.m execution test
FAIL: objc.dg-struct-layout-encoding-1/t002_main.m execution test
FAIL: objc.dg-struct-layout-encoding-1/t003_main.m execution test
FAIL: objc.dg-struct-layout-encoding-1/t004_main.m execution test
FAIL: objc.dg-struct-layout-encoding-1/t005_main.m execution test
FAIL: objc.dg-struct-layout-encoding-1/t006_main.m execution test
FAIL: objc.dg-struct-layout-encoding-1/t007_main.m execution test
FAIL: objc.dg-struct-layout-encoding-1/t008_main.m execution test
FAIL: objc.dg-struct-layout-encoding-1/t009_main.m execution test
FAIL: objc.dg-struct-layout-encoding-1/t010_main.m execution test
FAIL: objc.dg-struct-layout-encoding-1/t011_main.m execution test
FAIL: objc.dg-struct-layout-encoding-1/t012_main.m execution test
FAIL: objc.dg-struct-layout-encoding-1/t013_main.m execution test
FAIL: objc.dg-struct-layout-encoding-1/t014_main.m execution test
FAIL: objc.dg-struct-layout-encoding-1/t015_main.m execution test
FAIL: objc.dg-struct-layout-encoding-1/t016_main.m execution test
FAIL: objc.dg-struct-layout-encoding-1/t017_main.m execution test
FAIL: objc.dg-struct-layout-encoding-1/t018_main.m execution test
FAIL: objc.dg-struct-layout-encoding-1/t019_main.m execution test
FAIL: objc.dg-struct-layout-encoding-1/t020_main.m execution test
FAIL: objc.dg-struct-layout-encoding-1/t021_main.m execution test
FAIL: objc.dg-struct-layout-encoding-1/t022_main.m execution test
FAIL: objc.dg-struct-layout-encoding-1/t023_main.m execution test
FAIL: objc.dg-struct-layout-encoding-1/t024_main.m execution test
FAIL: objc.dg-struct-layout-encoding-1/t026_main.m execution test
FAIL: objc.dg-struct-layout-encoding-1/t030_main.m execution test
=== objc Summary for unix/-m32 ===
# of expected passes 5611
# of unexpected failures 28
# of expected failures 4
# of unsupported tests 78
Running target unix/-m64
FAIL: objc.dg/fix-and-continue-1.m -fgnu-runtime execution test
FAIL: objc.dg/ivar-scope-4.m -fnext-runtime execution test
=== objc Summary for unix/-m64 ===
# of expected passes 5588
# of unexpected failures 2
# of expected failures 6
# of unsupported tests 85
=== objc Summary ===
# of expected passes 11199
# of unexpected failures 30
# of expected failures 10
# of unsupported tests 163
/Volumes/scratch/10-5-leo/powerpc-trunk/gcc/xgcc version 10.0.0 20190806 (experimental) [trunk revision 274138] (GCC)
=== libatomic tests ===
Running target unix/-m32
=== libatomic Summary for unix/-m32 ===
# of expected passes 44
# of unsupported tests 5
Running target unix/-m64
=== libatomic Summary for unix/-m64 ===
# of expected passes 54
=== libatomic Summary ===
# of expected passes 98
# of unsupported tests 5
=== libgomp tests ===
Running target unix/-m32
WARNING: program timed out.
FAIL: libgomp.c++/task-reduction-10.C execution test
WARNING: program timed out.
FAIL: libgomp.c++/task-reduction-8.C execution test
FAIL: libgomp.oacc-c/../libgomp.oacc-c-c++-common/atomic_update-1.c -DACC_DEVICE_TYPE_host=1 -DACC_MEM_SHARED=1 -foffload=disable -O2 execution test
FAIL: libgomp.oacc-c++/../libgomp.oacc-c-c++-common/atomic_update-1.c -DACC_DEVICE_TYPE_host=1 -DACC_MEM_SHARED=1 -foffload=disable -O2 execution test
=== libgomp Summary for unix/-m32 ===
# of expected passes 6581
# of unexpected failures 4
# of expected failures 4
# of unsupported tests 424
Running target unix/-m64
WARNING: program timed out.
FAIL: libgomp.c++/task-reduction-10.C execution test
FAIL: libgomp.fortran/character1.f90 -Os execution test
FAIL: libgomp.fortran/character2.f90 -Os execution test
=== libgomp Summary for unix/-m64 ===
# of expected passes 6582
# of unexpected failures 3
# of expected failures 4
# of unsupported tests 424
=== libgomp Summary ===
# of expected passes 13163
# of unexpected failures 7
# of expected failures 8
# of unsupported tests 848
=== libitm tests ===
Running target unix/-m32
=== libitm Summary for unix/-m32 ===
# of expected passes 40
# of expected failures 3
# of unsupported tests 2
Running target unix/-m64
=== libitm Summary for unix/-m64 ===
# of expected passes 40
# of expected failures 3
# of unsupported tests 2
=== libitm Summary ===
# of expected passes 80
# of expected failures 6
# of unsupported tests 4
=== libstdc++ tests ===
Running target unix/-m32
FAIL: 17_intro/names.cc (test for excess errors)
FAIL: 27_io/basic_filebuf/open/char/2.cc execution test
WARNING: 30_threads/condition_variable/54185.cc execution test program timed out.
FAIL: 30_threads/condition_variable/54185.cc execution test
FAIL: experimental/iterator/requirements.cc (test for excess errors)
FAIL: experimental/names.cc (test for excess errors)
FAIL: experimental/net/internet/resolver/ops/reverse.cc execution test
FAIL: ext/mt_allocator/deallocate_global_thread-1.cc execution test
FAIL: ext/mt_allocator/deallocate_global_thread-3.cc execution test
FAIL: ext/stdio_filebuf/char/10063-2.cc execution test
FAIL: ext/stdio_filebuf/char/81751.cc execution test
=== libstdc++ Summary for unix/-m32 ===
# of expected passes 12098
# of unexpected failures 10
# of expected failures 79
# of unsupported tests 761
Running target unix/-m64
FAIL: 17_intro/names.cc (test for excess errors)
FAIL: 27_io/basic_filebuf/open/char/2.cc execution test
FAIL: 27_io/filesystem/operations/last_write_time.cc execution test
WARNING: 30_threads/condition_variable/54185.cc execution test program timed out.
FAIL: 30_threads/condition_variable/54185.cc execution test
FAIL: experimental/filesystem/operations/last_write_time.cc execution test
FAIL: experimental/iterator/requirements.cc (test for excess errors)
FAIL: experimental/names.cc (test for excess errors)
FAIL: experimental/net/internet/resolver/ops/reverse.cc execution test
FAIL: ext/mt_allocator/deallocate_global_thread-1.cc execution test
FAIL: ext/mt_allocator/deallocate_global_thread-3.cc execution test
FAIL: ext/stdio_filebuf/char/10063-2.cc execution test
FAIL: ext/stdio_filebuf/char/81751.cc execution test
=== libstdc++ Summary for unix/-m64 ===
# of expected passes 12094
# of unexpected failures 12
# of expected failures 79
# of unsupported tests 762
=== libstdc++ Summary ===
# of expected passes 24192
# of unexpected failures 22
# of expected failures 158
# of unsupported tests 1523
Compiler version: 10.0.0 20190806 (experimental) [trunk revision 274138] (GCC)
Platform: powerpc-apple-darwin9
configure flags: --prefix=/opt/iains/powerpc-apple-darwin9/gcc-10-0-0 --target=powerpc-apple-darwin9 --host=powerpc-apple-darwin9 --build=powerpc-apple-darwin9 --with-sysroot=/usr/local/darwin-toolchains/SDKs/darwin9 --disable-nls --enable-lto --disable-libstdcxx-pch --enable-version-specific-runtime-libs --with-dwarf2 --with-as=/usr/bin/as --with-ld=/usr/bin/ld --enable-languages=all --enable-checking=yes SED=/usr/bin/sed