This is the mail archive of the
gcc-testresults@gcc.gnu.org
mailing list for the GCC project.
Results for 10.0.0 20190802 (experimental) [trunk revision 273998] (GCC) testsuite on i386-pc-solaris2.11
- From: Rainer Orth <ro at CeBiTec dot Uni-Bielefeld dot DE>
- To: gcc-testresults at gcc dot gnu dot org
- Date: Fri, 2 Aug 2019 22:19:31 +0200 (CEST)
- Subject: Results for 10.0.0 20190802 (experimental) [trunk revision 273998] (GCC) testsuite on i386-pc-solaris2.11
LAST_UPDATED: Fri Aug 2 08:53:16 UTC 2019 (revision 273998)
=== acats tests ===
FAIL: cd2a31a
=== acats Summary ===
# of expected passes 2319
# of unexpected failures 1
Native configuration is i386-pc-solaris2.11
=== g++ tests ===
Running target unix
FAIL: c-c++-common/asan/swapcontext-test-1.c -O0 execution test
FAIL: c-c++-common/asan/swapcontext-test-1.c -O1 execution test
FAIL: c-c++-common/asan/swapcontext-test-1.c -O2 execution test
FAIL: c-c++-common/asan/swapcontext-test-1.c -O2 -flto execution test
FAIL: c-c++-common/asan/swapcontext-test-1.c -O2 -flto -flto-partition=none execution test
FAIL: c-c++-common/asan/swapcontext-test-1.c -O3 -fomit-frame-pointer -funroll-loops -fpeel-loops -ftracer -finline-functions execution test
FAIL: c-c++-common/asan/swapcontext-test-1.c -O3 -g execution test
FAIL: c-c++-common/asan/swapcontext-test-1.c -Os execution test
FAIL: g++.dg/asan/default-options-1.C -O0 execution test
FAIL: g++.dg/asan/default-options-1.C -O1 execution test
FAIL: g++.dg/asan/default-options-1.C -O2 execution test
FAIL: g++.dg/asan/default-options-1.C -O2 -flto execution test
FAIL: g++.dg/asan/default-options-1.C -O2 -flto -flto-partition=none execution test
FAIL: g++.dg/asan/default-options-1.C -O3 -g execution test
FAIL: g++.dg/asan/default-options-1.C -Os execution test
FAIL: g++.dg/gcov/pr16855-priority.C -std=gnu++14 gcov: 1 failures in line counts, 0 in branch percentages, 0 in return percentages, 0 in intermediate format
FAIL: g++.dg/gcov/pr16855-priority.C -std=gnu++14 line 22: is #####:should be 1
FAIL: g++.dg/gcov/pr16855-priority.C -std=gnu++17 gcov: 1 failures in line counts, 0 in branch percentages, 0 in return percentages, 0 in intermediate format
FAIL: g++.dg/gcov/pr16855-priority.C -std=gnu++17 line 22: is #####:should be 1
FAIL: g++.dg/gcov/pr16855-priority.C -std=gnu++98 gcov: 1 failures in line counts, 0 in branch percentages, 0 in return percentages, 0 in intermediate format
FAIL: g++.dg/gcov/pr16855-priority.C -std=gnu++98 line 22: is #####:should be 1
FAIL: g++.dg/gcov/pr16855.C -std=gnu++14 gcov: 1 failures in line counts, 0 in branch percentages, 0 in return percentages, 0 in intermediate format
FAIL: g++.dg/gcov/pr16855.C -std=gnu++14 line 24: is #####:should be 1
FAIL: g++.dg/gcov/pr16855.C -std=gnu++17 gcov: 1 failures in line counts, 0 in branch percentages, 0 in return percentages, 0 in intermediate format
FAIL: g++.dg/gcov/pr16855.C -std=gnu++17 line 24: is #####:should be 1
FAIL: g++.dg/gcov/pr16855.C -std=gnu++98 gcov: 1 failures in line counts, 0 in branch percentages, 0 in return percentages, 0 in intermediate format
FAIL: g++.dg/gcov/pr16855.C -std=gnu++98 line 24: is #####:should be 1
FAIL: g++.dg/lto/pr89335 cp_lto_pr89335_0.o assemble, -O2 -flto -Wsuggest-final-methods
=== g++ Summary for unix ===
# of expected passes 132471
# of unexpected failures 28
# of expected failures 530
# of unsupported tests 6210
Running target unix/-m64
FAIL: g++.dg/pr80481.C -std=gnu++14 scan-assembler-not vmovaps
FAIL: g++.dg/pr80481.C -std=gnu++17 scan-assembler-not vmovaps
FAIL: g++.dg/pr80481.C -std=gnu++98 scan-assembler-not vmovaps
FAIL: g++.dg/tree-ssa/pr90883.C scan-tree-dump dse2 "Deleted redundant store: .*.a = {}"
FAIL: g++.dg/gcov/pr16855-priority.C -std=gnu++14 gcov: 1 failures in line counts, 0 in branch percentages, 0 in return percentages, 0 in intermediate format
FAIL: g++.dg/gcov/pr16855-priority.C -std=gnu++14 line 22: is #####:should be 1
FAIL: g++.dg/gcov/pr16855-priority.C -std=gnu++17 gcov: 1 failures in line counts, 0 in branch percentages, 0 in return percentages, 0 in intermediate format
FAIL: g++.dg/gcov/pr16855-priority.C -std=gnu++17 line 22: is #####:should be 1
FAIL: g++.dg/gcov/pr16855-priority.C -std=gnu++98 gcov: 1 failures in line counts, 0 in branch percentages, 0 in return percentages, 0 in intermediate format
FAIL: g++.dg/gcov/pr16855-priority.C -std=gnu++98 line 22: is #####:should be 1
FAIL: g++.dg/gcov/pr16855.C -std=gnu++14 gcov: 1 failures in line counts, 0 in branch percentages, 0 in return percentages, 0 in intermediate format
FAIL: g++.dg/gcov/pr16855.C -std=gnu++14 line 24: is #####:should be 1
FAIL: g++.dg/gcov/pr16855.C -std=gnu++17 gcov: 1 failures in line counts, 0 in branch percentages, 0 in return percentages, 0 in intermediate format
FAIL: g++.dg/gcov/pr16855.C -std=gnu++17 line 24: is #####:should be 1
FAIL: g++.dg/gcov/pr16855.C -std=gnu++98 gcov: 1 failures in line counts, 0 in branch percentages, 0 in return percentages, 0 in intermediate format
FAIL: g++.dg/gcov/pr16855.C -std=gnu++98 line 24: is #####:should be 1
FAIL: g++.dg/lto/pr89335 cp_lto_pr89335_0.o assemble, -O2 -flto -Wsuggest-final-methods
=== g++ Summary for unix/-m64 ===
# of expected passes 132247
# of unexpected failures 17
# of expected failures 533
# of unsupported tests 6146
=== g++ Summary ===
# of expected passes 264718
# of unexpected failures 45
# of expected failures 1063
# of unsupported tests 12356
/var/gcc/regression/trunk/11.5-gcc-gas/build/gcc/xg++ version 10.0.0 20190802 (experimental) [trunk revision 273998] (GCC)
=== gcc tests ===
Running target unix
FAIL: c-c++-common/asan/swapcontext-test-1.c -O0 execution test
FAIL: c-c++-common/asan/swapcontext-test-1.c -O1 execution test
FAIL: c-c++-common/asan/swapcontext-test-1.c -O2 execution test
FAIL: c-c++-common/asan/swapcontext-test-1.c -O2 -flto execution test
FAIL: c-c++-common/asan/swapcontext-test-1.c -O2 -flto -flto-partition=none execution test
FAIL: c-c++-common/asan/swapcontext-test-1.c -O3 -fomit-frame-pointer -funroll-loops -fpeel-loops -ftracer -finline-functions execution test
FAIL: c-c++-common/asan/swapcontext-test-1.c -O3 -g execution test
FAIL: c-c++-common/asan/swapcontext-test-1.c -Os execution test
XPASS: gcc.dg/graphite/scop-21.c scan-tree-dump-times graphite "number of SCoPs: 1" 1
FAIL: gcc.dg/ipa/ipa-icf-38.c scan-ltrans-tree-dump-not optimized "Function bar"
FAIL: gcc.dg/torture/c99-contract-1.c -O2 -flto execution test
FAIL: gcc.dg/torture/c99-contract-1.c -O2 -flto -flto-partition=none execution test
FAIL: gcc.target/i386/pr57193.c scan-assembler-times movdqa 2
=== gcc Summary for unix ===
# of expected passes 137677
# of unexpected failures 12
# of unexpected successes 1
# of expected failures 545
# of unsupported tests 2883
Running target unix/-m64
XPASS: gcc.dg/graphite/scop-21.c scan-tree-dump-times graphite "number of SCoPs: 1" 1
FAIL: gcc.dg/ipa/ipa-icf-38.c scan-ltrans-tree-dump-not optimized "Function bar"
FAIL: gcc.target/i386/pr57193.c scan-assembler-times movdqa 2
=== gcc Summary for unix/-m64 ===
# of expected passes 138052
# of unexpected failures 2
# of unexpected successes 1
# of expected failures 539
# of unsupported tests 2383
=== gcc Summary ===
# of expected passes 275729
# of unexpected failures 14
# of unexpected successes 2
# of expected failures 1084
# of unsupported tests 5266
/var/gcc/regression/trunk/11.5-gcc-gas/build/gcc/xgcc version 10.0.0 20190802 (experimental) [trunk revision 273998] (GCC)
=== gdc tests ===
Running target unix
FAIL: gdc.dg/lto/ltotests d_lto_ltotests_0.o-d_lto_ltotests_1.o link, -O0 -flto (internal compiler error)
FAIL: gdc.dg/lto/ltotests d_lto_ltotests_0.o-d_lto_ltotests_1.o link, -O0 -flto -flto-partition=1to1 (internal compiler error)
FAIL: gdc.dg/lto/ltotests d_lto_ltotests_0.o-d_lto_ltotests_1.o link, -O0 -flto -flto-partition=none (internal compiler error)
FAIL: gdc.dg/lto/ltotests d_lto_ltotests_0.o-d_lto_ltotests_1.o link, -O2 -flto (internal compiler error)
FAIL: gdc.dg/lto/ltotests d_lto_ltotests_0.o-d_lto_ltotests_1.o link, -O2 -flto -flto-partition=1to1 (internal compiler error)
FAIL: gdc.dg/lto/ltotests d_lto_ltotests_0.o-d_lto_ltotests_1.o link, -O2 -flto -flto-partition=none (internal compiler error)
FAIL: gdc.test/runnable/mars1.d -O2 (internal compiler error)
UNRESOLVED: gdc.test/runnable/mars1.d -O2 compilation failed to produce executable
FAIL: gdc.test/runnable/mars1.d -O2 -finline-functions (internal compiler error)
UNRESOLVED: gdc.test/runnable/mars1.d -O2 -finline-functions compilation failed to produce executable
FAIL: gdc.test/runnable/mars1.d -O2 -finline-functions -shared-libphobos (internal compiler error)
UNRESOLVED: gdc.test/runnable/mars1.d -O2 -finline-functions -shared-libphobos compilation failed to produce executable
FAIL: gdc.test/runnable/mars1.d -O2 -shared-libphobos (internal compiler error)
UNRESOLVED: gdc.test/runnable/mars1.d -O2 -shared-libphobos compilation failed to produce executable
=== gdc Summary for unix ===
# of expected passes 29798
# of unexpected failures 10
# of unresolved testcases 4
Running target unix/-m64
FAIL: gdc.dg/lto/ltotests d_lto_ltotests_0.o-d_lto_ltotests_1.o link, -O0 -flto (internal compiler error)
FAIL: gdc.dg/lto/ltotests d_lto_ltotests_0.o-d_lto_ltotests_1.o link, -O0 -flto -flto-partition=1to1 (internal compiler error)
FAIL: gdc.dg/lto/ltotests d_lto_ltotests_0.o-d_lto_ltotests_1.o link, -O0 -flto -flto-partition=none (internal compiler error)
FAIL: gdc.dg/lto/ltotests d_lto_ltotests_0.o-d_lto_ltotests_1.o link, -O2 -flto (internal compiler error)
FAIL: gdc.dg/lto/ltotests d_lto_ltotests_0.o-d_lto_ltotests_1.o link, -O2 -flto -flto-partition=1to1 (internal compiler error)
FAIL: gdc.dg/lto/ltotests d_lto_ltotests_0.o-d_lto_ltotests_1.o link, -O2 -flto -flto-partition=none (internal compiler error)
=== gdc Summary for unix/-m64 ===
# of expected passes 29802
# of unexpected failures 6
=== gdc Summary ===
# of expected passes 59600
# of unexpected failures 16
# of unresolved testcases 4
/var/gcc/regression/trunk/11.5-gcc-gas/build/gcc/gdc version 10.0.0 20190802 (experimental) [trunk revision 273998] (GCC)
=== gfortran tests ===
Running target unix
=== gfortran Summary for unix ===
# of expected passes 50084
# of expected failures 188
# of unsupported tests 206
Running target unix/-m64
=== gfortran Summary for unix/-m64 ===
# of expected passes 50313
# of expected failures 188
# of unsupported tests 97
=== gfortran Summary ===
# of expected passes 100397
# of expected failures 376
# of unsupported tests 303
/var/gcc/regression/trunk/11.5-gcc-gas/build/gcc/gfortran version 10.0.0 20190802 (experimental) [trunk revision 273998] (GCC)
=== gnat tests ===
Running target unix
=== gnat Summary for unix ===
# of expected passes 3127
# of expected failures 23
# of unsupported tests 9
Running target unix/-m64
=== gnat Summary for unix/-m64 ===
# of expected passes 3127
# of expected failures 23
# of unsupported tests 9
=== gnat Summary ===
# of expected passes 6254
# of expected failures 46
# of unsupported tests 18
/var/gcc/regression/trunk/11.5-gcc-gas/build/gcc/gnatmake version 10.0.0 20190802 (experimental) [trunk revision 273998]
=== go tests ===
Running target unix
FAIL: ./index0-out.go execution, -O0 -g -fno-var-tracking-assignments
FAIL: go.test/test/fixedbugs/issue4085b.go execution, -O2 -g
=== go Summary for unix ===
# of expected passes 7473
# of unexpected failures 2
# of expected failures 1
# of untested testcases 10
# of unsupported tests 2
Running target unix/-m64
FAIL: ./index0-out.go execution, -O0 -g -fno-var-tracking-assignments
=== go Summary for unix/-m64 ===
# of expected passes 7355
# of unexpected failures 1
# of expected failures 1
# of untested testcases 10
# of unsupported tests 1
=== go Summary ===
# of expected passes 14828
# of unexpected failures 3
# of expected failures 2
# of untested testcases 20
# of unsupported tests 3
=== obj-c++ tests ===
Running target unix
=== obj-c++ Summary for unix ===
# of expected passes 1450
# of expected failures 2
# of unsupported tests 77
Running target unix/-m64
=== obj-c++ Summary for unix/-m64 ===
# of expected passes 1442
# of expected failures 10
# of unsupported tests 77
=== obj-c++ Summary ===
# of expected passes 2892
# of expected failures 12
# of unsupported tests 154
/var/gcc/regression/trunk/11.5-gcc-gas/build/gcc/xg++ version 10.0.0 20190802 (experimental) [trunk revision 273998] (GCC)
=== objc tests ===
Running target unix
=== objc Summary for unix ===
# of expected passes 2776
# of expected failures 6
# of unsupported tests 68
Running target unix/-m64
=== objc Summary for unix/-m64 ===
# of expected passes 2776
# of expected failures 6
# of unsupported tests 68
=== objc Summary ===
# of expected passes 5552
# of expected failures 12
# of unsupported tests 136
/var/gcc/regression/trunk/11.5-gcc-gas/build/gcc/xgcc version 10.0.0 20190802 (experimental) [trunk revision 273998] (GCC)
=== gotools tests ===
FAIL: TestListTemplateContextFunction
FAIL: TestScript
FAIL: go test cmd/go
FAIL: TestAbort
FAIL: TestSelectStackAdjust
FAIL: go test runtime
FAIL: go test misc/cgo/test
=== gotools Summary ===
# of expected passes 328
# of unexpected failures 7
# of untested testcases 182
/var/gcc/regression/trunk/11.5-gcc-gas/build/./gcc/gccgo version 10.0.0 20190802 (experimental) [trunk revision 273998] (GCC)
=== libatomic tests ===
Running target unix
=== libatomic Summary for unix ===
# of expected passes 44
# of unsupported tests 5
Running target unix/-m64
=== libatomic Summary for unix/-m64 ===
# of expected passes 54
=== libatomic Summary ===
# of expected passes 98
# of unsupported tests 5
=== libffi tests ===
Running target unix
=== libffi Summary for unix ===
# of expected passes 2799
Running target unix/-m64
=== libffi Summary for unix/-m64 ===
# of expected passes 2214
=== libffi Summary ===
# of expected passes 5013
=== libgo tests ===
Running target unix
FAIL: go/build
FAIL: net/http
FAIL: runtime
=== libgo Summary for unix ===
# of expected passes 182
# of unexpected failures 3
Running target unix/-m64
FAIL: go/build
=== libgo Summary for unix/-m64 ===
# of expected passes 184
# of unexpected failures 1
=== libgo Summary ===
# of expected passes 366
# of unexpected failures 4
/var/gcc/regression/trunk/11.5-gcc-gas/build/./gcc/gccgo version 10.0.0 20190802 (experimental) [trunk revision 273998] (GCC)
=== libgomp tests ===
Running target unix
UNRESOLVED: libgomp.c++/scan-10.C scan-tree-dump-times vect "vectorized [2-6] loops" 2
UNRESOLVED: libgomp.c++/scan-11.C scan-tree-dump-times vect "vectorized [2-6] loops" 2
UNRESOLVED: libgomp.c++/scan-12.C scan-tree-dump-times vect "vectorized [2-6] loops" 2
UNRESOLVED: libgomp.c++/scan-13.C scan-tree-dump-times vect "vectorized [2-6] loops" 2
UNRESOLVED: libgomp.c++/scan-14.C scan-tree-dump-times vect "vectorized [2-6] loops" 2
UNRESOLVED: libgomp.c++/scan-15.C scan-tree-dump-times vect "vectorized [2-6] loops" 2
UNRESOLVED: libgomp.c++/scan-16.C scan-tree-dump-times vect "vectorized [2-6] loops" 2
UNRESOLVED: libgomp.c++/scan-9.C scan-tree-dump-times vect "vectorized [2-6] loops" 2
WARNING: libgomp.c++/task-reduction-10.C execution test program timed out.
FAIL: libgomp.c++/task-reduction-10.C execution test
WARNING: libgomp.c++/task-reduction-11.C execution test program timed out.
FAIL: libgomp.c++/task-reduction-11.C execution test
WARNING: libgomp.c++/task-reduction-13.C execution test program timed out.
FAIL: libgomp.c++/task-reduction-13.C execution test
UNRESOLVED: libgomp.c/scan-11.c scan-tree-dump-times vect "vectorized [2-6] loops" 2
UNRESOLVED: libgomp.c/scan-12.c scan-tree-dump-times vect "vectorized [2-6] loops" 2
UNRESOLVED: libgomp.c/scan-13.c scan-tree-dump-times vect "vectorized [2-6] loops" 2
UNRESOLVED: libgomp.c/scan-14.c scan-tree-dump-times vect "vectorized [2-6] loops" 2
UNRESOLVED: libgomp.c/scan-15.c scan-tree-dump-times vect "vectorized [2-6] loops" 2
UNRESOLVED: libgomp.c/scan-16.c scan-tree-dump-times vect "vectorized [2-6] loops" 2
UNRESOLVED: libgomp.c/scan-17.c scan-tree-dump-times vect "vectorized [2-6] loops" 2
UNRESOLVED: libgomp.c/scan-18.c scan-tree-dump-times vect "vectorized [2-6] loops" 2
UNRESOLVED: libgomp.c/scan-19.c scan-tree-dump-times vect "vectorized [2-6] loops" 2
UNRESOLVED: libgomp.c/scan-20.c scan-tree-dump-times vect "vectorized [2-6] loops" 2
=== libgomp Summary for unix ===
# of expected passes 6698
# of unexpected failures 3
# of expected failures 4
# of unresolved testcases 18
# of unsupported tests 363
Running target unix/-m64
WARNING: libgomp.c++/task-reduction-8.C execution test program timed out.
FAIL: libgomp.c++/task-reduction-8.C execution test
FAIL: libgomp.c/scan-13.c scan-tree-dump-times vect "vectorized [2-6] loops" 2
FAIL: libgomp.c/scan-17.c scan-tree-dump-times vect "vectorized [2-6] loops" 2
=== libgomp Summary for unix/-m64 ===
# of expected passes 6716
# of unexpected failures 3
# of expected failures 4
# of unsupported tests 363
=== libgomp Summary ===
# of expected passes 13414
# of unexpected failures 6
# of expected failures 8
# of unresolved testcases 18
# of unsupported tests 726
=== libitm tests ===
Running target unix
=== libitm Summary for unix ===
# of expected passes 42
# of expected failures 3
# of unsupported tests 1
Running target unix/-m64
=== libitm Summary for unix/-m64 ===
# of expected passes 42
# of expected failures 3
# of unsupported tests 1
=== libitm Summary ===
# of expected passes 84
# of expected failures 6
# of unsupported tests 2
=== libphobos tests ===
Running target unix
FAIL: libphobos.phobos_shared/std/datetime/systime.d execution test
FAIL: libphobos.phobos_shared/std/datetime/timezone.d execution test
FAIL: libphobos.phobos_shared/std/format.d execution test
FAIL: libphobos.phobos_shared/std/math.d execution test
FAIL: libphobos.phobos_shared/std/parallelism.d execution test
FAIL: libphobos.shared/finalize.d -shared-libphobos -ldl execution test
FAIL: libphobos.shared/linkD.c lib.so -ldl -pthread execution test
FAIL: libphobos.shared/load.d -shared-libphobos -ldl execution test
FAIL: libphobos.shared/load_13414.d -shared-libphobos -ldl execution test
=== libphobos Summary for unix ===
# of expected passes 415
# of unexpected failures 9
Running target unix/-m64
FAIL: libphobos.phobos_shared/std/datetime/systime.d execution test
FAIL: libphobos.phobos_shared/std/datetime/timezone.d execution test
FAIL: libphobos.phobos_shared/std/format.d execution test
FAIL: libphobos.phobos_shared/std/math.d execution test
FAIL: libphobos.phobos_shared/std/parallelism.d execution test
FAIL: libphobos.shared/finalize.d -shared-libphobos -ldl execution test
FAIL: libphobos.shared/linkD.c lib.so -ldl -pthread execution test
FAIL: libphobos.shared/load.d -shared-libphobos -ldl execution test
FAIL: libphobos.shared/load_13414.d -shared-libphobos -ldl execution test
=== libphobos Summary for unix/-m64 ===
# of expected passes 415
# of unexpected failures 9
=== libphobos Summary ===
# of expected passes 830
# of unexpected failures 18
=== libstdc++ tests ===
Running target unix
XPASS: experimental/memory_resource/new_delete_resource.cc execution test
=== libstdc++ Summary for unix ===
# of expected passes 12228
# of unexpected successes 1
# of expected failures 79
# of unsupported tests 698
Running target unix/-m64
=== libstdc++ Summary for unix/-m64 ===
# of expected passes 12221
# of expected failures 79
# of unsupported tests 702
=== libstdc++ Summary ===
# of expected passes 24449
# of unexpected successes 1
# of expected failures 158
# of unsupported tests 1400
Compiler version: 10.0.0 20190802 (experimental) [trunk revision 273998] (GCC)
Platform: i386-pc-solaris2.11
configure flags: --prefix=/vol/gcc --target=i386-pc-solaris2.11 --enable-objc-gc --with-target-bdw-gc-include=/vol/gcc/include --with-target-bdw-gc-lib=/vol/gcc/lib,amd64=/vol/gcc/lib/amd64 --with-as=/vol/gcc/bin/gas-2.32 --with-gnu-as --with-gmp-include=/vol/gcc/include --with-gmp-lib=/vol/gcc/lib --with-mpfr-include=/vol/gcc/include --with-mpfr-lib=/vol/gcc/lib --with-mpc-include=/vol/gcc/include --with-mpc-lib=/vol/gcc/lib --enable-languages=all,ada,obj-c++,go --with-isl-include=/vol/gcc/include --with-isl-lib=/vol/gcc/lib --with-zstd-include=/vol/gcc/include --with-zstd-lib=/vol/gcc/lib --build=i386-pc-solaris2.11 --host=i386-pc-solaris2.11
BOOT_CFLAGS=-g -O2