This is the mail archive of the
gcc-testresults@gcc.gnu.org
mailing list for the GCC project.
Results for 10.0.0 20190621 (experimental) [trunk revision 272545] (GCC) testsuite on hppa2.0w-hp-hpux11.11
- From: John David Anglin <dave at hiauly3 dot hia dot nrc dot ca>
- To: dave at hiauly3 dot hia dot nrc dot ca, gcc-testresults at gcc dot gnu dot org
- Date: Mon, 24 Jun 2019 12:28:52 -0400 (EDT)
- Subject: Results for 10.0.0 20190621 (experimental) [trunk revision 272545] (GCC) testsuite on hppa2.0w-hp-hpux11.11
=== acats tests ===
FAIL: c974013
FAIL: c9a011b
=== acats Summary ===
# of expected passes 2318
# of unexpected failures 2
Native configuration is hppa2.0w-hp-hpux11.11
=== g++ tests ===
Running target unix
FAIL: g++.dg/tree-ssa/pr19807.C -std=gnu++98 scan-tree-dump-times optimized "&MEM\\\\[\\\\(void .\\\\)&a \\\\+ 8B\\\\]" 3
FAIL: g++.dg/tree-ssa/pr19807.C -std=gnu++14 scan-tree-dump-times optimized "&MEM\\\\[\\\\(void .\\\\)&a \\\\+ 8B\\\\]" 3
FAIL: g++.dg/tree-ssa/pr19807.C -std=gnu++17 scan-tree-dump-times optimized "&MEM\\\\[\\\\(void .\\\\)&a \\\\+ 8B\\\\]" 3
FAIL: g++.dg/tree-ssa/ssa-dse-1.C scan-tree-dump-times dse1 "MEM\\\\[\\\\(struct FixBuf \\\\*\\\\)&<retval> \\\\+ [0-9]+B\\\\] = {}" 1
WARNING: program timed out.
FAIL: c-c++-common/simulate-thread/bitfields-1.c -O2 -g -std=c++98 thread simulation test
FAIL: c-c++-common/simulate-thread/bitfields-1.c -O3 -g -std=c++11 thread simulation test
FAIL: g++.dg/torture/pr81812.C -O0 (test for excess errors)
FAIL: g++.dg/torture/pr81812.C -O1 (test for excess errors)
FAIL: g++.dg/torture/pr81812.C -O2 (test for excess errors)
FAIL: g++.dg/torture/pr81812.C -O3 -g (test for excess errors)
FAIL: g++.dg/torture/pr81812.C -Os (test for excess errors)
=== g++ Summary ===
# of expected passes 115142
# of unexpected failures 11
# of expected failures 509
# of unsupported tests 6558
/test/gnu/gcc/objdir/gcc/testsuite/g++/../../xg++ version 10.0.0 20190621 (experimental) [trunk revision 272545] (GCC)
=== gcc tests ===
Running target unix
FAIL: gcc.c-torture/compile/limits-exprparen.c -O0 (internal compiler error)
FAIL: gcc.c-torture/compile/limits-exprparen.c -O0 (test for excess errors)
FAIL: gcc.c-torture/compile/limits-exprparen.c -O1 (internal compiler error)
FAIL: gcc.c-torture/compile/limits-exprparen.c -O1 (test for excess errors)
FAIL: gcc.c-torture/compile/limits-exprparen.c -O2 (internal compiler error)
FAIL: gcc.c-torture/compile/limits-exprparen.c -O2 (test for excess errors)
FAIL: gcc.c-torture/compile/limits-exprparen.c -O3 -g (internal compiler error)
FAIL: gcc.c-torture/compile/limits-exprparen.c -O3 -g (test for excess errors)
FAIL: gcc.c-torture/compile/limits-exprparen.c -Os (internal compiler error)
FAIL: gcc.c-torture/compile/limits-exprparen.c -Os (test for excess errors)
FAIL: gcc.c-torture/execute/built-in-setjmp.c -O0 execution test
FAIL: gcc.c-torture/execute/built-in-setjmp.c -O1 execution test
FAIL: gcc.c-torture/execute/built-in-setjmp.c -O2 execution test
FAIL: gcc.c-torture/execute/built-in-setjmp.c -O3 -fomit-frame-pointer -funroll-loops -fpeel-loops -ftracer -finline-functions execution test
FAIL: gcc.c-torture/execute/built-in-setjmp.c -O3 -g execution test
FAIL: gcc.c-torture/execute/built-in-setjmp.c -Os execution test
FAIL: gcc.c-torture/execute/pr60003.c -O0 execution test
FAIL: gcc.c-torture/execute/pr64242.c -O0 execution test
FAIL: gcc.c-torture/execute/pr64242.c -O1 execution test
FAIL: gcc.c-torture/execute/pr64242.c -O2 execution test
FAIL: gcc.c-torture/execute/pr64242.c -O3 -g execution test
FAIL: gcc.c-torture/execute/pr64242.c -Os execution test
FAIL: gcc.dg/atomic/c11-atomic-exec-5.c -O0 execution test
FAIL: gcc.dg/atomic/c11-atomic-exec-5.c -O1 execution test
FAIL: gcc.dg/atomic/c11-atomic-exec-5.c -O2 execution test
FAIL: gcc.dg/atomic/c11-atomic-exec-5.c -O3 -fomit-frame-pointer -funroll-loops -fpeel-loops -ftracer -finline-functions execution test
FAIL: gcc.dg/atomic/c11-atomic-exec-5.c -O3 -g execution test
FAIL: gcc.dg/atomic/c11-atomic-exec-5.c -Os execution test
FAIL: c-c++-common/goacc/firstprivate-mappings-1.c scan-tree-dump omplower "(?n)#pragma omp target oacc_parallel map\\\\(from:array_so \\\\[len: 4\\\\]\\\\) firstprivate\\\\(array_li.[0-9]+\\\\) map\\\\(tofrom:\\\\(\\\\*array.[0-9]+\\\\) \\\\[len: D\\\\.[0-9]+\\\\]\\\\) map\\\\(firstprivate:array \\\\[pointer assign, bias: 0\\\\]\\\\) \\\\["
WARNING: program timed out.
FAIL: c-c++-common/simulate-thread/bitfields-1.c -O2 -g thread simulation test
FAIL: c-c++-common/simulate-thread/bitfields-1.c -O3 -g thread simulation test
XPASS: gcc.dg/torture/pr47917.c -O1 execution test
XPASS: gcc.dg/torture/pr47917.c -O2 execution test
XPASS: gcc.dg/torture/pr47917.c -O3 -g execution test
XPASS: gcc.dg/torture/pr47917.c -Os execution test
FAIL: gcc.dg/torture/pr90020.c -O0 (test for excess errors)
FAIL: gcc.dg/torture/pr90020.c -O0 execution test
FAIL: gcc.dg/torture/pr90020.c -O1 (test for excess errors)
FAIL: gcc.dg/torture/pr90020.c -O1 execution test
FAIL: gcc.dg/torture/pr90020.c -O2 (test for excess errors)
FAIL: gcc.dg/torture/pr90020.c -O2 execution test
FAIL: gcc.dg/torture/pr90020.c -O3 -g (test for excess errors)
FAIL: gcc.dg/torture/pr90020.c -O3 -g execution test
FAIL: gcc.dg/torture/pr90020.c -Os (test for excess errors)
FAIL: gcc.dg/torture/pr90020.c -Os execution test
FAIL: gcc.dg/torture/stackalign/setjmp-1.c -O0 execution test
FAIL: gcc.dg/torture/stackalign/setjmp-1.c -O0 -fpic execution test
FAIL: gcc.dg/torture/stackalign/setjmp-1.c -O1 execution test
FAIL: gcc.dg/torture/stackalign/setjmp-1.c -O1 -fpic execution test
FAIL: gcc.dg/torture/stackalign/setjmp-1.c -O2 execution test
FAIL: gcc.dg/torture/stackalign/setjmp-1.c -O2 -fpic execution test
FAIL: gcc.dg/torture/stackalign/setjmp-1.c -O3 -fomit-frame-pointer -funroll-loops -fpeel-loops -ftracer -finline-functions execution test
FAIL: gcc.dg/torture/stackalign/setjmp-1.c -O3 -fomit-frame-pointer -funroll-loops -fpeel-loops -ftracer -finline-functions -fpic execution test
FAIL: gcc.dg/torture/stackalign/setjmp-1.c -O3 -g execution test
FAIL: gcc.dg/torture/stackalign/setjmp-1.c -O3 -g -fpic execution test
FAIL: gcc.dg/torture/stackalign/setjmp-1.c -Os execution test
FAIL: gcc.dg/torture/stackalign/setjmp-1.c -Os -fpic execution test
FAIL: gcc.dg/torture/stackalign/setjmp-3.c -O0 execution test
FAIL: gcc.dg/torture/stackalign/setjmp-3.c -O0 -fpic execution test
FAIL: gcc.dg/torture/stackalign/setjmp-4.c -O0 execution test
FAIL: gcc.dg/torture/stackalign/setjmp-4.c -O0 -fpic execution test
FAIL: gcc.dg/tree-ssa/builtin-sprintf.c execution test
FAIL: gcc.misc-tests/gcov-pr85372.c execution test
FAIL: gcc.misc-tests/gcov-pr85372.c line 15: is #####:should be 2
FAIL: gcc.misc-tests/gcov-pr85372.c line 18: is #####:should be 1
FAIL: gcc.misc-tests/gcov-pr85372.c line 19: is #####:should be 1
FAIL: gcc.misc-tests/gcov-pr85372.c gcov: 3 failures in line counts, 0 in branch percentages, 0 in return percentages, 0 in intermediate format
=== gcc Summary ===
# of expected passes 85774
# of unexpected failures 63
# of unexpected successes 4
# of expected failures 423
# of unsupported tests 2454
/test/gnu/gcc/objdir/gcc/xgcc version 10.0.0 20190621 (experimental) [trunk revision 272545] (GCC)
=== gfortran tests ===
Running target unix
FAIL: gfortran.dg/class_61.f90 -O (internal compiler error)
FAIL: gfortran.dg/class_61.f90 -O (test for excess errors)
FAIL: gfortran.dg/elemental_subroutine_3.f90 -O1 (test for excess errors)
FAIL: gfortran.dg/elemental_subroutine_3.f90 -O2 (test for excess errors)
FAIL: gfortran.dg/elemental_subroutine_3.f90 -O3 -fomit-frame-pointer -funroll-loops -fpeel-loops -ftracer -finline-functions (test for excess errors)
FAIL: gfortran.dg/elemental_subroutine_3.f90 -O3 -g (test for excess errors)
FAIL: gfortran.dg/elemental_subroutine_3.f90 -Os (test for excess errors)
FAIL: gfortran.dg/fmt_f_default_field_width_3.f90 -O (test for excess errors)
FAIL: gfortran.dg/fmt_g_default_field_width_3.f90 -O (test for excess errors)
FAIL: gfortran.dg/unlimited_polymorphic_30.f03 -O0 execution test
=== gfortran Summary ===
# of expected passes 47999
# of unexpected failures 10
# of expected failures 198
# of unsupported tests 528
/test/gnu/gcc/objdir/gcc/testsuite/gfortran/../../gfortran version 10.0.0 20190621 (experimental) [trunk revision 272545] (GCC)
=== gnat tests ===
Running target unix
FAIL: gnat.dg/config_pragma1.adb execution test
FAIL: gnat.dg/debug11_pkg.adb scan-assembler local_imported_func
FAIL: gnat.dg/debug11_pkg.adb scan-assembler local_imported_var
FAIL: gnat.dg/debug11_pkg.adb scan-assembler global_imported_func
FAIL: gnat.dg/debug11_pkg.adb scan-assembler global_imported_var
FAIL: gnat.dg/opt39.adb scan-tree-dump-not optimized "tmp"
=== gnat Summary ===
# of expected passes 2918
# of unexpected failures 6
# of expected failures 23
# of unsupported tests 37
/test/gnu/gcc/objdir/gcc/gnatmake version 10.0.0 20190621 (experimental) [trunk revision 272545]
=== obj-c++ tests ===
Running target unix
=== obj-c++ Summary ===
# of expected passes 1392
# of expected failures 2
# of unsupported tests 60
/test/gnu/gcc/objdir/gcc/testsuite/obj-c++/../../xg++ version 10.0.0 20190621 (experimental) [trunk revision 272545] (GCC)
=== objc tests ===
Running target unix
=== objc Summary ===
# of expected passes 2684
# of unsupported tests 61
/test/gnu/gcc/objdir/gcc/xgcc version 10.0.0 20190621 (experimental) [trunk revision 272545] (GCC)
=== libatomic tests ===
Running target unix
=== libatomic Summary ===
# of expected passes 44
# of unsupported tests 5
=== libgomp tests ===
Running target unix
FAIL: libgomp.c/target-29.c (internal compiler error)
FAIL: libgomp.c/target-29.c (test for excess errors)
UNRESOLVED: libgomp.c/target-29.c compilation failed to produce executable
FAIL: libgomp.c++/target-15.C (internal compiler error)
FAIL: libgomp.c++/target-15.C (test for excess errors)
UNRESOLVED: libgomp.c++/target-15.C compilation failed to produce executable
FAIL: libgomp.c++/target-16.C (internal compiler error)
FAIL: libgomp.c++/target-16.C (test for excess errors)
UNRESOLVED: libgomp.c++/target-16.C compilation failed to produce executable
FAIL: libgomp.c++/target-17.C (internal compiler error)
FAIL: libgomp.c++/target-17.C (test for excess errors)
UNRESOLVED: libgomp.c++/target-17.C compilation failed to produce executable
FAIL: libgomp.c++/target-19.C (internal compiler error)
FAIL: libgomp.c++/target-19.C (test for excess errors)
UNRESOLVED: libgomp.c++/target-19.C compilation failed to produce executable
FAIL: libgomp.oacc-c/../libgomp.oacc-c-c++-common/atomic_update-1.c -DACC_DEVICE_TYPE_host=1 -DACC_MEM_SHARED=1 -foffload=disable -O2 execution test
FAIL: libgomp.oacc-c++/../libgomp.oacc-c-c++-common/atomic_update-1.c -DACC_DEVICE_TYPE_host=1 -DACC_MEM_SHARED=1 -foffload=disable -O2 execution test
=== libgomp Summary ===
# of expected passes 6457
# of unexpected failures 12
# of expected failures 4
# of unresolved testcases 5
# of unsupported tests 440
=== libstdc++ tests ===
Running target unix
FAIL: 17_intro/headers/c++1998/charset.cc (test for excess errors)
FAIL: 17_intro/headers/c++2011/charset.cc (test for excess errors)
FAIL: 17_intro/headers/c++2014/charset.cc (test for excess errors)
FAIL: 17_intro/headers/c++2017/charset.cc (test for excess errors)
FAIL: 17_intro/headers/c++2020/charset.cc (test for excess errors)
FAIL: 26_numerics/complex/proj.cc execution test
FAIL: experimental/iterator/requirements.cc (test for excess errors)
FAIL: libstdc++-prettyprinters/48362.cc
FAIL: libstdc++-prettyprinters/59161.cc
FAIL: libstdc++-prettyprinters/80276.cc
FAIL: libstdc++-prettyprinters/compat.cc
FAIL: libstdc++-prettyprinters/cxx11.cc
FAIL: libstdc++-prettyprinters/debug_cxx11.cc
FAIL: libstdc++-prettyprinters/libfundts.cc
FAIL: libstdc++-prettyprinters/shared_ptr.cc
FAIL: libstdc++-prettyprinters/tr1.cc
FAIL: libstdc++-prettyprinters/whatis2.cc
FAIL: libstdc++-xmethods/array.cc
FAIL: libstdc++-xmethods/associative-containers.cc
FAIL: libstdc++-xmethods/deque.cc
FAIL: libstdc++-xmethods/forwardlist.cc
FAIL: libstdc++-xmethods/list.cc
FAIL: libstdc++-xmethods/shared_ptr.cc
FAIL: libstdc++-xmethods/unique_ptr.cc
FAIL: libstdc++-xmethods/vector.cc
=== libstdc++ Summary ===
# of expected passes 11502
# of unexpected failures 25
# of expected failures 78
# of unsupported tests 985
Compiler version: 10.0.0 20190621 (experimental) [trunk revision 272545] (GCC)
Platform: hppa2.0w-hp-hpux11.11
configure flags:Test Run By dave on Sat Jun 22 09:50:37 2019