This is the mail archive of the
gcc-testresults@gcc.gnu.org
mailing list for the GCC project.
Results for 10.0.0 20190621 (experimental) [trunk revision 272544] (GCC) testsuite on sparc-sun-solaris2.11
- From: Rainer Orth <ro at CeBiTec dot Uni-Bielefeld dot DE>
- To: gcc-testresults at gcc dot gnu dot org
- Date: Sat, 22 Jun 2019 15:49:14 +0200 (MEST)
- Subject: Results for 10.0.0 20190621 (experimental) [trunk revision 272544] (GCC) testsuite on sparc-sun-solaris2.11
LAST_UPDATED: Fri Jun 21 08:49:02 UTC 2019 (revision 272544)
=== acats tests ===
=== acats Summary ===
# of expected passes 2320
# of unexpected failures 0
Native configuration is sparc-sun-solaris2.11
=== g++ tests ===
Running target unix
FAIL: c-c++-common/asan/pointer-subtract-3.c -O0 execution test
FAIL: c-c++-common/asan/pointer-subtract-3.c -O1 execution test
FAIL: c-c++-common/asan/pointer-subtract-3.c -O2 execution test
FAIL: c-c++-common/asan/pointer-subtract-3.c -O2 -flto execution test
FAIL: c-c++-common/asan/pointer-subtract-3.c -O2 -flto -flto-partition=none execution test
FAIL: c-c++-common/asan/pointer-subtract-3.c -O3 -g execution test
FAIL: c-c++-common/asan/pointer-subtract-3.c -Os execution test
FAIL: g++.dg/asan/default-options-1.C -O0 execution test
FAIL: g++.dg/asan/default-options-1.C -O1 execution test
FAIL: g++.dg/asan/default-options-1.C -O2 execution test
FAIL: g++.dg/asan/default-options-1.C -O2 -flto execution test
FAIL: g++.dg/asan/default-options-1.C -O2 -flto -flto-partition=none execution test
FAIL: g++.dg/asan/default-options-1.C -O3 -g execution test
FAIL: g++.dg/asan/default-options-1.C -Os execution test
FAIL: g++.dg/tree-ssa/pr19807.C -std=gnu++14 scan-tree-dump-times optimized "&MEM\\\\[\\\\(void .\\\\)&a \\\\+ 8B\\\\]" 3
FAIL: g++.dg/tree-ssa/pr19807.C -std=gnu++17 scan-tree-dump-times optimized "&MEM\\\\[\\\\(void .\\\\)&a \\\\+ 8B\\\\]" 3
FAIL: g++.dg/tree-ssa/pr19807.C -std=gnu++98 scan-tree-dump-times optimized "&MEM\\\\[\\\\(void .\\\\)&a \\\\+ 8B\\\\]" 3
FAIL: g++.dg/tree-ssa/ssa-dse-1.C scan-tree-dump-times dse1 "MEM\\\\[\\\\(struct FixBuf \\\\*\\\\)&<retval> \\\\+ [0-9]+B\\\\] = {}" 1
FAIL: g++.dg/gcov/pr16855-priority.C -std=gnu++14 gcov: 1 failures in line counts, 0 in branch percentages, 0 in return percentages, 0 in intermediate format
FAIL: g++.dg/gcov/pr16855-priority.C -std=gnu++14 line 22: is #####:should be 1
FAIL: g++.dg/gcov/pr16855-priority.C -std=gnu++17 gcov: 1 failures in line counts, 0 in branch percentages, 0 in return percentages, 0 in intermediate format
FAIL: g++.dg/gcov/pr16855-priority.C -std=gnu++17 line 22: is #####:should be 1
FAIL: g++.dg/gcov/pr16855-priority.C -std=gnu++98 gcov: 1 failures in line counts, 0 in branch percentages, 0 in return percentages, 0 in intermediate format
FAIL: g++.dg/gcov/pr16855-priority.C -std=gnu++98 line 22: is #####:should be 1
FAIL: g++.dg/gcov/pr16855.C -std=gnu++14 gcov: 1 failures in line counts, 0 in branch percentages, 0 in return percentages, 0 in intermediate format
FAIL: g++.dg/gcov/pr16855.C -std=gnu++14 line 21: is #####:should be 1
FAIL: g++.dg/gcov/pr16855.C -std=gnu++17 gcov: 1 failures in line counts, 0 in branch percentages, 0 in return percentages, 0 in intermediate format
FAIL: g++.dg/gcov/pr16855.C -std=gnu++17 line 21: is #####:should be 1
FAIL: g++.dg/gcov/pr16855.C -std=gnu++98 gcov: 1 failures in line counts, 0 in branch percentages, 0 in return percentages, 0 in intermediate format
FAIL: g++.dg/gcov/pr16855.C -std=gnu++98 line 21: is #####:should be 1
=== g++ Summary for unix ===
# of expected passes 129867
# of unexpected failures 30
# of expected failures 527
# of unsupported tests 6674
Running target unix/-m64
FAIL: g++.dg/tree-ssa/pr19807.C -std=gnu++14 scan-tree-dump-times optimized "&MEM\\\\[\\\\(void .\\\\)&a \\\\+ 8B\\\\]" 3
FAIL: g++.dg/tree-ssa/pr19807.C -std=gnu++17 scan-tree-dump-times optimized "&MEM\\\\[\\\\(void .\\\\)&a \\\\+ 8B\\\\]" 3
FAIL: g++.dg/tree-ssa/pr19807.C -std=gnu++98 scan-tree-dump-times optimized "&MEM\\\\[\\\\(void .\\\\)&a \\\\+ 8B\\\\]" 3
FAIL: g++.dg/tree-ssa/ssa-dse-1.C scan-tree-dump-times dse1 "MEM\\\\[\\\\(struct FixBuf \\\\*\\\\)&<retval> \\\\+ [0-9]+B\\\\] = {}" 1
FAIL: g++.dg/gcov/pr16855-priority.C -std=gnu++14 gcov: 1 failures in line counts, 0 in branch percentages, 0 in return percentages, 0 in intermediate format
FAIL: g++.dg/gcov/pr16855-priority.C -std=gnu++14 line 22: is #####:should be 1
FAIL: g++.dg/gcov/pr16855-priority.C -std=gnu++17 gcov: 1 failures in line counts, 0 in branch percentages, 0 in return percentages, 0 in intermediate format
FAIL: g++.dg/gcov/pr16855-priority.C -std=gnu++17 line 22: is #####:should be 1
FAIL: g++.dg/gcov/pr16855-priority.C -std=gnu++98 gcov: 1 failures in line counts, 0 in branch percentages, 0 in return percentages, 0 in intermediate format
FAIL: g++.dg/gcov/pr16855-priority.C -std=gnu++98 line 22: is #####:should be 1
FAIL: g++.dg/gcov/pr16855.C -std=gnu++14 gcov: 1 failures in line counts, 0 in branch percentages, 0 in return percentages, 0 in intermediate format
FAIL: g++.dg/gcov/pr16855.C -std=gnu++14 line 21: is #####:should be 1
FAIL: g++.dg/gcov/pr16855.C -std=gnu++17 gcov: 1 failures in line counts, 0 in branch percentages, 0 in return percentages, 0 in intermediate format
FAIL: g++.dg/gcov/pr16855.C -std=gnu++17 line 21: is #####:should be 1
FAIL: g++.dg/gcov/pr16855.C -std=gnu++98 gcov: 1 failures in line counts, 0 in branch percentages, 0 in return percentages, 0 in intermediate format
FAIL: g++.dg/gcov/pr16855.C -std=gnu++98 line 21: is #####:should be 1
UNRESOLVED: c-c++-common/ubsan/sanitize-all-2.c -O2 -flto scan-tree-dump-not optimized "UBSAN_CHECK_"
UNRESOLVED: c-c++-common/ubsan/sanitize-all-2.c -O2 -flto scan-tree-dump-not optimized "__ubsan_"
UNRESOLVED: c-c++-common/ubsan/sanitize-all-2.c -O2 -flto -flto-partition=none scan-tree-dump-not optimized "UBSAN_CHECK_"
UNRESOLVED: c-c++-common/ubsan/sanitize-all-2.c -O2 -flto -flto-partition=none scan-tree-dump-not optimized "__ubsan_"
UNRESOLVED: c-c++-common/ubsan/sanitize-all-3.c -O2 -flto scan-tree-dump optimized "UBSAN_CHECK_"
UNRESOLVED: c-c++-common/ubsan/sanitize-all-3.c -O2 -flto scan-tree-dump optimized "__ubsan_"
UNRESOLVED: c-c++-common/ubsan/sanitize-all-3.c -O2 -flto scan-tree-dump-not optimized "__ubsan_[a-z_]*_abort"
UNRESOLVED: c-c++-common/ubsan/sanitize-all-3.c -O2 -flto -flto-partition=none scan-tree-dump optimized "UBSAN_CHECK_"
UNRESOLVED: c-c++-common/ubsan/sanitize-all-3.c -O2 -flto -flto-partition=none scan-tree-dump optimized "__ubsan_"
UNRESOLVED: c-c++-common/ubsan/sanitize-all-3.c -O2 -flto -flto-partition=none scan-tree-dump-not optimized "__ubsan_[a-z_]*_abort"
UNRESOLVED: c-c++-common/ubsan/sanitize-all-4.c -O2 -flto scan-tree-dump optimized "UBSAN_CHECK_"
UNRESOLVED: c-c++-common/ubsan/sanitize-all-4.c -O2 -flto scan-tree-dump optimized "__ubsan_[a-z_]*_abort"
UNRESOLVED: c-c++-common/ubsan/sanitize-all-4.c -O2 -flto scan-tree-dump-not optimized "__ubsan_[a-z_]*[^et] "
UNRESOLVED: c-c++-common/ubsan/sanitize-all-4.c -O2 -flto -flto-partition=none scan-tree-dump optimized "UBSAN_CHECK_"
UNRESOLVED: c-c++-common/ubsan/sanitize-all-4.c -O2 -flto -flto-partition=none scan-tree-dump optimized "__ubsan_[a-z_]*_abort"
UNRESOLVED: c-c++-common/ubsan/sanitize-all-4.c -O2 -flto -flto-partition=none scan-tree-dump-not optimized "__ubsan_[a-z_]*[^et] "
=== g++ Summary for unix/-m64 ===
# of expected passes 130054
# of unexpected failures 16
# of expected failures 530
# of unresolved testcases 16
# of unsupported tests 6367
=== g++ Summary ===
# of expected passes 259921
# of unexpected failures 46
# of expected failures 1057
# of unresolved testcases 16
# of unsupported tests 13041
/var/gcc/regression/trunk/11-gcc-gas-gld/build/gcc/xg++ version 10.0.0 20190621 (experimental) [trunk revision 272544] (GCC)
=== gcc tests ===
Running target unix
FAIL: gcc.c-torture/execute/pr64242.c -O1 execution test
FAIL: gcc.c-torture/execute/pr64242.c -O2 execution test
FAIL: gcc.c-torture/execute/pr64242.c -O2 -flto -fno-use-linker-plugin -flto-partition=none execution test
FAIL: gcc.c-torture/execute/pr64242.c -O2 -flto -fuse-linker-plugin -fno-fat-lto-objects execution test
FAIL: gcc.c-torture/execute/pr64242.c -O3 -g execution test
FAIL: gcc.c-torture/execute/pr64242.c -Os execution test
FAIL: c-c++-common/asan/pointer-subtract-3.c -O0 execution test
FAIL: c-c++-common/asan/pointer-subtract-3.c -O1 execution test
FAIL: c-c++-common/asan/pointer-subtract-3.c -O2 execution test
FAIL: c-c++-common/asan/pointer-subtract-3.c -O2 -flto -fno-use-linker-plugin -flto-partition=none execution test
FAIL: c-c++-common/asan/pointer-subtract-3.c -O2 -flto -fuse-linker-plugin -fno-fat-lto-objects execution test
FAIL: c-c++-common/asan/pointer-subtract-3.c -O3 -g execution test
FAIL: c-c++-common/asan/pointer-subtract-3.c -Os execution test
FAIL: gcc.dg/pr84877.c execution test
FAIL: gcc.dg/simulate-thread/atomic-other-int.c -O2 -g thread simulation test
FAIL: gcc.dg/simulate-thread/atomic-other-int.c -O3 -g thread simulation test
FAIL: gcc.dg/simulate-thread/speculative-store-4.c -O0 -g thread simulation test
FAIL: gcc.dg/simulate-thread/speculative-store-4.c -O2 -g thread simulation test
FAIL: gcc.dg/simulate-thread/speculative-store-4.c -O3 -g thread simulation test
FAIL: gcc.dg/simulate-thread/speculative-store.c -O0 -g thread simulation test
FAIL: gcc.dg/tree-prof/stringop-2.c scan-tree-dump optimized "MEM\\\\[\\\\(void .\\\\)&a\\\\] = 168430090"
XPASS: gcc.dg/vect/bb-slp-div-1.c -flto -ffat-lto-objects scan-tree-dump slp2 "basic block vectorized"
XPASS: gcc.dg/vect/bb-slp-div-1.c scan-tree-dump slp2 "basic block vectorized"
=== gcc Summary for unix ===
# of expected passes 115078
# of unexpected failures 21
# of unexpected successes 2
# of expected failures 604
# of unsupported tests 3506
Running target unix/-m64
FAIL: gcc.c-torture/execute/pr64242.c -O1 execution test
FAIL: gcc.c-torture/execute/pr64242.c -O2 execution test
FAIL: gcc.c-torture/execute/pr64242.c -O2 -flto -fno-use-linker-plugin -flto-partition=none execution test
FAIL: gcc.c-torture/execute/pr64242.c -O2 -flto -fuse-linker-plugin -fno-fat-lto-objects execution test
FAIL: gcc.c-torture/execute/pr64242.c -O3 -g execution test
FAIL: gcc.c-torture/execute/pr64242.c -Os execution test
FAIL: gcc.dg/tree-prof/stringop-2.c scan-tree-dump optimized "MEM\\\\[\\\\(void .\\\\)&a\\\\] = 168430090"
XPASS: gcc.dg/vect/bb-slp-div-1.c -flto -ffat-lto-objects scan-tree-dump slp2 "basic block vectorized"
XPASS: gcc.dg/vect/bb-slp-div-1.c scan-tree-dump slp2 "basic block vectorized"
=== gcc Summary for unix/-m64 ===
# of expected passes 114649
# of unexpected failures 7
# of unexpected successes 2
# of expected failures 598
# of unsupported tests 2896
=== gcc Summary ===
# of expected passes 229727
# of unexpected failures 28
# of unexpected successes 4
# of expected failures 1202
# of unsupported tests 6402
/var/gcc/regression/trunk/11-gcc-gas-gld/build/gcc/xgcc version 10.0.0 20190621 (experimental) [trunk revision 272544] (GCC)
=== gdc tests ===
Running target unix
FAIL: gdc.test/runnable/mars1.d -O2 (internal compiler error)
FAIL: gdc.test/runnable/mars1.d -O2 -finline-functions (internal compiler error)
FAIL: gdc.test/runnable/mars1.d -O2 -finline-functions -shared-libphobos (internal compiler error)
FAIL: gdc.test/runnable/mars1.d -O2 -shared-libphobos (internal compiler error)
=== gdc Summary for unix ===
# of expected passes 25115
# of unexpected failures 4
# of unsupported tests 40
Running target unix/-m64
=== gdc Summary for unix/-m64 ===
# of expected passes 25115
# of unsupported tests 40
=== gdc Summary ===
# of expected passes 50230
# of unexpected failures 4
# of unsupported tests 80
/var/gcc/regression/trunk/11-gcc-gas-gld/build/gcc/gdc version 10.0.0 20190621 (experimental) [trunk revision 272544] (GCC)
=== gfortran tests ===
Running target unix
FAIL: gfortran.dg/elemental_subroutine_3.f90 -O1 (test for excess errors)
FAIL: gfortran.dg/elemental_subroutine_3.f90 -O2 (test for excess errors)
FAIL: gfortran.dg/elemental_subroutine_3.f90 -O3 -fomit-frame-pointer -funroll-loops -fpeel-loops -ftracer -finline-functions (test for excess errors)
FAIL: gfortran.dg/elemental_subroutine_3.f90 -O3 -g (test for excess errors)
FAIL: gfortran.dg/elemental_subroutine_3.f90 -Os (test for excess errors)
=== gfortran Summary for unix ===
# of expected passes 49769
# of unexpected failures 5
# of expected failures 188
# of unsupported tests 275
Running target unix/-m64
FAIL: gfortran.dg/elemental_subroutine_3.f90 -O1 (test for excess errors)
FAIL: gfortran.dg/elemental_subroutine_3.f90 -O2 (test for excess errors)
FAIL: gfortran.dg/elemental_subroutine_3.f90 -O3 -fomit-frame-pointer -funroll-loops -fpeel-loops -ftracer -finline-functions (test for excess errors)
FAIL: gfortran.dg/elemental_subroutine_3.f90 -O3 -g (test for excess errors)
FAIL: gfortran.dg/elemental_subroutine_3.f90 -Os (test for excess errors)
=== gfortran Summary for unix/-m64 ===
# of expected passes 50028
# of unexpected failures 5
# of expected failures 188
# of unsupported tests 148
=== gfortran Summary ===
# of expected passes 99797
# of unexpected failures 10
# of expected failures 376
# of unsupported tests 423
/var/gcc/regression/trunk/11-gcc-gas-gld/build/gcc/gfortran version 10.0.0 20190621 (experimental) [trunk revision 272544] (GCC)
=== gnat tests ===
Running target unix
=== gnat Summary for unix ===
# of expected passes 2942
# of expected failures 23
# of unsupported tests 29
Running target unix/-m64
=== gnat Summary for unix/-m64 ===
# of expected passes 2942
# of expected failures 23
# of unsupported tests 29
=== gnat Summary ===
# of expected passes 5884
# of expected failures 46
# of unsupported tests 58
/var/gcc/regression/trunk/11-gcc-gas-gld/build/gcc/gnatmake version 10.0.0 20190621 (experimental) [trunk revision 272544]
=== go tests ===
Running target unix
FAIL: ./index0-out.go execution, -O0 -g -fno-var-tracking-assignments
FAIL: go.test/test/fixedbugs/issue4085b.go execution, -O2 -g
FAIL: go.test/test/fixedbugs/issue4562.go execution, -O2 -g
=== go Summary for unix ===
# of expected passes 7469
# of unexpected failures 3
# of expected failures 1
# of untested testcases 11
# of unsupported tests 3
Running target unix/-m64
FAIL: ./index0-out.go execution, -O0 -g -fno-var-tracking-assignments
=== go Summary for unix/-m64 ===
# of expected passes 7351
# of unexpected failures 1
# of expected failures 1
# of untested testcases 11
# of unsupported tests 3
=== go Summary ===
# of expected passes 14820
# of unexpected failures 4
# of expected failures 2
# of untested testcases 22
# of unsupported tests 6
/var/gcc/regression/trunk/11-gcc-gas-gld/build/gcc/gccgo version 10.0.0 20190621 (experimental) [trunk revision 272544] (GCC)
=== obj-c++ tests ===
Running target unix
=== obj-c++ Summary for unix ===
# of expected passes 1450
# of expected failures 2
# of unsupported tests 77
Running target unix/-m64
=== obj-c++ Summary for unix/-m64 ===
# of expected passes 1442
# of expected failures 10
# of unsupported tests 77
=== obj-c++ Summary ===
# of expected passes 2892
# of expected failures 12
# of unsupported tests 154
/var/gcc/regression/trunk/11-gcc-gas-gld/build/gcc/xg++ version 10.0.0 20190621 (experimental) [trunk revision 272544] (GCC)
=== objc tests ===
Running target unix
=== objc Summary for unix ===
# of expected passes 2782
# of unsupported tests 68
Running target unix/-m64
=== objc Summary for unix/-m64 ===
# of expected passes 2782
# of unsupported tests 68
=== objc Summary ===
# of expected passes 5564
# of unsupported tests 136
/var/gcc/regression/trunk/11-gcc-gas-gld/build/gcc/xgcc version 10.0.0 20190621 (experimental) [trunk revision 272544] (GCC)
=== gotools tests ===
FAIL: go test cmd/go
FAIL: TestAbort
FAIL: TestCatchPanic
FAIL: TestCgoCCodeSIGPROF
FAIL: TestCgoCallbackGC
FAIL: TestCgoCheckBytes
FAIL: TestCgoCrashHandler
FAIL: TestCgoExecSignalMask
FAIL: TestCgoExternalThreadPanic
FAIL: TestCgoExternalThreadSIGPROF
FAIL: TestCgoExternalThreadSignal
FAIL: TestCgoLockOSThreadExit
FAIL: TestCgoNumGoroutine
FAIL: TestCgoPanicDeadlock
FAIL: TestCgoSignalDeadlock
FAIL: TestCgoTraceback
FAIL: TestCgoTracebackSigpanic
FAIL: TestEnsureDropM
FAIL: TestGccgoCrashTraceback
FAIL: TestGccgoCrashTracebackNodebug
FAIL: TestPanicInlined
FAIL: TestRuntimePanic
FAIL: TestSelectStackAdjust
FAIL: TestSigStackSwapping
FAIL: go test runtime
FAIL: go test misc/cgo/test
FAIL: TestCompileWithoutShared
FAIL: TestEarlySignalHandler
FAIL: TestOsSignal
FAIL: TestSigaltstack
FAIL: TestSignalForwarding
FAIL: TestSignalForwardingExternal
FAIL: go test misc/cgo/testcarchive
FAIL: go test cmd/vet
=== gotools Summary ===
# of expected passes 161
# of unexpected failures 34
# of untested testcases 54
/var/gcc/regression/trunk/11-gcc-gas-gld/build/./gcc/gccgo version 10.0.0 20190621 (experimental) [trunk revision 272544] (GCC)
=== libatomic tests ===
Running target unix
=== libatomic Summary for unix ===
# of expected passes 44
# of unsupported tests 5
Running target unix/-m64
=== libatomic Summary for unix/-m64 ===
# of expected passes 54
=== libatomic Summary ===
# of expected passes 98
# of unsupported tests 5
=== libffi tests ===
Running target unix
=== libffi Summary for unix ===
# of expected passes 2214
Running target unix/-m64
=== libffi Summary for unix/-m64 ===
# of expected passes 2214
=== libffi Summary ===
# of expected passes 4428
=== libgo tests ===
Running target unix
FAIL: go/build
FAIL: internal/x/crypto/cryptobyte
FAIL: os/signal
FAIL: runtime
FAIL: runtime/pprof
FAIL: sync/atomic
=== libgo Summary for unix ===
# of expected passes 179
# of unexpected failures 6
Running target unix/-m64
FAIL: go/build
FAIL: net/http
FAIL: runtime
FAIL: runtime/pprof
FAIL: sync/atomic
=== libgo Summary for unix/-m64 ===
# of expected passes 180
# of unexpected failures 5
=== libgo Summary ===
# of expected passes 359
# of unexpected failures 11
/var/gcc/regression/trunk/11-gcc-gas-gld/build/./gcc/gccgo version 10.0.0 20190621 (experimental) [trunk revision 272544] (GCC)
=== libgomp tests ===
Running target unix
=== libgomp Summary for unix ===
# of expected passes 6501
# of expected failures 4
# of unsupported tests 424
Running target unix/-m64
=== libgomp Summary for unix/-m64 ===
# of expected passes 6501
# of expected failures 4
# of unsupported tests 424
=== libgomp Summary ===
# of expected passes 13002
# of expected failures 8
# of unsupported tests 848
=== libitm tests ===
Running target unix
FAIL: libitm.c++/libstdc++-safeexc.C (test for excess errors)
UNRESOLVED: libitm.c++/libstdc++-safeexc.C compilation failed to produce executable
=== libitm Summary for unix ===
# of expected passes 40
# of unexpected failures 1
# of expected failures 3
# of unresolved testcases 1
# of unsupported tests 1
Running target unix/-m64
=== libitm Summary for unix/-m64 ===
# of expected passes 42
# of expected failures 3
# of unsupported tests 1
=== libitm Summary ===
# of expected passes 82
# of unexpected failures 1
# of expected failures 6
# of unresolved testcases 1
# of unsupported tests 2
=== libphobos tests ===
Running target unix
FAIL: libphobos.aa/test_aa.d (test for excess errors)
FAIL: libphobos.aa/test_aa.d execution test
FAIL: libphobos.allocations/overflow_from_existing.d (test for excess errors)
FAIL: libphobos.allocations/overflow_from_existing.d output pattern test
FAIL: libphobos.allocations/overflow_from_zero.d (test for excess errors)
FAIL: libphobos.allocations/overflow_from_zero.d output pattern test
FAIL: libphobos.allocations/tls_gc_integration.d (test for excess errors)
FAIL: libphobos.allocations/tls_gc_integration.d execution test
FAIL: libphobos.cycles/mod1.d --DRT-oncycle=abort (test for excess errors)
FAIL: libphobos.cycles/mod1.d --DRT-oncycle=deprecate (test for excess errors)
FAIL: libphobos.cycles/mod1.d --DRT-oncycle=deprecate execution test
FAIL: libphobos.cycles/mod1.d --DRT-oncycle=ignore (test for excess errors)
FAIL: libphobos.cycles/mod1.d --DRT-oncycle=ignore execution test
FAIL: libphobos.cycles/mod1.d --DRT-oncycle=print (test for excess errors)
FAIL: libphobos.cycles/mod1.d --DRT-oncycle=print execution test
FAIL: libphobos.cycles/mod2.d --DRT-oncycle=abort (test for excess errors)
FAIL: libphobos.cycles/mod2.d --DRT-oncycle=deprecate (test for excess errors)
FAIL: libphobos.cycles/mod2.d --DRT-oncycle=deprecate execution test
FAIL: libphobos.cycles/mod2.d --DRT-oncycle=ignore (test for excess errors)
FAIL: libphobos.cycles/mod2.d --DRT-oncycle=ignore execution test
FAIL: libphobos.cycles/mod2.d --DRT-oncycle=print (test for excess errors)
FAIL: libphobos.cycles/mod2.d --DRT-oncycle=print execution test
FAIL: libphobos.cycles/mod3.d --DRT-oncycle=abort (test for excess errors)
FAIL: libphobos.cycles/mod3.d --DRT-oncycle=deprecate (test for excess errors)
FAIL: libphobos.cycles/mod3.d --DRT-oncycle=deprecate execution test
FAIL: libphobos.cycles/mod3.d --DRT-oncycle=ignore (test for excess errors)
FAIL: libphobos.cycles/mod3.d --DRT-oncycle=ignore execution test
FAIL: libphobos.cycles/mod3.d --DRT-oncycle=print (test for excess errors)
FAIL: libphobos.cycles/mod3.d --DRT-oncycle=print execution test
FAIL: libphobos.druntime_shared/core/time.d execution test
FAIL: libphobos.exceptions/chain.d (test for excess errors)
FAIL: libphobos.exceptions/chain.d execution test
FAIL: libphobos.exceptions/invalid_memory_operation.d (test for excess errors)
FAIL: libphobos.exceptions/invalid_memory_operation.d output pattern test
FAIL: libphobos.exceptions/line_trace.d (test for excess errors)
FAIL: libphobos.exceptions/line_trace.d execution test
FAIL: libphobos.exceptions/static_dtor.d (test for excess errors)
FAIL: libphobos.exceptions/static_dtor.d output pattern test
FAIL: libphobos.exceptions/stderr_msg.d (test for excess errors)
FAIL: libphobos.exceptions/stderr_msg.d output pattern test
FAIL: libphobos.exceptions/unittest_assert.d (test for excess errors)
FAIL: libphobos.exceptions/unittest_assert.d output pattern test
FAIL: libphobos.hash/test_hash.d (test for excess errors)
FAIL: libphobos.hash/test_hash.d execution test
FAIL: libphobos.init_fini/runtime_args.d (test for excess errors)
FAIL: libphobos.init_fini/runtime_args.d execution test
FAIL: libphobos.init_fini/thread_join.d (test for excess errors)
FAIL: libphobos.init_fini/thread_join.d execution test
FAIL: libphobos.phobos_shared/std/algorithm/mutation.d execution test
FAIL: libphobos.phobos_shared/std/concurrency.d execution test
FAIL: libphobos.phobos_shared/std/datetime/systime.d execution test
FAIL: libphobos.phobos_shared/std/datetime/timezone.d execution test
FAIL: libphobos.phobos_shared/std/digest/murmurhash.d execution test
FAIL: libphobos.phobos_shared/std/experimental/allocator/building_blocks/region.d execution test
FAIL: libphobos.phobos_shared/std/format.d execution test
FAIL: libphobos.phobos_shared/std/internal/math/errorfunction.d execution test
FAIL: libphobos.phobos_shared/std/internal/math/gammafunction.d execution test
FAIL: libphobos.phobos_shared/std/math.d execution test
WARNING: libphobos.phobos_shared/std/net/curl.d execution test program timed out.
FAIL: libphobos.phobos_shared/std/net/curl.d execution test
FAIL: libphobos.phobos_shared/std/net/isemail.d execution test
FAIL: libphobos.phobos_shared/std/numeric.d execution test
FAIL: libphobos.phobos_shared/std/parallelism.d execution test
FAIL: libphobos.phobos_shared/std/regex/internal/kickstart.d execution test
FAIL: libphobos.phobos_shared/std/regex/internal/tests.d execution test
FAIL: libphobos.phobos_shared/std/regex/package.d execution test
FAIL: libphobos.phobos_shared/std/socket.d execution test
FAIL: libphobos.phobos_shared/std/stdio.d execution test
FAIL: libphobos.phobos_shared/std/variant.d execution test
FAIL: libphobos.shared/finalize.d -shared-libphobos -ldl execution test
FAIL: libphobos.shared/linkD.c lib.so -ldl -pthread (test for excess errors)
FAIL: libphobos.shared/linkD.c lib.so -ldl -pthread execution test
FAIL: libphobos.shared/load.d -shared-libphobos -ldl execution test
FAIL: libphobos.shared/load_13414.d -shared-libphobos -ldl execution test
FAIL: libphobos.thread/fiber_guard_page.d (test for excess errors)
FAIL: libphobos.thread/tlsgc_sections.d (test for excess errors)
FAIL: libphobos.thread/tlsgc_sections.d execution test
FAIL: libphobos.typeinfo/comparison.d (test for excess errors)
FAIL: libphobos.typeinfo/comparison.d execution test
FAIL: libphobos.typeinfo/struct-align.d (test for excess errors)
FAIL: libphobos.typeinfo/struct-align.d execution test
=== libphobos Summary for unix ===
# of expected passes 343
# of unexpected failures 80
Running target unix/-m64
FAIL: libphobos.aa/test_aa.d (test for excess errors)
FAIL: libphobos.aa/test_aa.d execution test
FAIL: libphobos.allocations/overflow_from_existing.d (test for excess errors)
FAIL: libphobos.allocations/overflow_from_existing.d output pattern test
FAIL: libphobos.allocations/overflow_from_zero.d (test for excess errors)
FAIL: libphobos.allocations/overflow_from_zero.d output pattern test
FAIL: libphobos.allocations/tls_gc_integration.d (test for excess errors)
FAIL: libphobos.allocations/tls_gc_integration.d execution test
FAIL: libphobos.cycles/mod1.d --DRT-oncycle=abort (test for excess errors)
FAIL: libphobos.cycles/mod1.d --DRT-oncycle=deprecate (test for excess errors)
FAIL: libphobos.cycles/mod1.d --DRT-oncycle=deprecate execution test
FAIL: libphobos.cycles/mod1.d --DRT-oncycle=ignore (test for excess errors)
FAIL: libphobos.cycles/mod1.d --DRT-oncycle=ignore execution test
FAIL: libphobos.cycles/mod1.d --DRT-oncycle=print (test for excess errors)
FAIL: libphobos.cycles/mod1.d --DRT-oncycle=print execution test
FAIL: libphobos.cycles/mod2.d --DRT-oncycle=abort (test for excess errors)
FAIL: libphobos.cycles/mod2.d --DRT-oncycle=deprecate (test for excess errors)
FAIL: libphobos.cycles/mod2.d --DRT-oncycle=deprecate execution test
FAIL: libphobos.cycles/mod2.d --DRT-oncycle=ignore (test for excess errors)
FAIL: libphobos.cycles/mod2.d --DRT-oncycle=ignore execution test
FAIL: libphobos.cycles/mod2.d --DRT-oncycle=print (test for excess errors)
FAIL: libphobos.cycles/mod2.d --DRT-oncycle=print execution test
FAIL: libphobos.cycles/mod3.d --DRT-oncycle=abort (test for excess errors)
FAIL: libphobos.cycles/mod3.d --DRT-oncycle=deprecate (test for excess errors)
FAIL: libphobos.cycles/mod3.d --DRT-oncycle=deprecate execution test
FAIL: libphobos.cycles/mod3.d --DRT-oncycle=ignore (test for excess errors)
FAIL: libphobos.cycles/mod3.d --DRT-oncycle=ignore execution test
FAIL: libphobos.cycles/mod3.d --DRT-oncycle=print (test for excess errors)
FAIL: libphobos.cycles/mod3.d --DRT-oncycle=print execution test
FAIL: libphobos.exceptions/chain.d (test for excess errors)
FAIL: libphobos.exceptions/chain.d execution test
FAIL: libphobos.exceptions/invalid_memory_operation.d (test for excess errors)
FAIL: libphobos.exceptions/invalid_memory_operation.d output pattern test
FAIL: libphobos.exceptions/line_trace.d (test for excess errors)
FAIL: libphobos.exceptions/line_trace.d execution test
FAIL: libphobos.exceptions/static_dtor.d (test for excess errors)
FAIL: libphobos.exceptions/static_dtor.d output pattern test
FAIL: libphobos.exceptions/stderr_msg.d (test for excess errors)
FAIL: libphobos.exceptions/stderr_msg.d output pattern test
FAIL: libphobos.exceptions/unittest_assert.d (test for excess errors)
FAIL: libphobos.exceptions/unittest_assert.d output pattern test
FAIL: libphobos.hash/test_hash.d (test for excess errors)
FAIL: libphobos.hash/test_hash.d execution test
FAIL: libphobos.init_fini/runtime_args.d (test for excess errors)
FAIL: libphobos.init_fini/runtime_args.d execution test
FAIL: libphobos.init_fini/thread_join.d (test for excess errors)
FAIL: libphobos.init_fini/thread_join.d execution test
FAIL: libphobos.phobos_shared/std/datetime/systime.d execution test
FAIL: libphobos.phobos_shared/std/datetime/timezone.d execution test
FAIL: libphobos.phobos_shared/std/digest/murmurhash.d execution test
FAIL: libphobos.phobos_shared/std/format.d execution test
FAIL: libphobos.phobos_shared/std/internal/math/errorfunction.d execution test
FAIL: libphobos.phobos_shared/std/internal/math/gammafunction.d execution test
FAIL: libphobos.phobos_shared/std/math.d execution test
FAIL: libphobos.phobos_shared/std/numeric.d execution test
FAIL: libphobos.phobos_shared/std/parallelism.d execution test
FAIL: libphobos.phobos_shared/std/regex/internal/kickstart.d execution test
FAIL: libphobos.phobos_shared/std/regex/internal/tests.d execution test
FAIL: libphobos.phobos_shared/std/regex/package.d execution test
FAIL: libphobos.shared/finalize.d -shared-libphobos -ldl execution test
FAIL: libphobos.shared/linkD.c lib.so -ldl -pthread (test for excess errors)
FAIL: libphobos.shared/linkD.c lib.so -ldl -pthread execution test
FAIL: libphobos.shared/load.d -shared-libphobos -ldl execution test
FAIL: libphobos.shared/load_13414.d -shared-libphobos -ldl execution test
FAIL: libphobos.thread/fiber_guard_page.d (test for excess errors)
FAIL: libphobos.thread/tlsgc_sections.d (test for excess errors)
FAIL: libphobos.thread/tlsgc_sections.d execution test
FAIL: libphobos.typeinfo/comparison.d (test for excess errors)
FAIL: libphobos.typeinfo/comparison.d execution test
FAIL: libphobos.typeinfo/struct-align.d (test for excess errors)
FAIL: libphobos.typeinfo/struct-align.d execution test
=== libphobos Summary for unix/-m64 ===
# of expected passes 352
# of unexpected failures 71
=== libphobos Summary ===
# of expected passes 695
# of unexpected failures 151
=== libstdc++ tests ===
Running target unix
ERROR: remote_download to target of /vol/gcc/src/hg/trunk/local/libstdc++-v3/testsuite/data/wistream_unformatted-1.tst to wistream_unformatted-1.tst: child killed: kill signal
UNRESOLVED: 17_intro/headers/c++1998/complex.cc (test for excess errors)
=== libstdc++ Summary for unix ===
# of expected passes 12112
# of expected failures 78
# of unresolved testcases 1
# of unsupported tests 713
Running target unix/-m64
=== libstdc++ Summary for unix/-m64 ===
# of expected passes 12113
# of expected failures 78
# of unsupported tests 713
=== libstdc++ Summary ===
# of expected passes 24225
# of expected failures 156
# of unresolved testcases 1
# of unsupported tests 1426
Compiler version: 10.0.0 20190621 (experimental) [trunk revision 272544] (GCC)
Platform: sparc-sun-solaris2.11
configure flags: --prefix=/vol/gcc --target=sparc-sun-solaris2.11 --enable-objc-gc --with-target-bdw-gc-include=/vol/gcc/include --with-target-bdw-gc-lib=/vol/gcc/lib,sparcv9=/vol/gcc/lib/sparcv9 --with-as=/vol/gcc/bin/gas-2.32 --with-gnu-as --with-ld=/vol/gcc/bin/gld-2.32 --with-gnu-ld --with-gmp-include=/vol/gcc/include --with-gmp-lib=/vol/gcc/lib --with-mpfr-include=/vol/gcc/include --with-mpfr-lib=/vol/gcc/lib --with-mpc-include=/vol/gcc/include --with-mpc-lib=/vol/gcc/lib --enable-languages=all,ada,obj-c++,go --with-isl-include=/vol/gcc/include --with-isl-lib=/vol/gcc/lib --build=sparc-sun-solaris2.11 --host=sparc-sun-solaris2.11
BOOT_CFLAGS=-g -O2