This is the mail archive of the
gcc-testresults@gcc.gnu.org
mailing list for the GCC project.
Results for 10.0.0 20190621 (experimental) [trunk revision 272544] (GCC) testsuite on sparc-sun-solaris2.11
- From: Rainer Orth <ro at CeBiTec dot Uni-Bielefeld dot DE>
- To: gcc-testresults at gcc dot gnu dot org
- Date: Fri, 21 Jun 2019 22:54:56 +0200 (MEST)
- Subject: Results for 10.0.0 20190621 (experimental) [trunk revision 272544] (GCC) testsuite on sparc-sun-solaris2.11
LAST_UPDATED: Fri Jun 21 08:49:02 UTC 2019 (revision 272544)
=== acats tests ===
=== acats Summary ===
# of expected passes 2320
# of unexpected failures 0
Native configuration is sparc-sun-solaris2.11
=== g++ tests ===
Running target unix
FAIL: g++.dg/cpp0x/gen-attrs-67.C -std=c++14 (test for excess errors)
FAIL: g++.dg/cpp0x/gen-attrs-67.C -std=c++17 (test for excess errors)
FAIL: g++.dg/tree-ssa/pr19807.C -std=gnu++14 scan-tree-dump-times optimized "&MEM\\\\[\\\\(void .\\\\)&a \\\\+ 8B\\\\]" 3
FAIL: g++.dg/tree-ssa/pr19807.C -std=gnu++17 scan-tree-dump-times optimized "&MEM\\\\[\\\\(void .\\\\)&a \\\\+ 8B\\\\]" 3
FAIL: g++.dg/tree-ssa/pr19807.C -std=gnu++98 scan-tree-dump-times optimized "&MEM\\\\[\\\\(void .\\\\)&a \\\\+ 8B\\\\]" 3
FAIL: g++.dg/tree-ssa/ssa-dse-1.C scan-tree-dump-times dse1 "MEM\\\\[\\\\(struct FixBuf \\\\*\\\\)&<retval> \\\\+ [0-9]+B\\\\] = {}" 1
FAIL: g++.dg/lto/alias-1 cp_lto_alias-1_0.o-cp_lto_alias-1_1.o execute -O2 -flto
FAIL: g++.dg/lto/pr89335 cp_lto_pr89335_0.o assemble, -O2 -flto -Wsuggest-final-methods
=== g++ Summary for unix ===
# of expected passes 129823
# of unexpected failures 8
# of expected failures 533
# of unsupported tests 6684
Running target unix/-m64
FAIL: g++.dg/cpp0x/gen-attrs-67.C -std=c++14 (test for excess errors)
FAIL: g++.dg/cpp0x/gen-attrs-67.C -std=c++17 (test for excess errors)
FAIL: g++.dg/tree-ssa/pr19807.C -std=gnu++14 scan-tree-dump-times optimized "&MEM\\\\[\\\\(void .\\\\)&a \\\\+ 8B\\\\]" 3
FAIL: g++.dg/tree-ssa/pr19807.C -std=gnu++17 scan-tree-dump-times optimized "&MEM\\\\[\\\\(void .\\\\)&a \\\\+ 8B\\\\]" 3
FAIL: g++.dg/tree-ssa/pr19807.C -std=gnu++98 scan-tree-dump-times optimized "&MEM\\\\[\\\\(void .\\\\)&a \\\\+ 8B\\\\]" 3
FAIL: g++.dg/tree-ssa/ssa-dse-1.C scan-tree-dump-times dse1 "MEM\\\\[\\\\(struct FixBuf \\\\*\\\\)&<retval> \\\\+ [0-9]+B\\\\] = {}" 1
FAIL: g++.dg/lto/alias-1 cp_lto_alias-1_0.o-cp_lto_alias-1_1.o execute -O2 -flto
FAIL: g++.dg/lto/pr89335 cp_lto_pr89335_0.o assemble, -O2 -flto -Wsuggest-final-methods
=== g++ Summary for unix/-m64 ===
# of expected passes 129956
# of unexpected failures 8
# of expected failures 536
# of unsupported tests 6401
=== g++ Summary ===
# of expected passes 259779
# of unexpected failures 16
# of expected failures 1069
# of unsupported tests 13085
/var/gcc/regression/trunk/11.3-gcc/build/gcc/xg++ version 10.0.0 20190621 (experimental) [trunk revision 272544] (GCC)
=== gcc tests ===
Running target unix
FAIL: gcc.c-torture/execute/pr64242.c -O1 execution test
FAIL: gcc.c-torture/execute/pr64242.c -O2 execution test
FAIL: gcc.c-torture/execute/pr64242.c -O2 -flto execution test
FAIL: gcc.c-torture/execute/pr64242.c -O2 -flto -flto-partition=none execution test
FAIL: gcc.c-torture/execute/pr64242.c -O3 -g execution test
FAIL: gcc.c-torture/execute/pr64242.c -Os execution test
FAIL: gcc.dg/pr84877.c execution test
FAIL: gcc.dg/visibility-22.c execution test
FAIL: gcc.dg/ipa/ipa-icf-38.c scan-ltrans-tree-dump-not optimized "Function bar"
WARNING: gcc.dg/plugin/poly-int-03_plugin.c compilation program timed out.
FAIL: gcc.dg/plugin/poly-int-03_plugin.c compilation
FAIL: gcc.dg/simulate-thread/atomic-other-int.c -O2 -g thread simulation test
FAIL: gcc.dg/simulate-thread/atomic-other-int.c -O3 -g thread simulation test
FAIL: gcc.dg/simulate-thread/speculative-store-4.c -O0 -g thread simulation test
FAIL: gcc.dg/simulate-thread/speculative-store-4.c -O2 -g thread simulation test
FAIL: gcc.dg/simulate-thread/speculative-store-4.c -O3 -g thread simulation test
FAIL: gcc.dg/simulate-thread/speculative-store.c -O0 -g thread simulation test
FAIL: gcc.dg/torture/pr60092.c -O0 execution test
FAIL: gcc.dg/tree-prof/stringop-2.c scan-tree-dump optimized "MEM\\\\[\\\\(void .\\\\)&a\\\\] = 168430090"
XPASS: gcc.dg/vect/bb-slp-div-1.c -flto -ffat-lto-objects scan-tree-dump slp2 "basic block vectorized"
XPASS: gcc.dg/vect/bb-slp-div-1.c scan-tree-dump slp2 "basic block vectorized"
=== gcc Summary for unix ===
# of expected passes 115063
# of unexpected failures 18
# of unexpected successes 2
# of expected failures 605
# of unsupported tests 3477
Running target unix/-m64
FAIL: gcc.c-torture/execute/pr64242.c -O1 execution test
FAIL: gcc.c-torture/execute/pr64242.c -O2 execution test
FAIL: gcc.c-torture/execute/pr64242.c -O2 -flto execution test
FAIL: gcc.c-torture/execute/pr64242.c -O2 -flto -flto-partition=none execution test
FAIL: gcc.c-torture/execute/pr64242.c -O3 -g execution test
FAIL: gcc.c-torture/execute/pr64242.c -Os execution test
FAIL: gcc.dg/visibility-22.c execution test
FAIL: gcc.dg/ipa/ipa-icf-38.c scan-ltrans-tree-dump-not optimized "Function bar"
FAIL: gcc.dg/torture/pr60092.c -O0 execution test
FAIL: gcc.dg/tree-prof/stringop-2.c scan-tree-dump optimized "MEM\\\\[\\\\(void .\\\\)&a\\\\] = 168430090"
XPASS: gcc.dg/vect/bb-slp-div-1.c -flto -ffat-lto-objects scan-tree-dump slp2 "basic block vectorized"
XPASS: gcc.dg/vect/bb-slp-div-1.c scan-tree-dump slp2 "basic block vectorized"
=== gcc Summary for unix/-m64 ===
# of expected passes 114595
# of unexpected failures 10
# of unexpected successes 2
# of expected failures 599
# of unsupported tests 2888
=== gcc Summary ===
# of expected passes 229658
# of unexpected failures 28
# of unexpected successes 4
# of expected failures 1204
# of unsupported tests 6365
/var/gcc/regression/trunk/11.3-gcc/build/gcc/xgcc version 10.0.0 20190621 (experimental) [trunk revision 272544] (GCC)
=== gdc tests ===
Running target unix
FAIL: gdc.test/runnable/mars1.d -O2 (internal compiler error)
FAIL: gdc.test/runnable/mars1.d -O2 -finline-functions (internal compiler error)
WARNING: gdc.test/runnable/test10942.d -O2 -frelease -g (test for excess errors) program timed out.
=== gdc Summary for unix ===
# of expected passes 22827
# of unexpected failures 2
# of unsupported tests 40
Running target unix/-m64
FAIL: gdc.test/compilable/test15019.d -O2 -g output-exists test15019.o
WARNING: gdc.test/compilable/test15019.d -O2 -g (test for excess errors) program timed out.
=== gdc Summary for unix/-m64 ===
# of expected passes 22826
# of unexpected failures 1
# of unsupported tests 40
=== gdc Summary ===
# of expected passes 45653
# of unexpected failures 3
# of unsupported tests 80
/var/gcc/regression/trunk/11.3-gcc/build/gcc/gdc version 10.0.0 20190621 (experimental) [trunk revision 272544] (GCC)
=== gfortran tests ===
Running target unix
FAIL: gfortran.dg/elemental_subroutine_3.f90 -O1 (test for excess errors)
FAIL: gfortran.dg/elemental_subroutine_3.f90 -O2 (test for excess errors)
FAIL: gfortran.dg/elemental_subroutine_3.f90 -O3 -fomit-frame-pointer -funroll-loops -fpeel-loops -ftracer -finline-functions (test for excess errors)
FAIL: gfortran.dg/elemental_subroutine_3.f90 -O3 -g (test for excess errors)
FAIL: gfortran.dg/elemental_subroutine_3.f90 -Os (test for excess errors)
=== gfortran Summary for unix ===
# of expected passes 49769
# of unexpected failures 5
# of expected failures 188
# of unsupported tests 275
Running target unix/-m64
FAIL: gfortran.dg/elemental_subroutine_3.f90 -O1 (test for excess errors)
FAIL: gfortran.dg/elemental_subroutine_3.f90 -O2 (test for excess errors)
FAIL: gfortran.dg/elemental_subroutine_3.f90 -O3 -fomit-frame-pointer -funroll-loops -fpeel-loops -ftracer -finline-functions (test for excess errors)
FAIL: gfortran.dg/elemental_subroutine_3.f90 -O3 -g (test for excess errors)
FAIL: gfortran.dg/elemental_subroutine_3.f90 -Os (test for excess errors)
=== gfortran Summary for unix/-m64 ===
# of expected passes 50028
# of unexpected failures 5
# of expected failures 188
# of unsupported tests 148
=== gfortran Summary ===
# of expected passes 99797
# of unexpected failures 10
# of expected failures 376
# of unsupported tests 423
/var/gcc/regression/trunk/11.3-gcc/build/gcc/gfortran version 10.0.0 20190621 (experimental) [trunk revision 272544] (GCC)
=== gnat tests ===
Running target unix
=== gnat Summary for unix ===
# of expected passes 2938
# of expected failures 23
# of unsupported tests 31
Running target unix/-m64
=== gnat Summary for unix/-m64 ===
# of expected passes 2938
# of expected failures 23
# of unsupported tests 31
=== gnat Summary ===
# of expected passes 5876
# of expected failures 46
# of unsupported tests 62
/var/gcc/regression/trunk/11.3-gcc/build/gcc/gnatmake version 10.0.0 20190621 (experimental) [trunk revision 272544]
=== go tests ===
Running target unix
FAIL: ./index0-out.go execution, -O0 -g -fno-var-tracking-assignments
FAIL: go.test/test/fixedbugs/issue4085b.go execution, -O2 -g
=== go Summary for unix ===
# of expected passes 7470
# of unexpected failures 2
# of expected failures 1
# of untested testcases 11
# of unsupported tests 3
Running target unix/-m64
FAIL: ./index0-out.go execution, -O0 -g -fno-var-tracking-assignments
FAIL: go.test/test/fixedbugs/issue4348.go -O (test for excess errors)
=== go Summary for unix/-m64 ===
# of expected passes 7350
# of unexpected failures 2
# of expected failures 1
# of untested testcases 11
# of unsupported tests 3
=== go Summary ===
# of expected passes 14820
# of unexpected failures 4
# of expected failures 2
# of untested testcases 22
# of unsupported tests 6
=== obj-c++ tests ===
Running target unix
=== obj-c++ Summary for unix ===
# of expected passes 1450
# of expected failures 2
# of unsupported tests 77
Running target unix/-m64
=== obj-c++ Summary for unix/-m64 ===
# of expected passes 1442
# of expected failures 10
# of unsupported tests 77
=== obj-c++ Summary ===
# of expected passes 2892
# of expected failures 12
# of unsupported tests 154
/var/gcc/regression/trunk/11.3-gcc/build/gcc/xg++ version 10.0.0 20190621 (experimental) [trunk revision 272544] (GCC)
=== objc tests ===
Running target unix
=== objc Summary for unix ===
# of expected passes 2782
# of unsupported tests 68
Running target unix/-m64
=== objc Summary for unix/-m64 ===
# of expected passes 2782
# of unsupported tests 68
=== objc Summary ===
# of expected passes 5564
# of unsupported tests 136
/var/gcc/regression/trunk/11.3-gcc/build/gcc/xgcc version 10.0.0 20190621 (experimental) [trunk revision 272544] (GCC)
=== gotools tests ===
FAIL: go test cmd/go
FAIL: TestCgoSignalDeadlock
FAIL: TestGccgoCrashTracebackNodebug
FAIL: TestSelectStackAdjust
FAIL: go test runtime
FAIL: go test misc/cgo/test
FAIL: TestCompileWithoutShared
FAIL: TestEarlySignalHandler
FAIL: TestInstall
FAIL: TestOsSignal
FAIL: TestPIE
FAIL: TestSigaltstack
FAIL: TestSignalForwarding
FAIL: TestSignalForwardingExternal
FAIL: go test misc/cgo/testcarchive
FAIL: TestVet
FAIL: go test cmd/vet
=== gotools Summary ===
# of expected passes 25
# of unexpected failures 17
# of untested testcases 6
/var/gcc/regression/trunk/11.3-gcc/build/./gcc/gccgo version 10.0.0 20190621 (experimental) [trunk revision 272544] (GCC)
=== libatomic tests ===
Running target unix
=== libatomic Summary for unix ===
# of expected passes 44
# of unsupported tests 5
Running target unix/-m64
=== libatomic Summary for unix/-m64 ===
# of expected passes 54
=== libatomic Summary ===
# of expected passes 98
# of unsupported tests 5
=== libffi tests ===
Running target unix
=== libffi Summary for unix ===
# of expected passes 2214
Running target unix/-m64
=== libffi Summary for unix/-m64 ===
# of expected passes 2214
=== libffi Summary ===
# of expected passes 4428
=== libgo tests ===
Running target unix
FAIL: cmd/go/internal/par
FAIL: go/build
FAIL: internal/x/crypto/cryptobyte
FAIL: net
FAIL: net/http
FAIL: os
FAIL: os/exec
FAIL: runtime
FAIL: runtime/pprof
FAIL: sync/atomic
=== libgo Summary for unix ===
# of expected passes 175
# of unexpected failures 10
Running target unix/-m64
FAIL: cmd/go/internal/par
FAIL: go/build
FAIL: runtime
FAIL: runtime/pprof
FAIL: sync/atomic
=== libgo Summary for unix/-m64 ===
# of expected passes 180
# of unexpected failures 5
=== libgo Summary ===
# of expected passes 355
# of unexpected failures 15
/var/gcc/regression/trunk/11.3-gcc/build/./gcc/gccgo version 10.0.0 20190621 (experimental) [trunk revision 272544] (GCC)
=== libgomp tests ===
Running target unix
WARNING: libgomp.c++/task-reduction-10.C execution test program timed out.
FAIL: libgomp.c++/task-reduction-10.C execution test
WARNING: libgomp.c++/task-reduction-11.C execution test program timed out.
FAIL: libgomp.c++/task-reduction-11.C execution test
WARNING: libgomp.c++/task-reduction-13.C execution test program timed out.
FAIL: libgomp.c++/task-reduction-13.C execution test
WARNING: libgomp.c++/task-reduction-8.C execution test program timed out.
FAIL: libgomp.c++/task-reduction-8.C execution test
=== libgomp Summary for unix ===
# of expected passes 6497
# of unexpected failures 4
# of expected failures 4
# of unsupported tests 424
Running target unix/-m64
WARNING: libgomp.c++/task-reduction-10.C execution test program timed out.
FAIL: libgomp.c++/task-reduction-10.C execution test
WARNING: libgomp.c++/task-reduction-11.C execution test program timed out.
FAIL: libgomp.c++/task-reduction-11.C execution test
WARNING: libgomp.c++/task-reduction-13.C execution test program timed out.
FAIL: libgomp.c++/task-reduction-13.C execution test
=== libgomp Summary for unix/-m64 ===
# of expected passes 6498
# of unexpected failures 3
# of expected failures 4
# of unsupported tests 424
=== libgomp Summary ===
# of expected passes 12995
# of unexpected failures 7
# of expected failures 8
# of unsupported tests 848
=== libitm tests ===
Running target unix
=== libitm Summary for unix ===
# of expected passes 42
# of expected failures 3
# of unsupported tests 1
Running target unix/-m64
=== libitm Summary for unix/-m64 ===
# of expected passes 42
# of expected failures 3
# of unsupported tests 1
=== libitm Summary ===
# of expected passes 84
# of expected failures 6
# of unsupported tests 2
=== libstdc++ tests ===
Running target unix
FAIL: experimental/net/internet/resolver/ops/lookup.cc execution test
=== libstdc++ Summary for unix ===
# of expected passes 12100
# of unexpected failures 1
# of expected failures 78
# of unsupported tests 719
Running target unix/-m64
FAIL: experimental/net/internet/resolver/ops/lookup.cc execution test
=== libstdc++ Summary for unix/-m64 ===
# of expected passes 12100
# of unexpected failures 1
# of expected failures 78
# of unsupported tests 719
=== libstdc++ Summary ===
# of expected passes 24200
# of unexpected failures 2
# of expected failures 156
# of unsupported tests 1438
Compiler version: 10.0.0 20190621 (experimental) [trunk revision 272544] (GCC)
Platform: sparc-sun-solaris2.11
configure flags: --prefix=/vol/gcc --target=sparc-sun-solaris2.11 --enable-objc-gc --with-target-bdw-gc-include=/vol/gcc/include --with-target-bdw-gc-lib=/vol/gcc/lib,sparcv9=/vol/gcc/lib/sparcv9 --with-as=/usr/ccs/bin/as --without-gnu-as --with-gmp-include=/vol/gcc/include --with-gmp-lib=/vol/gcc/lib --with-mpfr-include=/vol/gcc/include --with-mpfr-lib=/vol/gcc/lib --with-mpc-include=/vol/gcc/include --with-mpc-lib=/vol/gcc/lib --enable-languages=all,ada,obj-c++,go --with-isl-include=/vol/gcc/include --with-isl-lib=/vol/gcc/lib --build=sparc-sun-solaris2.11 --host=sparc-sun-solaris2.11
BOOT_CFLAGS=-g -O2