This is the mail archive of the
gcc-testresults@gcc.gnu.org
mailing list for the GCC project.
Results for 8.3.1 20190607 [gcc-8-branch revision 272035] (GCC) testsuite on sparc-sun-solaris2.11
- From: Rainer Orth <ro at CeBiTec dot Uni-Bielefeld dot DE>
- To: gcc-testresults at gcc dot gnu dot org
- Date: Sat, 8 Jun 2019 08:07:52 +0200 (MEST)
- Subject: Results for 8.3.1 20190607 [gcc-8-branch revision 272035] (GCC) testsuite on sparc-sun-solaris2.11
LAST_UPDATED: Fri Jun 7 09:30:25 UTC 2019 (revision 272035)
=== acats tests ===
FAIL: c35505f
FAIL: c35508e
FAIL: c35703a
=== acats Summary ===
# of expected passes 2317
# of unexpected failures 3
Native configuration is sparc-sun-solaris2.11
=== g++ tests ===
Running target unix
FAIL: g++.dg/pr53037-2.C -std=gnu++98 (test for warnings, line 16)
FAIL: g++.dg/pr53037-2.C -std=gnu++98 (test for warnings, line 29)
FAIL: g++.dg/pr53037-2.C -std=gnu++98 (test for warnings, line 6)
FAIL: g++.dg/pr53037-2.C -std=gnu++98 (test for excess errors)
FAIL: g++.dg/pr83239.C -std=gnu++98 (test for excess errors)
FAIL: g++.dg/gcov/pr16855-priority.C -std=gnu++11 gcov: 1 failures in line counts, 0 in branch percentages, 0 in return percentages, 0 in intermediate format
FAIL: g++.dg/gcov/pr16855-priority.C -std=gnu++11 line 22: is #####:should be 1
FAIL: g++.dg/gcov/pr16855-priority.C -std=gnu++14 gcov: 1 failures in line counts, 0 in branch percentages, 0 in return percentages, 0 in intermediate format
FAIL: g++.dg/gcov/pr16855-priority.C -std=gnu++14 line 22: is #####:should be 1
FAIL: g++.dg/gcov/pr16855-priority.C -std=gnu++98 gcov: 1 failures in line counts, 0 in branch percentages, 0 in return percentages, 0 in intermediate format
FAIL: g++.dg/gcov/pr16855-priority.C -std=gnu++98 line 22: is #####:should be 1
FAIL: g++.dg/gcov/pr16855.C -std=gnu++11 gcov: 1 failures in line counts, 0 in branch percentages, 0 in return percentages, 0 in intermediate format
FAIL: g++.dg/gcov/pr16855.C -std=gnu++11 line 21: is #####:should be 1
FAIL: g++.dg/gcov/pr16855.C -std=gnu++14 gcov: 1 failures in line counts, 0 in branch percentages, 0 in return percentages, 0 in intermediate format
FAIL: g++.dg/gcov/pr16855.C -std=gnu++14 line 21: is #####:should be 1
FAIL: g++.dg/gcov/pr16855.C -std=gnu++98 gcov: 1 failures in line counts, 0 in branch percentages, 0 in return percentages, 0 in intermediate format
FAIL: g++.dg/gcov/pr16855.C -std=gnu++98 line 21: is #####:should be 1
=== g++ Summary for unix ===
# of expected passes 114125
# of unexpected failures 17
# of expected failures 512
# of unsupported tests 5407
Running target unix/-m64
FAIL: g++.dg/pr83239.C -std=gnu++98 (test for excess errors)
FAIL: g++.dg/gcov/pr16855-priority.C -std=gnu++11 gcov: 1 failures in line counts, 0 in branch percentages, 0 in return percentages, 0 in intermediate format
FAIL: g++.dg/gcov/pr16855-priority.C -std=gnu++11 line 22: is #####:should be 1
FAIL: g++.dg/gcov/pr16855-priority.C -std=gnu++14 gcov: 1 failures in line counts, 0 in branch percentages, 0 in return percentages, 0 in intermediate format
FAIL: g++.dg/gcov/pr16855-priority.C -std=gnu++14 line 22: is #####:should be 1
FAIL: g++.dg/gcov/pr16855-priority.C -std=gnu++98 gcov: 1 failures in line counts, 0 in branch percentages, 0 in return percentages, 0 in intermediate format
FAIL: g++.dg/gcov/pr16855-priority.C -std=gnu++98 line 22: is #####:should be 1
FAIL: g++.dg/gcov/pr16855.C -std=gnu++11 gcov: 1 failures in line counts, 0 in branch percentages, 0 in return percentages, 0 in intermediate format
FAIL: g++.dg/gcov/pr16855.C -std=gnu++11 line 21: is #####:should be 1
FAIL: g++.dg/gcov/pr16855.C -std=gnu++14 gcov: 1 failures in line counts, 0 in branch percentages, 0 in return percentages, 0 in intermediate format
FAIL: g++.dg/gcov/pr16855.C -std=gnu++14 line 21: is #####:should be 1
FAIL: g++.dg/gcov/pr16855.C -std=gnu++98 gcov: 1 failures in line counts, 0 in branch percentages, 0 in return percentages, 0 in intermediate format
FAIL: g++.dg/gcov/pr16855.C -std=gnu++98 line 21: is #####:should be 1
=== g++ Summary for unix/-m64 ===
# of expected passes 116026
# of unexpected failures 13
# of expected failures 515
# of unsupported tests 5376
=== g++ Summary ===
# of expected passes 230151
# of unexpected failures 30
# of expected failures 1027
# of unsupported tests 10783
/var/gcc/regression/gcc-8-branch/11-gcc/build/gcc/xg++ version 8.3.1 20190607 [gcc-8-branch revision 272035] (GCC)
=== gcc tests ===
Running target unix
FAIL: gcc.c-torture/compile/921011-2.c -O2 (internal compiler error)
FAIL: gcc.c-torture/compile/921011-2.c -O2 (test for excess errors)
FAIL: gcc.c-torture/compile/921019-1.c -O0 (internal compiler error)
FAIL: gcc.c-torture/compile/921019-1.c -O0 (test for excess errors)
FAIL: gcc.c-torture/compile/921126-1.c -O2 (internal compiler error)
FAIL: gcc.c-torture/compile/921126-1.c -O2 (test for excess errors)
FAIL: gcc.dg/simulate-thread/atomic-other-int.c -O2 -g thread simulation test
FAIL: gcc.dg/simulate-thread/atomic-other-int.c -O3 -g thread simulation test
FAIL: gcc.dg/simulate-thread/speculative-store-4.c -O0 -g thread simulation test
FAIL: gcc.dg/simulate-thread/speculative-store-4.c -O2 -g thread simulation test
FAIL: gcc.dg/simulate-thread/speculative-store-4.c -O3 -g thread simulation test
FAIL: gcc.dg/simulate-thread/speculative-store.c -O0 -g thread simulation test
=== gcc Summary for unix ===
# of expected passes 103397
# of unexpected failures 12
# of expected failures 477
# of unsupported tests 2793
Running target unix/-m64
=== gcc Summary for unix/-m64 ===
# of expected passes 104553
# of expected failures 467
# of unsupported tests 2532
=== gcc Summary ===
# of expected passes 207950
# of unexpected failures 12
# of expected failures 944
# of unsupported tests 5325
/var/gcc/regression/gcc-8-branch/11-gcc/build/gcc/xgcc version 8.3.1 20190607 [gcc-8-branch revision 272035] (GCC)
=== gfortran tests ===
Running target unix
FAIL: gfortran.dg/allocatable_function_7.f90 -O2 (test for excess errors)
UNRESOLVED: gfortran.dg/allocatable_function_7.f90 -O2 compilation failed to produce executable
FAIL: gfortran.dg/allocatable_scalar_4.f90 -O1 (test for excess errors)
UNRESOLVED: gfortran.dg/allocatable_scalar_4.f90 -O1 compilation failed to produce executable
FAIL: gfortran.dg/allocatable_scalar_6.f90 -Os (test for excess errors)
UNRESOLVED: gfortran.dg/allocatable_scalar_6.f90 -Os compilation failed to produce executable
FAIL: gfortran.dg/elemental_subroutine_3.f90 -O1 (test for excess errors)
FAIL: gfortran.dg/elemental_subroutine_3.f90 -O2 (test for excess errors)
FAIL: gfortran.dg/elemental_subroutine_3.f90 -O3 -fomit-frame-pointer -funroll-loops -fpeel-loops -ftracer -finline-functions (test for excess errors)
FAIL: gfortran.dg/elemental_subroutine_3.f90 -O3 -g (test for excess errors)
FAIL: gfortran.dg/elemental_subroutine_3.f90 -Os (test for excess errors)
FAIL: gfortran.dg/unlimited_polymorphic_30.f03 -O0 execution test
FAIL: gfortran.dg/unlimited_polymorphic_30.f03 -O1 execution test
=== gfortran Summary for unix ===
# of expected passes 47707
# of unexpected failures 10
# of expected failures 92
# of unresolved testcases 3
# of unsupported tests 263
Running target unix/-m64
FAIL: gfortran.dg/elemental_subroutine_3.f90 -O1 (test for excess errors)
FAIL: gfortran.dg/elemental_subroutine_3.f90 -O2 (test for excess errors)
FAIL: gfortran.dg/elemental_subroutine_3.f90 -O3 -fomit-frame-pointer -funroll-loops -fpeel-loops -ftracer -finline-functions (test for excess errors)
FAIL: gfortran.dg/elemental_subroutine_3.f90 -O3 -g (test for excess errors)
FAIL: gfortran.dg/elemental_subroutine_3.f90 -Os (test for excess errors)
FAIL: gfortran.dg/unlimited_polymorphic_30.f03 -O0 execution test
FAIL: gfortran.dg/unlimited_polymorphic_30.f03 -O1 execution test
FAIL: gfortran.dg/unlimited_polymorphic_30.f03 -O2 execution test
FAIL: gfortran.dg/unlimited_polymorphic_30.f03 -O3 -fomit-frame-pointer -funroll-loops -fpeel-loops -ftracer -finline-functions execution test
FAIL: gfortran.dg/unlimited_polymorphic_30.f03 -O3 -g execution test
FAIL: gfortran.dg/unlimited_polymorphic_30.f03 -Os execution test
=== gfortran Summary for unix/-m64 ===
# of expected passes 47956
# of unexpected failures 11
# of expected failures 92
# of unsupported tests 142
=== gfortran Summary ===
# of expected passes 95663
# of unexpected failures 21
# of expected failures 184
# of unresolved testcases 3
# of unsupported tests 405
/var/gcc/regression/gcc-8-branch/11-gcc/build/gcc/gfortran version 8.3.1 20190607 [gcc-8-branch revision 272035] (GCC)
=== gnat tests ===
Running target unix
=== gnat Summary for unix ===
# of expected passes 2685
# of expected failures 24
# of unsupported tests 23
Running target unix/-m64
=== gnat Summary for unix/-m64 ===
# of expected passes 2685
# of expected failures 24
# of unsupported tests 23
=== gnat Summary ===
# of expected passes 5370
# of expected failures 48
# of unsupported tests 46
/var/gcc/regression/gcc-8-branch/11-gcc/build/gcc/gnatmake version 8.3.1 20190607 [gcc-8-branch revision 272035]
=== go tests ===
Running target unix
FAIL: ./index0-out.go execution, -O0 -g -fno-var-tracking-assignments
FAIL: bug297.go -O (test for errors, line 14)
FAIL: bug297.go -O (test for excess errors)
FAIL: go.test/test/cmplxdivide.go
FAIL: go.test/test/complit.go compilation, -O2 -g
FAIL: go.test/test/fixedbugs/bug293.go compilation, -O2 -g
FAIL: go.test/test/fixedbugs/issue4562.go execution, -O2 -g
FAIL: go.test/test/nil.go execution, -O2 -g
=== go Summary for unix ===
# of expected passes 7384
# of unexpected failures 8
# of expected failures 1
# of untested testcases 13
# of unsupported tests 3
Running target unix/-m64
FAIL: ./index0-out.go execution, -O0 -g -fno-var-tracking-assignments
=== go Summary for unix/-m64 ===
# of expected passes 7273
# of unexpected failures 1
# of expected failures 1
# of untested testcases 11
# of unsupported tests 3
=== go Summary ===
# of expected passes 14657
# of unexpected failures 9
# of expected failures 2
# of untested testcases 24
# of unsupported tests 6
=== obj-c++ tests ===
Running target unix
=== obj-c++ Summary for unix ===
# of expected passes 1464
# of expected failures 2
# of unsupported tests 77
Running target unix/-m64
FAIL: obj-c++.dg/torture/strings/string1.mm -O1 -fgnu-runtime (internal compiler error)
FAIL: obj-c++.dg/torture/strings/string1.mm -O1 -fgnu-runtime (test for excess errors)
UNRESOLVED: obj-c++.dg/torture/strings/string1.mm -O1 -fgnu-runtime compilation failed to produce executable
=== obj-c++ Summary for unix/-m64 ===
# of expected passes 1454
# of unexpected failures 2
# of expected failures 10
# of unresolved testcases 1
# of unsupported tests 77
=== obj-c++ Summary ===
# of expected passes 2918
# of unexpected failures 2
# of expected failures 12
# of unresolved testcases 1
# of unsupported tests 154
/var/gcc/regression/gcc-8-branch/11-gcc/build/gcc/xg++ version 8.3.1 20190607 [gcc-8-branch revision 272035] (GCC)
=== objc tests ===
Running target unix
=== objc Summary for unix ===
# of expected passes 2803
# of unsupported tests 68
Running target unix/-m64
WARNING: Could not compile objc.dg/gnu-encoding/struct-layout-encoding-1 generator
FAIL: objc.dg/property/at-property-15.m -fgnu-runtime (test for excess errors)
FAIL: objc.dg/property/dotsyntax-7.m -fgnu-runtime (test for excess errors)
=== objc Summary for unix/-m64 ===
# of expected passes 2818
# of unexpected failures 2
# of unsupported tests 67
=== objc Summary ===
# of expected passes 5621
# of unexpected failures 2
# of unsupported tests 135
/var/gcc/regression/gcc-8-branch/11-gcc/build/gcc/xgcc version 8.3.1 20190607 [gcc-8-branch revision 272035] (GCC)
=== gotools tests ===
FAIL: TestAlwaysLinkSysoFiles
FAIL: TestBuildComplex
FAIL: TestCacheOutput
FAIL: TestCgoAsmError
FAIL: TestCgoShowsFullPathNames
FAIL: TestCpuprofileTwice
FAIL: TestDefaultGOPATH
FAIL: TestFFLAGS
FAIL: TestFileLineInErrorMessages
FAIL: TestGOTMPDIR
FAIL: TestGenerateUsesBuildContext
FAIL: TestGoEnv
FAIL: TestGoVetWithOnlyTestFiles
FAIL: TestIssue22588
FAIL: TestLdBindNow
FAIL: TestListTemplateContextFunction
FAIL: TestMatchesNoTestsDoesNotOverrideBuildFailure
FAIL: TestMatchesOnlySubtestIsOK
FAIL: TestMultipleGOPATHEntriesReportedSeparately
FAIL: TestNoCache
FAIL: TestNonCanonicalImportPaths
FAIL: TestPackageMainTestCompilerFlags
FAIL: TestSymlinkWarning
FAIL: TestTestRebuild
FAIL: TestTwoPkgConfigs
FAIL: TestVetWithOnlyCgoFiles
FAIL: go test cmd/go
FAIL: TestBreakpoint
FAIL: TestCgoExecSignalMask
FAIL: TestCgoSignalDeadlock
FAIL: TestCrashDumpsAllThreads
FAIL: TestCrashHandler
FAIL: TestGccgoCrashTracebackNodebug
FAIL: TestPanicInlined
FAIL: TestSelectStackAdjust
FAIL: go test runtime
FAIL: go test misc/cgo/test
FAIL: TestCompileWithoutShared
FAIL: TestEarlySignalHandler
FAIL: TestInstall
FAIL: TestOsSignal
FAIL: TestPIE
FAIL: TestSIGPROF
FAIL: TestSigaltstack
FAIL: TestSignalForwarding
FAIL: TestSignalForwardingExternal
FAIL: go test misc/cgo/testcarchive
=== gotools Summary ===
# of expected passes 260
# of unexpected failures 47
# of untested testcases 189
/var/gcc/regression/gcc-8-branch/11-gcc/build/./gcc/gccgo version 8.3.1 20190607 [gcc-8-branch revision 272035] (GCC)
=== libatomic tests ===
Running target unix
=== libatomic Summary for unix ===
# of expected passes 44
# of unsupported tests 5
Running target unix/-m64
=== libatomic Summary for unix/-m64 ===
# of expected passes 54
=== libatomic Summary ===
# of expected passes 98
# of unsupported tests 5
=== libffi tests ===
Running target unix
=== libffi Summary for unix ===
# of expected passes 2214
Running target unix/-m64
=== libffi Summary for unix/-m64 ===
# of expected passes 2214
=== libffi Summary ===
# of expected passes 4428
=== libgo tests ===
Running target unix
FAIL: net
FAIL: runtime
FAIL: go/build
FAIL: net/http
FAIL: os/signal
=== libgo Summary for unix ===
# of expected passes 159
# of unexpected failures 5
Running target unix/-m64
FAIL: fmt
FAIL: go/build
FAIL: net/http
=== libgo Summary for unix/-m64 ===
# of expected passes 161
# of unexpected failures 3
=== libgo Summary ===
# of expected passes 320
# of unexpected failures 8
/var/gcc/regression/gcc-8-branch/11-gcc/build/./gcc/gccgo version 8.3.1 20190607 [gcc-8-branch revision 272035] (GCC)
=== libgomp tests ===
Running target unix
FAIL: libgomp.c/target-25.c (test for excess errors)
=== libgomp Summary for unix ===
# of expected passes 5448
# of unexpected failures 1
# of expected failures 2
# of unsupported tests 366
Running target unix/-m64
=== libgomp Summary for unix/-m64 ===
# of expected passes 5449
# of expected failures 2
# of unsupported tests 366
=== libgomp Summary ===
# of expected passes 10897
# of unexpected failures 1
# of expected failures 4
# of unsupported tests 732
=== libitm tests ===
Running target unix
=== libitm Summary for unix ===
# of expected passes 42
# of expected failures 3
# of unsupported tests 1
Running target unix/-m64
=== libitm Summary for unix/-m64 ===
# of expected passes 42
# of expected failures 3
# of unsupported tests 1
=== libitm Summary ===
# of expected passes 84
# of expected failures 6
# of unsupported tests 2
=== libstdc++ tests ===
Running target unix
FAIL: 17_intro/headers/c++2014/stdc++.cc (test for excess errors)
=== libstdc++ Summary for unix ===
# of expected passes 11431
# of unexpected failures 1
# of expected failures 71
# of unsupported tests 641
Running target unix/-m64
=== libstdc++ Summary for unix/-m64 ===
# of expected passes 11432
# of expected failures 71
# of unsupported tests 641
=== libstdc++ Summary ===
# of expected passes 22863
# of unexpected failures 1
# of expected failures 142
# of unsupported tests 1282
Compiler version: 8.3.1 20190607 [gcc-8-branch revision 272035] (GCC)
Platform: sparc-sun-solaris2.11
configure flags: --prefix=/vol/gcc --target=sparc-sun-solaris2.11 --enable-objc-gc --with-target-bdw-gc-include=/vol/gcc/include --with-target-bdw-gc-lib=/vol/gcc/lib,sparcv9=/vol/gcc/lib/sparcv9 --with-as=/usr/ccs/bin/as --without-gnu-as --with-gmp-include=/vol/gcc/include --with-gmp-lib=/vol/gcc/lib --with-mpfr-include=/vol/gcc/include --with-mpfr-lib=/vol/gcc/lib --with-mpc-include=/vol/gcc/include --with-mpc-lib=/vol/gcc/lib --enable-languages=all,ada,obj-c++,go --with-isl-include=/vol/gcc/include --with-isl-lib=/vol/gcc/lib --build=sparc-sun-solaris2.11 --host=sparc-sun-solaris2.11
BOOT_CFLAGS=-g -O2