This is the mail archive of the
gcc-testresults@gcc.gnu.org
mailing list for the GCC project.
Results for 10.0.0 20190607 (experimental) [trunk revision 272037] (GCC) testsuite on i386-pc-solaris2.11
- From: Rainer Orth <ro at CeBiTec dot Uni-Bielefeld dot DE>
- To: gcc-testresults at gcc dot gnu dot org
- Date: Fri, 7 Jun 2019 18:38:55 +0200 (CEST)
- Subject: Results for 10.0.0 20190607 (experimental) [trunk revision 272037] (GCC) testsuite on i386-pc-solaris2.11
LAST_UPDATED: Fri Jun 7 09:09:25 UTC 2019 (revision 272037)
=== acats tests ===
=== acats Summary ===
# of expected passes 2320
# of unexpected failures 0
Native configuration is i386-pc-solaris2.11
=== g++ tests ===
Running target unix
FAIL: c-c++-common/asan/swapcontext-test-1.c -O0 execution test
FAIL: c-c++-common/asan/swapcontext-test-1.c -O1 execution test
FAIL: c-c++-common/asan/swapcontext-test-1.c -O2 execution test
FAIL: c-c++-common/asan/swapcontext-test-1.c -O2 -flto execution test
FAIL: c-c++-common/asan/swapcontext-test-1.c -O2 -flto -flto-partition=none execution test
FAIL: c-c++-common/asan/swapcontext-test-1.c -O3 -fomit-frame-pointer -funroll-loops -fpeel-loops -ftracer -finline-functions execution test
FAIL: c-c++-common/asan/swapcontext-test-1.c -O3 -g execution test
FAIL: c-c++-common/asan/swapcontext-test-1.c -Os execution test
FAIL: g++.dg/asan/default-options-1.C -O0 execution test
FAIL: g++.dg/asan/default-options-1.C -O1 execution test
FAIL: g++.dg/asan/default-options-1.C -O2 execution test
FAIL: g++.dg/asan/default-options-1.C -O2 -flto execution test
FAIL: g++.dg/asan/default-options-1.C -O2 -flto -flto-partition=none execution test
FAIL: g++.dg/asan/default-options-1.C -O3 -g execution test
FAIL: g++.dg/asan/default-options-1.C -Os execution test
FAIL: g++.dg/cpp0x/noexcept15.C -std=c++14 (test for excess errors)
FAIL: g++.dg/cpp1y/feat-cxx14.C (test for excess errors)
FAIL: g++.dg/cpp1z/feat-cxx1z.C -std=gnu++17 (test for excess errors)
FAIL: g++.dg/cpp1z/pr85569.C -std=c++17 (test for excess errors)
FAIL: g++.dg/cpp2a/feat-cxx2a.C (test for excess errors)
FAIL: g++.dg/tree-ssa/pr69336.C (test for excess errors)
UNRESOLVED: g++.dg/tree-ssa/pr69336.C scan-tree-dump-not optimized "cmap"
FAIL: g++.dg/tree-ssa/pr80293.C (test for excess errors)
UNRESOLVED: g++.dg/tree-ssa/pr80293.C scan-tree-dump-not optimized "BIT_FIELD_REF"
FAIL: g++.dg/gcov/pr16855-priority.C -std=gnu++14 gcov: 1 failures in line counts, 0 in branch percentages, 0 in return percentages, 0 in intermediate format
FAIL: g++.dg/gcov/pr16855-priority.C -std=gnu++14 line 22: is #####:should be 1
FAIL: g++.dg/gcov/pr16855-priority.C -std=gnu++17 gcov: 1 failures in line counts, 0 in branch percentages, 0 in return percentages, 0 in intermediate format
FAIL: g++.dg/gcov/pr16855-priority.C -std=gnu++17 line 22: is #####:should be 1
FAIL: g++.dg/gcov/pr16855-priority.C -std=gnu++98 gcov: 1 failures in line counts, 0 in branch percentages, 0 in return percentages, 0 in intermediate format
FAIL: g++.dg/gcov/pr16855-priority.C -std=gnu++98 line 22: is #####:should be 1
FAIL: g++.dg/gcov/pr16855.C -std=gnu++14 gcov: 1 failures in line counts, 0 in branch percentages, 0 in return percentages, 0 in intermediate format
FAIL: g++.dg/gcov/pr16855.C -std=gnu++14 line 21: is #####:should be 1
FAIL: g++.dg/gcov/pr16855.C -std=gnu++17 gcov: 1 failures in line counts, 0 in branch percentages, 0 in return percentages, 0 in intermediate format
FAIL: g++.dg/gcov/pr16855.C -std=gnu++17 line 21: is #####:should be 1
FAIL: g++.dg/gcov/pr16855.C -std=gnu++98 gcov: 1 failures in line counts, 0 in branch percentages, 0 in return percentages, 0 in intermediate format
FAIL: g++.dg/gcov/pr16855.C -std=gnu++98 line 21: is #####:should be 1
FAIL: g++.dg/lto/alias-1 cp_lto_alias-1_0.o-cp_lto_alias-1_1.o execute -O2 -flto
FAIL: g++.dg/lto/pr89335 cp_lto_pr89335_0.o assemble, -O2 -flto -Wsuggest-final-methods
=== g++ Summary for unix ===
# of expected passes 131178
# of unexpected failures 36
# of expected failures 525
# of unresolved testcases 2
# of unsupported tests 6119
Running target unix/-m64
FAIL: g++.dg/cpp0x/noexcept15.C -std=c++14 (test for excess errors)
FAIL: g++.dg/cpp1y/feat-cxx14.C (test for excess errors)
FAIL: g++.dg/cpp1z/feat-cxx1z.C -std=gnu++17 (test for excess errors)
FAIL: g++.dg/cpp1z/pr85569.C -std=c++17 (test for excess errors)
FAIL: g++.dg/cpp2a/feat-cxx2a.C (test for excess errors)
FAIL: g++.dg/pr80481.C -std=gnu++14 scan-assembler-not vmovaps
FAIL: g++.dg/pr80481.C -std=gnu++17 scan-assembler-not vmovaps
FAIL: g++.dg/pr80481.C -std=gnu++98 scan-assembler-not vmovaps
FAIL: g++.dg/tree-ssa/pr69336.C (test for excess errors)
UNRESOLVED: g++.dg/tree-ssa/pr69336.C scan-tree-dump-not optimized "cmap"
FAIL: g++.dg/tree-ssa/pr80293.C (test for excess errors)
UNRESOLVED: g++.dg/tree-ssa/pr80293.C scan-tree-dump-not optimized "BIT_FIELD_REF"
FAIL: g++.dg/gcov/pr16855-priority.C -std=gnu++14 gcov: 1 failures in line counts, 0 in branch percentages, 0 in return percentages, 0 in intermediate format
FAIL: g++.dg/gcov/pr16855-priority.C -std=gnu++14 line 22: is #####:should be 1
FAIL: g++.dg/gcov/pr16855-priority.C -std=gnu++17 gcov: 1 failures in line counts, 0 in branch percentages, 0 in return percentages, 0 in intermediate format
FAIL: g++.dg/gcov/pr16855-priority.C -std=gnu++17 line 22: is #####:should be 1
FAIL: g++.dg/gcov/pr16855-priority.C -std=gnu++98 gcov: 1 failures in line counts, 0 in branch percentages, 0 in return percentages, 0 in intermediate format
FAIL: g++.dg/gcov/pr16855-priority.C -std=gnu++98 line 22: is #####:should be 1
FAIL: g++.dg/gcov/pr16855.C -std=gnu++14 gcov: 1 failures in line counts, 0 in branch percentages, 0 in return percentages, 0 in intermediate format
FAIL: g++.dg/gcov/pr16855.C -std=gnu++14 line 21: is #####:should be 1
FAIL: g++.dg/gcov/pr16855.C -std=gnu++17 gcov: 1 failures in line counts, 0 in branch percentages, 0 in return percentages, 0 in intermediate format
FAIL: g++.dg/gcov/pr16855.C -std=gnu++17 line 21: is #####:should be 1
FAIL: g++.dg/gcov/pr16855.C -std=gnu++98 gcov: 1 failures in line counts, 0 in branch percentages, 0 in return percentages, 0 in intermediate format
FAIL: g++.dg/gcov/pr16855.C -std=gnu++98 line 21: is #####:should be 1
FAIL: g++.dg/lto/alias-1 cp_lto_alias-1_0.o-cp_lto_alias-1_1.o execute -O2 -flto
FAIL: g++.dg/lto/pr89335 cp_lto_pr89335_0.o assemble, -O2 -flto -Wsuggest-final-methods
=== g++ Summary for unix/-m64 ===
# of expected passes 130952
# of unexpected failures 24
# of expected failures 528
# of unresolved testcases 2
# of unsupported tests 6058
=== g++ Summary ===
# of expected passes 262130
# of unexpected failures 60
# of expected failures 1053
# of unresolved testcases 4
# of unsupported tests 12177
/var/gcc/regression/trunk/11.5-gcc-gas/build/gcc/xg++ version 10.0.0 20190607 (experimental) [trunk revision 272037] (GCC)
=== gcc tests ===
Running target unix
FAIL: c-c++-common/asan/swapcontext-test-1.c -O0 execution test
FAIL: c-c++-common/asan/swapcontext-test-1.c -O1 execution test
FAIL: c-c++-common/asan/swapcontext-test-1.c -O2 execution test
FAIL: c-c++-common/asan/swapcontext-test-1.c -O2 -flto execution test
FAIL: c-c++-common/asan/swapcontext-test-1.c -O2 -flto -flto-partition=none execution test
FAIL: c-c++-common/asan/swapcontext-test-1.c -O3 -fomit-frame-pointer -funroll-loops -fpeel-loops -ftracer -finline-functions execution test
FAIL: c-c++-common/asan/swapcontext-test-1.c -O3 -g execution test
FAIL: c-c++-common/asan/swapcontext-test-1.c -Os execution test
FAIL: gcc.dg/ipa/ipa-icf-38.c scan-ltrans-tree-dump-not optimized "Function bar"
WARNING: gcc.target/i386/avx-1.c (test for excess errors) program timed out.
FAIL: gcc.target/i386/avx-1.c (test for excess errors)
WARNING: gcc.target/i386/avx-2.c (test for excess errors) program timed out.
FAIL: gcc.target/i386/avx-2.c (test for excess errors)
FAIL: gcc.target/i386/pr57193.c scan-assembler-times movdqa 2
FAIL: gcc.target/i386/pr81563.c scan-assembler-times movl[\\\\t ]*-4\\\\(%ebp\\\\),[\\\\t ]*%edi 1
FAIL: gcc.target/i386/pr81563.c scan-assembler-times movl[\\\\t ]*-8\\\\(%ebp\\\\),[\\\\t ]*%esi 1
WARNING: gcc.target/i386/sse-13.c (test for excess errors) program timed out.
FAIL: gcc.target/i386/sse-13.c (test for excess errors)
WARNING: gcc.target/i386/sse-23.c (test for excess errors) program timed out.
FAIL: gcc.target/i386/sse-23.c (test for excess errors)
WARNING: gcc.target/i386/sse-24.c (test for excess errors) program timed out.
FAIL: gcc.target/i386/sse-24.c (test for excess errors)
WARNING: gcc.target/i386/sse-25.c (test for excess errors) program timed out.
FAIL: gcc.target/i386/sse-25.c (test for excess errors)
WARNING: gcc.target/i386/sse-26.c (test for excess errors) program timed out.
FAIL: gcc.target/i386/sse-26.c (test for excess errors)
=== gcc Summary for unix ===
# of expected passes 136230
# of unexpected failures 19
# of expected failures 542
# of unsupported tests 2871
Running target unix/-m64
FAIL: gcc.dg/ipa/ipa-icf-38.c scan-ltrans-tree-dump-not optimized "Function bar"
WARNING: c-c++-common/torture/builtin-arith-overflow-5.c -O2 -flto (test for excess errors) program timed out.
FAIL: c-c++-common/torture/builtin-arith-overflow-5.c -O2 -flto (test for excess errors)
UNRESOLVED: c-c++-common/torture/builtin-arith-overflow-5.c -O2 -flto compilation failed to produce executable
WARNING: c-c++-common/torture/builtin-arith-overflow-6.c -O0 (test for excess errors) program timed out.
FAIL: c-c++-common/torture/builtin-arith-overflow-6.c -O0 (test for excess errors)
UNRESOLVED: c-c++-common/torture/builtin-arith-overflow-6.c -O0 compilation failed to produce executable
WARNING: gcc.target/i386/avx-1.c (test for excess errors) program timed out.
FAIL: gcc.target/i386/avx-1.c (test for excess errors)
FAIL: gcc.target/i386/pr57193.c scan-assembler-times movdqa 2
WARNING: gcc.target/i386/sse-13.c (test for excess errors) program timed out.
FAIL: gcc.target/i386/sse-13.c (test for excess errors)
WARNING: gcc.target/i386/sse-14.c (test for excess errors) program timed out.
FAIL: gcc.target/i386/sse-14.c (test for excess errors)
WARNING: gcc.target/i386/sse-22a.c (test for excess errors) program timed out.
FAIL: gcc.target/i386/sse-22a.c (test for excess errors)
WARNING: gcc.target/i386/sse-23.c (test for excess errors) program timed out.
FAIL: gcc.target/i386/sse-23.c (test for excess errors)
WARNING: gcc.target/i386/sse-24.c (test for excess errors) program timed out.
FAIL: gcc.target/i386/sse-24.c (test for excess errors)
WARNING: gcc.target/i386/vperm-v4si-2-sse4.c (test for excess errors) program timed out.
FAIL: gcc.target/i386/vperm-v4si-2-sse4.c (test for excess errors)
UNRESOLVED: gcc.target/i386/vperm-v4si-2-sse4.c compilation failed to produce executable
WARNING: gcc.target/i386/vperm-v4si-2.c (test for excess errors) program timed out.
FAIL: gcc.target/i386/vperm-v4si-2.c (test for excess errors)
UNRESOLVED: gcc.target/i386/vperm-v4si-2.c compilation failed to produce executable
WARNING: gcc.target/x86_64/abi/avx/test_passing_m256.c compilation, -O3 -fomit-frame-pointer -funroll-loops -fpeel-loops -ftracer -finline-functions program timed out.
FAIL: gcc.target/x86_64/abi/avx/test_passing_m256.c compilation, -O3 -fomit-frame-pointer -funroll-loops -fpeel-loops -ftracer -finline-functions
WARNING: gcc.target/x86_64/abi/avx/test_passing_m256.c compilation, -O3 -g program timed out.
FAIL: gcc.target/x86_64/abi/avx/test_passing_m256.c compilation, -O3 -g
UNRESOLVED: gcc.target/x86_64/abi/avx/test_passing_m256.c execution, -O3 -fomit-frame-pointer -funroll-loops -fpeel-loops -ftracer -finline-functions
UNRESOLVED: gcc.target/x86_64/abi/avx/test_passing_m256.c execution, -O3 -g
WARNING: gcc.target/x86_64/abi/ms-sysv/ms-sysv.c -O2 "-DGEN_ARGS=-p0\\ --omit-rbp-clobbers" (test for excess errors) program timed out.
FAIL: gcc.target/x86_64/abi/ms-sysv/ms-sysv.c -O2 "-DGEN_ARGS=-p0\\ --omit-rbp-clobbers" (test for excess errors)
UNRESOLVED: gcc.target/x86_64/abi/ms-sysv/ms-sysv.c -O2 "-DGEN_ARGS=-p0\\ --omit-rbp-clobbers" compilation failed to produce executable
WARNING: gcc.target/x86_64/abi/ms-sysv/ms-sysv.c -O2 "-DGEN_ARGS=-p1\\ --omit-rbp-clobbers" (test for excess errors) program timed out.
FAIL: gcc.target/x86_64/abi/ms-sysv/ms-sysv.c -O2 "-DGEN_ARGS=-p1\\ --omit-rbp-clobbers" (test for excess errors)
UNRESOLVED: gcc.target/x86_64/abi/ms-sysv/ms-sysv.c -O2 "-DGEN_ARGS=-p1\\ --omit-rbp-clobbers" compilation failed to produce executable
WARNING: gcc.target/x86_64/abi/ms-sysv/ms-sysv.c -mcall-ms2sysv-xlogues -O2 "-DGEN_ARGS=-p0\\ --omit-rbp-clobbers" (test for excess errors) program timed out.
FAIL: gcc.target/x86_64/abi/ms-sysv/ms-sysv.c -mcall-ms2sysv-xlogues -O2 "-DGEN_ARGS=-p0\\ --omit-rbp-clobbers" (test for excess errors)
UNRESOLVED: gcc.target/x86_64/abi/ms-sysv/ms-sysv.c -mcall-ms2sysv-xlogues -O2 "-DGEN_ARGS=-p0\\ --omit-rbp-clobbers" compilation failed to produce executable
WARNING: gcc.target/x86_64/abi/ms-sysv/ms-sysv.c -mcall-ms2sysv-xlogues -O2 "-DGEN_ARGS=-p1\\ --omit-rbp-clobbers" (test for excess errors) program timed out.
FAIL: gcc.target/x86_64/abi/ms-sysv/ms-sysv.c -mcall-ms2sysv-xlogues -O2 "-DGEN_ARGS=-p1\\ --omit-rbp-clobbers" (test for excess errors)
UNRESOLVED: gcc.target/x86_64/abi/ms-sysv/ms-sysv.c -mcall-ms2sysv-xlogues -O2 "-DGEN_ARGS=-p1\\ --omit-rbp-clobbers" compilation failed to produce executable
=== gcc Summary for unix/-m64 ===
# of expected passes 136573
# of unexpected failures 18
# of expected failures 536
# of unresolved testcases 10
# of unsupported tests 2376
=== gcc Summary ===
# of expected passes 272803
# of unexpected failures 37
# of expected failures 1078
# of unresolved testcases 10
# of unsupported tests 5247
/var/gcc/regression/trunk/11.5-gcc-gas/build/gcc/xgcc version 10.0.0 20190607 (experimental) [trunk revision 272037] (GCC)
=== gdc tests ===
Running target unix
FAIL: gdc.test/runnable/mars1.d -O2 (internal compiler error)
UNRESOLVED: gdc.test/runnable/mars1.d -O2 compilation failed to produce executable
FAIL: gdc.test/runnable/mars1.d -O2 -finline-functions (internal compiler error)
UNRESOLVED: gdc.test/runnable/mars1.d -O2 -finline-functions compilation failed to produce executable
FAIL: gdc.test/runnable/mars1.d -O2 -finline-functions -shared-libphobos (internal compiler error)
UNRESOLVED: gdc.test/runnable/mars1.d -O2 -finline-functions -shared-libphobos compilation failed to produce executable
FAIL: gdc.test/runnable/mars1.d -O2 -shared-libphobos (internal compiler error)
UNRESOLVED: gdc.test/runnable/mars1.d -O2 -shared-libphobos compilation failed to produce executable
=== gdc Summary for unix ===
# of expected passes 29422
# of unexpected failures 4
# of unresolved testcases 4
Running target unix/-m64
=== gdc Summary for unix/-m64 ===
# of expected passes 29426
=== gdc Summary ===
# of expected passes 58848
# of unexpected failures 4
# of unresolved testcases 4
/var/gcc/regression/trunk/11.5-gcc-gas/build/gcc/gdc version 10.0.0 20190607 (experimental) [trunk revision 272037] (GCC)
=== gfortran tests ===
Running target unix
=== gfortran Summary for unix ===
# of expected passes 49802
# of expected failures 188
# of unsupported tests 205
Running target unix/-m64
=== gfortran Summary for unix/-m64 ===
# of expected passes 50031
# of expected failures 188
# of unsupported tests 96
=== gfortran Summary ===
# of expected passes 99833
# of expected failures 376
# of unsupported tests 301
/var/gcc/regression/trunk/11.5-gcc-gas/build/gcc/gfortran version 10.0.0 20190607 (experimental) [trunk revision 272037] (GCC)
=== gnat tests ===
Running target unix
=== gnat Summary for unix ===
# of expected passes 2981
# of expected failures 23
# of unsupported tests 9
Running target unix/-m64
=== gnat Summary for unix/-m64 ===
# of expected passes 2981
# of expected failures 23
# of unsupported tests 9
=== gnat Summary ===
# of expected passes 5962
# of expected failures 46
# of unsupported tests 18
/var/gcc/regression/trunk/11.5-gcc-gas/build/gcc/gnatmake version 10.0.0 20190607 (experimental) [trunk revision 272037]
=== go tests ===
Running target unix
FAIL: ./index0-out.go execution, -O0 -g -fno-var-tracking-assignments
FAIL: go.test/test/fixedbugs/issue4085b.go execution, -O2 -g
=== go Summary for unix ===
# of expected passes 7471
# of unexpected failures 2
# of expected failures 1
# of untested testcases 10
# of unsupported tests 2
Running target unix/-m64
FAIL: ./index0-out.go execution, -O0 -g -fno-var-tracking-assignments
=== go Summary for unix/-m64 ===
# of expected passes 7353
# of unexpected failures 1
# of expected failures 1
# of untested testcases 10
# of unsupported tests 1
=== go Summary ===
# of expected passes 14824
# of unexpected failures 3
# of expected failures 2
# of untested testcases 20
# of unsupported tests 3
=== obj-c++ tests ===
Running target unix
=== obj-c++ Summary for unix ===
# of expected passes 1450
# of expected failures 2
# of unsupported tests 77
Running target unix/-m64
=== obj-c++ Summary for unix/-m64 ===
# of expected passes 1442
# of expected failures 10
# of unsupported tests 77
=== obj-c++ Summary ===
# of expected passes 2892
# of expected failures 12
# of unsupported tests 154
/var/gcc/regression/trunk/11.5-gcc-gas/build/gcc/xg++ version 10.0.0 20190607 (experimental) [trunk revision 272037] (GCC)
=== objc tests ===
Running target unix
=== objc Summary for unix ===
# of expected passes 2776
# of expected failures 6
# of unsupported tests 68
Running target unix/-m64
=== objc Summary for unix/-m64 ===
# of expected passes 2776
# of expected failures 6
# of unsupported tests 68
=== objc Summary ===
# of expected passes 5552
# of expected failures 12
# of unsupported tests 136
/var/gcc/regression/trunk/11.5-gcc-gas/build/gcc/xgcc version 10.0.0 20190607 (experimental) [trunk revision 272037] (GCC)
=== gotools tests ===
FAIL: TestScript
FAIL: go test cmd/go
FAIL: TestAbort
FAIL: TestCgoCrashHandler
FAIL: TestCgoSignalDeadlock
FAIL: TestSelectStackAdjust
FAIL: go test runtime
FAIL: go test misc/cgo/test
=== gotools Summary ===
# of expected passes 327
# of unexpected failures 8
# of untested testcases 182
/var/gcc/regression/trunk/11.5-gcc-gas/build/./gcc/gccgo version 10.0.0 20190607 (experimental) [trunk revision 272037] (GCC)
=== libatomic tests ===
Running target unix
=== libatomic Summary for unix ===
# of expected passes 44
# of unsupported tests 5
Running target unix/-m64
=== libatomic Summary for unix/-m64 ===
# of expected passes 54
=== libatomic Summary ===
# of expected passes 98
# of unsupported tests 5
=== libffi tests ===
Running target unix
=== libffi Summary for unix ===
# of expected passes 2799
Running target unix/-m64
=== libffi Summary for unix/-m64 ===
# of expected passes 2214
=== libffi Summary ===
# of expected passes 5013
=== libgo tests ===
Running target unix
FAIL: go/build
FAIL: net
FAIL: runtime
=== libgo Summary for unix ===
# of expected passes 182
# of unexpected failures 3
Running target unix/-m64
FAIL: go/build
FAIL: net
=== libgo Summary for unix/-m64 ===
# of expected passes 183
# of unexpected failures 2
=== libgo Summary ===
# of expected passes 365
# of unexpected failures 5
/var/gcc/regression/trunk/11.5-gcc-gas/build/./gcc/gccgo version 10.0.0 20190607 (experimental) [trunk revision 272037] (GCC)
=== libgomp tests ===
Running target unix
=== libgomp Summary for unix ===
# of expected passes 6539
# of expected failures 4
# of unsupported tests 363
Running target unix/-m64
WARNING: libgomp.c++/task-reduction-13.C execution test program timed out.
FAIL: libgomp.c++/task-reduction-13.C execution test
WARNING: libgomp.c++/task-reduction-8.C execution test program timed out.
FAIL: libgomp.c++/task-reduction-8.C execution test
WARNING: libgomp.c/../libgomp.c-c++-common/for-1.c (test for excess errors) program timed out.
FAIL: libgomp.c/../libgomp.c-c++-common/for-1.c (test for excess errors)
UNRESOLVED: libgomp.c/../libgomp.c-c++-common/for-1.c compilation failed to produce executable
WARNING: libgomp.c/../libgomp.c-c++-common/for-11.c (test for excess errors) program timed out.
FAIL: libgomp.c/../libgomp.c-c++-common/for-11.c (test for excess errors)
UNRESOLVED: libgomp.c/../libgomp.c-c++-common/for-11.c compilation failed to produce executable
WARNING: libgomp.c/../libgomp.c-c++-common/for-12.c (test for excess errors) program timed out.
FAIL: libgomp.c/../libgomp.c-c++-common/for-12.c (test for excess errors)
UNRESOLVED: libgomp.c/../libgomp.c-c++-common/for-12.c compilation failed to produce executable
WARNING: libgomp.c/../libgomp.c-c++-common/for-14.c (test for excess errors) program timed out.
FAIL: libgomp.c/../libgomp.c-c++-common/for-14.c (test for excess errors)
UNRESOLVED: libgomp.c/../libgomp.c-c++-common/for-14.c compilation failed to produce executable
WARNING: libgomp.c/../libgomp.c-c++-common/for-15.c (test for excess errors) program timed out.
FAIL: libgomp.c/../libgomp.c-c++-common/for-15.c (test for excess errors)
UNRESOLVED: libgomp.c/../libgomp.c-c++-common/for-15.c compilation failed to produce executable
WARNING: libgomp.c/../libgomp.c-c++-common/for-5.c (test for excess errors) program timed out.
FAIL: libgomp.c/../libgomp.c-c++-common/for-5.c (test for excess errors)
UNRESOLVED: libgomp.c/../libgomp.c-c++-common/for-5.c compilation failed to produce executable
WARNING: libgomp.c/../libgomp.c-c++-common/for-6.c (test for excess errors) program timed out.
FAIL: libgomp.c/../libgomp.c-c++-common/for-6.c (test for excess errors)
UNRESOLVED: libgomp.c/../libgomp.c-c++-common/for-6.c compilation failed to produce executable
=== libgomp Summary for unix/-m64 ===
# of expected passes 6523
# of unexpected failures 9
# of expected failures 4
# of unresolved testcases 7
# of unsupported tests 363
=== libgomp Summary ===
# of expected passes 13062
# of unexpected failures 9
# of expected failures 8
# of unresolved testcases 7
# of unsupported tests 726
=== libitm tests ===
Running target unix
=== libitm Summary for unix ===
# of expected passes 42
# of expected failures 3
# of unsupported tests 1
Running target unix/-m64
=== libitm Summary for unix/-m64 ===
# of expected passes 42
# of expected failures 3
# of unsupported tests 1
=== libitm Summary ===
# of expected passes 84
# of expected failures 6
# of unsupported tests 2
=== libphobos tests ===
Running target unix
FAIL: libphobos.phobos_shared/std/datetime/systime.d execution test
FAIL: libphobos.phobos_shared/std/datetime/timezone.d execution test
FAIL: libphobos.phobos_shared/std/format.d execution test
FAIL: libphobos.phobos_shared/std/math.d execution test
FAIL: libphobos.phobos_shared/std/parallelism.d execution test
FAIL: libphobos.shared/finalize.d -shared-libphobos -ldl execution test
FAIL: libphobos.shared/linkD.c lib.so -ldl -pthread execution test
FAIL: libphobos.shared/load.d -shared-libphobos -ldl execution test
FAIL: libphobos.shared/load_13414.d -shared-libphobos -ldl execution test
=== libphobos Summary for unix ===
# of expected passes 415
# of unexpected failures 9
Running target unix/-m64
FAIL: libphobos.phobos_shared/std/datetime/systime.d execution test
FAIL: libphobos.phobos_shared/std/datetime/timezone.d execution test
FAIL: libphobos.phobos_shared/std/format.d execution test
FAIL: libphobos.phobos_shared/std/math.d execution test
FAIL: libphobos.phobos_shared/std/parallelism.d execution test
FAIL: libphobos.shared/finalize.d -shared-libphobos -ldl execution test
FAIL: libphobos.shared/linkD.c lib.so -ldl -pthread execution test
FAIL: libphobos.shared/load.d -shared-libphobos -ldl execution test
FAIL: libphobos.shared/load_13414.d -shared-libphobos -ldl execution test
=== libphobos Summary for unix/-m64 ===
# of expected passes 415
# of unexpected failures 9
=== libphobos Summary ===
# of expected passes 830
# of unexpected failures 18
=== libstdc++ tests ===
Running target unix
XPASS: experimental/memory_resource/new_delete_resource.cc execution test
=== libstdc++ Summary for unix ===
# of expected passes 12103
# of unexpected successes 1
# of expected failures 78
# of unsupported tests 699
Running target unix/-m64
=== libstdc++ Summary for unix/-m64 ===
# of expected passes 12096
# of expected failures 78
# of unsupported tests 703
=== libstdc++ Summary ===
# of expected passes 24199
# of unexpected successes 1
# of expected failures 156
# of unsupported tests 1402
Compiler version: 10.0.0 20190607 (experimental) [trunk revision 272037] (GCC)
Platform: i386-pc-solaris2.11
configure flags: --prefix=/vol/gcc --target=i386-pc-solaris2.11 --enable-objc-gc --with-target-bdw-gc-include=/vol/gcc/include --with-target-bdw-gc-lib=/vol/gcc/lib,amd64=/vol/gcc/lib/amd64 --with-as=/vol/gcc/bin/gas-2.32 --with-gnu-as --with-gmp-include=/vol/gcc/include --with-gmp-lib=/vol/gcc/lib --with-mpfr-include=/vol/gcc/include --with-mpfr-lib=/vol/gcc/lib --with-mpc-include=/vol/gcc/include --with-mpc-lib=/vol/gcc/lib --enable-languages=all,ada,obj-c++,go --with-isl-include=/vol/gcc/include --with-isl-lib=/vol/gcc/lib --build=i386-pc-solaris2.11 --host=i386-pc-solaris2.11
BOOT_CFLAGS=-g -O2