This is the mail archive of the
gcc-testresults@gcc.gnu.org
mailing list for the GCC project.
Results for 10.0.0 20190607 (experimental) [trunk revision 272037] (GCC) testsuite on i386-pc-solaris2.11
- From: Rainer Orth <ro at CeBiTec dot Uni-Bielefeld dot DE>
- To: gcc-testresults at gcc dot gnu dot org
- Date: Fri, 7 Jun 2019 16:08:29 +0200 (CEST)
- Subject: Results for 10.0.0 20190607 (experimental) [trunk revision 272037] (GCC) testsuite on i386-pc-solaris2.11
LAST_UPDATED: Fri Jun 7 09:09:25 UTC 2019 (revision 272037)
=== acats tests ===
=== acats Summary ===
# of expected passes 2320
# of unexpected failures 0
Native configuration is i386-pc-solaris2.11
=== g++ tests ===
Running target unix
FAIL: c-c++-common/asan/swapcontext-test-1.c -O0 execution test
FAIL: c-c++-common/asan/swapcontext-test-1.c -O1 execution test
FAIL: c-c++-common/asan/swapcontext-test-1.c -O2 execution test
FAIL: c-c++-common/asan/swapcontext-test-1.c -O2 -flto execution test
FAIL: c-c++-common/asan/swapcontext-test-1.c -O2 -flto -flto-partition=none execution test
FAIL: c-c++-common/asan/swapcontext-test-1.c -O3 -fomit-frame-pointer -funroll-loops -fpeel-loops -ftracer -finline-functions execution test
FAIL: c-c++-common/asan/swapcontext-test-1.c -O3 -g execution test
FAIL: c-c++-common/asan/swapcontext-test-1.c -Os execution test
FAIL: g++.dg/asan/default-options-1.C -O0 execution test
FAIL: g++.dg/asan/default-options-1.C -O1 execution test
FAIL: g++.dg/asan/default-options-1.C -O2 execution test
FAIL: g++.dg/asan/default-options-1.C -O2 -flto execution test
FAIL: g++.dg/asan/default-options-1.C -O2 -flto -flto-partition=none execution test
FAIL: g++.dg/asan/default-options-1.C -O3 -g execution test
FAIL: g++.dg/asan/default-options-1.C -Os execution test
FAIL: g++.dg/cpp0x/noexcept15.C -std=c++14 (test for excess errors)
FAIL: g++.dg/cpp1y/feat-cxx14.C (test for excess errors)
FAIL: g++.dg/cpp1z/feat-cxx1z.C -std=gnu++17 (test for excess errors)
FAIL: g++.dg/cpp1z/pr85569.C -std=c++17 (test for excess errors)
FAIL: g++.dg/cpp2a/feat-cxx2a.C (test for excess errors)
FAIL: g++.dg/tree-ssa/pr69336.C (test for excess errors)
UNRESOLVED: g++.dg/tree-ssa/pr69336.C scan-tree-dump-not optimized "cmap"
FAIL: g++.dg/tree-ssa/pr80293.C (test for excess errors)
UNRESOLVED: g++.dg/tree-ssa/pr80293.C scan-tree-dump-not optimized "BIT_FIELD_REF"
FAIL: g++.dg/gcov/pr16855-priority.C -std=gnu++14 gcov: 1 failures in line counts, 0 in branch percentages, 0 in return percentages, 0 in intermediate format
FAIL: g++.dg/gcov/pr16855-priority.C -std=gnu++14 line 22: is #####:should be 1
FAIL: g++.dg/gcov/pr16855-priority.C -std=gnu++17 gcov: 1 failures in line counts, 0 in branch percentages, 0 in return percentages, 0 in intermediate format
FAIL: g++.dg/gcov/pr16855-priority.C -std=gnu++17 line 22: is #####:should be 1
FAIL: g++.dg/gcov/pr16855-priority.C -std=gnu++98 gcov: 1 failures in line counts, 0 in branch percentages, 0 in return percentages, 0 in intermediate format
FAIL: g++.dg/gcov/pr16855-priority.C -std=gnu++98 line 22: is #####:should be 1
FAIL: g++.dg/gcov/pr16855.C -std=gnu++14 gcov: 1 failures in line counts, 0 in branch percentages, 0 in return percentages, 0 in intermediate format
FAIL: g++.dg/gcov/pr16855.C -std=gnu++14 line 21: is #####:should be 1
FAIL: g++.dg/gcov/pr16855.C -std=gnu++17 gcov: 1 failures in line counts, 0 in branch percentages, 0 in return percentages, 0 in intermediate format
FAIL: g++.dg/gcov/pr16855.C -std=gnu++17 line 21: is #####:should be 1
FAIL: g++.dg/gcov/pr16855.C -std=gnu++98 gcov: 1 failures in line counts, 0 in branch percentages, 0 in return percentages, 0 in intermediate format
FAIL: g++.dg/gcov/pr16855.C -std=gnu++98 line 21: is #####:should be 1
FAIL: g++.dg/lto/alias-1 cp_lto_alias-1_0.o-cp_lto_alias-1_1.o execute -O2 -flto
FAIL: g++.dg/lto/pr89335 cp_lto_pr89335_0.o assemble, -O2 -flto -Wsuggest-final-methods
FAIL: g++.old-deja/g++.pt/repo3.C -std=gnu++14 (test for excess errors)
FAIL: g++.old-deja/g++.pt/repo3.C -std=gnu++17 (test for excess errors)
FAIL: g++.old-deja/g++.pt/repo3.C -std=gnu++98 (test for excess errors)
=== g++ Summary for unix ===
# of expected passes 131106
# of unexpected failures 39
# of expected failures 528
# of unresolved testcases 2
# of unsupported tests 6152
Running target unix/-m64
FAIL: g++.dg/cpp0x/noexcept15.C -std=c++14 (test for excess errors)
FAIL: g++.dg/cpp1y/feat-cxx14.C (test for excess errors)
FAIL: g++.dg/cpp1z/feat-cxx1z.C -std=gnu++17 (test for excess errors)
FAIL: g++.dg/cpp1z/pr85569.C -std=c++17 (test for excess errors)
FAIL: g++.dg/cpp2a/feat-cxx2a.C (test for excess errors)
FAIL: g++.dg/pr80481.C -std=gnu++14 scan-assembler-not vmovaps
FAIL: g++.dg/pr80481.C -std=gnu++17 scan-assembler-not vmovaps
FAIL: g++.dg/pr80481.C -std=gnu++98 scan-assembler-not vmovaps
FAIL: g++.dg/tree-ssa/pr69336.C (test for excess errors)
UNRESOLVED: g++.dg/tree-ssa/pr69336.C scan-tree-dump-not optimized "cmap"
FAIL: g++.dg/tree-ssa/pr80293.C (test for excess errors)
UNRESOLVED: g++.dg/tree-ssa/pr80293.C scan-tree-dump-not optimized "BIT_FIELD_REF"
FAIL: g++.dg/gcov/pr16855-priority.C -std=gnu++14 gcov: 1 failures in line counts, 0 in branch percentages, 0 in return percentages, 0 in intermediate format
FAIL: g++.dg/gcov/pr16855-priority.C -std=gnu++14 line 22: is #####:should be 1
FAIL: g++.dg/gcov/pr16855-priority.C -std=gnu++17 gcov: 1 failures in line counts, 0 in branch percentages, 0 in return percentages, 0 in intermediate format
FAIL: g++.dg/gcov/pr16855-priority.C -std=gnu++17 line 22: is #####:should be 1
FAIL: g++.dg/gcov/pr16855-priority.C -std=gnu++98 gcov: 1 failures in line counts, 0 in branch percentages, 0 in return percentages, 0 in intermediate format
FAIL: g++.dg/gcov/pr16855-priority.C -std=gnu++98 line 22: is #####:should be 1
FAIL: g++.dg/gcov/pr16855.C -std=gnu++14 gcov: 1 failures in line counts, 0 in branch percentages, 0 in return percentages, 0 in intermediate format
FAIL: g++.dg/gcov/pr16855.C -std=gnu++14 line 21: is #####:should be 1
FAIL: g++.dg/gcov/pr16855.C -std=gnu++17 gcov: 1 failures in line counts, 0 in branch percentages, 0 in return percentages, 0 in intermediate format
FAIL: g++.dg/gcov/pr16855.C -std=gnu++17 line 21: is #####:should be 1
FAIL: g++.dg/gcov/pr16855.C -std=gnu++98 gcov: 1 failures in line counts, 0 in branch percentages, 0 in return percentages, 0 in intermediate format
FAIL: g++.dg/gcov/pr16855.C -std=gnu++98 line 21: is #####:should be 1
FAIL: g++.dg/lto/alias-1 cp_lto_alias-1_0.o-cp_lto_alias-1_1.o execute -O2 -flto
FAIL: g++.dg/lto/pr89335 cp_lto_pr89335_0.o assemble, -O2 -flto -Wsuggest-final-methods
FAIL: g++.old-deja/g++.pt/repo3.C -std=gnu++14 (test for excess errors)
FAIL: g++.old-deja/g++.pt/repo3.C -std=gnu++17 (test for excess errors)
FAIL: g++.old-deja/g++.pt/repo3.C -std=gnu++98 (test for excess errors)
=== g++ Summary for unix/-m64 ===
# of expected passes 130880
# of unexpected failures 27
# of expected failures 531
# of unresolved testcases 2
# of unsupported tests 6091
=== g++ Summary ===
# of expected passes 261986
# of unexpected failures 66
# of expected failures 1059
# of unresolved testcases 4
# of unsupported tests 12243
/var/gcc/regression/trunk/11-gcc/build/gcc/xg++ version 10.0.0 20190607 (experimental) [trunk revision 272037] (GCC)
=== gcc tests ===
Running target unix
FAIL: gcc.c-torture/compile/pr61159.c -O0 (test for excess errors)
FAIL: gcc.c-torture/compile/pr61159.c -O1 (test for excess errors)
FAIL: gcc.c-torture/compile/pr61159.c -O2 (test for excess errors)
FAIL: gcc.c-torture/compile/pr61159.c -O2 -flto (test for excess errors)
FAIL: gcc.c-torture/compile/pr61159.c -O2 -flto -flto-partition=none (test for excess errors)
FAIL: gcc.c-torture/compile/pr61159.c -O3 -g (test for excess errors)
FAIL: gcc.c-torture/compile/pr61159.c -Os (test for excess errors)
FAIL: c-c++-common/asan/swapcontext-test-1.c -O0 execution test
FAIL: c-c++-common/asan/swapcontext-test-1.c -O1 execution test
FAIL: c-c++-common/asan/swapcontext-test-1.c -O2 execution test
FAIL: c-c++-common/asan/swapcontext-test-1.c -O2 -flto execution test
FAIL: c-c++-common/asan/swapcontext-test-1.c -O2 -flto -flto-partition=none execution test
FAIL: c-c++-common/asan/swapcontext-test-1.c -O3 -fomit-frame-pointer -funroll-loops -fpeel-loops -ftracer -finline-functions execution test
FAIL: c-c++-common/asan/swapcontext-test-1.c -O3 -g execution test
FAIL: c-c++-common/asan/swapcontext-test-1.c -Os execution test
FAIL: gcc.dg/attr-weakref-1.c (test for excess errors)
UNRESOLVED: gcc.dg/attr-weakref-1.c compilation failed to produce executable
FAIL: gcc.dg/ipa/ipa-icf-38.c scan-ltrans-tree-dump-not optimized "Function bar"
FAIL: gcc.target/i386/avx512bw-pr86036.c (test for excess errors)
UNRESOLVED: gcc.target/i386/avx512bw-pr86036.c compilation failed to produce executable
FAIL: gcc.target/i386/avx512bw-vpmovb2m-2.c (test for excess errors)
UNRESOLVED: gcc.target/i386/avx512bw-vpmovb2m-2.c compilation failed to produce executable
FAIL: gcc.target/i386/avx512bw-vpmovm2b-2.c (test for excess errors)
UNRESOLVED: gcc.target/i386/avx512bw-vpmovm2b-2.c compilation failed to produce executable
FAIL: gcc.target/i386/avx512bw-vpmovm2w-2.c (test for excess errors)
UNRESOLVED: gcc.target/i386/avx512bw-vpmovm2w-2.c compilation failed to produce executable
FAIL: gcc.target/i386/avx512bw-vpmovw2m-2.c (test for excess errors)
UNRESOLVED: gcc.target/i386/avx512bw-vpmovw2m-2.c compilation failed to produce executable
FAIL: gcc.target/i386/avx512dq-vpmovd2m-2.c (test for excess errors)
UNRESOLVED: gcc.target/i386/avx512dq-vpmovd2m-2.c compilation failed to produce executable
FAIL: gcc.target/i386/avx512dq-vpmovm2d-2.c (test for excess errors)
UNRESOLVED: gcc.target/i386/avx512dq-vpmovm2d-2.c compilation failed to produce executable
FAIL: gcc.target/i386/avx512dq-vpmovq2m-2.c (test for excess errors)
UNRESOLVED: gcc.target/i386/avx512dq-vpmovq2m-2.c compilation failed to produce executable
FAIL: gcc.target/i386/avx512vl-pr88514-3.c (test for excess errors)
FAIL: gcc.target/i386/avx512vl-pr88547-2.c (test for excess errors)
UNRESOLVED: gcc.target/i386/avx512vl-pr88547-2.c compilation failed to produce executable
FAIL: gcc.target/i386/avx512vl-vpmovb2m-2.c (test for excess errors)
UNRESOLVED: gcc.target/i386/avx512vl-vpmovb2m-2.c compilation failed to produce executable
FAIL: gcc.target/i386/avx512vl-vpmovd2m-2.c (test for excess errors)
UNRESOLVED: gcc.target/i386/avx512vl-vpmovd2m-2.c compilation failed to produce executable
FAIL: gcc.target/i386/avx512vl-vpmovm2b-2.c (test for excess errors)
UNRESOLVED: gcc.target/i386/avx512vl-vpmovm2b-2.c compilation failed to produce executable
FAIL: gcc.target/i386/avx512vl-vpmovm2d-2.c (test for excess errors)
UNRESOLVED: gcc.target/i386/avx512vl-vpmovm2d-2.c compilation failed to produce executable
FAIL: gcc.target/i386/avx512vl-vpmovm2w-2.c (test for excess errors)
UNRESOLVED: gcc.target/i386/avx512vl-vpmovm2w-2.c compilation failed to produce executable
FAIL: gcc.target/i386/avx512vl-vpmovq2m-2.c (test for excess errors)
UNRESOLVED: gcc.target/i386/avx512vl-vpmovq2m-2.c compilation failed to produce executable
FAIL: gcc.target/i386/avx512vl-vpmovw2m-2.c (test for excess errors)
UNRESOLVED: gcc.target/i386/avx512vl-vpmovw2m-2.c compilation failed to produce executable
FAIL: gcc.target/i386/pr57193.c scan-assembler-times movdqa 2
FAIL: gcc.target/i386/pr80569.c (test for excess errors)
FAIL: gcc.target/i386/pr81563.c scan-assembler-times movl[\\\\t ]*-4\\\\(%ebp\\\\),[\\\\t ]*%edi 1
FAIL: gcc.target/i386/pr81563.c scan-assembler-times movl[\\\\t ]*-8\\\\(%ebp\\\\),[\\\\t ]*%esi 1
=== gcc Summary for unix ===
# of expected passes 135038
# of unexpected failures 38
# of expected failures 543
# of unresolved testcases 17
# of unsupported tests 3462
Running target unix/-m64
FAIL: gcc.c-torture/compile/pr61159.c -O0 (test for excess errors)
FAIL: gcc.c-torture/compile/pr61159.c -O1 (test for excess errors)
FAIL: gcc.c-torture/compile/pr61159.c -O2 (test for excess errors)
FAIL: gcc.c-torture/compile/pr61159.c -O2 -flto (test for excess errors)
FAIL: gcc.c-torture/compile/pr61159.c -O2 -flto -flto-partition=none (test for excess errors)
FAIL: gcc.c-torture/compile/pr61159.c -O3 -g (test for excess errors)
FAIL: gcc.c-torture/compile/pr61159.c -Os (test for excess errors)
FAIL: gcc.dg/attr-weakref-1.c (test for excess errors)
UNRESOLVED: gcc.dg/attr-weakref-1.c compilation failed to produce executable
FAIL: gcc.dg/ipa/ipa-icf-38.c scan-ltrans-tree-dump-not optimized "Function bar"
FAIL: gcc.target/i386/avx512bw-pr86036.c (test for excess errors)
UNRESOLVED: gcc.target/i386/avx512bw-pr86036.c compilation failed to produce executable
FAIL: gcc.target/i386/avx512bw-vpmovb2m-2.c (test for excess errors)
UNRESOLVED: gcc.target/i386/avx512bw-vpmovb2m-2.c compilation failed to produce executable
FAIL: gcc.target/i386/avx512bw-vpmovm2b-2.c (test for excess errors)
UNRESOLVED: gcc.target/i386/avx512bw-vpmovm2b-2.c compilation failed to produce executable
FAIL: gcc.target/i386/avx512bw-vpmovm2w-2.c (test for excess errors)
UNRESOLVED: gcc.target/i386/avx512bw-vpmovm2w-2.c compilation failed to produce executable
FAIL: gcc.target/i386/avx512bw-vpmovw2m-2.c (test for excess errors)
UNRESOLVED: gcc.target/i386/avx512bw-vpmovw2m-2.c compilation failed to produce executable
FAIL: gcc.target/i386/avx512dq-vpmovd2m-2.c (test for excess errors)
UNRESOLVED: gcc.target/i386/avx512dq-vpmovd2m-2.c compilation failed to produce executable
FAIL: gcc.target/i386/avx512dq-vpmovm2d-2.c (test for excess errors)
UNRESOLVED: gcc.target/i386/avx512dq-vpmovm2d-2.c compilation failed to produce executable
FAIL: gcc.target/i386/avx512dq-vpmovq2m-2.c (test for excess errors)
UNRESOLVED: gcc.target/i386/avx512dq-vpmovq2m-2.c compilation failed to produce executable
FAIL: gcc.target/i386/avx512vl-pr88514-3.c (test for excess errors)
FAIL: gcc.target/i386/avx512vl-pr88547-2.c (test for excess errors)
UNRESOLVED: gcc.target/i386/avx512vl-pr88547-2.c compilation failed to produce executable
FAIL: gcc.target/i386/avx512vl-vpmovb2m-2.c (test for excess errors)
UNRESOLVED: gcc.target/i386/avx512vl-vpmovb2m-2.c compilation failed to produce executable
FAIL: gcc.target/i386/avx512vl-vpmovd2m-2.c (test for excess errors)
UNRESOLVED: gcc.target/i386/avx512vl-vpmovd2m-2.c compilation failed to produce executable
FAIL: gcc.target/i386/avx512vl-vpmovm2b-2.c (test for excess errors)
UNRESOLVED: gcc.target/i386/avx512vl-vpmovm2b-2.c compilation failed to produce executable
FAIL: gcc.target/i386/avx512vl-vpmovm2d-2.c (test for excess errors)
UNRESOLVED: gcc.target/i386/avx512vl-vpmovm2d-2.c compilation failed to produce executable
FAIL: gcc.target/i386/avx512vl-vpmovm2w-2.c (test for excess errors)
UNRESOLVED: gcc.target/i386/avx512vl-vpmovm2w-2.c compilation failed to produce executable
FAIL: gcc.target/i386/avx512vl-vpmovq2m-2.c (test for excess errors)
UNRESOLVED: gcc.target/i386/avx512vl-vpmovq2m-2.c compilation failed to produce executable
FAIL: gcc.target/i386/avx512vl-vpmovw2m-2.c (test for excess errors)
UNRESOLVED: gcc.target/i386/avx512vl-vpmovw2m-2.c compilation failed to produce executable
FAIL: gcc.target/i386/pr57193.c scan-assembler-times movdqa 2
FAIL: gcc.target/i386/pr80569.c (test for excess errors)
=== gcc Summary for unix/-m64 ===
# of expected passes 135298
# of unexpected failures 28
# of expected failures 537
# of unresolved testcases 17
# of unsupported tests 2989
=== gcc Summary ===
# of expected passes 270336
# of unexpected failures 66
# of expected failures 1080
# of unresolved testcases 34
# of unsupported tests 6451
/var/gcc/regression/trunk/11-gcc/build/gcc/xgcc version 10.0.0 20190607 (experimental) [trunk revision 272037] (GCC)
=== gdc tests ===
Running target unix
FAIL: gdc.test/runnable/mars1.d -O2 (internal compiler error)
FAIL: gdc.test/runnable/mars1.d -O2 -finline-functions (internal compiler error)
=== gdc Summary for unix ===
# of expected passes 22445
# of unexpected failures 2
# of unsupported tests 40
Running target unix/-m64
=== gdc Summary for unix/-m64 ===
# of expected passes 22445
# of unsupported tests 40
=== gdc Summary ===
# of expected passes 44890
# of unexpected failures 2
# of unsupported tests 80
/var/gcc/regression/trunk/11-gcc/build/gcc/gdc version 10.0.0 20190607 (experimental) [trunk revision 272037] (GCC)
=== gfortran tests ===
Running target unix
=== gfortran Summary for unix ===
# of expected passes 49800
# of expected failures 188
# of unsupported tests 206
Running target unix/-m64
=== gfortran Summary for unix/-m64 ===
# of expected passes 50029
# of expected failures 188
# of unsupported tests 97
=== gfortran Summary ===
# of expected passes 99829
# of expected failures 376
# of unsupported tests 303
/var/gcc/regression/trunk/11-gcc/build/gcc/gfortran version 10.0.0 20190607 (experimental) [trunk revision 272037] (GCC)
=== gnat tests ===
Running target unix
=== gnat Summary for unix ===
# of expected passes 2977
# of expected failures 23
# of unsupported tests 11
Running target unix/-m64
=== gnat Summary for unix/-m64 ===
# of expected passes 2977
# of expected failures 23
# of unsupported tests 11
=== gnat Summary ===
# of expected passes 5954
# of expected failures 46
# of unsupported tests 22
/var/gcc/regression/trunk/11-gcc/build/gcc/gnatmake version 10.0.0 20190607 (experimental) [trunk revision 272037]
=== go tests ===
Running target unix
FAIL: ./index0-out.go execution, -O0 -g -fno-var-tracking-assignments
FAIL: go.test/test/fixedbugs/issue4085b.go execution, -O2 -g
=== go Summary for unix ===
# of expected passes 7471
# of unexpected failures 2
# of expected failures 1
# of untested testcases 10
# of unsupported tests 2
Running target unix/-m64
FAIL: ./index0-out.go execution, -O0 -g -fno-var-tracking-assignments
=== go Summary for unix/-m64 ===
# of expected passes 7353
# of unexpected failures 1
# of expected failures 1
# of untested testcases 10
# of unsupported tests 1
=== go Summary ===
# of expected passes 14824
# of unexpected failures 3
# of expected failures 2
# of untested testcases 20
# of unsupported tests 3
=== obj-c++ tests ===
Running target unix
=== obj-c++ Summary for unix ===
# of expected passes 1450
# of expected failures 2
# of unsupported tests 77
Running target unix/-m64
=== obj-c++ Summary for unix/-m64 ===
# of expected passes 1442
# of expected failures 10
# of unsupported tests 77
=== obj-c++ Summary ===
# of expected passes 2892
# of expected failures 12
# of unsupported tests 154
/var/gcc/regression/trunk/11-gcc/build/gcc/xg++ version 10.0.0 20190607 (experimental) [trunk revision 272037] (GCC)
=== objc tests ===
Running target unix
=== objc Summary for unix ===
# of expected passes 2776
# of expected failures 6
# of unsupported tests 68
Running target unix/-m64
=== objc Summary for unix/-m64 ===
# of expected passes 2776
# of expected failures 6
# of unsupported tests 68
=== objc Summary ===
# of expected passes 5552
# of expected failures 12
# of unsupported tests 136
/var/gcc/regression/trunk/11-gcc/build/gcc/xgcc version 10.0.0 20190607 (experimental) [trunk revision 272037] (GCC)
=== gotools tests ===
FAIL: TestScript
FAIL: go test cmd/go
FAIL: TestAbort
FAIL: TestCgoCrashHandler
FAIL: TestCgoSignalDeadlock
FAIL: TestCrashHandler
FAIL: TestGccgoCrashTracebackNodebug
FAIL: TestSelectStackAdjust
FAIL: go test runtime
=== gotools Summary ===
# of expected passes 403
# of unexpected failures 9
# of untested testcases 193
/var/gcc/regression/trunk/11-gcc/build/./gcc/gccgo version 10.0.0 20190607 (experimental) [trunk revision 272037] (GCC)
=== libatomic tests ===
Running target unix
=== libatomic Summary for unix ===
# of expected passes 44
# of unsupported tests 5
Running target unix/-m64
=== libatomic Summary for unix/-m64 ===
# of expected passes 54
=== libatomic Summary ===
# of expected passes 98
# of unsupported tests 5
=== libffi tests ===
Running target unix
=== libffi Summary for unix ===
# of expected passes 2799
Running target unix/-m64
=== libffi Summary for unix/-m64 ===
# of expected passes 2214
=== libffi Summary ===
# of expected passes 5013
=== libgo tests ===
Running target unix
FAIL: go/build
FAIL: runtime
=== libgo Summary for unix ===
# of expected passes 183
# of unexpected failures 2
Running target unix/-m64
FAIL: go/build
FAIL: net/http
=== libgo Summary for unix/-m64 ===
# of expected passes 183
# of unexpected failures 2
=== libgo Summary ===
# of expected passes 366
# of unexpected failures 4
/var/gcc/regression/trunk/11-gcc/build/./gcc/gccgo version 10.0.0 20190607 (experimental) [trunk revision 272037] (GCC)
=== libgomp tests ===
Running target unix
WARNING: libgomp.c++/task-reduction-8.C execution test program timed out.
FAIL: libgomp.c++/task-reduction-8.C execution test
=== libgomp Summary for unix ===
# of expected passes 6446
# of unexpected failures 1
# of expected failures 4
# of unsupported tests 411
Running target unix/-m64
=== libgomp Summary for unix/-m64 ===
# of expected passes 6447
# of expected failures 4
# of unsupported tests 411
=== libgomp Summary ===
# of expected passes 12893
# of unexpected failures 1
# of expected failures 8
# of unsupported tests 822
=== libitm tests ===
Running target unix
=== libitm Summary for unix ===
# of expected passes 42
# of expected failures 3
# of unsupported tests 1
Running target unix/-m64
=== libitm Summary for unix/-m64 ===
# of expected passes 42
# of expected failures 3
# of unsupported tests 1
=== libitm Summary ===
# of expected passes 84
# of expected failures 6
# of unsupported tests 2
=== libstdc++ tests ===
Running target unix
=== libstdc++ Summary for unix ===
# of expected passes 12103
# of expected failures 79
# of unsupported tests 699
Running target unix/-m64
=== libstdc++ Summary for unix/-m64 ===
# of expected passes 12096
# of expected failures 78
# of unsupported tests 703
=== libstdc++ Summary ===
# of expected passes 24199
# of expected failures 157
# of unsupported tests 1402
Compiler version: 10.0.0 20190607 (experimental) [trunk revision 272037] (GCC)
Platform: i386-pc-solaris2.11
configure flags: --prefix=/vol/gcc --target=i386-pc-solaris2.11 --enable-objc-gc --with-target-bdw-gc-include=/vol/gcc/include --with-target-bdw-gc-lib=/vol/gcc/lib,amd64=/vol/gcc/lib/amd64 --with-as=/usr/ccs/bin/as --without-gnu-as --with-gmp-include=/vol/gcc/include --with-gmp-lib=/vol/gcc/lib --with-mpfr-include=/vol/gcc/include --with-mpfr-lib=/vol/gcc/lib --with-mpc-include=/vol/gcc/include --with-mpc-lib=/vol/gcc/lib --enable-languages=all,ada,obj-c++,go --with-isl-include=/vol/gcc/include --with-isl-lib=/vol/gcc/lib --build=i386-pc-solaris2.11 --host=i386-pc-solaris2.11
BOOT_CFLAGS=-g -O2