This is the mail archive of the
gcc-testresults@gcc.gnu.org
mailing list for the GCC project.
Results for 9.0.0 20181109 (experimental) [trunk revision 265955] (GCC) testsuite on i386-pc-solaris2.11
- From: Rainer Orth <ro at CeBiTec dot Uni-Bielefeld dot DE>
- To: gcc-testresults at gcc dot gnu dot org
- Date: Sat, 10 Nov 2018 09:26:48 +0100 (CET)
- Subject: Results for 9.0.0 20181109 (experimental) [trunk revision 265955] (GCC) testsuite on i386-pc-solaris2.11
LAST_UPDATED: Fri Nov 9 10:05:05 UTC 2018 (revision 265955)
=== acats tests ===
=== acats Summary ===
# of expected passes 2320
# of unexpected failures 0
Native configuration is i386-pc-solaris2.11
=== g++ tests ===
Running target unix
FAIL: c-c++-common/asan/pointer-subtract-3.c -O0 execution test
FAIL: c-c++-common/asan/pointer-subtract-3.c -O1 execution test
FAIL: c-c++-common/asan/pointer-subtract-3.c -O2 execution test
FAIL: c-c++-common/asan/pointer-subtract-3.c -O2 -flto -fno-use-linker-plugin -flto-partition=none execution test
FAIL: c-c++-common/asan/pointer-subtract-3.c -O2 -flto -fuse-linker-plugin -fno-fat-lto-objects execution test
FAIL: c-c++-common/asan/pointer-subtract-3.c -O3 -g execution test
FAIL: c-c++-common/asan/pointer-subtract-3.c -Os execution test
FAIL: c-c++-common/asan/swapcontext-test-1.c -O0 execution test
FAIL: c-c++-common/asan/swapcontext-test-1.c -O1 execution test
FAIL: c-c++-common/asan/swapcontext-test-1.c -O2 execution test
FAIL: c-c++-common/asan/swapcontext-test-1.c -O2 -flto -fno-use-linker-plugin -flto-partition=none execution test
FAIL: c-c++-common/asan/swapcontext-test-1.c -O2 -flto -fuse-linker-plugin -fno-fat-lto-objects execution test
FAIL: c-c++-common/asan/swapcontext-test-1.c -O3 -fomit-frame-pointer -funroll-loops -fpeel-loops -ftracer -finline-functions execution test
FAIL: c-c++-common/asan/swapcontext-test-1.c -O3 -g execution test
FAIL: c-c++-common/asan/swapcontext-test-1.c -Os execution test
FAIL: g++.dg/asan/deep-thread-stack-1.C -O0 output pattern test
FAIL: g++.dg/asan/deep-thread-stack-1.C -O1 output pattern test
FAIL: g++.dg/asan/deep-thread-stack-1.C -O2 output pattern test
FAIL: g++.dg/asan/deep-thread-stack-1.C -O2 -flto -fno-use-linker-plugin -flto-partition=none output pattern test
FAIL: g++.dg/asan/deep-thread-stack-1.C -O2 -flto -fuse-linker-plugin -fno-fat-lto-objects output pattern test
FAIL: g++.dg/asan/deep-thread-stack-1.C -O3 -g output pattern test
FAIL: g++.dg/asan/deep-thread-stack-1.C -Os output pattern test
FAIL: g++.dg/asan/default-options-1.C -O0 execution test
FAIL: g++.dg/asan/default-options-1.C -O1 execution test
FAIL: g++.dg/asan/default-options-1.C -O2 execution test
FAIL: g++.dg/asan/default-options-1.C -O2 -flto -fno-use-linker-plugin -flto-partition=none execution test
FAIL: g++.dg/asan/default-options-1.C -O2 -flto -fuse-linker-plugin -fno-fat-lto-objects execution test
FAIL: g++.dg/asan/default-options-1.C -O3 -g execution test
FAIL: g++.dg/asan/default-options-1.C -Os execution test
FAIL: g++.dg/pr83239.C -std=gnu++98 (test for excess errors)
FAIL: g++.dg/gcov/pr16855-priority.C -std=gnu++14 gcov: 1 failures in line counts, 0 in branch percentages, 0 in return percentages, 0 in intermediate format
FAIL: g++.dg/gcov/pr16855-priority.C -std=gnu++14 line 22: is #####:should be 1
FAIL: g++.dg/gcov/pr16855-priority.C -std=gnu++17 gcov: 1 failures in line counts, 0 in branch percentages, 0 in return percentages, 0 in intermediate format
FAIL: g++.dg/gcov/pr16855-priority.C -std=gnu++17 line 22: is #####:should be 1
FAIL: g++.dg/gcov/pr16855-priority.C -std=gnu++98 gcov: 1 failures in line counts, 0 in branch percentages, 0 in return percentages, 0 in intermediate format
FAIL: g++.dg/gcov/pr16855-priority.C -std=gnu++98 line 22: is #####:should be 1
FAIL: g++.dg/gcov/pr16855.C -std=gnu++14 gcov: 1 failures in line counts, 0 in branch percentages, 0 in return percentages, 0 in intermediate format
FAIL: g++.dg/gcov/pr16855.C -std=gnu++14 line 21: is #####:should be 1
FAIL: g++.dg/gcov/pr16855.C -std=gnu++17 gcov: 1 failures in line counts, 0 in branch percentages, 0 in return percentages, 0 in intermediate format
FAIL: g++.dg/gcov/pr16855.C -std=gnu++17 line 21: is #####:should be 1
FAIL: g++.dg/gcov/pr16855.C -std=gnu++98 gcov: 1 failures in line counts, 0 in branch percentages, 0 in return percentages, 0 in intermediate format
FAIL: g++.dg/gcov/pr16855.C -std=gnu++98 line 21: is #####:should be 1
=== g++ Summary for unix ===
# of expected passes 124969
# of unexpected failures 42
# of expected failures 533
# of unsupported tests 5622
Running target unix/-m64
FAIL: g++.dg/pr80481.C -std=gnu++14 scan-assembler-not vmovaps
FAIL: g++.dg/pr80481.C -std=gnu++17 scan-assembler-not vmovaps
FAIL: g++.dg/pr80481.C -std=gnu++98 scan-assembler-not vmovaps
FAIL: g++.dg/pr83239.C -std=gnu++98 (test for excess errors)
FAIL: g++.dg/gcov/pr16855-priority.C -std=gnu++14 gcov: 1 failures in line counts, 0 in branch percentages, 0 in return percentages, 0 in intermediate format
FAIL: g++.dg/gcov/pr16855-priority.C -std=gnu++14 line 22: is #####:should be 1
FAIL: g++.dg/gcov/pr16855-priority.C -std=gnu++17 gcov: 1 failures in line counts, 0 in branch percentages, 0 in return percentages, 0 in intermediate format
FAIL: g++.dg/gcov/pr16855-priority.C -std=gnu++17 line 22: is #####:should be 1
FAIL: g++.dg/gcov/pr16855-priority.C -std=gnu++98 gcov: 1 failures in line counts, 0 in branch percentages, 0 in return percentages, 0 in intermediate format
FAIL: g++.dg/gcov/pr16855-priority.C -std=gnu++98 line 22: is #####:should be 1
FAIL: g++.dg/gcov/pr16855.C -std=gnu++14 gcov: 1 failures in line counts, 0 in branch percentages, 0 in return percentages, 0 in intermediate format
FAIL: g++.dg/gcov/pr16855.C -std=gnu++14 line 21: is #####:should be 1
FAIL: g++.dg/gcov/pr16855.C -std=gnu++17 gcov: 1 failures in line counts, 0 in branch percentages, 0 in return percentages, 0 in intermediate format
FAIL: g++.dg/gcov/pr16855.C -std=gnu++17 line 21: is #####:should be 1
FAIL: g++.dg/gcov/pr16855.C -std=gnu++98 gcov: 1 failures in line counts, 0 in branch percentages, 0 in return percentages, 0 in intermediate format
FAIL: g++.dg/gcov/pr16855.C -std=gnu++98 line 21: is #####:should be 1
=== g++ Summary for unix/-m64 ===
# of expected passes 124812
# of unexpected failures 16
# of expected failures 536
# of unsupported tests 5566
=== g++ Summary ===
# of expected passes 249781
# of unexpected failures 58
# of expected failures 1069
# of unsupported tests 11188
/var/gcc/regression/trunk/11.5-gcc-gas-gld/build/gcc/xg++ version 9.0.0 20181109 (experimental) [trunk revision 265955] (GCC)
=== gcc tests ===
Running target unix
FAIL: c-c++-common/asan/pointer-subtract-3.c -O0 execution test
FAIL: c-c++-common/asan/pointer-subtract-3.c -O1 execution test
FAIL: c-c++-common/asan/pointer-subtract-3.c -O2 execution test
FAIL: c-c++-common/asan/pointer-subtract-3.c -O2 -flto -fno-use-linker-plugin -flto-partition=none execution test
FAIL: c-c++-common/asan/pointer-subtract-3.c -O2 -flto -fuse-linker-plugin -fno-fat-lto-objects execution test
FAIL: c-c++-common/asan/pointer-subtract-3.c -O3 -g execution test
FAIL: c-c++-common/asan/pointer-subtract-3.c -Os execution test
FAIL: c-c++-common/asan/swapcontext-test-1.c -O0 execution test
FAIL: c-c++-common/asan/swapcontext-test-1.c -O1 execution test
FAIL: c-c++-common/asan/swapcontext-test-1.c -O2 execution test
FAIL: c-c++-common/asan/swapcontext-test-1.c -O2 -flto -fno-use-linker-plugin -flto-partition=none execution test
FAIL: c-c++-common/asan/swapcontext-test-1.c -O2 -flto -fuse-linker-plugin -fno-fat-lto-objects execution test
FAIL: c-c++-common/asan/swapcontext-test-1.c -O3 -fomit-frame-pointer -funroll-loops -fpeel-loops -ftracer -finline-functions execution test
FAIL: c-c++-common/asan/swapcontext-test-1.c -O3 -g execution test
FAIL: c-c++-common/asan/swapcontext-test-1.c -Os execution test
FAIL: gcc.dg/warn-strlen-no-nul.c (test for warnings, line 101)
FAIL: gcc.dg/warn-strlen-no-nul.c (test for warnings, line 110)
FAIL: gcc.dg/warn-strlen-no-nul.c (test for warnings, line 111)
FAIL: gcc.dg/warn-strlen-no-nul.c (test for warnings, line 117)
FAIL: gcc.dg/warn-strlen-no-nul.c (test for warnings, line 118)
FAIL: gcc.dg/warn-strlen-no-nul.c (test for warnings, line 119)
FAIL: gcc.dg/warn-strlen-no-nul.c (test for warnings, line 153)
FAIL: gcc.dg/warn-strlen-no-nul.c (test for warnings, line 154)
FAIL: gcc.dg/warn-strlen-no-nul.c (test for warnings, line 155)
FAIL: gcc.dg/warn-strlen-no-nul.c (test for warnings, line 156)
FAIL: gcc.dg/warn-strlen-no-nul.c (test for warnings, line 157)
FAIL: gcc.dg/warn-strlen-no-nul.c (test for warnings, line 158)
FAIL: gcc.dg/warn-strlen-no-nul.c (test for warnings, line 46)
FAIL: gcc.dg/warn-strlen-no-nul.c (test for warnings, line 71)
FAIL: gcc.dg/warn-strlen-no-nul.c (test for warnings, line 72)
FAIL: gcc.dg/warn-strlen-no-nul.c (test for warnings, line 73)
FAIL: gcc.dg/warn-strlen-no-nul.c (test for warnings, line 74)
FAIL: gcc.dg/warn-strlen-no-nul.c (test for warnings, line 75)
FAIL: gcc.dg/warn-strlen-no-nul.c (test for warnings, line 76)
FAIL: gcc.dg/warn-strlen-no-nul.c (test for warnings, line 92)
FAIL: gcc.dg/warn-strlen-no-nul.c (test for warnings, line 96)
FAIL: gcc.dg/warn-strlen-no-nul.c (test for warnings, line 99)
FAIL: gcc.dg/warn-strlen-no-nul.c (internal compiler error)
FAIL: gcc.dg/warn-strlen-no-nul.c (test for excess errors)
FAIL: gcc.dg/warn-strlen-no-nul.c 3 blank line(s) in output
XPASS: gcc.dg/vect/vect-24.c -flto -ffat-lto-objects scan-tree-dump-times vect "vectorized 3 loops" 1
XPASS: gcc.dg/vect/vect-24.c scan-tree-dump-times vect "vectorized 3 loops" 1
FAIL: gcc.target/i386/pr57193.c scan-assembler-times movdqa 2
=== gcc Summary for unix ===
# of expected passes 131564
# of unexpected failures 41
# of unexpected successes 2
# of expected failures 492
# of unsupported tests 2755
Running target unix/-m64
FAIL: gcc.target/i386/avx512dq-concatv2si-1.c scan-assembler vpunpckldq[^\\n\\r]*%xmm17[^\\n\\r]*%xmm16[^\\n\\r]*%xmm3
FAIL: gcc.target/i386/avx512dq-concatv2si-1.c scan-assembler-times vpinsrd[^\\n\\r]*\\\\\$1[^\\n\\r]*%xmm16[^\\n\\r]*%xmm3 2
FAIL: gcc.target/i386/avx512vl-concatv2si-1.c scan-assembler vpunpckldq[^\\n\\r]*%xmm17[^\\n\\r]*%xmm16[^\\n\\r]*%xmm3
FAIL: gcc.target/i386/ifcvt-onecmpl-abs-1.c scan-assembler cltd
FAIL: gcc.target/i386/pr49095.c scan-assembler-times \\\\), % 45
FAIL: gcc.target/i386/pr57193.c scan-assembler-times movdqa 2
=== gcc Summary for unix/-m64 ===
# of expected passes 131769
# of unexpected failures 6
# of expected failures 491
# of unsupported tests 2344
=== gcc Summary ===
# of expected passes 263333
# of unexpected failures 47
# of unexpected successes 2
# of expected failures 983
# of unsupported tests 5099
/var/gcc/regression/trunk/11.5-gcc-gas-gld/build/gcc/xgcc version 9.0.0 20181109 (experimental) [trunk revision 265955] (GCC)
=== gdc tests ===
Running target unix
=== gdc Summary for unix ===
# of expected passes 9787
Running target unix/-m64
=== gdc Summary for unix/-m64 ===
# of expected passes 9787
=== gdc Summary ===
# of expected passes 19574
/var/gcc/regression/trunk/11.5-gcc-gas-gld/build/gcc/gdc version 9.0.0 20181109 (experimental) [trunk revision 265955] (GCC)
=== gfortran tests ===
Running target unix
=== gfortran Summary for unix ===
# of expected passes 47867
# of expected failures 103
# of unsupported tests 194
Running target unix/-m64
=== gfortran Summary for unix/-m64 ===
# of expected passes 48084
# of expected failures 103
# of unsupported tests 91
=== gfortran Summary ===
# of expected passes 95951
# of expected failures 206
# of unsupported tests 285
/var/gcc/regression/trunk/11.5-gcc-gas-gld/build/gcc/gfortran version 9.0.0 20181109 (experimental) [trunk revision 265955] (GCC)
=== gnat tests ===
Running target unix
XPASS: gnat.dg/lto19.adb (test for excess errors)
=== gnat Summary for unix ===
# of expected passes 2916
# of unexpected successes 1
# of expected failures 23
# of unsupported tests 8
Running target unix/-m64
XPASS: gnat.dg/lto19.adb (test for excess errors)
=== gnat Summary for unix/-m64 ===
# of expected passes 2916
# of unexpected successes 1
# of expected failures 23
# of unsupported tests 8
=== gnat Summary ===
# of expected passes 5832
# of unexpected successes 2
# of expected failures 46
# of unsupported tests 16
/var/gcc/regression/trunk/11.5-gcc-gas-gld/build/gcc/gnatmake version 9.0.0 20181109 (experimental) [trunk revision 265955]
=== go tests ===
Running target unix
FAIL: ./index0-out.go execution, -O0 -g -fno-var-tracking-assignments
=== go Summary for unix ===
# of expected passes 7396
# of unexpected failures 1
# of expected failures 1
# of untested testcases 10
# of unsupported tests 2
Running target unix/-m64
FAIL: ./index0-out.go execution, -O0 -g -fno-var-tracking-assignments
=== go Summary for unix/-m64 ===
# of expected passes 7277
# of unexpected failures 1
# of expected failures 1
# of untested testcases 10
# of unsupported tests 1
=== go Summary ===
# of expected passes 14673
# of unexpected failures 2
# of expected failures 2
# of untested testcases 20
# of unsupported tests 3
/var/gcc/regression/trunk/11.5-gcc-gas-gld/build/gcc/gccgo version 9.0.0 20181109 (experimental) [trunk revision 265955] (GCC)
=== obj-c++ tests ===
Running target unix
=== obj-c++ Summary for unix ===
# of expected passes 1464
# of expected failures 2
# of unsupported tests 77
Running target unix/-m64
=== obj-c++ Summary for unix/-m64 ===
# of expected passes 1456
# of expected failures 10
# of unsupported tests 77
=== obj-c++ Summary ===
# of expected passes 2920
# of expected failures 12
# of unsupported tests 154
/var/gcc/regression/trunk/11.5-gcc-gas-gld/build/gcc/xg++ version 9.0.0 20181109 (experimental) [trunk revision 265955] (GCC)
=== objc tests ===
Running target unix
=== objc Summary for unix ===
# of expected passes 2797
# of expected failures 6
# of unsupported tests 68
Running target unix/-m64
=== objc Summary for unix/-m64 ===
# of expected passes 2797
# of expected failures 6
# of unsupported tests 68
=== objc Summary ===
# of expected passes 5594
# of expected failures 12
# of unsupported tests 136
/var/gcc/regression/trunk/11.5-gcc-gas-gld/build/gcc/xgcc version 9.0.0 20181109 (experimental) [trunk revision 265955] (GCC)
=== gotools tests ===
FAIL: go test cmd/go
FAIL: TestAbort
FAIL: TestCgoSignalDeadlock
FAIL: TestCrashHandler
FAIL: TestG0StackOverflow
FAIL: TestRuntimePanic
FAIL: TestSelectStackAdjust
FAIL: go test runtime
FAIL: go test misc/cgo/test
FAIL: TestCompileWithoutShared
FAIL: TestEarlySignalHandler
FAIL: TestInstall
FAIL: TestOsSignal
FAIL: TestPIE
FAIL: TestSIGPROF
FAIL: TestSigaltstack
FAIL: TestSignalForwarding
FAIL: TestSignalForwardingExternal
FAIL: go test misc/cgo/testcarchive
=== gotools Summary ===
# of expected passes 241
# of unexpected failures 19
# of untested testcases 130
/var/gcc/regression/trunk/11.5-gcc-gas-gld/build/./gcc/gccgo version 9.0.0 20181109 (experimental) [trunk revision 265955] (GCC)
=== libatomic tests ===
Running target unix
=== libatomic Summary for unix ===
# of expected passes 44
# of unsupported tests 5
Running target unix/-m64
=== libatomic Summary for unix/-m64 ===
# of expected passes 54
=== libatomic Summary ===
# of expected passes 98
# of unsupported tests 5
=== libffi tests ===
Running target unix
=== libffi Summary for unix ===
# of expected passes 2799
Running target unix/-m64
=== libffi Summary for unix/-m64 ===
# of expected passes 2214
=== libffi Summary ===
# of expected passes 5013
=== libgo tests ===
Running target unix
FAIL: go/build
FAIL: runtime
=== libgo Summary for unix ===
# of expected passes 182
# of unexpected failures 2
Running target unix/-m64
FAIL: go/build
FAIL: runtime
=== libgo Summary for unix/-m64 ===
# of expected passes 182
# of unexpected failures 2
=== libgo Summary ===
# of expected passes 364
# of unexpected failures 4
/var/gcc/regression/trunk/11.5-gcc-gas-gld/build/./gcc/gccgo version 9.0.0 20181109 (experimental) [trunk revision 265955] (GCC)
=== libgomp tests ===
Running target unix
=== libgomp Summary for unix ===
# of expected passes 6356
# of expected failures 1
# of unsupported tests 346
Running target unix/-m64
=== libgomp Summary for unix/-m64 ===
# of expected passes 6356
# of expected failures 1
# of unsupported tests 346
=== libgomp Summary ===
# of expected passes 12712
# of expected failures 2
# of unsupported tests 692
=== libitm tests ===
Running target unix
=== libitm Summary for unix ===
# of expected passes 42
# of expected failures 3
# of unsupported tests 1
Running target unix/-m64
=== libitm Summary for unix/-m64 ===
# of expected passes 42
# of expected failures 3
# of unsupported tests 1
=== libitm Summary ===
# of expected passes 84
# of expected failures 6
# of unsupported tests 2
=== libstdc++ tests ===
Running target unix
XPASS: experimental/memory_resource/resource_adaptor.cc execution test
=== libstdc++ Summary for unix ===
# of expected passes 11741
# of unexpected successes 1
# of expected failures 78
# of unsupported tests 643
Running target unix/-m64
=== libstdc++ Summary for unix/-m64 ===
# of expected passes 11735
# of expected failures 77
# of unsupported tests 647
=== libstdc++ Summary ===
# of expected passes 23476
# of unexpected successes 1
# of expected failures 155
# of unsupported tests 1290
Compiler version: 9.0.0 20181109 (experimental) [trunk revision 265955] (GCC)
Platform: i386-pc-solaris2.11
configure flags: --prefix=/vol/gcc --target=i386-pc-solaris2.11 --enable-objc-gc --with-target-bdw-gc-include=/vol/gcc/include --with-target-bdw-gc-lib=/vol/gcc/lib,amd64=/vol/gcc/lib/amd64 --with-as=/vol/gcc/bin/gas-2.31 --with-gnu-as --with-ld=/vol/gcc/bin/gld-2.31 --with-gnu-ld --with-gmp-include=/vol/gcc/include --with-gmp-lib=/vol/gcc/lib --with-mpfr-include=/vol/gcc/include --with-mpfr-lib=/vol/gcc/lib --with-mpc-include=/vol/gcc/include --with-mpc-lib=/vol/gcc/lib --enable-languages=all,ada,obj-c++,go --with-isl-include=/vol/gcc/include --with-isl-lib=/vol/gcc/lib --build=i386-pc-solaris2.11 --host=i386-pc-solaris2.11
BOOT_CFLAGS=-g -O2