This is the mail archive of the
gcc-testresults@gcc.gnu.org
mailing list for the GCC project.
Results for 9.0.0 20181108 (experimental) [master revision 265934] (GCC) testsuite on aarch64-unknown-linux-gnu
- From: LINARO TCWG <tcwg-buildslave at linaro dot org>
- To: gcc-testresults at gcc dot gnu dot org
- Date: Fri, 9 Nov 2018 04:42:34 +0000
- Subject: Results for 9.0.0 20181108 (experimental) [master revision 265934] (GCC) testsuite on aarch64-unknown-linux-gnu
LAST_UPDATED: Thu Nov 8 23:52:07 UTC 2018 (revision 265934)
Native configuration is aarch64-unknown-linux-gnu
=== libatomic tests ===
Running target tcwg-local
=== libatomic Summary ===
# of expected passes 54
=== libgomp tests ===
Running target tcwg-local
FAIL: libgomp.c/../libgomp.c-c++-common/cancel-taskgroup-3.c execution test
FAIL: libgomp.c++/../libgomp.c-c++-common/cancel-taskgroup-3.c execution test
=== libgomp Summary ===
# of expected passes 6190
# of unexpected failures 2
# of unsupported tests 405
=== libitm tests ===
Running target tcwg-local
=== libitm Summary ===
# of expected passes 42
# of expected failures 3
# of unsupported tests 1
=== libstdc++ tests ===
Running target tcwg-local
FAIL: libstdc++-prettyprinters/80276.cc whatis p4
FAIL: libstdc++-prettyprinters/80276.cc whatis p4
FAIL: libstdc++-prettyprinters/cxx17.cc print p
FAIL: libstdc++-prettyprinters/cxx17.cc print p
FAIL: libstdc++-prettyprinters/cxx17.cc print q
FAIL: libstdc++-prettyprinters/cxx17.cc print q
FAIL: libstdc++-prettyprinters/cxx17.cc print wp
FAIL: libstdc++-prettyprinters/cxx17.cc print wp
FAIL: libstdc++-prettyprinters/cxx17.cc print wq
FAIL: libstdc++-prettyprinters/cxx17.cc print wq
FAIL: libstdc++-prettyprinters/shared_ptr.cc print sp1
FAIL: libstdc++-prettyprinters/shared_ptr.cc print sp1
FAIL: libstdc++-prettyprinters/shared_ptr.cc print wp1
FAIL: libstdc++-prettyprinters/shared_ptr.cc print wp1
FAIL: libstdc++-prettyprinters/shared_ptr.cc print wp2
FAIL: libstdc++-prettyprinters/shared_ptr.cc print wp2
=== libstdc++ Summary ===
# of expected passes 12424
# of unexpected failures 16
# of expected failures 77
# of unsupported tests 639
=== g++ tests ===
Running target tcwg-local
UNRESOLVED: g++.dg/ext/pr82625.C -std=gnu++14 scan-tree-dump-times optimized "return 4096;" 1
UNRESOLVED: g++.dg/ext/pr82625.C -std=gnu++14 scan-tree-dump-times optimized "return 8192;" 1
FAIL: g++.dg/ext/pr82625.C -std=gnu++14 (test for excess errors)
UNRESOLVED: g++.dg/ext/pr82625.C -std=gnu++17 scan-tree-dump-times optimized "return 4096;" 1
UNRESOLVED: g++.dg/ext/pr82625.C -std=gnu++17 scan-tree-dump-times optimized "return 8192;" 1
FAIL: g++.dg/ext/pr82625.C -std=gnu++17 (test for excess errors)
UNRESOLVED: g++.dg/ext/pr82625.C -std=gnu++98 scan-tree-dump-times optimized "return 4096;" 1
UNRESOLVED: g++.dg/ext/pr82625.C -std=gnu++98 scan-tree-dump-times optimized "return 8192;" 1
FAIL: g++.dg/ext/pr82625.C -std=gnu++98 (test for excess errors)
FAIL: g++.dg/pr83239.C -std=gnu++98 (test for excess errors)
=== g++ Summary ===
# of expected passes 126030
# of unexpected failures 4
# of expected failures 540
# of unresolved testcases 6
# of unsupported tests 5874
/home/tcwg-buildslave/workspace/tcwg-buildfarm/tcwg-thx1_64-build/_build/builds/aarch64-unknown-linux-gnu/aarch64-unknown-linux-gnu/gcc.git~master_rev_bf5ccf3c14b64a482d2ae4ccef6ad613c82743c8-stage2/gcc/xg++ version 9.0.0 20181108 (experimental) [master revision 265934] (GCC)
=== gcc tests ===
Running target tcwg-local
FAIL: gcc.dg/debug/dwarf2/inline5.c scan-assembler-times DW_TAG_lexical_block\\\\)[^#/!]*[#/!] DW_AT_abstract_origin 2
FAIL: gcc.dg/debug/dwarf2/inline5.c scan-assembler-times DW_TAG_lexical_block\\\\)[^#/!]*[#/!] \\\\(DIE \\\\(0x[0-9a-f]*\\\\) DW_TAG_variable 1
FAIL: gcc.dg/torture/pr60183.c -O3 -fomit-frame-pointer -funroll-loops -fpeel-loops -ftracer -finline-functions (test for excess errors)
UNRESOLVED: gcc.dg/torture/pr60183.c -O3 -fomit-frame-pointer -funroll-loops -fpeel-loops -ftracer -finline-functions compilation failed to produce executable
FAIL: gcc.dg/torture/pr60183.c -O3 -g (test for excess errors)
UNRESOLVED: gcc.dg/torture/pr60183.c -O3 -g compilation failed to produce executable
FAIL: gcc.dg/torture/pr84682-2.c -O0 (internal compiler error)
FAIL: gcc.dg/torture/pr84682-2.c -O0 (test for excess errors)
FAIL: gcc.dg/torture/pr84682-2.c -O1 (internal compiler error)
FAIL: gcc.dg/torture/pr84682-2.c -O1 (test for excess errors)
FAIL: gcc.dg/torture/pr84682-2.c -O2 (internal compiler error)
FAIL: gcc.dg/torture/pr84682-2.c -O2 (test for excess errors)
FAIL: gcc.dg/torture/pr84682-2.c -O2 -flto -fno-use-linker-plugin -flto-partition=none (internal compiler error)
FAIL: gcc.dg/torture/pr84682-2.c -O2 -flto -fno-use-linker-plugin -flto-partition=none (test for excess errors)
FAIL: gcc.dg/torture/pr84682-2.c -O3 -fomit-frame-pointer -funroll-loops -fpeel-loops -ftracer -finline-functions (internal compiler error)
FAIL: gcc.dg/torture/pr84682-2.c -O3 -fomit-frame-pointer -funroll-loops -fpeel-loops -ftracer -finline-functions (test for excess errors)
FAIL: gcc.dg/torture/pr84682-2.c -O3 -g (internal compiler error)
FAIL: gcc.dg/torture/pr84682-2.c -O3 -g (test for excess errors)
FAIL: gcc.dg/torture/pr84682-2.c -Os (internal compiler error)
FAIL: gcc.dg/torture/pr84682-2.c -Os (test for excess errors)
WARNING: program timed out
WARNING: program timed out
FAIL: gcc.dg/tree-ssa/pr77445-2.c scan-tree-dump-not thread4 "not considered"
FAIL: gcc.dg/tree-ssa/ssa-dom-thread-7.c scan-tree-dump-not dom3 "Jumps threaded"
FAIL: gcc.dg/tree-ssa/ssa-dom-thread-7.c scan-tree-dump-not vrp2 "Jumps threaded"
FAIL: gcc.dg/vect/vect-nop-move.c -flto -ffat-lto-objects scan-rtl-dump combine "deleting noop move"
FAIL: gcc.dg/vect/vect-nop-move.c scan-rtl-dump combine "deleting noop move"
FAIL: gcc.target/aarch64/combine_bfi_1.c scan-assembler-times \\\\tbfi\\\\t 5
FAIL: gcc.target/aarch64/combine_bfxil.c scan-assembler-times bfxil\\\\t 13
FAIL: gcc.target/aarch64/copysign-bsl.c scan-assembler b(sl|it|if)\\tv[0-9]
FAIL: gcc.target/aarch64/cvtf_1.c scan-assembler scvtf\\td[0-9]+, x[0-9]+
FAIL: gcc.target/aarch64/cvtf_1.c scan-assembler scvtf\\ts[0-9]+, w[0-9]+
FAIL: gcc.target/aarch64/cvtf_1.c scan-assembler ucvtf\\td[0-9]+, x[0-9]+
FAIL: gcc.target/aarch64/cvtf_1.c scan-assembler ucvtf\\ts[0-9]+, w[0-9]+
FAIL: gcc.target/aarch64/insv_1.c scan-assembler bfi\\tx[0-9]+, x[0-9]+, 0, 8
FAIL: gcc.target/aarch64/insv_1.c scan-assembler bfi\\tx[0-9]+, x[0-9]+, 16, 5
FAIL: gcc.target/aarch64/insv_1.c scan-assembler movk\\tx[0-9]+, 0x1d6b, lsl 32
FAIL: gcc.target/aarch64/lsl_asr_sbfiz.c scan-assembler sbfiz\\tw
FAIL: gcc.target/aarch64/test_frame_16.c scan-assembler-times sub\\tsp, sp, #[0-9]+ 2
FAIL: gcc.target/aarch64/tst_5.c scan-assembler tst\\t(x|w)[0-9]+,[ \\t]*255
FAIL: gcc.target/aarch64/tst_5.c scan-assembler tst\\t(x|w)[0-9]+,[ \\t]*65535
FAIL: gcc.target/aarch64/tst_6.c scan-assembler tst\\t(x|w)[0-9]+,[ \\t]*65535
FAIL: gcc.target/aarch64/va_arg_3.c scan-assembler-not x7
FAIL: gcc.target/aarch64/vdup_n_1.c scan-assembler-times dup\\\\tv[0-9]+.16b, w[0-9]+ 3
FAIL: gcc.target/aarch64/vdup_n_1.c scan-assembler-times dup\\\\tv[0-9]+.2d, x[0-9]+ 2
FAIL: gcc.target/aarch64/vdup_n_1.c scan-assembler-times dup\\\\tv[0-9]+.2s, w[0-9]+ 2
FAIL: gcc.target/aarch64/vdup_n_1.c scan-assembler-times dup\\\\tv[0-9]+.4h, w[0-9]+ 3
FAIL: gcc.target/aarch64/vdup_n_1.c scan-assembler-times dup\\\\tv[0-9]+.4s, w[0-9]+ 2
FAIL: gcc.target/aarch64/vdup_n_1.c scan-assembler-times dup\\\\tv[0-9]+.8b, w[0-9]+ 3
FAIL: gcc.target/aarch64/vdup_n_1.c scan-assembler-times dup\\\\tv[0-9]+.8h, w[0-9]+ 3
FAIL: gcc.target/aarch64/vect_combine_zeroes_1.c scan-assembler-not mov\\tv[0-9]+.8b, v[0-9]+.8b
FAIL: gcc.target/aarch64/sve/tls_preserve_1.c -march=armv8.2-a+sve scan-assembler-not \\\\tst[rp]\\\\t[dqv]
=== gcc Summary ===
# of expected passes 127542
# of unexpected failures 48
# of expected failures 560
# of unresolved testcases 2
# of unsupported tests 3429
/home/tcwg-buildslave/workspace/tcwg-buildfarm/tcwg-thx1_64-build/_build/builds/aarch64-unknown-linux-gnu/aarch64-unknown-linux-gnu/gcc.git~master_rev_bf5ccf3c14b64a482d2ae4ccef6ad613c82743c8-stage2/gcc/xgcc version 9.0.0 20181108 (experimental) [master revision 265934] (GCC)
=== gfortran tests ===
Running target tcwg-local
=== gfortran Summary ===
# of expected passes 47338
# of expected failures 99
# of unsupported tests 83
/home/tcwg-buildslave/workspace/tcwg-buildfarm/tcwg-thx1_64-build/_build/builds/aarch64-unknown-linux-gnu/aarch64-unknown-linux-gnu/gcc.git~master_rev_bf5ccf3c14b64a482d2ae4ccef6ad613c82743c8-stage2/gcc/gfortran version 9.0.0 20181108 (experimental) [master revision 265934] (GCC)
=== obj-c++ tests ===
Running target tcwg-local
=== obj-c++ Summary ===
# of expected passes 1456
# of expected failures 10
# of unsupported tests 77
/home/tcwg-buildslave/workspace/tcwg-buildfarm/tcwg-thx1_64-build/_build/builds/aarch64-unknown-linux-gnu/aarch64-unknown-linux-gnu/gcc.git~master_rev_bf5ccf3c14b64a482d2ae4ccef6ad613c82743c8-stage2/gcc/xg++ version 9.0.0 20181108 (experimental) [master revision 265934] (GCC)
=== objc tests ===
Running target tcwg-local
=== objc Summary ===
# of expected passes 2801
# of unsupported tests 69
/home/tcwg-buildslave/workspace/tcwg-buildfarm/tcwg-thx1_64-build/_build/builds/aarch64-unknown-linux-gnu/aarch64-unknown-linux-gnu/gcc.git~master_rev_bf5ccf3c14b64a482d2ae4ccef6ad613c82743c8-stage2/gcc/xgcc version 9.0.0 20181108 (experimental) [master revision 265934] (GCC)
Compiler version: 9.0.0 20181108 (experimental) [master revision 265934] (GCC)
Platform: aarch64-unknown-linux-gnu
configure flags: SHELL=/bin/bash --with-mpc=/home/tcwg-buildslave/workspace/tcwg-buildfarm/tcwg-thx1_64-build/_build/builds/destdir/aarch64-unknown-linux-gnu --with-mpfr=/home/tcwg-buildslave/workspace/tcwg-buildfarm/tcwg-thx1_64-build/_build/builds/destdir/aarch64-unknown-linux-gnu --with-gmp=/home/tcwg-buildslave/workspace/tcwg-buildfarm/tcwg-thx1_64-build/_build/builds/destdir/aarch64-unknown-linux-gnu --with-gnu-as --with-gnu-ld --disable-libmudflap --enable-lto --enable-shared --without-included-gettext --enable-nls --with-system-zlib --disable-sjlj-exceptions --enable-gnu-unique-object --enable-linker-build-id --disable-libstdcxx-pch --enable-c99 --enable-clocale=gnu --enable-libstdcxx-debug --enable-long-long --with-cloog=no --with-ppl=no --with-isl=no --disable-multilib --enable-fix-cortex-a53-835769 --enable-fix-cortex-a53-843419 --with-arch=armv8-a --enable-threads=posix --enable-multiarch --enable-libstdcxx-time=yes --enable-gnu-indirect-function --enable-checking=yes --en
able-bootstrap --enable-languages=c,c++,fortran,lto,objc,obj-c++ --build=aarch64-unknown-linux-gnu --host=aarch64-unknown-linux-gnu --target=aarch64-unknown-linux-gnu --prefix=/home/tcwg-buildslave/workspace/tcwg-buildfarm/tcwg-thx1_64-build/_build/builds/destdir/aarch64-unknown-linux-gnu