This is the mail archive of the
gcc-testresults@gcc.gnu.org
mailing list for the GCC project.
Results for 9.0.0 20181010 (experimental) [master revision 265007] (GCC) testsuite on aarch64-unknown-linux-gnu
- From: LINARO TCWG <tcwg-buildslave at linaro dot org>
- To: gcc-testresults at gcc dot gnu dot org
- Date: Wed, 10 Oct 2018 23:26:51 +0000
- Subject: Results for 9.0.0 20181010 (experimental) [master revision 265007] (GCC) testsuite on aarch64-unknown-linux-gnu
LAST_UPDATED: Wed Oct 10 21:15:15 UTC 2018 (revision 265007)
Native configuration is aarch64-unknown-linux-gnu
=== libatomic tests ===
Running target tcwg-local
=== libatomic Summary ===
# of expected passes 54
=== libgomp tests ===
Running target tcwg-local
FAIL: libgomp.fortran/udr4.f90 -O0 (test for excess errors)
UNRESOLVED: libgomp.fortran/udr4.f90 -O0 compilation failed to produce executable
FAIL: libgomp.fortran/udr4.f90 -O1 (test for excess errors)
UNRESOLVED: libgomp.fortran/udr4.f90 -O1 compilation failed to produce executable
FAIL: libgomp.fortran/udr4.f90 -O2 (test for excess errors)
UNRESOLVED: libgomp.fortran/udr4.f90 -O2 compilation failed to produce executable
FAIL: libgomp.fortran/udr4.f90 -O3 -fomit-frame-pointer -funroll-loops -fpeel-loops -ftracer -finline-functions (test for excess errors)
UNRESOLVED: libgomp.fortran/udr4.f90 -O3 -fomit-frame-pointer -funroll-loops -fpeel-loops -ftracer -finline-functions compilation failed to produce executable
FAIL: libgomp.fortran/udr4.f90 -O3 -g (test for excess errors)
UNRESOLVED: libgomp.fortran/udr4.f90 -O3 -g compilation failed to produce executable
FAIL: libgomp.fortran/udr4.f90 -Os (test for excess errors)
UNRESOLVED: libgomp.fortran/udr4.f90 -Os compilation failed to produce executable
=== libgomp Summary ===
# of expected passes 5930
# of unexpected failures 6
# of unresolved testcases 6
# of unsupported tests 395
=== libitm tests ===
Running target tcwg-local
=== libitm Summary ===
# of expected passes 42
# of expected failures 3
# of unsupported tests 1
=== libstdc++ tests ===
Running target tcwg-local
FAIL: libstdc++-prettyprinters/80276.cc whatis p4
FAIL: libstdc++-prettyprinters/80276.cc whatis p4
=== libstdc++ Summary ===
# of expected passes 12375
# of unexpected failures 2
# of expected failures 77
# of unsupported tests 639
=== g++ tests ===
Running target tcwg-local
UNRESOLVED: g++.dg/ext/pr82625.C -std=gnu++11 scan-tree-dump-times optimized "return 4096;" 1
UNRESOLVED: g++.dg/ext/pr82625.C -std=gnu++11 scan-tree-dump-times optimized "return 8192;" 1
FAIL: g++.dg/ext/pr82625.C -std=gnu++11 (test for excess errors)
UNRESOLVED: g++.dg/ext/pr82625.C -std=gnu++14 scan-tree-dump-times optimized "return 4096;" 1
UNRESOLVED: g++.dg/ext/pr82625.C -std=gnu++14 scan-tree-dump-times optimized "return 8192;" 1
FAIL: g++.dg/ext/pr82625.C -std=gnu++14 (test for excess errors)
UNRESOLVED: g++.dg/ext/pr82625.C -std=gnu++98 scan-tree-dump-times optimized "return 4096;" 1
UNRESOLVED: g++.dg/ext/pr82625.C -std=gnu++98 scan-tree-dump-times optimized "return 8192;" 1
FAIL: g++.dg/ext/pr82625.C -std=gnu++98 (test for excess errors)
FAIL: g++.dg/pr83239.C -std=gnu++98 (test for excess errors)
FAIL: g++.dg/guality/pr55665.C -O2 line 23 p == 40
FAIL: g++.dg/guality/pr55665.C -O2 -flto -fno-use-linker-plugin -flto-partition=none line 23 p == 40
FAIL: g++.dg/guality/pr55665.C -O3 -g line 23 p == 40
=== g++ Summary ===
# of expected passes 124106
# of unexpected failures 7
# of expected failures 540
# of unresolved testcases 6
# of unsupported tests 5583
/home/tcwg-buildslave/workspace/tcwg-buildfarm_2/tcwg-d05_64-build/_build/builds/aarch64-unknown-linux-gnu/aarch64-unknown-linux-gnu/gcc.git~master_rev_cbb9d6c4e97df7dfe8dc8023e26a465edde9d81f-stage2/gcc/xg++ version 9.0.0 20181010 (experimental) [master revision 265007] (GCC)
=== gcc tests ===
Running target tcwg-local
FAIL: gcc.dg/debug/dwarf2/inline5.c scan-assembler-times DW_TAG_lexical_block\\\\)[^#/!]*[#/!] DW_AT_abstract_origin 2
FAIL: gcc.dg/debug/dwarf2/inline5.c scan-assembler-times DW_TAG_lexical_block\\\\)[^#/!]*[#/!] \\\\(DIE \\\\(0x[0-9a-f]*\\\\) DW_TAG_variable 1
XPASS: gcc.dg/guality/example.c -O0 execution test
XPASS: gcc.dg/guality/example.c -O1 -DPREVENT_OPTIMIZATION execution test
XPASS: gcc.dg/guality/example.c -O2 -DPREVENT_OPTIMIZATION execution test
XPASS: gcc.dg/guality/example.c -O2 -flto -fno-use-linker-plugin -flto-partition=none -DPREVENT_OPTIMIZATION execution test
XPASS: gcc.dg/guality/example.c -Os -DPREVENT_OPTIMIZATION execution test
XPASS: gcc.dg/guality/example.c -Og -DPREVENT_OPTIMIZATION execution test
XPASS: gcc.dg/guality/guality.c -O0 execution test
XPASS: gcc.dg/guality/guality.c -O1 -DPREVENT_OPTIMIZATION execution test
XPASS: gcc.dg/guality/guality.c -O2 -DPREVENT_OPTIMIZATION execution test
XPASS: gcc.dg/guality/guality.c -O2 -flto -fno-use-linker-plugin -flto-partition=none -DPREVENT_OPTIMIZATION execution test
XPASS: gcc.dg/guality/guality.c -O2 -flto -fuse-linker-plugin -fno-fat-lto-objects -DPREVENT_OPTIMIZATION execution test
XPASS: gcc.dg/guality/guality.c -O3 -g -DPREVENT_OPTIMIZATION execution test
XPASS: gcc.dg/guality/guality.c -Os -DPREVENT_OPTIMIZATION execution test
XPASS: gcc.dg/guality/guality.c -Og -DPREVENT_OPTIMIZATION execution test
XPASS: gcc.dg/guality/inline-params.c -O2 -DPREVENT_OPTIMIZATION execution test
XPASS: gcc.dg/guality/inline-params.c -O2 -flto -fno-use-linker-plugin -flto-partition=none -DPREVENT_OPTIMIZATION execution test
XPASS: gcc.dg/guality/inline-params.c -O2 -flto -fuse-linker-plugin -fno-fat-lto-objects -DPREVENT_OPTIMIZATION execution test
XPASS: gcc.dg/guality/inline-params.c -O3 -g -DPREVENT_OPTIMIZATION execution test
XPASS: gcc.dg/guality/inline-params.c -Os -DPREVENT_OPTIMIZATION execution test
FAIL: gcc.dg/guality/pr36728-2.c -O2 -flto -fuse-linker-plugin -fno-fat-lto-objects -DPREVENT_OPTIMIZATION line 16 arg1 == 1
FAIL: gcc.dg/guality/pr36728-2.c -O2 -flto -fuse-linker-plugin -fno-fat-lto-objects -DPREVENT_OPTIMIZATION line 16 arg2 == 2
FAIL: gcc.dg/guality/pr36728-2.c -O2 -flto -fuse-linker-plugin -fno-fat-lto-objects -DPREVENT_OPTIMIZATION line 16 arg3 == 3
FAIL: gcc.dg/guality/pr36728-2.c -O2 -flto -fuse-linker-plugin -fno-fat-lto-objects -DPREVENT_OPTIMIZATION line 16 arg4 == 4
FAIL: gcc.dg/guality/pr36728-2.c -O2 -flto -fuse-linker-plugin -fno-fat-lto-objects -DPREVENT_OPTIMIZATION line 16 arg5 == 5
FAIL: gcc.dg/guality/pr36728-2.c -O2 -flto -fuse-linker-plugin -fno-fat-lto-objects -DPREVENT_OPTIMIZATION line 16 arg6 == 6
FAIL: gcc.dg/guality/pr36728-2.c -O2 -flto -fuse-linker-plugin -fno-fat-lto-objects -DPREVENT_OPTIMIZATION line 16 arg7 == 30
FAIL: gcc.dg/guality/pr36728-2.c -O2 -flto -fuse-linker-plugin -fno-fat-lto-objects -DPREVENT_OPTIMIZATION line 16 y == 2
FAIL: gcc.dg/guality/pr36728-2.c -O2 -flto -fuse-linker-plugin -fno-fat-lto-objects -DPREVENT_OPTIMIZATION line 18 arg1 == 1
FAIL: gcc.dg/guality/pr36728-2.c -O2 -flto -fuse-linker-plugin -fno-fat-lto-objects -DPREVENT_OPTIMIZATION line 18 arg2 == 2
FAIL: gcc.dg/guality/pr36728-2.c -O2 -flto -fuse-linker-plugin -fno-fat-lto-objects -DPREVENT_OPTIMIZATION line 18 arg3 == 3
FAIL: gcc.dg/guality/pr36728-2.c -O2 -flto -fuse-linker-plugin -fno-fat-lto-objects -DPREVENT_OPTIMIZATION line 18 arg4 == 4
FAIL: gcc.dg/guality/pr36728-2.c -O2 -flto -fuse-linker-plugin -fno-fat-lto-objects -DPREVENT_OPTIMIZATION line 18 arg5 == 5
FAIL: gcc.dg/guality/pr36728-2.c -O2 -flto -fuse-linker-plugin -fno-fat-lto-objects -DPREVENT_OPTIMIZATION line 18 arg6 == 6
FAIL: gcc.dg/guality/pr36728-2.c -O2 -flto -fuse-linker-plugin -fno-fat-lto-objects -DPREVENT_OPTIMIZATION line 18 arg7 == 30
FAIL: gcc.dg/guality/pr36728-2.c -O3 -g -DPREVENT_OPTIMIZATION line 16 arg1 == 1
FAIL: gcc.dg/guality/pr36728-2.c -O3 -g -DPREVENT_OPTIMIZATION line 16 arg2 == 2
FAIL: gcc.dg/guality/pr36728-2.c -O3 -g -DPREVENT_OPTIMIZATION line 16 arg3 == 3
FAIL: gcc.dg/guality/pr36728-2.c -O3 -g -DPREVENT_OPTIMIZATION line 16 arg4 == 4
FAIL: gcc.dg/guality/pr36728-2.c -O3 -g -DPREVENT_OPTIMIZATION line 16 arg5 == 5
FAIL: gcc.dg/guality/pr36728-2.c -O3 -g -DPREVENT_OPTIMIZATION line 16 arg6 == 6
FAIL: gcc.dg/guality/pr36728-2.c -O3 -g -DPREVENT_OPTIMIZATION line 16 arg7 == 30
FAIL: gcc.dg/guality/pr36728-2.c -O3 -g -DPREVENT_OPTIMIZATION line 18 arg1 == 1
FAIL: gcc.dg/guality/pr36728-2.c -O3 -g -DPREVENT_OPTIMIZATION line 18 arg2 == 2
FAIL: gcc.dg/guality/pr36728-2.c -O3 -g -DPREVENT_OPTIMIZATION line 18 arg3 == 3
FAIL: gcc.dg/guality/pr36728-2.c -O3 -g -DPREVENT_OPTIMIZATION line 18 arg4 == 4
FAIL: gcc.dg/guality/pr36728-2.c -O3 -g -DPREVENT_OPTIMIZATION line 18 arg5 == 5
FAIL: gcc.dg/guality/pr36728-2.c -O3 -g -DPREVENT_OPTIMIZATION line 18 arg6 == 6
FAIL: gcc.dg/guality/pr36728-2.c -O3 -g -DPREVENT_OPTIMIZATION line 18 arg7 == 30
XPASS: gcc.dg/guality/pr41353-1.c -O0 line 28 j == 28 + 37
FAIL: gcc.dg/guality/pr41447-1.c -O2 -DPREVENT_OPTIMIZATION execution test
FAIL: gcc.dg/guality/pr41447-1.c -O2 -flto -fno-use-linker-plugin -flto-partition=none -DPREVENT_OPTIMIZATION execution test
FAIL: gcc.dg/guality/pr41447-1.c -O3 -g -DPREVENT_OPTIMIZATION execution test
FAIL: gcc.dg/guality/pr41447-1.c -Os -DPREVENT_OPTIMIZATION execution test
FAIL: gcc.dg/guality/pr54200.c -O1 -DPREVENT_OPTIMIZATION line 20 z == 3
FAIL: gcc.dg/guality/pr54200.c -O2 -DPREVENT_OPTIMIZATION line 20 z == 3
FAIL: gcc.dg/guality/pr54200.c -O2 -flto -fno-use-linker-plugin -flto-partition=none -DPREVENT_OPTIMIZATION line 20 z == 3
FAIL: gcc.dg/guality/pr54200.c -O3 -g -DPREVENT_OPTIMIZATION line 20 z == 3
FAIL: gcc.dg/guality/pr54200.c -Os -DPREVENT_OPTIMIZATION line 20 z == 3
FAIL: gcc.dg/guality/pr54200.c -Og -DPREVENT_OPTIMIZATION line 20 z == 3
FAIL: gcc.dg/guality/pr54519-1.c -O2 -flto -fno-use-linker-plugin -flto-partition=none -DPREVENT_OPTIMIZATION line 20 y == 25
FAIL: gcc.dg/guality/pr54519-1.c -O2 -flto -fno-use-linker-plugin -flto-partition=none -DPREVENT_OPTIMIZATION line 20 z == 6
FAIL: gcc.dg/guality/pr54519-1.c -O2 -flto -fno-use-linker-plugin -flto-partition=none -DPREVENT_OPTIMIZATION line 23 y == 117
FAIL: gcc.dg/guality/pr54519-1.c -O2 -flto -fno-use-linker-plugin -flto-partition=none -DPREVENT_OPTIMIZATION line 23 z == 8
FAIL: gcc.dg/guality/pr54519-2.c -O2 -flto -fno-use-linker-plugin -flto-partition=none -DPREVENT_OPTIMIZATION line 17 y == 25
FAIL: gcc.dg/guality/pr54519-2.c -O2 -flto -fuse-linker-plugin -fno-fat-lto-objects -DPREVENT_OPTIMIZATION line 17 y == 25
FAIL: gcc.dg/guality/pr54519-3.c -O2 -flto -fno-use-linker-plugin -flto-partition=none -DPREVENT_OPTIMIZATION line 23 y == 117
FAIL: gcc.dg/guality/pr54519-3.c -O2 -flto -fno-use-linker-plugin -flto-partition=none -DPREVENT_OPTIMIZATION line 23 z == 8
FAIL: gcc.dg/guality/pr54519-3.c -O2 -flto -fuse-linker-plugin -fno-fat-lto-objects -DPREVENT_OPTIMIZATION line 23 y == 117
FAIL: gcc.dg/guality/pr54519-3.c -O2 -flto -fuse-linker-plugin -fno-fat-lto-objects -DPREVENT_OPTIMIZATION line 23 z == 8
FAIL: gcc.dg/guality/pr54519-4.c -O2 -flto -fno-use-linker-plugin -flto-partition=none -DPREVENT_OPTIMIZATION line 17 y == 25
FAIL: gcc.dg/guality/pr54519-4.c -O2 -flto -fuse-linker-plugin -fno-fat-lto-objects -DPREVENT_OPTIMIZATION line 17 y == 25
FAIL: gcc.dg/guality/pr54519-5.c -O2 -flto -fno-use-linker-plugin -flto-partition=none -DPREVENT_OPTIMIZATION line 17 y == 25
FAIL: gcc.dg/guality/pr54519-5.c -O2 -flto -fuse-linker-plugin -fno-fat-lto-objects -DPREVENT_OPTIMIZATION line 17 y == 25
FAIL: gcc.dg/guality/pr54693-2.c -O2 -flto -fuse-linker-plugin -fno-fat-lto-objects -DPREVENT_OPTIMIZATION line 21 z == 30 - 3 * i
FAIL: gcc.dg/guality/pr54693-2.c -Os -DPREVENT_OPTIMIZATION line 21 z == 30 - 3 * i
FAIL: gcc.dg/guality/pr54693.c -Os -DPREVENT_OPTIMIZATION line 22 i == c - 48
XPASS: gcc.dg/guality/pr54970.c -O0 line 31 a[0] == 4
XPASS: gcc.dg/guality/pr54970.c -O0 line 36 a[0] == 4
XPASS: gcc.dg/guality/pr54970.c -O0 line 45 a[0] == 4
XPASS: gcc.dg/guality/pr54970.c -O0 line 45 p[-2] == 4
XPASS: gcc.dg/guality/pr54970.c -O0 line 45 q[-1] == 4
FAIL: gcc.dg/guality/pr54970.c -Og -DPREVENT_OPTIMIZATION line 15 *p == 3
FAIL: gcc.dg/guality/pr54970.c -Og -DPREVENT_OPTIMIZATION line 15 *q == 2
FAIL: gcc.dg/guality/pr54970.c -Og -DPREVENT_OPTIMIZATION line 15 a[0] == 1
FAIL: gcc.dg/guality/pr54970.c -Og -DPREVENT_OPTIMIZATION line 15 a[1] == 2
FAIL: gcc.dg/guality/pr54970.c -Og -DPREVENT_OPTIMIZATION line 15 a[2] == 3
FAIL: gcc.dg/guality/pr54970.c -Og -DPREVENT_OPTIMIZATION line 20 *p == 13
FAIL: gcc.dg/guality/pr54970.c -Og -DPREVENT_OPTIMIZATION line 20 *q == 2
FAIL: gcc.dg/guality/pr54970.c -Og -DPREVENT_OPTIMIZATION line 20 a[0] == 1
FAIL: gcc.dg/guality/pr54970.c -Og -DPREVENT_OPTIMIZATION line 20 a[1] == 2
FAIL: gcc.dg/guality/pr54970.c -Og -DPREVENT_OPTIMIZATION line 20 a[2] == 13
FAIL: gcc.dg/guality/pr54970.c -Og -DPREVENT_OPTIMIZATION line 25 *p == 13
FAIL: gcc.dg/guality/pr54970.c -Og -DPREVENT_OPTIMIZATION line 25 *q == 12
FAIL: gcc.dg/guality/pr54970.c -Og -DPREVENT_OPTIMIZATION line 25 a[0] == 1
FAIL: gcc.dg/guality/pr54970.c -Og -DPREVENT_OPTIMIZATION line 25 a[1] == 12
FAIL: gcc.dg/guality/pr54970.c -Og -DPREVENT_OPTIMIZATION line 25 a[2] == 13
FAIL: gcc.dg/guality/pr54970.c -Og -DPREVENT_OPTIMIZATION line 31 *p == 6
FAIL: gcc.dg/guality/pr54970.c -Og -DPREVENT_OPTIMIZATION line 31 *q == 5
FAIL: gcc.dg/guality/pr54970.c -Og -DPREVENT_OPTIMIZATION line 31 a[1] == 5
FAIL: gcc.dg/guality/pr54970.c -Og -DPREVENT_OPTIMIZATION line 31 a[2] == 6
FAIL: gcc.dg/guality/pr54970.c -Og -DPREVENT_OPTIMIZATION line 36 *p == 26
FAIL: gcc.dg/guality/pr54970.c -Og -DPREVENT_OPTIMIZATION line 36 *q == 5
FAIL: gcc.dg/guality/pr54970.c -Og -DPREVENT_OPTIMIZATION line 36 a[1] == 5
FAIL: gcc.dg/guality/pr54970.c -Og -DPREVENT_OPTIMIZATION line 36 a[2] == 26
FAIL: gcc.dg/guality/pr54970.c -Og -DPREVENT_OPTIMIZATION line 45 *p == 26
FAIL: gcc.dg/guality/pr54970.c -Og -DPREVENT_OPTIMIZATION line 45 *q == 25
FAIL: gcc.dg/guality/pr54970.c -Og -DPREVENT_OPTIMIZATION line 45 a[1] == 25
FAIL: gcc.dg/guality/pr54970.c -Og -DPREVENT_OPTIMIZATION line 45 a[2] == 26
FAIL: gcc.dg/guality/pr54970.c -Og -DPREVENT_OPTIMIZATION line 45 p[-1] == 25
FAIL: gcc.dg/guality/pr54970.c -Og -DPREVENT_OPTIMIZATION line 45 q[1] == 26
FAIL: gcc.dg/guality/pr56154-1.c -Og -DPREVENT_OPTIMIZATION line pr56154-1.c:20 x.a == 6
FAIL: gcc.dg/guality/pr59776.c -Og -DPREVENT_OPTIMIZATION line pr59776.c:17 s1.f == 5.0
FAIL: gcc.dg/guality/pr59776.c -Og -DPREVENT_OPTIMIZATION line pr59776.c:17 s1.g == 6.0
FAIL: gcc.dg/guality/pr59776.c -Og -DPREVENT_OPTIMIZATION line pr59776.c:17 s2.f == 0.0
FAIL: gcc.dg/guality/pr59776.c -Og -DPREVENT_OPTIMIZATION line pr59776.c:17 s2.g == 6.0
FAIL: gcc.dg/guality/pr59776.c -Og -DPREVENT_OPTIMIZATION line pr59776.c:20 s1.f == 5.0
FAIL: gcc.dg/guality/pr59776.c -Og -DPREVENT_OPTIMIZATION line pr59776.c:20 s1.g == 6.0
FAIL: gcc.dg/guality/pr59776.c -Og -DPREVENT_OPTIMIZATION line pr59776.c:20 s2.f == 5.0
FAIL: gcc.dg/guality/pr59776.c -Og -DPREVENT_OPTIMIZATION line pr59776.c:20 s2.g == 6.0
FAIL: gcc.dg/guality/pr68860-1.c -O2 -flto -fno-use-linker-plugin -flto-partition=none -DPREVENT_OPTIMIZATION line 14 arg1 == 1
FAIL: gcc.dg/guality/pr68860-1.c -O2 -flto -fno-use-linker-plugin -flto-partition=none -DPREVENT_OPTIMIZATION line 14 arg2 == 2
FAIL: gcc.dg/guality/pr68860-1.c -O2 -flto -fno-use-linker-plugin -flto-partition=none -DPREVENT_OPTIMIZATION line 14 arg3 == 3
FAIL: gcc.dg/guality/pr68860-1.c -O2 -flto -fno-use-linker-plugin -flto-partition=none -DPREVENT_OPTIMIZATION line 14 arg4 == 4
FAIL: gcc.dg/guality/pr68860-1.c -O2 -flto -fno-use-linker-plugin -flto-partition=none -DPREVENT_OPTIMIZATION line 14 arg5 == 5
FAIL: gcc.dg/guality/pr68860-1.c -O2 -flto -fno-use-linker-plugin -flto-partition=none -DPREVENT_OPTIMIZATION line 14 arg6 == 6
FAIL: gcc.dg/guality/pr68860-1.c -O2 -flto -fno-use-linker-plugin -flto-partition=none -DPREVENT_OPTIMIZATION line 16 arg1 == 1
FAIL: gcc.dg/guality/pr68860-1.c -O2 -flto -fno-use-linker-plugin -flto-partition=none -DPREVENT_OPTIMIZATION line 16 arg2 == 2
FAIL: gcc.dg/guality/pr68860-1.c -O2 -flto -fno-use-linker-plugin -flto-partition=none -DPREVENT_OPTIMIZATION line 16 arg3 == 3
FAIL: gcc.dg/guality/pr68860-1.c -O2 -flto -fno-use-linker-plugin -flto-partition=none -DPREVENT_OPTIMIZATION line 16 arg4 == 4
FAIL: gcc.dg/guality/pr68860-1.c -O2 -flto -fno-use-linker-plugin -flto-partition=none -DPREVENT_OPTIMIZATION line 16 arg5 == 5
FAIL: gcc.dg/guality/pr68860-1.c -O2 -flto -fno-use-linker-plugin -flto-partition=none -DPREVENT_OPTIMIZATION line 16 arg6 == 6
FAIL: gcc.dg/guality/pr68860-1.c -O2 -flto -fuse-linker-plugin -fno-fat-lto-objects -DPREVENT_OPTIMIZATION line 14 arg1 == 1
FAIL: gcc.dg/guality/pr68860-1.c -O2 -flto -fuse-linker-plugin -fno-fat-lto-objects -DPREVENT_OPTIMIZATION line 14 arg2 == 2
FAIL: gcc.dg/guality/pr68860-1.c -O2 -flto -fuse-linker-plugin -fno-fat-lto-objects -DPREVENT_OPTIMIZATION line 14 arg3 == 3
FAIL: gcc.dg/guality/pr68860-1.c -O2 -flto -fuse-linker-plugin -fno-fat-lto-objects -DPREVENT_OPTIMIZATION line 14 arg4 == 4
FAIL: gcc.dg/guality/pr68860-1.c -O2 -flto -fuse-linker-plugin -fno-fat-lto-objects -DPREVENT_OPTIMIZATION line 14 arg5 == 5
FAIL: gcc.dg/guality/pr68860-1.c -O2 -flto -fuse-linker-plugin -fno-fat-lto-objects -DPREVENT_OPTIMIZATION line 14 arg6 == 6
FAIL: gcc.dg/guality/pr68860-1.c -O2 -flto -fuse-linker-plugin -fno-fat-lto-objects -DPREVENT_OPTIMIZATION line 16 arg1 == 1
FAIL: gcc.dg/guality/pr68860-1.c -O2 -flto -fuse-linker-plugin -fno-fat-lto-objects -DPREVENT_OPTIMIZATION line 16 arg2 == 2
FAIL: gcc.dg/guality/pr68860-1.c -O2 -flto -fuse-linker-plugin -fno-fat-lto-objects -DPREVENT_OPTIMIZATION line 16 arg3 == 3
FAIL: gcc.dg/guality/pr68860-1.c -O2 -flto -fuse-linker-plugin -fno-fat-lto-objects -DPREVENT_OPTIMIZATION line 16 arg4 == 4
FAIL: gcc.dg/guality/pr68860-1.c -O2 -flto -fuse-linker-plugin -fno-fat-lto-objects -DPREVENT_OPTIMIZATION line 16 arg5 == 5
FAIL: gcc.dg/guality/pr68860-1.c -O2 -flto -fuse-linker-plugin -fno-fat-lto-objects -DPREVENT_OPTIMIZATION line 16 arg6 == 6
FAIL: gcc.dg/guality/sra-1.c -Og -DPREVENT_OPTIMIZATION line 21 a.j == 14
FAIL: gcc.dg/guality/sra-1.c -Og -DPREVENT_OPTIMIZATION line 32 a[1] == 14
FAIL: gcc.dg/guality/sra-1.c -Og -DPREVENT_OPTIMIZATION line 43 a.i == 4
FAIL: gcc.dg/guality/sra-1.c -Og -DPREVENT_OPTIMIZATION line 43 a.j == 14
FAIL: gcc.dg/guality/vla-1.c -O1 -DPREVENT_OPTIMIZATION line 17 sizeof (a) == 6
FAIL: gcc.dg/guality/vla-1.c -O2 -DPREVENT_OPTIMIZATION line 17 sizeof (a) == 6
FAIL: gcc.dg/guality/vla-1.c -O2 -flto -fno-use-linker-plugin -flto-partition=none -DPREVENT_OPTIMIZATION line 17 sizeof (a) == 6
FAIL: gcc.dg/guality/vla-1.c -O2 -flto -fuse-linker-plugin -fno-fat-lto-objects -DPREVENT_OPTIMIZATION line 17 sizeof (a) == 6
FAIL: gcc.dg/guality/vla-1.c -O3 -g -DPREVENT_OPTIMIZATION line 17 sizeof (a) == 6
FAIL: gcc.dg/guality/vla-1.c -Os -DPREVENT_OPTIMIZATION line 17 sizeof (a) == 6
FAIL: gcc.dg/torture/pr84682-2.c -O0 (internal compiler error)
FAIL: gcc.dg/torture/pr84682-2.c -O0 (test for excess errors)
FAIL: gcc.dg/torture/pr84682-2.c -O1 (internal compiler error)
FAIL: gcc.dg/torture/pr84682-2.c -O1 (test for excess errors)
FAIL: gcc.dg/torture/pr84682-2.c -O2 (internal compiler error)
FAIL: gcc.dg/torture/pr84682-2.c -O2 (test for excess errors)
FAIL: gcc.dg/torture/pr84682-2.c -O2 -flto -fno-use-linker-plugin -flto-partition=none (internal compiler error)
FAIL: gcc.dg/torture/pr84682-2.c -O2 -flto -fno-use-linker-plugin -flto-partition=none (test for excess errors)
FAIL: gcc.dg/torture/pr84682-2.c -O3 -fomit-frame-pointer -funroll-loops -fpeel-loops -ftracer -finline-functions (internal compiler error)
FAIL: gcc.dg/torture/pr84682-2.c -O3 -fomit-frame-pointer -funroll-loops -fpeel-loops -ftracer -finline-functions (test for excess errors)
FAIL: gcc.dg/torture/pr84682-2.c -O3 -g (internal compiler error)
FAIL: gcc.dg/torture/pr84682-2.c -O3 -g (test for excess errors)
FAIL: gcc.dg/torture/pr84682-2.c -Os (internal compiler error)
FAIL: gcc.dg/torture/pr84682-2.c -Os (test for excess errors)
FAIL: gcc.dg/tree-ssa/pr77445-2.c scan-tree-dump-not thread4 "not considered"
FAIL: gcc.dg/tree-ssa/ssa-dom-thread-7.c scan-tree-dump-not dom3 "Jumps threaded"
FAIL: gcc.dg/tree-ssa/ssa-dom-thread-7.c scan-tree-dump-not vrp2 "Jumps threaded"
FAIL: gcc.target/aarch64/copysign-bsl.c scan-assembler b(sl|it|if)\\tv[0-9]
=== gcc Summary ===
# of expected passes 130486
# of unexpected failures 148
# of unexpected successes 25
# of expected failures 584
# of unsupported tests 3648
/home/tcwg-buildslave/workspace/tcwg-buildfarm_2/tcwg-d05_64-build/_build/builds/aarch64-unknown-linux-gnu/aarch64-unknown-linux-gnu/gcc.git~master_rev_cbb9d6c4e97df7dfe8dc8023e26a465edde9d81f-stage2/gcc/xgcc version 9.0.0 20181010 (experimental) [master revision 265007] (GCC)
=== gfortran tests ===
Running target tcwg-local
FAIL: gfortran.dg/argument_checking_11.f90 -O (test for errors, line 60)
FAIL: gfortran.dg/argument_checking_11.f90 -O (test for errors, line 61)
FAIL: gfortran.dg/argument_checking_11.f90 -O (test for errors, line 63)
FAIL: gfortran.dg/argument_checking_11.f90 -O (test for errors, line 64)
FAIL: gfortran.dg/argument_checking_11.f90 -O (test for errors, line 65)
FAIL: gfortran.dg/argument_checking_11.f90 -O (test for errors, line 66)
FAIL: gfortran.dg/argument_checking_11.f90 -O (test for errors, line 67)
FAIL: gfortran.dg/argument_checking_11.f90 -O (test for errors, line 68)
FAIL: gfortran.dg/argument_checking_11.f90 -O (test for errors, line 69)
FAIL: gfortran.dg/argument_checking_11.f90 -O (test for errors, line 70)
FAIL: gfortran.dg/argument_checking_11.f90 -O (test for errors, line 84)
FAIL: gfortran.dg/argument_checking_11.f90 -O (test for errors, line 85)
FAIL: gfortran.dg/argument_checking_11.f90 -O (test for errors, line 89)
FAIL: gfortran.dg/argument_checking_11.f90 -O (test for errors, line 91)
FAIL: gfortran.dg/argument_checking_11.f90 -O (test for errors, line 92)
FAIL: gfortran.dg/argument_checking_11.f90 -O (test for errors, line 93)
FAIL: gfortran.dg/argument_checking_11.f90 -O (test for errors, line 96)
FAIL: gfortran.dg/argument_checking_11.f90 -O (test for errors, line 97)
FAIL: gfortran.dg/argument_checking_11.f90 -O (test for errors, line 98)
FAIL: gfortran.dg/argument_checking_11.f90 -O (test for errors, line 99)
FAIL: gfortran.dg/argument_checking_11.f90 -O (test for excess errors)
FAIL: gfortran.dg/argument_checking_15.f90 -O (test for errors, line 24)
FAIL: gfortran.dg/argument_checking_15.f90 -O (test for errors, line 25)
FAIL: gfortran.dg/argument_checking_15.f90 -O (test for excess errors)
FAIL: gfortran.dg/array_initializer_1.f90 -O0 (test for excess errors)
UNRESOLVED: gfortran.dg/array_initializer_1.f90 -O0 compilation failed to produce executable
FAIL: gfortran.dg/array_initializer_1.f90 -O1 (test for excess errors)
UNRESOLVED: gfortran.dg/array_initializer_1.f90 -O1 compilation failed to produce executable
FAIL: gfortran.dg/array_initializer_1.f90 -O2 (test for excess errors)
UNRESOLVED: gfortran.dg/array_initializer_1.f90 -O2 compilation failed to produce executable
FAIL: gfortran.dg/array_initializer_1.f90 -O3 -fomit-frame-pointer -funroll-loops -fpeel-loops -ftracer -finline-functions (test for excess errors)
UNRESOLVED: gfortran.dg/array_initializer_1.f90 -O3 -fomit-frame-pointer -funroll-loops -fpeel-loops -ftracer -finline-functions compilation failed to produce executable
FAIL: gfortran.dg/array_initializer_1.f90 -O3 -g (test for excess errors)
UNRESOLVED: gfortran.dg/array_initializer_1.f90 -O3 -g compilation failed to produce executable
FAIL: gfortran.dg/array_initializer_1.f90 -Os (test for excess errors)
UNRESOLVED: gfortran.dg/array_initializer_1.f90 -Os compilation failed to produce executable
FAIL: gfortran.dg/arrayio_11.f90 -O0 (test for excess errors)
UNRESOLVED: gfortran.dg/arrayio_11.f90 -O0 compilation failed to produce executable
FAIL: gfortran.dg/arrayio_11.f90 -O1 (test for excess errors)
UNRESOLVED: gfortran.dg/arrayio_11.f90 -O1 compilation failed to produce executable
FAIL: gfortran.dg/arrayio_11.f90 -O2 (test for excess errors)
UNRESOLVED: gfortran.dg/arrayio_11.f90 -O2 compilation failed to produce executable
FAIL: gfortran.dg/arrayio_11.f90 -O3 -fomit-frame-pointer -funroll-loops -fpeel-loops -ftracer -finline-functions (test for excess errors)
UNRESOLVED: gfortran.dg/arrayio_11.f90 -O3 -fomit-frame-pointer -funroll-loops -fpeel-loops -ftracer -finline-functions compilation failed to produce executable
FAIL: gfortran.dg/arrayio_11.f90 -O3 -g (test for excess errors)
UNRESOLVED: gfortran.dg/arrayio_11.f90 -O3 -g compilation failed to produce executable
FAIL: gfortran.dg/arrayio_11.f90 -Os (test for excess errors)
UNRESOLVED: gfortran.dg/arrayio_11.f90 -Os compilation failed to produce executable
FAIL: gfortran.dg/arrayio_12.f90 -O0 (test for excess errors)
UNRESOLVED: gfortran.dg/arrayio_12.f90 -O0 compilation failed to produce executable
FAIL: gfortran.dg/arrayio_12.f90 -O1 (test for excess errors)
UNRESOLVED: gfortran.dg/arrayio_12.f90 -O1 compilation failed to produce executable
FAIL: gfortran.dg/arrayio_12.f90 -O2 (test for excess errors)
UNRESOLVED: gfortran.dg/arrayio_12.f90 -O2 compilation failed to produce executable
FAIL: gfortran.dg/arrayio_12.f90 -O3 -fomit-frame-pointer -funroll-loops -fpeel-loops -ftracer -finline-functions (test for excess errors)
UNRESOLVED: gfortran.dg/arrayio_12.f90 -O3 -fomit-frame-pointer -funroll-loops -fpeel-loops -ftracer -finline-functions compilation failed to produce executable
FAIL: gfortran.dg/arrayio_12.f90 -O3 -g (test for excess errors)
UNRESOLVED: gfortran.dg/arrayio_12.f90 -O3 -g compilation failed to produce executable
FAIL: gfortran.dg/arrayio_12.f90 -Os (test for excess errors)
UNRESOLVED: gfortran.dg/arrayio_12.f90 -Os compilation failed to produce executable
FAIL: gfortran.dg/associate_23.f90 -O0 (test for excess errors)
UNRESOLVED: gfortran.dg/associate_23.f90 -O0 compilation failed to produce executable
FAIL: gfortran.dg/associate_23.f90 -O1 (test for excess errors)
UNRESOLVED: gfortran.dg/associate_23.f90 -O1 compilation failed to produce executable
FAIL: gfortran.dg/associate_23.f90 -O2 (test for excess errors)
UNRESOLVED: gfortran.dg/associate_23.f90 -O2 compilation failed to produce executable
FAIL: gfortran.dg/associate_23.f90 -O3 -fomit-frame-pointer -funroll-loops -fpeel-loops -ftracer -finline-functions (test for excess errors)
UNRESOLVED: gfortran.dg/associate_23.f90 -O3 -fomit-frame-pointer -funroll-loops -fpeel-loops -ftracer -finline-functions compilation failed to produce executable
FAIL: gfortran.dg/associate_23.f90 -O3 -g (test for excess errors)
UNRESOLVED: gfortran.dg/associate_23.f90 -O3 -g compilation failed to produce executable
FAIL: gfortran.dg/associate_23.f90 -Os (test for excess errors)
UNRESOLVED: gfortran.dg/associate_23.f90 -Os compilation failed to produce executable
FAIL: gfortran.dg/char_assign_1.f90 -O0 (test for excess errors)
UNRESOLVED: gfortran.dg/char_assign_1.f90 -O0 compilation failed to produce executable
FAIL: gfortran.dg/char_assign_1.f90 -O1 (test for excess errors)
UNRESOLVED: gfortran.dg/char_assign_1.f90 -O1 compilation failed to produce executable
FAIL: gfortran.dg/char_assign_1.f90 -O2 (test for excess errors)
UNRESOLVED: gfortran.dg/char_assign_1.f90 -O2 compilation failed to produce executable
FAIL: gfortran.dg/char_assign_1.f90 -O3 -fomit-frame-pointer -funroll-loops -fpeel-loops -ftracer -finline-functions (test for excess errors)
UNRESOLVED: gfortran.dg/char_assign_1.f90 -O3 -fomit-frame-pointer -funroll-loops -fpeel-loops -ftracer -finline-functions compilation failed to produce executable
FAIL: gfortran.dg/char_assign_1.f90 -O3 -g (test for excess errors)
UNRESOLVED: gfortran.dg/char_assign_1.f90 -O3 -g compilation failed to produce executable
FAIL: gfortran.dg/char_assign_1.f90 -Os (test for excess errors)
UNRESOLVED: gfortran.dg/char_assign_1.f90 -Os compilation failed to produce executable
UNRESOLVED: gfortran.dg/char_eoshift_5.f90 -O0 scan-tree-dump original "_gfortran_eoshift[0-9_]+char \\\\([&a-zA-Z0-9._]*, [&a-zA-Z0-9._]*, [&a-zA-Z0-9._]*, [&a-zA-Z0-9._]*, [&a-zA-Z0-9._]*, [&a-zA-Z0-9._]*, [&a-zA-Z0-9._]*, [&a-zA-Z0-9._]*\\\\)"
FAIL: gfortran.dg/char_eoshift_5.f90 -O0 (test for excess errors)
UNRESOLVED: gfortran.dg/char_eoshift_5.f90 -O0 compilation failed to produce executable
UNRESOLVED: gfortran.dg/char_eoshift_5.f90 -O1 scan-tree-dump original "_gfortran_eoshift[0-9_]+char \\\\([&a-zA-Z0-9._]*, [&a-zA-Z0-9._]*, [&a-zA-Z0-9._]*, [&a-zA-Z0-9._]*, [&a-zA-Z0-9._]*, [&a-zA-Z0-9._]*, [&a-zA-Z0-9._]*, [&a-zA-Z0-9._]*\\\\)"
FAIL: gfortran.dg/char_eoshift_5.f90 -O1 (test for excess errors)
UNRESOLVED: gfortran.dg/char_eoshift_5.f90 -O1 compilation failed to produce executable
UNRESOLVED: gfortran.dg/char_eoshift_5.f90 -O2 scan-tree-dump original "_gfortran_eoshift[0-9_]+char \\\\([&a-zA-Z0-9._]*, [&a-zA-Z0-9._]*, [&a-zA-Z0-9._]*, [&a-zA-Z0-9._]*, [&a-zA-Z0-9._]*, [&a-zA-Z0-9._]*, [&a-zA-Z0-9._]*, [&a-zA-Z0-9._]*\\\\)"
FAIL: gfortran.dg/char_eoshift_5.f90 -O2 (test for excess errors)
UNRESOLVED: gfortran.dg/char_eoshift_5.f90 -O2 compilation failed to produce executable
UNRESOLVED: gfortran.dg/char_eoshift_5.f90 -O3 -fomit-frame-pointer -funroll-loops -fpeel-loops -ftracer -finline-functions scan-tree-dump original "_gfortran_eoshift[0-9_]+char \\\\([&a-zA-Z0-9._]*, [&a-zA-Z0-9._]*, [&a-zA-Z0-9._]*, [&a-zA-Z0-9._]*, [&a-zA-Z0-9._]*, [&a-zA-Z0-9._]*, [&a-zA-Z0-9._]*, [&a-zA-Z0-9._]*\\\\)"
FAIL: gfortran.dg/char_eoshift_5.f90 -O3 -fomit-frame-pointer -funroll-loops -fpeel-loops -ftracer -finline-functions (test for excess errors)
UNRESOLVED: gfortran.dg/char_eoshift_5.f90 -O3 -fomit-frame-pointer -funroll-loops -fpeel-loops -ftracer -finline-functions compilation failed to produce executable
UNRESOLVED: gfortran.dg/char_eoshift_5.f90 -O3 -g scan-tree-dump original "_gfortran_eoshift[0-9_]+char \\\\([&a-zA-Z0-9._]*, [&a-zA-Z0-9._]*, [&a-zA-Z0-9._]*, [&a-zA-Z0-9._]*, [&a-zA-Z0-9._]*, [&a-zA-Z0-9._]*, [&a-zA-Z0-9._]*, [&a-zA-Z0-9._]*\\\\)"
FAIL: gfortran.dg/char_eoshift_5.f90 -O3 -g (test for excess errors)
UNRESOLVED: gfortran.dg/char_eoshift_5.f90 -O3 -g compilation failed to produce executable
UNRESOLVED: gfortran.dg/char_eoshift_5.f90 -Os scan-tree-dump original "_gfortran_eoshift[0-9_]+char \\\\([&a-zA-Z0-9._]*, [&a-zA-Z0-9._]*, [&a-zA-Z0-9._]*, [&a-zA-Z0-9._]*, [&a-zA-Z0-9._]*, [&a-zA-Z0-9._]*, [&a-zA-Z0-9._]*, [&a-zA-Z0-9._]*\\\\)"
FAIL: gfortran.dg/char_eoshift_5.f90 -Os (test for excess errors)
UNRESOLVED: gfortran.dg/char_eoshift_5.f90 -Os compilation failed to produce executable
FAIL: gfortran.dg/char_length_7.f90 -O0 (test for excess errors)
UNRESOLVED: gfortran.dg/char_length_7.f90 -O0 compilation failed to produce executable
FAIL: gfortran.dg/char_length_7.f90 -O1 (test for excess errors)
UNRESOLVED: gfortran.dg/char_length_7.f90 -O1 compilation failed to produce executable
FAIL: gfortran.dg/char_length_7.f90 -O2 (test for excess errors)
UNRESOLVED: gfortran.dg/char_length_7.f90 -O2 compilation failed to produce executable
FAIL: gfortran.dg/char_length_7.f90 -O3 -fomit-frame-pointer -funroll-loops -fpeel-loops -ftracer -finline-functions (test for excess errors)
UNRESOLVED: gfortran.dg/char_length_7.f90 -O3 -fomit-frame-pointer -funroll-loops -fpeel-loops -ftracer -finline-functions compilation failed to produce executable
FAIL: gfortran.dg/char_length_7.f90 -O3 -g (test for excess errors)
UNRESOLVED: gfortran.dg/char_length_7.f90 -O3 -g compilation failed to produce executable
FAIL: gfortran.dg/char_length_7.f90 -Os (test for excess errors)
UNRESOLVED: gfortran.dg/char_length_7.f90 -Os compilation failed to produce executable
FAIL: gfortran.dg/char_length_8.f90 -O0 (test for excess errors)
UNRESOLVED: gfortran.dg/char_length_8.f90 -O0 compilation failed to produce executable
FAIL: gfortran.dg/char_length_8.f90 -O1 (test for excess errors)
UNRESOLVED: gfortran.dg/char_length_8.f90 -O1 compilation failed to produce executable
FAIL: gfortran.dg/char_length_8.f90 -O2 (test for excess errors)
UNRESOLVED: gfortran.dg/char_length_8.f90 -O2 compilation failed to produce executable
FAIL: gfortran.dg/char_length_8.f90 -O3 -fomit-frame-pointer -funroll-loops -fpeel-loops -ftracer -finline-functions (test for excess errors)
UNRESOLVED: gfortran.dg/char_length_8.f90 -O3 -fomit-frame-pointer -funroll-loops -fpeel-loops -ftracer -finline-functions compilation failed to produce executable
FAIL: gfortran.dg/char_length_8.f90 -O3 -g (test for excess errors)
UNRESOLVED: gfortran.dg/char_length_8.f90 -O3 -g compilation failed to produce executable
FAIL: gfortran.dg/char_length_8.f90 -Os (test for excess errors)
UNRESOLVED: gfortran.dg/char_length_8.f90 -Os compilation failed to produce executable
FAIL: gfortran.dg/data_char_1.f90 -O0 (test for warnings, line 11)
FAIL: gfortran.dg/data_char_1.f90 -O0 (test for excess errors)
UNRESOLVED: gfortran.dg/data_char_1.f90 -O0 compilation failed to produce executable
FAIL: gfortran.dg/data_char_1.f90 -O1 (test for warnings, line 11)
FAIL: gfortran.dg/data_char_1.f90 -O1 (test for excess errors)
UNRESOLVED: gfortran.dg/data_char_1.f90 -O1 compilation failed to produce executable
FAIL: gfortran.dg/data_char_1.f90 -O2 (test for warnings, line 11)
FAIL: gfortran.dg/data_char_1.f90 -O2 (test for excess errors)
UNRESOLVED: gfortran.dg/data_char_1.f90 -O2 compilation failed to produce executable
FAIL: gfortran.dg/data_char_1.f90 -O3 -fomit-frame-pointer -funroll-loops -fpeel-loops -ftracer -finline-functions (test for warnings, line 11)
FAIL: gfortran.dg/data_char_1.f90 -O3 -fomit-frame-pointer -funroll-loops -fpeel-loops -ftracer -finline-functions (test for excess errors)
UNRESOLVED: gfortran.dg/data_char_1.f90 -O3 -fomit-frame-pointer -funroll-loops -fpeel-loops -ftracer -finline-functions compilation failed to produce executable
FAIL: gfortran.dg/data_char_1.f90 -O3 -g (test for warnings, line 11)
FAIL: gfortran.dg/data_char_1.f90 -O3 -g (test for excess errors)
UNRESOLVED: gfortran.dg/data_char_1.f90 -O3 -g compilation failed to produce executable
FAIL: gfortran.dg/data_char_1.f90 -Os (test for warnings, line 11)
FAIL: gfortran.dg/data_char_1.f90 -Os (test for excess errors)
UNRESOLVED: gfortran.dg/data_char_1.f90 -Os compilation failed to produce executable
FAIL: gfortran.dg/deferred_character_2.f90 -O0 (test for excess errors)
UNRESOLVED: gfortran.dg/deferred_character_2.f90 -O0 compilation failed to produce executable
FAIL: gfortran.dg/deferred_character_2.f90 -O1 (test for excess errors)
UNRESOLVED: gfortran.dg/deferred_character_2.f90 -O1 compilation failed to produce executable
FAIL: gfortran.dg/deferred_character_2.f90 -O2 (test for excess errors)
UNRESOLVED: gfortran.dg/deferred_character_2.f90 -O2 compilation failed to produce executable
FAIL: gfortran.dg/deferred_character_2.f90 -O3 -fomit-frame-pointer -funroll-loops -fpeel-loops -ftracer -finline-functions (test for excess errors)
UNRESOLVED: gfortran.dg/deferred_character_2.f90 -O3 -fomit-frame-pointer -funroll-loops -fpeel-loops -ftracer -finline-functions compilation failed to produce executable
FAIL: gfortran.dg/deferred_character_2.f90 -O3 -g (test for excess errors)
UNRESOLVED: gfortran.dg/deferred_character_2.f90 -O3 -g compilation failed to produce executable
FAIL: gfortran.dg/deferred_character_2.f90 -Os (test for excess errors)
UNRESOLVED: gfortran.dg/deferred_character_2.f90 -Os compilation failed to produce executable
FAIL: gfortran.dg/deferred_character_22.f90 -O0 (test for excess errors)
UNRESOLVED: gfortran.dg/deferred_character_22.f90 -O0 compilation failed to produce executable
FAIL: gfortran.dg/deferred_character_22.f90 -O1 (test for excess errors)
UNRESOLVED: gfortran.dg/deferred_character_22.f90 -O1 compilation failed to produce executable
FAIL: gfortran.dg/deferred_character_22.f90 -O2 (test for excess errors)
UNRESOLVED: gfortran.dg/deferred_character_22.f90 -O2 compilation failed to produce executable
FAIL: gfortran.dg/deferred_character_22.f90 -O3 -fomit-frame-pointer -funroll-loops -fpeel-loops -ftracer -finline-functions (test for excess errors)
UNRESOLVED: gfortran.dg/deferred_character_22.f90 -O3 -fomit-frame-pointer -funroll-loops -fpeel-loops -ftracer -finline-functions compilation failed to produce executable
FAIL: gfortran.dg/deferred_character_22.f90 -O3 -g (test for excess errors)
UNRESOLVED: gfortran.dg/deferred_character_22.f90 -O3 -g compilation failed to produce executable
FAIL: gfortran.dg/deferred_character_22.f90 -Os (test for excess errors)
UNRESOLVED: gfortran.dg/deferred_character_22.f90 -Os compilation failed to produce executable
FAIL: gfortran.dg/deferred_character_23.f90 -O0 (test for excess errors)
UNRESOLVED: gfortran.dg/deferred_character_23.f90 -O0 compilation failed to produce executable
FAIL: gfortran.dg/deferred_character_23.f90 -O1 (test for excess errors)
UNRESOLVED: gfortran.dg/deferred_character_23.f90 -O1 compilation failed to produce executable
FAIL: gfortran.dg/deferred_character_23.f90 -O2 (test for excess errors)
UNRESOLVED: gfortran.dg/deferred_character_23.f90 -O2 compilation failed to produce executable
FAIL: gfortran.dg/deferred_character_23.f90 -O3 -fomit-frame-pointer -funroll-loops -fpeel-loops -ftracer -finline-functions (test for excess errors)
UNRESOLVED: gfortran.dg/deferred_character_23.f90 -O3 -fomit-frame-pointer -funroll-loops -fpeel-loops -ftracer -finline-functions compilation failed to produce executable
FAIL: gfortran.dg/deferred_character_23.f90 -O3 -g (test for excess errors)
UNRESOLVED: gfortran.dg/deferred_character_23.f90 -O3 -g compilation failed to produce executable
FAIL: gfortran.dg/deferred_character_23.f90 -Os (test for excess errors)
UNRESOLVED: gfortran.dg/deferred_character_23.f90 -Os compilation failed to produce executable
FAIL: gfortran.dg/deferred_character_7.f90 -O0 (test for excess errors)
UNRESOLVED: gfortran.dg/deferred_character_7.f90 -O0 compilation failed to produce executable
FAIL: gfortran.dg/deferred_character_7.f90 -O1 (test for excess errors)
UNRESOLVED: gfortran.dg/deferred_character_7.f90 -O1 compilation failed to produce executable
FAIL: gfortran.dg/deferred_character_7.f90 -O2 (test for excess errors)
UNRESOLVED: gfortran.dg/deferred_character_7.f90 -O2 compilation failed to produce executable
FAIL: gfortran.dg/deferred_character_7.f90 -O3 -fomit-frame-pointer -funroll-loops -fpeel-loops -ftracer -finline-functions (test for excess errors)
UNRESOLVED: gfortran.dg/deferred_character_7.f90 -O3 -fomit-frame-pointer -funroll-loops -fpeel-loops -ftracer -finline-functions compilation failed to produce executable
FAIL: gfortran.dg/deferred_character_7.f90 -O3 -g (test for excess errors)
UNRESOLVED: gfortran.dg/deferred_character_7.f90 -O3 -g compilation failed to produce executable
FAIL: gfortran.dg/deferred_character_7.f90 -Os (test for excess errors)
UNRESOLVED: gfortran.dg/deferred_character_7.f90 -Os compilation failed to produce executable
FAIL: gfortran.dg/deferred_character_8.f90 -O0 (test for excess errors)
UNRESOLVED: gfortran.dg/deferred_character_8.f90 -O0 compilation failed to produce executable
FAIL: gfortran.dg/deferred_character_8.f90 -O1 (test for excess errors)
UNRESOLVED: gfortran.dg/deferred_character_8.f90 -O1 compilation failed to produce executable
FAIL: gfortran.dg/deferred_character_8.f90 -O2 (test for excess errors)
UNRESOLVED: gfortran.dg/deferred_character_8.f90 -O2 compilation failed to produce executable
FAIL: gfortran.dg/deferred_character_8.f90 -O3 -fomit-frame-pointer -funroll-loops -fpeel-loops -ftracer -finline-functions (test for excess errors)
UNRESOLVED: gfortran.dg/deferred_character_8.f90 -O3 -fomit-frame-pointer -funroll-loops -fpeel-loops -ftracer -finline-functions compilation failed to produce executable
FAIL: gfortran.dg/deferred_character_8.f90 -O3 -g (test for excess errors)
UNRESOLVED: gfortran.dg/deferred_character_8.f90 -O3 -g compilation failed to produce executable
FAIL: gfortran.dg/deferred_character_8.f90 -Os (test for excess errors)
UNRESOLVED: gfortran.dg/deferred_character_8.f90 -Os compilation failed to produce executable
FAIL: gfortran.dg/deferred_type_component_3.f90 -O0 (test for excess errors)
UNRESOLVED: gfortran.dg/deferred_type_component_3.f90 -O0 compilation failed to produce executable
FAIL: gfortran.dg/deferred_type_component_3.f90 -O1 (test for excess errors)
UNRESOLVED: gfortran.dg/deferred_type_component_3.f90 -O1 compilation failed to produce executable
FAIL: gfortran.dg/deferred_type_component_3.f90 -O2 (test for excess errors)
UNRESOLVED: gfortran.dg/deferred_type_component_3.f90 -O2 compilation failed to produce executable
FAIL: gfortran.dg/deferred_type_component_3.f90 -O3 -fomit-frame-pointer -funroll-loops -fpeel-loops -ftracer -finline-functions (test for excess errors)
UNRESOLVED: gfortran.dg/deferred_type_component_3.f90 -O3 -fomit-frame-pointer -funroll-loops -fpeel-loops -ftracer -finline-functions compilation failed to produce executable
FAIL: gfortran.dg/deferred_type_component_3.f90 -O3 -g (test for excess errors)
UNRESOLVED: gfortran.dg/deferred_type_component_3.f90 -O3 -g compilation failed to produce executable
FAIL: gfortran.dg/deferred_type_component_3.f90 -Os (test for excess errors)
UNRESOLVED: gfortran.dg/deferred_type_component_3.f90 -Os compilation failed to produce executable
FAIL: gfortran.dg/dependency_45.f90 -O0 (test for warnings, line 10)
FAIL: gfortran.dg/dependency_45.f90 -O0 (test for excess errors)
UNRESOLVED: gfortran.dg/dependency_45.f90 -O0 compilation failed to produce executable
FAIL: gfortran.dg/dependency_45.f90 -O1 (test for warnings, line 10)
FAIL: gfortran.dg/dependency_45.f90 -O1 (test for excess errors)
UNRESOLVED: gfortran.dg/dependency_45.f90 -O1 compilation failed to produce executable
FAIL: gfortran.dg/dependency_45.f90 -O2 (test for warnings, line 10)
FAIL: gfortran.dg/dependency_45.f90 -O2 (test for excess errors)
UNRESOLVED: gfortran.dg/dependency_45.f90 -O2 compilation failed to produce executable
FAIL: gfortran.dg/dependency_45.f90 -O3 -fomit-frame-pointer -funroll-loops -fpeel-loops -ftracer -finline-functions (test for warnings, line 10)
FAIL: gfortran.dg/dependency_45.f90 -O3 -fomit-frame-pointer -funroll-loops -fpeel-loops -ftracer -finline-functions (test for excess errors)
UNRESOLVED: gfortran.dg/dependency_45.f90 -O3 -fomit-frame-pointer -funroll-loops -fpeel-loops -ftracer -finline-functions compilation failed to produce executable
FAIL: gfortran.dg/dependency_45.f90 -O3 -g (test for warnings, line 10)
FAIL: gfortran.dg/dependency_45.f90 -O3 -g (test for excess errors)
UNRESOLVED: gfortran.dg/dependency_45.f90 -O3 -g compilation failed to produce executable
FAIL: gfortran.dg/dependency_45.f90 -Os (test for warnings, line 10)
FAIL: gfortran.dg/dependency_45.f90 -Os (test for excess errors)
UNRESOLVED: gfortran.dg/dependency_45.f90 -Os compilation failed to produce executable
FAIL: gfortran.dg/forall_12.f90 -O0 (test for excess errors)
UNRESOLVED: gfortran.dg/forall_12.f90 -O0 compilation failed to produce executable
FAIL: gfortran.dg/forall_12.f90 -O1 (test for excess errors)
UNRESOLVED: gfortran.dg/forall_12.f90 -O1 compilation failed to produce executable
FAIL: gfortran.dg/forall_12.f90 -O2 (test for excess errors)
UNRESOLVED: gfortran.dg/forall_12.f90 -O2 compilation failed to produce executable
FAIL: gfortran.dg/forall_12.f90 -O3 -fomit-frame-pointer -funroll-loops -fpeel-loops -ftracer -finline-functions (test for excess errors)
UNRESOLVED: gfortran.dg/forall_12.f90 -O3 -fomit-frame-pointer -funroll-loops -fpeel-loops -ftracer -finline-functions compilation failed to produce executable
FAIL: gfortran.dg/forall_12.f90 -O3 -g (test for excess errors)
UNRESOLVED: gfortran.dg/forall_12.f90 -O3 -g compilation failed to produce executable
FAIL: gfortran.dg/forall_12.f90 -Os (test for excess errors)
UNRESOLVED: gfortran.dg/forall_12.f90 -Os compilation failed to produce executable
FAIL: gfortran.dg/interface_12.f90 -O0 (test for excess errors)
UNRESOLVED: gfortran.dg/interface_12.f90 -O0 compilation failed to produce executable
FAIL: gfortran.dg/interface_12.f90 -O1 (test for excess errors)
UNRESOLVED: gfortran.dg/interface_12.f90 -O1 compilation failed to produce executable
FAIL: gfortran.dg/interface_12.f90 -O2 (test for excess errors)
UNRESOLVED: gfortran.dg/interface_12.f90 -O2 compilation failed to produce executable
FAIL: gfortran.dg/interface_12.f90 -O3 -fomit-frame-pointer -funroll-loops -fpeel-loops -ftracer -finline-functions (test for excess errors)
UNRESOLVED: gfortran.dg/interface_12.f90 -O3 -fomit-frame-pointer -funroll-loops -fpeel-loops -ftracer -finline-functions compilation failed to produce executable
FAIL: gfortran.dg/interface_12.f90 -O3 -g (test for excess errors)
UNRESOLVED: gfortran.dg/interface_12.f90 -O3 -g compilation failed to produce executable
FAIL: gfortran.dg/interface_12.f90 -Os (test for excess errors)
UNRESOLVED: gfortran.dg/interface_12.f90 -Os compilation failed to produce executable
UNRESOLVED: gfortran.dg/internal_pack_9.f90 -O scan-tree-dump-times original "unpack" 3
FAIL: gfortran.dg/internal_pack_9.f90 -O (test for excess errors)
FAIL: gfortran.dg/namelist_65.f90 -O0 (test for excess errors)
UNRESOLVED: gfortran.dg/namelist_65.f90 -O0 compilation failed to produce executable
FAIL: gfortran.dg/namelist_65.f90 -O1 (test for excess errors)
UNRESOLVED: gfortran.dg/namelist_65.f90 -O1 compilation failed to produce executable
FAIL: gfortran.dg/namelist_65.f90 -O2 (test for excess errors)
UNRESOLVED: gfortran.dg/namelist_65.f90 -O2 compilation failed to produce executable
FAIL: gfortran.dg/namelist_65.f90 -O3 -fomit-frame-pointer -funroll-loops -fpeel-loops -ftracer -finline-functions (test for excess errors)
UNRESOLVED: gfortran.dg/namelist_65.f90 -O3 -fomit-frame-pointer -funroll-loops -fpeel-loops -ftracer -finline-functions compilation failed to produce executable
FAIL: gfortran.dg/namelist_65.f90 -O3 -g (test for excess errors)
UNRESOLVED: gfortran.dg/namelist_65.f90 -O3 -g compilation failed to produce executable
FAIL: gfortran.dg/namelist_65.f90 -Os (test for excess errors)
UNRESOLVED: gfortran.dg/namelist_65.f90 -Os compilation failed to produce executable
FAIL: gfortran.dg/pr19928-1.f90 -O0 (test for excess errors)
UNRESOLVED: gfortran.dg/pr19928-1.f90 -O0 compilation failed to produce executable
FAIL: gfortran.dg/pr19928-1.f90 -O1 (test for excess errors)
UNRESOLVED: gfortran.dg/pr19928-1.f90 -O1 compilation failed to produce executable
FAIL: gfortran.dg/pr19928-1.f90 -O2 (test for excess errors)
UNRESOLVED: gfortran.dg/pr19928-1.f90 -O2 compilation failed to produce executable
FAIL: gfortran.dg/pr19928-1.f90 -O3 -fomit-frame-pointer -funroll-loops -fpeel-loops -ftracer -finline-functions (test for excess errors)
UNRESOLVED: gfortran.dg/pr19928-1.f90 -O3 -fomit-frame-pointer -funroll-loops -fpeel-loops -ftracer -finline-functions compilation failed to produce executable
FAIL: gfortran.dg/pr19928-1.f90 -O3 -g (test for excess errors)
UNRESOLVED: gfortran.dg/pr19928-1.f90 -O3 -g compilation failed to produce executable
FAIL: gfortran.dg/pr19928-1.f90 -Os (test for excess errors)
UNRESOLVED: gfortran.dg/pr19928-1.f90 -Os compilation failed to produce executable
FAIL: gfortran.dg/pr44592.f90 -O0 (test for excess errors)
UNRESOLVED: gfortran.dg/pr44592.f90 -O0 compilation failed to produce executable
FAIL: gfortran.dg/pr44592.f90 -O1 (test for excess errors)
UNRESOLVED: gfortran.dg/pr44592.f90 -O1 compilation failed to produce executable
FAIL: gfortran.dg/pr44592.f90 -O2 (test for excess errors)
UNRESOLVED: gfortran.dg/pr44592.f90 -O2 compilation failed to produce executable
FAIL: gfortran.dg/pr44592.f90 -O3 -fomit-frame-pointer -funroll-loops -fpeel-loops -ftracer -finline-functions (test for excess errors)
UNRESOLVED: gfortran.dg/pr44592.f90 -O3 -fomit-frame-pointer -funroll-loops -fpeel-loops -ftracer -finline-functions compilation failed to produce executable
FAIL: gfortran.dg/pr44592.f90 -O3 -g (test for excess errors)
UNRESOLVED: gfortran.dg/pr44592.f90 -O3 -g compilation failed to produce executable
FAIL: gfortran.dg/pr44592.f90 -Os (test for excess errors)
UNRESOLVED: gfortran.dg/pr44592.f90 -Os compilation failed to produce executable
FAIL: gfortran.dg/read_eof_all.f90 -O0 (test for excess errors)
UNRESOLVED: gfortran.dg/read_eof_all.f90 -O0 compilation failed to produce executable
FAIL: gfortran.dg/read_eof_all.f90 -O1 (test for excess errors)
UNRESOLVED: gfortran.dg/read_eof_all.f90 -O1 compilation failed to produce executable
FAIL: gfortran.dg/read_eof_all.f90 -O2 (test for excess errors)
UNRESOLVED: gfortran.dg/read_eof_all.f90 -O2 compilation failed to produce executable
FAIL: gfortran.dg/read_eof_all.f90 -O3 -fomit-frame-pointer -funroll-loops -fpeel-loops -ftracer -finline-functions (test for excess errors)
UNRESOLVED: gfortran.dg/read_eof_all.f90 -O3 -fomit-frame-pointer -funroll-loops -fpeel-loops -ftracer -finline-functions compilation failed to produce executable
FAIL: gfortran.dg/read_eof_all.f90 -O3 -g (test for excess errors)
UNRESOLVED: gfortran.dg/read_eof_all.f90 -O3 -g compilation failed to produce executable
FAIL: gfortran.dg/read_eof_all.f90 -Os (test for excess errors)
UNRESOLVED: gfortran.dg/read_eof_all.f90 -Os compilation failed to produce executable
FAIL: gfortran.dg/result_in_spec_1.f90 -O0 (test for excess errors)
UNRESOLVED: gfortran.dg/result_in_spec_1.f90 -O0 compilation failed to produce executable
FAIL: gfortran.dg/result_in_spec_1.f90 -O1 (test for excess errors)
UNRESOLVED: gfortran.dg/result_in_spec_1.f90 -O1 compilation failed to produce executable
FAIL: gfortran.dg/result_in_spec_1.f90 -O2 (test for excess errors)
UNRESOLVED: gfortran.dg/result_in_spec_1.f90 -O2 compilation failed to produce executable
FAIL: gfortran.dg/result_in_spec_1.f90 -O3 -fomit-frame-pointer -funroll-loops -fpeel-loops -ftracer -finline-functions (test for excess errors)
UNRESOLVED: gfortran.dg/result_in_spec_1.f90 -O3 -fomit-frame-pointer -funroll-loops -fpeel-loops -ftracer -finline-functions compilation failed to produce executable
FAIL: gfortran.dg/result_in_spec_1.f90 -O3 -g (test for excess errors)
UNRESOLVED: gfortran.dg/result_in_spec_1.f90 -O3 -g compilation failed to produce executable
FAIL: gfortran.dg/result_in_spec_1.f90 -Os (test for excess errors)
UNRESOLVED: gfortran.dg/result_in_spec_1.f90 -Os compilation failed to produce executable
FAIL: gfortran.dg/string_compare_1.f90 -O0 (test for excess errors)
UNRESOLVED: gfortran.dg/string_compare_1.f90 -O0 compilation failed to produce executable
FAIL: gfortran.dg/string_compare_1.f90 -O1 (test for excess errors)
UNRESOLVED: gfortran.dg/string_compare_1.f90 -O1 compilation failed to produce executable
FAIL: gfortran.dg/string_compare_1.f90 -O2 (test for excess errors)
UNRESOLVED: gfortran.dg/string_compare_1.f90 -O2 compilation failed to produce executable
FAIL: gfortran.dg/string_compare_1.f90 -O3 -fomit-frame-pointer -funroll-loops -fpeel-loops -ftracer -finline-functions (test for excess errors)
UNRESOLVED: gfortran.dg/string_compare_1.f90 -O3 -fomit-frame-pointer -funroll-loops -fpeel-loops -ftracer -finline-functions compilation failed to produce executable
FAIL: gfortran.dg/string_compare_1.f90 -O3 -g (test for excess errors)
UNRESOLVED: gfortran.dg/string_compare_1.f90 -O3 -g compilation failed to produce executable
FAIL: gfortran.dg/string_compare_1.f90 -Os (test for excess errors)
UNRESOLVED: gfortran.dg/string_compare_1.f90 -Os compilation failed to produce executable
FAIL: gfortran.dg/string_compare_2.f90 -O0 (test for excess errors)
UNRESOLVED: gfortran.dg/string_compare_2.f90 -O0 compilation failed to produce executable
FAIL: gfortran.dg/string_compare_2.f90 -O1 (test for excess errors)
UNRESOLVED: gfortran.dg/string_compare_2.f90 -O1 compilation failed to produce executable
FAIL: gfortran.dg/string_compare_2.f90 -O2 (test for excess errors)
UNRESOLVED: gfortran.dg/string_compare_2.f90 -O2 compilation failed to produce executable
FAIL: gfortran.dg/string_compare_2.f90 -O3 -fomit-frame-pointer -funroll-loops -fpeel-loops -ftracer -finline-functions (test for excess errors)
UNRESOLVED: gfortran.dg/string_compare_2.f90 -O3 -fomit-frame-pointer -funroll-loops -fpeel-loops -ftracer -finline-functions compilation failed to produce executable
FAIL: gfortran.dg/string_compare_2.f90 -O3 -g (test for excess errors)
UNRESOLVED: gfortran.dg/string_compare_2.f90 -O3 -g compilation failed to produce executable
FAIL: gfortran.dg/string_compare_2.f90 -Os (test for excess errors)
UNRESOLVED: gfortran.dg/string_compare_2.f90 -Os compilation failed to produce executable
FAIL: gfortran.dg/string_compare_3.f90 -O0 (test for excess errors)
UNRESOLVED: gfortran.dg/string_compare_3.f90 -O0 compilation failed to produce executable
FAIL: gfortran.dg/string_compare_3.f90 -O1 (test for excess errors)
UNRESOLVED: gfortran.dg/string_compare_3.f90 -O1 compilation failed to produce executable
FAIL: gfortran.dg/string_compare_3.f90 -O2 (test for excess errors)
UNRESOLVED: gfortran.dg/string_compare_3.f90 -O2 compilation failed to produce executable
FAIL: gfortran.dg/string_compare_3.f90 -O3 -fomit-frame-pointer -funroll-loops -fpeel-loops -ftracer -finline-functions (test for excess errors)
UNRESOLVED: gfortran.dg/string_compare_3.f90 -O3 -fomit-frame-pointer -funroll-loops -fpeel-loops -ftracer -finline-functions compilation failed to produce executable
FAIL: gfortran.dg/string_compare_3.f90 -O3 -g (test for excess errors)
UNRESOLVED: gfortran.dg/string_compare_3.f90 -O3 -g compilation failed to produce executable
FAIL: gfortran.dg/string_compare_3.f90 -Os (test for excess errors)
UNRESOLVED: gfortran.dg/string_compare_3.f90 -Os compilation failed to produce executable
FAIL: gfortran.dg/subref_array_pointer_1.f90 -O0 (test for excess errors)
UNRESOLVED: gfortran.dg/subref_array_pointer_1.f90 -O0 compilation failed to produce executable
FAIL: gfortran.dg/subref_array_pointer_1.f90 -O1 (test for excess errors)
UNRESOLVED: gfortran.dg/subref_array_pointer_1.f90 -O1 compilation failed to produce executable
FAIL: gfortran.dg/subref_array_pointer_1.f90 -O2 (test for excess errors)
UNRESOLVED: gfortran.dg/subref_array_pointer_1.f90 -O2 compilation failed to produce executable
FAIL: gfortran.dg/subref_array_pointer_1.f90 -O3 -fomit-frame-pointer -funroll-loops -fpeel-loops -ftracer -finline-functions (test for excess errors)
UNRESOLVED: gfortran.dg/subref_array_pointer_1.f90 -O3 -fomit-frame-pointer -funroll-loops -fpeel-loops -ftracer -finline-functions compilation failed to produce executable
FAIL: gfortran.dg/subref_array_pointer_1.f90 -O3 -g (test for excess errors)
UNRESOLVED: gfortran.dg/subref_array_pointer_1.f90 -O3 -g compilation failed to produce executable
FAIL: gfortran.dg/subref_array_pointer_1.f90 -Os (test for excess errors)
UNRESOLVED: gfortran.dg/subref_array_pointer_1.f90 -Os compilation failed to produce executable
FAIL: gfortran.dg/subref_array_pointer_2.f90 -O0 (test for excess errors)
UNRESOLVED: gfortran.dg/subref_array_pointer_2.f90 -O0 compilation failed to produce executable
FAIL: gfortran.dg/subref_array_pointer_2.f90 -O1 (test for excess errors)
UNRESOLVED: gfortran.dg/subref_array_pointer_2.f90 -O1 compilation failed to produce executable
FAIL: gfortran.dg/subref_array_pointer_2.f90 -O2 (test for excess errors)
UNRESOLVED: gfortran.dg/subref_array_pointer_2.f90 -O2 compilation failed to produce executable
FAIL: gfortran.dg/subref_array_pointer_2.f90 -O3 -fomit-frame-pointer -funroll-loops -fpeel-loops -ftracer -finline-functions (test for excess errors)
UNRESOLVED: gfortran.dg/subref_array_pointer_2.f90 -O3 -fomit-frame-pointer -funroll-loops -fpeel-loops -ftracer -finline-functions compilation failed to produce executable
FAIL: gfortran.dg/subref_array_pointer_2.f90 -O3 -g (test for excess errors)
UNRESOLVED: gfortran.dg/subref_array_pointer_2.f90 -O3 -g compilation failed to produce executable
FAIL: gfortran.dg/subref_array_pointer_2.f90 -Os (test for excess errors)
UNRESOLVED: gfortran.dg/subref_array_pointer_2.f90 -Os compilation failed to produce executable
=== gfortran Summary ===
# of expected passes 46734
# of unexpected failures 205
# of expected failures 100
# of unresolved testcases 175
# of unsupported tests 83
/home/tcwg-buildslave/workspace/tcwg-buildfarm_2/tcwg-d05_64-build/_build/builds/aarch64-unknown-linux-gnu/aarch64-unknown-linux-gnu/gcc.git~master_rev_cbb9d6c4e97df7dfe8dc8023e26a465edde9d81f-stage2/gcc/gfortran version 9.0.0 20181010 (experimental) [master revision 265007] (GCC)
=== obj-c++ tests ===
Running target tcwg-local
=== obj-c++ Summary ===
# of expected passes 1456
# of expected failures 10
# of unsupported tests 77
/home/tcwg-buildslave/workspace/tcwg-buildfarm_2/tcwg-d05_64-build/_build/builds/aarch64-unknown-linux-gnu/aarch64-unknown-linux-gnu/gcc.git~master_rev_cbb9d6c4e97df7dfe8dc8023e26a465edde9d81f-stage2/gcc/xg++ version 9.0.0 20181010 (experimental) [master revision 265007] (GCC)
=== objc tests ===
Running target tcwg-local
=== objc Summary ===
# of expected passes 2801
# of unsupported tests 69
/home/tcwg-buildslave/workspace/tcwg-buildfarm_2/tcwg-d05_64-build/_build/builds/aarch64-unknown-linux-gnu/aarch64-unknown-linux-gnu/gcc.git~master_rev_cbb9d6c4e97df7dfe8dc8023e26a465edde9d81f-stage2/gcc/xgcc version 9.0.0 20181010 (experimental) [master revision 265007] (GCC)
Compiler version: 9.0.0 20181010 (experimental) [master revision 265007] (GCC)
Platform: aarch64-unknown-linux-gnu
configure flags: SHELL=/bin/bash --with-mpc=/home/tcwg-buildslave/workspace/tcwg-buildfarm_2/tcwg-d05_64-build/_build/builds/destdir/aarch64-unknown-linux-gnu --with-mpfr=/home/tcwg-buildslave/workspace/tcwg-buildfarm_2/tcwg-d05_64-build/_build/builds/destdir/aarch64-unknown-linux-gnu --with-gmp=/home/tcwg-buildslave/workspace/tcwg-buildfarm_2/tcwg-d05_64-build/_build/builds/destdir/aarch64-unknown-linux-gnu --with-gnu-as --with-gnu-ld --disable-libmudflap --enable-lto --enable-shared --without-included-gettext --enable-nls --with-system-zlib --disable-sjlj-exceptions --enable-gnu-unique-object --enable-linker-build-id --disable-libstdcxx-pch --enable-c99 --enable-clocale=gnu --enable-libstdcxx-debug --enable-long-long --with-cloog=no --with-ppl=no --with-isl=no --disable-multilib --enable-fix-cortex-a53-835769 --enable-fix-cortex-a53-843419 --with-arch=armv8-a --enable-threads=posix --enable-multiarch --enable-libstdcxx-time=yes --enable-gnu-indirect-function --enable-checking=yes -
-enable-bootstrap --enable-languages=c,c++,fortran,lto,objc,obj-c++ --build=aarch64-unknown-linux-gnu --host=aarch64-unknown-linux-gnu --target=aarch64-unknown-linux-gnu --prefix=/home/tcwg-buildslave/workspace/tcwg-buildfarm_2/tcwg-d05_64-build/_build/builds/destdir/aarch64-unknown-linux-gnu