This is the mail archive of the
gcc-testresults@gcc.gnu.org
mailing list for the GCC project.
Results for 9.0.0 20181005 (experimental) [trunk revision 264862] (GCC) testsuite on x86_64-pc-solaris2.10
- From: Rainer Orth <ro at CeBiTec dot Uni-Bielefeld dot DE>
- To: gcc-testresults at gcc dot gnu dot org
- Date: Sun, 7 Oct 2018 07:29:24 +0200 (MEST)
- Subject: Results for 9.0.0 20181005 (experimental) [trunk revision 264862] (GCC) testsuite on x86_64-pc-solaris2.10
LAST_UPDATED: Fri Oct 5 08:59:28 UTC 2018 (revision 264862)
Native configuration is x86_64-pc-solaris2.10
=== libatomic tests ===
Running target unix/-m32
=== libatomic Summary for unix/-m32 ===
# of expected passes 44
# of unsupported tests 5
Running target unix
=== libatomic Summary for unix ===
# of expected passes 54
=== libatomic Summary ===
# of expected passes 98
# of unsupported tests 5
=== libffi tests ===
Running target unix/-m32
=== libffi Summary for unix/-m32 ===
# of expected passes 2799
Running target unix
=== libffi Summary for unix ===
# of expected passes 2214
=== libffi Summary ===
# of expected passes 5013
=== libgo tests ===
Running target unix
FAIL: encoding/gob
FAIL: fmt
FAIL: go/build
FAIL: go/constant
FAIL: golang_org/x/crypto/cryptobyte
FAIL: golang_org/x/net/http/httpproxy
FAIL: html/template
FAIL: math
FAIL: math/big
FAIL: net/http
FAIL: net/rpc
FAIL: reflect
FAIL: runtime
FAIL: runtime/debug
FAIL: sync/atomic
FAIL: text/tabwriter
FAIL: text/template
FAIL: text/template/parse
FAIL: time
=== libgo Summary for unix ===
# of expected passes 165
# of unexpected failures 19
Running target unix/-m32
FAIL: encoding/gob
FAIL: fmt
FAIL: go/build
FAIL: go/constant
FAIL: golang_org/x/crypto/cryptobyte
FAIL: golang_org/x/net/http/httpproxy
FAIL: html/template
FAIL: math/big
FAIL: net/http
FAIL: net/rpc
FAIL: reflect
FAIL: runtime
FAIL: runtime/debug
FAIL: runtime/pprof
FAIL: sync/atomic
FAIL: text/tabwriter
FAIL: text/template
FAIL: text/template/parse
FAIL: time
=== libgo Summary for unix/-m32 ===
# of expected passes 165
# of unexpected failures 19
=== libgo Summary ===
# of expected passes 330
# of unexpected failures 38
=== libgomp tests ===
Running target unix/-m32
WARNING: program timed out
FAIL: libgomp.graphite/force-parallel-2.c (test for excess errors)
UNRESOLVED: libgomp.graphite/force-parallel-2.c compilation failed to produce executable
UNRESOLVED: libgomp.graphite/force-parallel-2.c scan-tree-dump-times optimized "loopfn" 4
WARNING: program timed out
FAIL: libgomp.graphite/force-parallel-3.c (test for excess errors)
UNRESOLVED: libgomp.graphite/force-parallel-3.c compilation failed to produce executable
UNRESOLVED: libgomp.graphite/force-parallel-3.c scan-tree-dump-times optimized "loopfn.0" 4
UNRESOLVED: libgomp.graphite/force-parallel-3.c scan-tree-dump-times optimized "loopfn.1" 4
=== libgomp Summary for unix/-m32 ===
# of expected passes 6099
# of unexpected failures 2
# of expected failures 1
# of unresolved testcases 5
# of unsupported tests 336
Running target unix
WARNING: program timed out
FAIL: libgomp.fortran/character2.f90 -O3 -fomit-frame-pointer -funroll-loops -fpeel-loops -ftracer -finline-functions (test for excess errors)
UNRESOLVED: libgomp.fortran/character2.f90 -O3 -fomit-frame-pointer -funroll-loops -fpeel-loops -ftracer -finline-functions compilation failed to produce executable
WARNING: program timed out
FAIL: libgomp.fortran/character2.f90 -O3 -g (test for excess errors)
UNRESOLVED: libgomp.fortran/character2.f90 -O3 -g compilation failed to produce executable
WARNING: program timed out
FAIL: libgomp.fortran/character2.f90 -Os (test for excess errors)
UNRESOLVED: libgomp.fortran/character2.f90 -Os compilation failed to produce executable
WARNING: program timed out
FAIL: libgomp.fortran/collapse1.f90 -O0 (test for excess errors)
UNRESOLVED: libgomp.fortran/collapse1.f90 -O0 compilation failed to produce executable
=== libgomp Summary for unix ===
# of expected passes 6098
# of unexpected failures 4
# of expected failures 1
# of unresolved testcases 4
# of unsupported tests 336
=== libgomp Summary ===
# of expected passes 12197
# of unexpected failures 6
# of expected failures 2
# of unresolved testcases 9
# of unsupported tests 672
=== libitm tests ===
Running target unix/-m32
=== libitm Summary for unix/-m32 ===
# of expected passes 42
# of expected failures 3
# of unsupported tests 1
Running target unix
=== libitm Summary for unix ===
# of expected passes 42
# of expected failures 3
# of unsupported tests 1
=== libitm Summary ===
# of expected passes 84
# of expected failures 6
# of unsupported tests 2
=== libstdc++ tests ===
Running target unix
FAIL: 27_io/filesystem/operations/last_write_time.cc execution test
FAIL: experimental/filesystem/operations/last_write_time.cc execution test
FAIL: experimental/memory_resource/new_delete_resource.cc execution test
=== libstdc++ Summary for unix ===
# of expected passes 11652
# of unexpected failures 3
# of expected failures 78
# of unsupported tests 653
Running target unix/-m32
XPASS: experimental/memory_resource/resource_adaptor.cc execution test
=== libstdc++ Summary for unix/-m32 ===
# of expected passes 11661
# of unexpected successes 1
# of expected failures 79
# of unsupported tests 649
=== libstdc++ Summary ===
# of expected passes 23313
# of unexpected failures 3
# of unexpected successes 1
# of expected failures 157
# of unsupported tests 1302
=== acats tests ===
=== acats Summary ===
# of expected passes 2320
# of unexpected failures 0
=== g++ tests ===
Running target unix
FAIL: c-c++-common/Wprio-ctor-dtor.c -std=gnu++11 (test for excess errors)
FAIL: c-c++-common/Wprio-ctor-dtor.c -std=gnu++14 (test for excess errors)
FAIL: c-c++-common/Wprio-ctor-dtor.c -std=gnu++98 (test for excess errors)
FAIL: g++.dg/pr80481.C -std=gnu++11 scan-assembler-not vmovaps
FAIL: g++.dg/pr80481.C -std=gnu++14 scan-assembler-not vmovaps
FAIL: g++.dg/pr80481.C -std=gnu++98 scan-assembler-not vmovaps
FAIL: g++.dg/pr83239.C -std=gnu++98 (test for excess errors)
FAIL: g++.dg/tree-prof/inline_mismatch_args.C compilation, -fprofile-use -D_PROFILE_USE
UNRESOLVED: g++.dg/tree-prof/inline_mismatch_args.C execution, -fprofile-use -D_PROFILE_USE
FAIL: g++.dg/tree-prof/pr35545.C compilation, -fprofile-use -D_PROFILE_USE
UNRESOLVED: g++.dg/tree-prof/pr35545.C execution, -fprofile-use -D_PROFILE_USE
FAIL: g++.dg/tree-prof/reorder.C compilation, -fprofile-use -D_PROFILE_USE
UNRESOLVED: g++.dg/tree-prof/reorder.C execution, -fprofile-use -D_PROFILE_USE
=== g++ Summary for unix ===
# of expected passes 117923
# of unexpected failures 10
# of expected failures 539
# of unresolved testcases 3
# of unsupported tests 5045
Running target unix/-m32
FAIL: c-c++-common/Wprio-ctor-dtor.c -std=gnu++11 (test for excess errors)
FAIL: c-c++-common/Wprio-ctor-dtor.c -std=gnu++14 (test for excess errors)
FAIL: c-c++-common/Wprio-ctor-dtor.c -std=gnu++98 (test for excess errors)
FAIL: g++.dg/pr83239.C -std=gnu++98 (test for excess errors)
UNRESOLVED: g++.dg/lto/20100603-1 cp_lto_20100603-1_0.o-cp_lto_20100603-1_1.o execute -O0 -flto -flto-partition=none
UNRESOLVED: g++.dg/lto/20100603-1 cp_lto_20100603-1_0.o-cp_lto_20100603-1_1.o link -O0 -flto -flto-partition=none
FAIL: g++.dg/lto/20100603-1 cp_lto_20100603-1_1.o assemble, -O0 -flto -flto-partition=none
WARNING: program timed out
FAIL: g++.dg/tree-prof/inline_mismatch_args.C compilation, -fprofile-use -D_PROFILE_USE
UNRESOLVED: g++.dg/tree-prof/inline_mismatch_args.C execution, -fprofile-use -D_PROFILE_USE
FAIL: g++.dg/tree-prof/pr35545.C compilation, -fprofile-use -D_PROFILE_USE
UNRESOLVED: g++.dg/tree-prof/pr35545.C execution, -fprofile-use -D_PROFILE_USE
FAIL: g++.dg/tree-prof/reorder.C compilation, -fprofile-use -D_PROFILE_USE
UNRESOLVED: g++.dg/tree-prof/reorder.C execution, -fprofile-use -D_PROFILE_USE
=== g++ Summary for unix/-m32 ===
# of expected passes 116413
# of unexpected failures 8
# of expected failures 536
# of unresolved testcases 5
# of unsupported tests 4863
=== g++ Summary ===
# of expected passes 234336
# of unexpected failures 18
# of expected failures 1075
# of unresolved testcases 8
# of unsupported tests 9908
/var/gcc/regression/trunk/10-gcc-gas-64/build/gcc/xg++ version 9.0.0 20181005 (experimental) [trunk revision 264862] (GCC)
=== gcc tests ===
Running target unix
FAIL: c-c++-common/Wprio-ctor-dtor.c -Wc++-compat (test for excess errors)
FAIL: gcc.dg/merge-all-constants-2.c scan-assembler-not \\\\.rodata[\\n\\r]
FAIL: gcc.dg/visibility-22.c execution test
FAIL: gcc.dg/ipa/ipa-icf-38.c scan-ltrans-tree-dump-not optimized "Function bar"
FAIL: gcc.target/i386/indirect-thunk-1.c scan-assembler jmp[ \\t]*__x86_indirect_thunk_(r|e)ax
FAIL: gcc.target/i386/indirect-thunk-2.c scan-assembler jmp[ \\t]*__x86_indirect_thunk_(r|e)ax
FAIL: gcc.target/i386/indirect-thunk-3.c scan-assembler call[ \\t]*__x86_indirect_thunk_(r|e)ax
FAIL: gcc.target/i386/indirect-thunk-4.c scan-assembler call[ \\t]*__x86_indirect_thunk_(r|e)ax
FAIL: gcc.target/i386/indirect-thunk-7.c scan-assembler jmp[ \\t]*__x86_indirect_thunk_(r|e)ax
FAIL: gcc.target/i386/indirect-thunk-attr-1.c scan-assembler jmp[ \\t]*__x86_indirect_thunk_(r|e)ax
FAIL: gcc.target/i386/indirect-thunk-attr-2.c scan-assembler jmp[ \\t]*__x86_indirect_thunk_(r|e)ax
FAIL: gcc.target/i386/indirect-thunk-attr-5.c scan-assembler call[ \\t]*__x86_indirect_thunk_(r|e)ax
FAIL: gcc.target/i386/indirect-thunk-attr-6.c scan-assembler call[ \\t]*__x86_indirect_thunk_(r|e)ax
FAIL: gcc.target/i386/indirect-thunk-attr-7.c scan-assembler jmp[ \\t]*__x86_indirect_thunk(_nt|)_(r|e)ax
FAIL: gcc.target/i386/indirect-thunk-extern-1.c scan-assembler jmp[ \\t]*__x86_indirect_thunk_(r|e)ax
FAIL: gcc.target/i386/indirect-thunk-extern-2.c scan-assembler jmp[ \\t]*__x86_indirect_thunk_(r|e)ax
FAIL: gcc.target/i386/indirect-thunk-extern-3.c scan-assembler call[ \\t]*__x86_indirect_thunk_(r|e)ax
FAIL: gcc.target/i386/indirect-thunk-extern-4.c scan-assembler call[ \\t]*__x86_indirect_thunk_(r|e)ax
FAIL: gcc.target/i386/indirect-thunk-extern-7.c scan-assembler jmp[ \\t]*__x86_indirect_thunk(_nt|)_(r|e)ax
FAIL: gcc.target/i386/indirect-thunk-register-1.c scan-assembler jmp[ \\t]*__x86_indirect_thunk_(r|e)ax
FAIL: gcc.target/i386/indirect-thunk-register-3.c scan-assembler jmp[ \\t]*__x86_indirect_thunk_(r|e)ax
FAIL: gcc.target/i386/ret-thunk-1.c scan-assembler jmp[ \\t]*__x86_return_thunk
FAIL: gcc.target/i386/ret-thunk-10.c scan-assembler __x86_indirect_thunk_(r|e)ax:
FAIL: gcc.target/i386/ret-thunk-10.c scan-assembler call[ \\t]*__x86_indirect_thunk_(r|e)ax
FAIL: gcc.target/i386/ret-thunk-11.c scan-assembler __x86_indirect_thunk_(r|e)ax:
FAIL: gcc.target/i386/ret-thunk-11.c scan-assembler call[ \\t]*__x86_indirect_thunk_(r|e)ax
FAIL: gcc.target/i386/ret-thunk-11.c scan-assembler jmp[ \\t]*__x86_return_thunk
FAIL: gcc.target/i386/ret-thunk-12.c scan-assembler __x86_indirect_thunk_(r|e)ax:
FAIL: gcc.target/i386/ret-thunk-12.c scan-assembler call[ \\t]*__x86_indirect_thunk_(r|e)ax
FAIL: gcc.target/i386/ret-thunk-13.c scan-assembler jmp[ \\t]*__x86_return_thunk
FAIL: gcc.target/i386/ret-thunk-14.c scan-assembler call[ \\t]*__x86_indirect_thunk_(r|e)ax
FAIL: gcc.target/i386/ret-thunk-15.c scan-assembler call[ \\t]*__x86_indirect_thunk_(r|e)ax
FAIL: gcc.target/i386/ret-thunk-15.c scan-assembler jmp[ \\t]*__x86_return_thunk
FAIL: gcc.target/i386/ret-thunk-26.c execution test
FAIL: gcc.target/i386/ret-thunk-3.c scan-assembler jmp[ \\t]*__x86_return_thunk
FAIL: gcc.target/i386/ret-thunk-5.c scan-assembler jmp[ \\t]*__x86_return_thunk
FAIL: gcc.target/i386/ret-thunk-7.c scan-assembler jmp[ \\t]*__x86_return_thunk
FAIL: gcc.target/i386/ret-thunk-9.c scan-assembler __x86_return_thunk:
FAIL: gcc.target/i386/ret-thunk-9.c scan-assembler call[ \\t]*__x86_indirect_thunk_(r|e)ax
FAIL: gcc.target/i386/ret-thunk-9.c scan-assembler jmp[ \\t]*__x86_return_thunk
=== gcc Summary for unix ===
# of expected passes 127042
# of unexpected failures 40
# of expected failures 470
# of unsupported tests 2136
Running target unix/-m32
FAIL: gcc.c-torture/execute/20101011-1.c -O3 -g (test for excess errors)
UNRESOLVED: gcc.c-torture/execute/20101011-1.c -O3 -g compilation failed to produce executable
FAIL: gcc.c-torture/execute/20111212-1.c -O2 -flto (test for excess errors)
UNRESOLVED: gcc.c-torture/execute/20111212-1.c -O2 -flto compilation failed to produce executable
FAIL: gcc.c-torture/execute/20111227-1.c -O2 -flto -flto-partition=none (test for excess errors)
UNRESOLVED: gcc.c-torture/execute/20111227-1.c -O2 -flto -flto-partition=none compilation failed to produce executable
FAIL: gcc.c-torture/execute/20120808-1.c -O1 (test for excess errors)
UNRESOLVED: gcc.c-torture/execute/20120808-1.c -O1 compilation failed to produce executable
FAIL: gcc.c-torture/execute/20120808-1.c -O2 -flto -flto-partition=none (test for excess errors)
UNRESOLVED: gcc.c-torture/execute/20120808-1.c -O2 -flto -flto-partition=none compilation failed to produce executable
WARNING: program timed out
WARNING: program timed out
WARNING: program timed out
WARNING: program timed out
WARNING: program timed out
FAIL: gcc.dg/atomic/c11-atomic-exec-6.c -O0 (test for excess errors)
UNRESOLVED: gcc.dg/atomic/c11-atomic-exec-6.c -O0 compilation failed to produce executable
FAIL: gcc.dg/atomic/c11-atomic-exec-6.c -O1 (test for excess errors)
UNRESOLVED: gcc.dg/atomic/c11-atomic-exec-6.c -O1 compilation failed to produce executable
FAIL: gcc.dg/atomic/c11-atomic-exec-6.c -O2 (test for excess errors)
UNRESOLVED: gcc.dg/atomic/c11-atomic-exec-6.c -O2 compilation failed to produce executable
FAIL: gcc.dg/atomic/c11-atomic-exec-6.c -O3 -fomit-frame-pointer -funroll-loops -fpeel-loops -ftracer -finline-functions (test for excess errors)
UNRESOLVED: gcc.dg/atomic/c11-atomic-exec-6.c -O3 -fomit-frame-pointer -funroll-loops -fpeel-loops -ftracer -finline-functions compilation failed to produce executable
WARNING: program timed out
WARNING: program timed out
WARNING: program timed out
WARNING: program timed out
FAIL: gcc.dg/debug/pr36690-1.c -gstabs+3 (test for excess errors)
FAIL: gcc.dg/debug/pr36690-1.c -gstabs+3 -O (test for excess errors)
UNRESOLVED: gcc.dg/debug/pr36690-1.c -gstabs+3 -O compilation failed to produce executable
FAIL: gcc.dg/debug/pr36690-1.c -gstabs+3 -O3 (test for excess errors)
UNRESOLVED: gcc.dg/debug/pr36690-1.c -gstabs+3 -O3 compilation failed to produce executable
UNRESOLVED: gcc.dg/debug/pr36690-1.c -gstabs+3 compilation failed to produce executable
FAIL: gcc.dg/debug/pr36690-2.c -gdwarf-2 -g1 (test for excess errors)
UNRESOLVED: gcc.dg/debug/pr36690-2.c -gdwarf-2 -g1 compilation failed to produce executable
FAIL: gcc.dg/debug/pr41343-1.c -gstabs+1 (test for excess errors)
FAIL: gcc.dg/debug/pr41343-1.c -gstabs+1 -O (test for excess errors)
FAIL: gcc.dg/debug/pr41343-1.c -gstabs+1 -O3 (test for excess errors)
FAIL: gcc.dg/debug/pr41343-1.c -gstabs3 -O3 (test for excess errors)
WARNING: program timed out
WARNING: program timed out
WARNING: program timed out
WARNING: program timed out
WARNING: program timed out
WARNING: program timed out
WARNING: program timed out
WARNING: program timed out
FAIL: c-c++-common/Wprio-ctor-dtor.c -Wc++-compat (test for excess errors)
FAIL: gcc.dg/merge-all-constants-2.c scan-assembler-not \\\\.rodata[\\n\\r]
FAIL: gcc.dg/visibility-22.c execution test
FAIL: gcc.dg/ipa/ipa-icf-38.c scan-ltrans-tree-dump-not optimized "Function bar"
XPASS: gcc.dg/vect/vect-24.c -flto -ffat-lto-objects scan-tree-dump-times vect "vectorized 3 loops" 1
XPASS: gcc.dg/vect/vect-24.c scan-tree-dump-times vect "vectorized 3 loops" 1
FAIL: gcc.target/i386/indirect-thunk-1.c scan-assembler jmp[ \\t]*__x86_indirect_thunk_(r|e)ax
FAIL: gcc.target/i386/indirect-thunk-2.c scan-assembler jmp[ \\t]*__x86_indirect_thunk_(r|e)ax
FAIL: gcc.target/i386/indirect-thunk-3.c scan-assembler call[ \\t]*__x86_indirect_thunk_(r|e)ax
FAIL: gcc.target/i386/indirect-thunk-4.c scan-assembler call[ \\t]*__x86_indirect_thunk_(r|e)ax
FAIL: gcc.target/i386/indirect-thunk-7.c scan-assembler jmp[ \\t]*__x86_indirect_thunk_(r|e)ax
FAIL: gcc.target/i386/indirect-thunk-attr-1.c scan-assembler jmp[ \\t]*__x86_indirect_thunk_(r|e)ax
FAIL: gcc.target/i386/indirect-thunk-attr-2.c scan-assembler jmp[ \\t]*__x86_indirect_thunk_(r|e)ax
FAIL: gcc.target/i386/indirect-thunk-attr-5.c scan-assembler call[ \\t]*__x86_indirect_thunk_(r|e)ax
FAIL: gcc.target/i386/indirect-thunk-attr-6.c scan-assembler call[ \\t]*__x86_indirect_thunk_(r|e)ax
FAIL: gcc.target/i386/indirect-thunk-attr-7.c scan-assembler jmp[ \\t]*__x86_indirect_thunk(_nt|)_(r|e)ax
FAIL: gcc.target/i386/indirect-thunk-extern-1.c scan-assembler jmp[ \\t]*__x86_indirect_thunk_(r|e)ax
FAIL: gcc.target/i386/indirect-thunk-extern-2.c scan-assembler jmp[ \\t]*__x86_indirect_thunk_(r|e)ax
FAIL: gcc.target/i386/indirect-thunk-extern-3.c scan-assembler call[ \\t]*__x86_indirect_thunk_(r|e)ax
FAIL: gcc.target/i386/indirect-thunk-extern-4.c scan-assembler call[ \\t]*__x86_indirect_thunk_(r|e)ax
FAIL: gcc.target/i386/indirect-thunk-extern-7.c scan-assembler jmp[ \\t]*__x86_indirect_thunk(_nt|)_(r|e)ax
FAIL: gcc.target/i386/indirect-thunk-register-1.c scan-assembler jmp[ \\t]*__x86_indirect_thunk_(r|e)ax
FAIL: gcc.target/i386/indirect-thunk-register-3.c scan-assembler jmp[ \\t]*__x86_indirect_thunk_(r|e)ax
FAIL: gcc.target/i386/pr63527.c scan-assembler-not movl[ \\t]%[^,]+, %ebx
FAIL: gcc.target/i386/pr63534.c scan-assembler-not movl[ \\t]%[^,]+, %ebx
FAIL: gcc.target/i386/ret-thunk-1.c scan-assembler jmp[ \\t]*__x86_return_thunk
FAIL: gcc.target/i386/ret-thunk-10.c scan-assembler __x86_indirect_thunk_(r|e)ax:
FAIL: gcc.target/i386/ret-thunk-10.c scan-assembler call[ \\t]*__x86_indirect_thunk_(r|e)ax
FAIL: gcc.target/i386/ret-thunk-11.c scan-assembler __x86_indirect_thunk_(r|e)ax:
FAIL: gcc.target/i386/ret-thunk-11.c scan-assembler call[ \\t]*__x86_indirect_thunk_(r|e)ax
FAIL: gcc.target/i386/ret-thunk-11.c scan-assembler jmp[ \\t]*__x86_return_thunk
FAIL: gcc.target/i386/ret-thunk-12.c scan-assembler __x86_indirect_thunk_(r|e)ax:
FAIL: gcc.target/i386/ret-thunk-12.c scan-assembler call[ \\t]*__x86_indirect_thunk_(r|e)ax
FAIL: gcc.target/i386/ret-thunk-13.c scan-assembler jmp[ \\t]*__x86_return_thunk
FAIL: gcc.target/i386/ret-thunk-14.c scan-assembler call[ \\t]*__x86_indirect_thunk_(r|e)ax
FAIL: gcc.target/i386/ret-thunk-15.c scan-assembler call[ \\t]*__x86_indirect_thunk_(r|e)ax
FAIL: gcc.target/i386/ret-thunk-15.c scan-assembler jmp[ \\t]*__x86_return_thunk
FAIL: gcc.target/i386/ret-thunk-22.c scan-assembler jmp[ \\t]*__x86_return_thunk_ecx
FAIL: gcc.target/i386/ret-thunk-23.c scan-assembler jmp[ \\t]*__x86_return_thunk_ecx
FAIL: gcc.target/i386/ret-thunk-26.c (test for excess errors)
UNRESOLVED: gcc.target/i386/ret-thunk-26.c compilation failed to produce executable
FAIL: gcc.target/i386/ret-thunk-3.c scan-assembler jmp[ \\t]*__x86_return_thunk
FAIL: gcc.target/i386/ret-thunk-5.c scan-assembler jmp[ \\t]*__x86_return_thunk
FAIL: gcc.target/i386/ret-thunk-7.c scan-assembler jmp[ \\t]*__x86_return_thunk
FAIL: gcc.target/i386/ret-thunk-9.c scan-assembler __x86_return_thunk:
FAIL: gcc.target/i386/ret-thunk-9.c scan-assembler call[ \\t]*__x86_indirect_thunk_(r|e)ax
FAIL: gcc.target/i386/ret-thunk-9.c scan-assembler jmp[ \\t]*__x86_return_thunk
=== gcc Summary for unix/-m32 ===
# of expected passes 125185
# of unexpected failures 61
# of unexpected successes 2
# of expected failures 474
# of unresolved testcases 14
# of unsupported tests 2279
=== gcc Summary ===
# of expected passes 252227
# of unexpected failures 101
# of unexpected successes 2
# of expected failures 944
# of unresolved testcases 14
# of unsupported tests 4415
/var/gcc/regression/trunk/10-gcc-gas-64/build/gcc/xgcc version 9.0.0 20181005 (experimental) [trunk revision 264862] (GCC)
=== gfortran tests ===
Running target unix
FAIL: gfortran.dg/char_bounds_check_fail_1.f90 -Os (test for excess errors)
UNRESOLVED: gfortran.dg/char_bounds_check_fail_1.f90 -Os compilation failed to produce executable
UNRESOLVED: gfortran.dg/char_cast_1.f90 -O scan-tree-dump-times original "6\\\\]\\\\[1\\\\]" 2
FAIL: gfortran.dg/char_cast_1.f90 -O (test for excess errors)
UNRESOLVED: gfortran.dg/char_cast_2.f90 -O scan-tree-dump-times original "5\\\\]\\\\[1\\\\]" 2
FAIL: gfortran.dg/char_cast_2.f90 -O (test for excess errors)
FAIL: gfortran.dg/char_comparison_1.f -O0 (test for excess errors)
UNRESOLVED: gfortran.dg/char_comparison_1.f -O0 compilation failed to produce executable
FAIL: gfortran.dg/char_cshift_1.f90 -Os (test for excess errors)
UNRESOLVED: gfortran.dg/char_cshift_1.f90 -Os compilation failed to produce executable
FAIL: gfortran.dg/char_cshift_2.f90 -O0 (test for excess errors)
UNRESOLVED: gfortran.dg/char_cshift_2.f90 -O0 compilation failed to produce executable
FAIL: gfortran.dg/char_cshift_2.f90 -O1 (test for excess errors)
UNRESOLVED: gfortran.dg/char_cshift_2.f90 -O1 compilation failed to produce executable
FAIL: gfortran.dg/char_cshift_2.f90 -O2 (test for excess errors)
UNRESOLVED: gfortran.dg/char_cshift_2.f90 -O2 compilation failed to produce executable
FAIL: gfortran.dg/char_eoshift_3.f90 -O3 -fomit-frame-pointer -funroll-loops -fpeel-loops -ftracer -finline-functions (test for excess errors)
UNRESOLVED: gfortran.dg/char_eoshift_3.f90 -O3 -fomit-frame-pointer -funroll-loops -fpeel-loops -ftracer -finline-functions compilation failed to produce executable
FAIL: gfortran.dg/char_eoshift_3.f90 -O3 -g (test for excess errors)
UNRESOLVED: gfortran.dg/char_eoshift_3.f90 -O3 -g compilation failed to produce executable
FAIL: gfortran.dg/char_eoshift_3.f90 -Os (test for excess errors)
UNRESOLVED: gfortran.dg/char_eoshift_3.f90 -Os compilation failed to produce executable
FAIL: gfortran.dg/char_eoshift_4.f90 -O0 (test for excess errors)
UNRESOLVED: gfortran.dg/char_eoshift_4.f90 -O0 compilation failed to produce executable
WARNING: program timed out
WARNING: program timed out
WARNING: program timed out
WARNING: program timed out
WARNING: program timed out
WARNING: program timed out
WARNING: program timed out
WARNING: program timed out
WARNING: program timed out
WARNING: program timed out
WARNING: program timed out
WARNING: program timed out
=== gfortran Summary for unix ===
# of expected passes 47795
# of unexpected failures 12
# of expected failures 104
# of unresolved testcases 12
# of unsupported tests 91
Running target unix/-m32
=== gfortran Summary for unix/-m32 ===
# of expected passes 47603
# of expected failures 104
# of unsupported tests 194
=== gfortran Summary ===
# of expected passes 95398
# of unexpected failures 12
# of expected failures 208
# of unresolved testcases 12
# of unsupported tests 285
/var/gcc/regression/trunk/10-gcc-gas-64/build/gcc/gfortran version 9.0.0 20181005 (experimental) [trunk revision 264862] (GCC)
=== gnat tests ===
Running target unix
FAIL: gnat.dg/string_merge1.adb scan-assembler-times \\\\.rodata\\\\.str 1
FAIL: gnat.dg/string_merge1.adb scan-assembler-times \\\\.string 1
FAIL: gnat.dg/string_merge2.adb scan-assembler-times \\\\.rodata\\\\.str 1
=== gnat Summary for unix ===
# of expected passes 2907
# of unexpected failures 3
# of expected failures 24
# of unsupported tests 8
Running target unix/-m32
FAIL: gnat.dg/string_merge1.adb scan-assembler-times \\\\.rodata\\\\.str 1
FAIL: gnat.dg/string_merge1.adb scan-assembler-times \\\\.string 1
FAIL: gnat.dg/string_merge2.adb scan-assembler-times \\\\.rodata\\\\.str 1
=== gnat Summary for unix/-m32 ===
# of expected passes 2907
# of unexpected failures 3
# of expected failures 24
# of unsupported tests 8
=== gnat Summary ===
# of expected passes 5814
# of unexpected failures 6
# of expected failures 48
# of unsupported tests 16
/var/gcc/regression/trunk/10-gcc-gas-64/build/gcc/gnatmake version 9.0.0 20181005 (experimental) [trunk revision 264862]
=== go tests ===
Running target unix
FAIL: go.go-torture/execute/printnil.go execution, -O0
FAIL: go.go-torture/execute/printnil.go execution, -O1
FAIL: go.go-torture/execute/printnil.go execution, -O2
FAIL: go.go-torture/execute/printnil.go execution, -O2 -fbounds-check
FAIL: go.go-torture/execute/printnil.go execution, -O2 -fomit-frame-pointer -finline-functions
FAIL: go.go-torture/execute/printnil.go execution, -O2 -fomit-frame-pointer -finline-functions -funroll-loops
FAIL: go.go-torture/execute/printnil.go execution, -O3 -g
FAIL: go.go-torture/execute/printnil.go execution, -Os
FAIL: ./index0-out.go execution, -O0 -g -fno-var-tracking-assignments
FAIL: go.test/test/closedchan.go execution, -O2 -g
FAIL: go.test/test/cmp.go execution, -O2 -g
FAIL: go.test/test/divmod.go execution, -O2 -g
FAIL: go.test/test/fixedbugs/bug113.go execution, -O2 -g
FAIL: go.test/test/fixedbugs/bug148.go execution, -O2 -g
FAIL: go.test/test/fixedbugs/bug266.go execution, -O2 -g
FAIL: go.test/test/fixedbugs/bug272.go execution, -O2 -g
FAIL: go.test/test/fixedbugs/bug273.go execution, -O2 -g
FAIL: go.test/test/fixedbugs/bug324.dir/prog.go execution, -O2 -g
FAIL: go.test/test/fixedbugs/bug444.go execution, -O2 -g
FAIL: go.test/test/fixedbugs/issue4066.go execution, -O2 -g
FAIL: go.test/test/fixedbugs/issue4353.go execution, -O2 -g
FAIL: go.test/test/fixedbugs/issue4562.go execution, -O2 -g
FAIL: go.test/test/fixedbugs/issue6055.go execution, -O2 -g
FAIL: go.test/test/interface/fail.go execution, -O2 -g
FAIL: go.test/test/interface/noeq.go execution, -O2 -g
FAIL: go.test/test/interface/returntype.go execution, -O2 -g
FAIL: go.test/test/method.go execution, -O2 -g
FAIL: go.test/test/method5.go execution, -O2 -g
FAIL: go.test/test/nil.go execution, -O2 -g
FAIL: go.test/test/nilptr.go execution, -O2 -g
FAIL: go.test/test/recover.go execution, -O2 -g
FAIL: go.test/test/recover1.go execution, -O2 -g
FAIL: go.test/test/recover2.go execution, -O2 -g
=== go Summary for unix ===
# of expected passes 7245
# of unexpected failures 33
# of expected failures 1
# of untested testcases 10
# of unsupported tests 1
Running target unix/-m32
FAIL: go.go-torture/execute/printnil.go execution, -O0
FAIL: go.go-torture/execute/printnil.go execution, -O1
FAIL: go.go-torture/execute/printnil.go execution, -O2
FAIL: go.go-torture/execute/printnil.go execution, -O2 -fbounds-check
FAIL: go.go-torture/execute/printnil.go execution, -O2 -fomit-frame-pointer -finline-functions
FAIL: go.go-torture/execute/printnil.go execution, -O2 -fomit-frame-pointer -finline-functions -funroll-loops
FAIL: go.go-torture/execute/printnil.go execution, -O3 -g
FAIL: go.go-torture/execute/printnil.go execution, -Os
FAIL: ./index0-out.go execution, -O0 -g -fno-var-tracking-assignments
FAIL: go.test/test/closedchan.go execution, -O2 -g
FAIL: go.test/test/cmp.go execution, -O2 -g
FAIL: go.test/test/divmod.go execution, -O2 -g
FAIL: go.test/test/fixedbugs/bug113.go execution, -O2 -g
FAIL: go.test/test/fixedbugs/bug148.go execution, -O2 -g
FAIL: go.test/test/fixedbugs/bug266.go execution, -O2 -g
FAIL: go.test/test/fixedbugs/bug272.go execution, -O2 -g
FAIL: go.test/test/fixedbugs/bug273.go execution, -O2 -g
FAIL: go.test/test/fixedbugs/bug324.dir/prog.go execution, -O2 -g
FAIL: go.test/test/fixedbugs/bug444.go execution, -O2 -g
FAIL: go.test/test/fixedbugs/issue4066.go execution, -O2 -g
FAIL: go.test/test/fixedbugs/issue4353.go execution, -O2 -g
FAIL: go.test/test/fixedbugs/issue4562.go execution, -O2 -g
FAIL: go.test/test/fixedbugs/issue6055.go execution, -O2 -g
FAIL: go.test/test/interface/fail.go execution, -O2 -g
FAIL: go.test/test/interface/noeq.go execution, -O2 -g
FAIL: go.test/test/interface/returntype.go execution, -O2 -g
FAIL: go.test/test/method.go execution, -O2 -g
FAIL: go.test/test/method5.go execution, -O2 -g
FAIL: go.test/test/nil.go execution, -O2 -g
FAIL: go.test/test/nilptr.go execution, -O2 -g
FAIL: go.test/test/recover.go execution, -O2 -g
FAIL: go.test/test/recover1.go execution, -O2 -g
FAIL: go.test/test/recover2.go execution, -O2 -g
=== go Summary for unix/-m32 ===
# of expected passes 7364
# of unexpected failures 33
# of expected failures 1
# of untested testcases 10
# of unsupported tests 2
=== go Summary ===
# of expected passes 14609
# of unexpected failures 66
# of expected failures 2
# of untested testcases 20
# of unsupported tests 3
=== obj-c++ tests ===
Running target unix/-m32
=== obj-c++ Summary for unix/-m32 ===
# of expected passes 1464
# of expected failures 2
# of unsupported tests 77
Running target unix
=== obj-c++ Summary for unix ===
# of expected passes 1456
# of expected failures 10
# of unsupported tests 77
=== obj-c++ Summary ===
# of expected passes 2920
# of expected failures 12
# of unsupported tests 154
/var/gcc/regression/trunk/10-gcc-gas-64/build/gcc/xg++ version 9.0.0 20181005 (experimental) [trunk revision 264862] (GCC)
=== objc tests ===
Running target unix
=== objc Summary for unix ===
# of expected passes 2797
# of expected failures 6
# of unsupported tests 68
Running target unix/-m32
=== objc Summary for unix/-m32 ===
# of expected passes 2797
# of expected failures 6
# of unsupported tests 68
=== objc Summary ===
# of expected passes 5594
# of expected failures 12
# of unsupported tests 136
/var/gcc/regression/trunk/10-gcc-gas-64/build/gcc/xgcc version 9.0.0 20181005 (experimental) [trunk revision 264862] (GCC)
=== gotools tests ===
FAIL: TestTestRegexps
FAIL: go test cmd/go
FAIL: go test runtime
FAIL: go test misc/cgo/test
FAIL: TestCompileWithoutShared
FAIL: TestEarlySignalHandler
FAIL: TestInstall
FAIL: TestOsSignal
FAIL: TestPIE
FAIL: TestSIGPROF
FAIL: TestSigaltstack
FAIL: TestSignalForwarding
FAIL: TestSignalForwardingExternal
FAIL: go test misc/cgo/testcarchive
=== gotools Summary ===
# of expected passes 94
# of unexpected failures 14
# of untested testcases 118
Compiler version: 9.0.0 20181005 (experimental) [trunk revision 264862] (GCC)
Platform: x86_64-pc-solaris2.10
configure flags: --prefix=/vol/gcc --target=amd64-pc-solaris2.10 --enable-objc-gc --with-target-bdw-gc-include=/vol/gcc/include --with-target-bdw-gc-lib=/vol/gcc/lib/amd64,32=/vol/gcc/lib --with-as=/vol/gcc/bin/amd64/gas-2.31 --with-gnu-as --with-gmp-include=/vol/gcc/include --with-gmp-lib=/vol/gcc/lib/amd64 --with-mpfr-include=/vol/gcc/include --with-mpfr-lib=/vol/gcc/lib/amd64 --with-mpc-include=/vol/gcc/include --with-mpc-lib=/vol/gcc/lib/amd64 --enable-languages=all,ada,obj-c++,go --with-isl-include=/vol/gcc/include --with-isl-lib=/vol/gcc/lib/amd64 --build=amd64-pc-solaris2.10 --host=amd64-pc-solaris2.10
BOOT_CFLAGS=-g -O2