This is the mail archive of the
gcc-testresults@gcc.gnu.org
mailing list for the GCC project.
Results for 8.2.1 20181007 [gcc-8-branch revision 264906] (GCC) testsuite on powerpc64-unknown-linux-gnu
- From: "Bill Seurer (POWER7)" <seurer at linux dot ibm dot com>
- To: gcc-testresults at gcc dot gnu dot org
- Date: Sat, 6 Oct 2018 23:39:59 -0500
- Subject: Results for 8.2.1 20181007 [gcc-8-branch revision 264906] (GCC) testsuite on powerpc64-unknown-linux-gnu
Linux 4.17.17-100.fc27.ppc64 ppc64
GNU ld version 2.29-13.fc27
GNU assembler version 2.29-13.fc27
GNU Make 4.2.1
DejaGnu:
DejaGnu version 1.6
Expect version 5.45
Tcl version 8.6
64-bit
LAST_UPDATED: Sun Oct 7 03:14:56 UTC 2018 (revision 264906)
Native configuration is powerpc64-unknown-linux-gnu
=== gcc tests ===
Running target unix
FAIL: c-c++-common/attr-nonstring-6.c -Wc++-compat (test for excess errors)
FAIL: gcc.dg/sms-1.c scan-rtl-dump-times sms "SMS succeeded" 1
FAIL: gcc.dg/gomp/pr82374.c scan-tree-dump-times vect "vectorized 1 loops" 2
ERROR: couldn't fork child process: resource temporarily unavailable
ERROR: couldn't fork child process: resource temporarily unavailable
ERROR: couldn't fork child process: resource temporarily unavailable
UNRESOLVED: gcc.dg/guality/const-volatile.c -O2 -flto -fuse-linker-plugin -fno-fat-lto-objects line 50 type:pci == const int *
ERROR: gcc.dg/guality/const-volatile.c -O2 -flto -fuse-linker-plugin -fno-fat-lto-objects : error executing dg-final: couldn't fork child process: resource temporarily unavailable
FAIL: gcc.dg/guality/csttest.c -O0 (test for excess errors)
UNRESOLVED: gcc.dg/guality/csttest.c -O0 compilation failed to produce executable
XPASS: gcc.dg/guality/example.c -O0 execution test
XPASS: gcc.dg/guality/example.c -O1 execution test
XPASS: gcc.dg/guality/guality.c -O0 execution test
XPASS: gcc.dg/guality/guality.c -O1 execution test
XPASS: gcc.dg/guality/guality.c -O2 execution test
XPASS: gcc.dg/guality/guality.c -O2 -flto -fno-use-linker-plugin -flto-partition=none execution test
XPASS: gcc.dg/guality/guality.c -O2 -flto -fuse-linker-plugin -fno-fat-lto-objects execution test
XPASS: gcc.dg/guality/guality.c -O3 -g execution test
XPASS: gcc.dg/guality/guality.c -Os execution test
XPASS: gcc.dg/guality/inline-params.c -O2 execution test
XPASS: gcc.dg/guality/inline-params.c -O2 -flto -fno-use-linker-plugin -flto-partition=none execution test
XPASS: gcc.dg/guality/inline-params.c -O2 -flto -fuse-linker-plugin -fno-fat-lto-objects execution test
XPASS: gcc.dg/guality/inline-params.c -O3 -g execution test
XPASS: gcc.dg/guality/inline-params.c -Os execution test
FAIL: gcc.dg/guality/pr36728-1.c -O2 -flto -fuse-linker-plugin -fno-fat-lto-objects line 16 y == 2
FAIL: gcc.dg/guality/pr36728-2.c -O2 line 18 *x == (char) 25
FAIL: gcc.dg/guality/pr36728-2.c -O2 -flto -fno-use-linker-plugin -flto-partition=none line 18 *x == (char) 25
FAIL: gcc.dg/guality/pr36728-2.c -O2 -flto -fuse-linker-plugin -fno-fat-lto-objects line 16 arg1 == 1
FAIL: gcc.dg/guality/pr36728-2.c -O2 -flto -fuse-linker-plugin -fno-fat-lto-objects line 16 arg2 == 2
FAIL: gcc.dg/guality/pr36728-2.c -O2 -flto -fuse-linker-plugin -fno-fat-lto-objects line 16 arg3 == 3
FAIL: gcc.dg/guality/pr36728-2.c -O2 -flto -fuse-linker-plugin -fno-fat-lto-objects line 16 arg4 == 4
FAIL: gcc.dg/guality/pr36728-2.c -O2 -flto -fuse-linker-plugin -fno-fat-lto-objects line 16 arg5 == 5
FAIL: gcc.dg/guality/pr36728-2.c -O2 -flto -fuse-linker-plugin -fno-fat-lto-objects line 16 arg6 == 6
FAIL: gcc.dg/guality/pr36728-2.c -O2 -flto -fuse-linker-plugin -fno-fat-lto-objects line 16 arg7 == 30
FAIL: gcc.dg/guality/pr36728-2.c -O2 -flto -fuse-linker-plugin -fno-fat-lto-objects line 18 arg1 == 1
FAIL: gcc.dg/guality/pr36728-2.c -O2 -flto -fuse-linker-plugin -fno-fat-lto-objects line 18 arg2 == 2
FAIL: gcc.dg/guality/pr36728-2.c -O2 -flto -fuse-linker-plugin -fno-fat-lto-objects line 18 arg3 == 3
FAIL: gcc.dg/guality/pr36728-2.c -O2 -flto -fuse-linker-plugin -fno-fat-lto-objects line 18 arg4 == 4
FAIL: gcc.dg/guality/pr36728-2.c -O2 -flto -fuse-linker-plugin -fno-fat-lto-objects line 18 arg5 == 5
FAIL: gcc.dg/guality/pr36728-2.c -O2 -flto -fuse-linker-plugin -fno-fat-lto-objects line 18 arg6 == 6
FAIL: gcc.dg/guality/pr36728-2.c -O2 -flto -fuse-linker-plugin -fno-fat-lto-objects line 18 arg7 == 30
FAIL: gcc.dg/guality/pr36728-2.c -O3 -g line 16 arg1 == 1
FAIL: gcc.dg/guality/pr36728-2.c -O3 -g line 16 arg2 == 2
FAIL: gcc.dg/guality/pr36728-2.c -O3 -g line 16 arg3 == 3
FAIL: gcc.dg/guality/pr36728-2.c -O3 -g line 16 arg4 == 4
FAIL: gcc.dg/guality/pr36728-2.c -O3 -g line 16 arg5 == 5
FAIL: gcc.dg/guality/pr36728-2.c -O3 -g line 16 arg6 == 6
FAIL: gcc.dg/guality/pr36728-2.c -O3 -g line 16 arg7 == 30
FAIL: gcc.dg/guality/pr36728-2.c -O3 -g line 18 *x == (char) 25
FAIL: gcc.dg/guality/pr36728-2.c -O3 -g line 18 arg1 == 1
FAIL: gcc.dg/guality/pr36728-2.c -O3 -g line 18 arg2 == 2
FAIL: gcc.dg/guality/pr36728-2.c -O3 -g line 18 arg3 == 3
FAIL: gcc.dg/guality/pr36728-2.c -O3 -g line 18 arg4 == 4
FAIL: gcc.dg/guality/pr36728-2.c -O3 -g line 18 arg5 == 5
FAIL: gcc.dg/guality/pr36728-2.c -O3 -g line 18 arg6 == 6
FAIL: gcc.dg/guality/pr36728-2.c -O3 -g line 18 arg7 == 30
XPASS: gcc.dg/guality/pr41353-1.c -O0 line 28 j == 28 + 37
UNRESOLVED: gcc.dg/guality/pr41353-1.c -O0 line 39 i1 == 2 * 12
ERROR: gcc.dg/guality/pr41353-1.c -O0 : error executing dg-final: couldn't fork child process: resource temporarily unavailable
FAIL: gcc.dg/guality/pr41353-1.c -O1 (test for excess errors)
UNRESOLVED: gcc.dg/guality/pr41353-1.c -O1 compilation failed to produce executable
FAIL: gcc.dg/guality/pr41616-1.c -O2 execution test
FAIL: gcc.dg/guality/pr41616-1.c -O2 -flto -fno-use-linker-plugin -flto-partition=none execution test
FAIL: gcc.dg/guality/pr41616-1.c -O2 -flto -fuse-linker-plugin -fno-fat-lto-objects execution test
FAIL: gcc.dg/guality/pr41616-1.c -O3 -g execution test
FAIL: gcc.dg/guality/pr43051-1.c -O1 line 35 v == 1
FAIL: gcc.dg/guality/pr43051-1.c -O1 line 40 v == 1
FAIL: gcc.dg/guality/pr43051-1.c -O2 line 35 v == 1
FAIL: gcc.dg/guality/pr43051-1.c -O2 line 40 v == 1
FAIL: gcc.dg/guality/pr43051-1.c -O2 -flto -fno-use-linker-plugin -flto-partition=none line 35 v == 1
FAIL: gcc.dg/guality/pr43051-1.c -O2 -flto -fno-use-linker-plugin -flto-partition=none line 40 v == 1
FAIL: gcc.dg/guality/pr43051-1.c -O2 -flto -fuse-linker-plugin -fno-fat-lto-objects line 35 v == 1
FAIL: gcc.dg/guality/pr43051-1.c -O2 -flto -fuse-linker-plugin -fno-fat-lto-objects line 40 v == 1
FAIL: gcc.dg/guality/pr43051-1.c -O3 -fomit-frame-pointer -funroll-loops -fpeel-loops -ftracer -finline-functions line 35 v == 1
FAIL: gcc.dg/guality/pr43051-1.c -O3 -fomit-frame-pointer -funroll-loops -fpeel-loops -ftracer -finline-functions line 40 v == 1
FAIL: gcc.dg/guality/pr43051-1.c -O3 -g line 35 v == 1
FAIL: gcc.dg/guality/pr43051-1.c -O3 -g line 40 v == 1
FAIL: gcc.dg/guality/pr43051-1.c -Os line 35 v == 1
FAIL: gcc.dg/guality/pr43051-1.c -Os line 40 v == 1
FAIL: gcc.dg/guality/pr45882.c -O2 -flto -fuse-linker-plugin -fno-fat-lto-objects line 16 d == 112
FAIL: gcc.dg/guality/pr45882.c -O2 -flto -fuse-linker-plugin -fno-fat-lto-objects line 16 e == 142
FAIL: gcc.dg/guality/pr54200.c -O1 line 20 z == 3
FAIL: gcc.dg/guality/pr54200.c -O2 line 20 z == 3
FAIL: gcc.dg/guality/pr54200.c -O2 -flto -fno-use-linker-plugin -flto-partition=none line 20 z == 3
FAIL: gcc.dg/guality/pr54200.c -O3 -g line 20 z == 3
FAIL: gcc.dg/guality/pr54200.c -Os line 20 z == 3
FAIL: gcc.dg/guality/pr54519-1.c -O1 line 20 x == 36
FAIL: gcc.dg/guality/pr54519-1.c -O1 line 20 y == 25
FAIL: gcc.dg/guality/pr54519-1.c -O1 line 23 x == 98
FAIL: gcc.dg/guality/pr54519-1.c -O1 line 23 y == 117
FAIL: gcc.dg/guality/pr54519-1.c -O2 line 20 x == 36
FAIL: gcc.dg/guality/pr54519-1.c -O2 line 23 x == 98
FAIL: gcc.dg/guality/pr54519-1.c -O2 -flto -fno-use-linker-plugin -flto-partition=none line 20 x == 36
FAIL: gcc.dg/guality/pr54519-1.c -O2 -flto -fno-use-linker-plugin -flto-partition=none line 20 y == 25
FAIL: gcc.dg/guality/pr54519-1.c -O2 -flto -fno-use-linker-plugin -flto-partition=none line 20 z == 6
FAIL: gcc.dg/guality/pr54519-1.c -O2 -flto -fno-use-linker-plugin -flto-partition=none line 23 x == 98
FAIL: gcc.dg/guality/pr54519-1.c -O2 -flto -fno-use-linker-plugin -flto-partition=none line 23 y == 117
FAIL: gcc.dg/guality/pr54519-1.c -O2 -flto -fno-use-linker-plugin -flto-partition=none line 23 z == 8
FAIL: gcc.dg/guality/pr54519-1.c -Os line 20 x == 36
FAIL: gcc.dg/guality/pr54519-1.c -Os line 23 x == 98
FAIL: gcc.dg/guality/pr54519-2.c -O1 line 17 x == 6
FAIL: gcc.dg/guality/pr54519-2.c -O2 line 17 x == 6
FAIL: gcc.dg/guality/pr54519-2.c -O2 -flto -fno-use-linker-plugin -flto-partition=none line 17 x == 6
FAIL: gcc.dg/guality/pr54519-2.c -O2 -flto -fno-use-linker-plugin -flto-partition=none line 17 y == 25
FAIL: gcc.dg/guality/pr54519-2.c -O2 -flto -fuse-linker-plugin -fno-fat-lto-objects line 17 y == 25
FAIL: gcc.dg/guality/pr54519-3.c -O1 line 20 x == 36
FAIL: gcc.dg/guality/pr54519-3.c -O1 line 20 y == 25
FAIL: gcc.dg/guality/pr54519-3.c -O1 line 20 z == 6
FAIL: gcc.dg/guality/pr54519-3.c -O1 line 23 x == 98
FAIL: gcc.dg/guality/pr54519-3.c -O1 line 23 y == 117
FAIL: gcc.dg/guality/pr54519-3.c -O1 line 23 z == 8
FAIL: gcc.dg/guality/pr54519-3.c -O2 line 20 z == 6
FAIL: gcc.dg/guality/pr54519-3.c -O2 line 23 z == 8
FAIL: gcc.dg/guality/pr54519-3.c -O2 -flto -fno-use-linker-plugin -flto-partition=none line 20 y == 25
FAIL: gcc.dg/guality/pr54519-3.c -O2 -flto -fno-use-linker-plugin -flto-partition=none line 20 z == 6
FAIL: gcc.dg/guality/pr54519-3.c -O2 -flto -fno-use-linker-plugin -flto-partition=none line 23 y == 117
FAIL: gcc.dg/guality/pr54519-3.c -O2 -flto -fno-use-linker-plugin -flto-partition=none line 23 z == 8
FAIL: gcc.dg/guality/pr54519-3.c -O2 -flto -fuse-linker-plugin -fno-fat-lto-objects line 20 y == 25
FAIL: gcc.dg/guality/pr54519-3.c -O2 -flto -fuse-linker-plugin -fno-fat-lto-objects line 20 z == 6
FAIL: gcc.dg/guality/pr54519-3.c -O2 -flto -fuse-linker-plugin -fno-fat-lto-objects line 23 y == 117
FAIL: gcc.dg/guality/pr54519-3.c -O2 -flto -fuse-linker-plugin -fno-fat-lto-objects line 23 z == 8
FAIL: gcc.dg/guality/pr54519-3.c -O3 -g line 20 z == 6
FAIL: gcc.dg/guality/pr54519-3.c -O3 -g line 23 z == 8
FAIL: gcc.dg/guality/pr54519-3.c -Os line 20 z == 6
FAIL: gcc.dg/guality/pr54519-3.c -Os line 23 z == 8
UNRESOLVED: gcc.dg/guality/pr54519-4.c -O0 line 22 y == 68
ERROR: gcc.dg/guality/pr54519-4.c -O0 : error executing dg-final: couldn't fork child process: resource temporarily unavailable
FAIL: gcc.dg/guality/pr54519-4.c -O1 (test for excess errors)
UNRESOLVED: gcc.dg/guality/pr54519-4.c -O1 compilation failed to produce executable
FAIL: gcc.dg/guality/pr54519-4.c -O2 (test for excess errors)
UNRESOLVED: gcc.dg/guality/pr54519-4.c -O2 compilation failed to produce executable
FAIL: gcc.dg/guality/pr54519-4.c -O2 -flto -fno-use-linker-plugin -flto-partition=none (test for excess errors)
UNRESOLVED: gcc.dg/guality/pr54519-4.c -O2 -flto -fno-use-linker-plugin -flto-partition=none compilation failed to produce executable
FAIL: gcc.dg/guality/pr54519-4.c -O2 -flto -fuse-linker-plugin -fno-fat-lto-objects (test for excess errors)
UNRESOLVED: gcc.dg/guality/pr54519-4.c -O2 -flto -fuse-linker-plugin -fno-fat-lto-objects compilation failed to produce executable
FAIL: gcc.dg/guality/pr54519-4.c -O3 -g (test for excess errors)
UNRESOLVED: gcc.dg/guality/pr54519-4.c -O3 -g compilation failed to produce executable
FAIL: gcc.dg/guality/pr54519-4.c -Os (test for excess errors)
UNRESOLVED: gcc.dg/guality/pr54519-4.c -Os compilation failed to produce executable
FAIL: gcc.dg/guality/pr54519-5.c -O1 line 17 x == 6
FAIL: gcc.dg/guality/pr54519-5.c -O1 line 17 y == 25
FAIL: gcc.dg/guality/pr54519-5.c -O2 line 17 x == 6
FAIL: gcc.dg/guality/pr54519-5.c -O2 line 17 y == 25
FAIL: gcc.dg/guality/pr54519-5.c -O2 -flto -fno-use-linker-plugin -flto-partition=none line 17 x == 6
FAIL: gcc.dg/guality/pr54519-5.c -O2 -flto -fno-use-linker-plugin -flto-partition=none line 17 y == 25
FAIL: gcc.dg/guality/pr54519-5.c -O2 -flto -fuse-linker-plugin -fno-fat-lto-objects line 17 y == 25
FAIL: gcc.dg/guality/pr54519-5.c -O3 -g line 17 y == 25
FAIL: gcc.dg/guality/pr54519-5.c -Os line 17 y == 25
FAIL: gcc.dg/guality/pr54551.c -O1 line 18 a == 4
FAIL: gcc.dg/guality/pr54551.c -O2 line 18 a == 4
FAIL: gcc.dg/guality/pr54551.c -O2 -flto -fno-use-linker-plugin -flto-partition=none line 18 a == 4
FAIL: gcc.dg/guality/pr54551.c -O3 -g line 18 a == 4
FAIL: gcc.dg/guality/pr54551.c -Os line 18 a == 4
FAIL: gcc.dg/guality/pr54693-2.c -O1 line 21 x == 10 - i
FAIL: gcc.dg/guality/pr54693-2.c -O1 line 21 y == 20 - 2 * i
FAIL: gcc.dg/guality/pr54693-2.c -O2 line 21 x == 10 - i
FAIL: gcc.dg/guality/pr54693-2.c -O2 line 21 y == 20 - 2 * i
FAIL: gcc.dg/guality/pr54693-2.c -O2 -flto -fno-use-linker-plugin -flto-partition=none line 21 x == 10 - i
FAIL: gcc.dg/guality/pr54693-2.c -O2 -flto -fno-use-linker-plugin -flto-partition=none line 21 y == 20 - 2 * i
FAIL: gcc.dg/guality/pr54693-2.c -O2 -flto -fuse-linker-plugin -fno-fat-lto-objects line 21 y == 20 - 2 * i
FAIL: gcc.dg/guality/pr54693-2.c -O2 -flto -fuse-linker-plugin -fno-fat-lto-objects line 21 z == 30 - 3 * i
FAIL: gcc.dg/guality/pr54693-2.c -O3 -fomit-frame-pointer -funroll-loops -fpeel-loops -ftracer -finline-functions line 21 x == 10 - i
FAIL: gcc.dg/guality/pr54693-2.c -O3 -fomit-frame-pointer -funroll-loops -fpeel-loops -ftracer -finline-functions line 21 y == 20 - 2 * i
FAIL: gcc.dg/guality/pr54693-2.c -O3 -g line 21 x == 10 - i
FAIL: gcc.dg/guality/pr54693-2.c -O3 -g line 21 y == 20 - 2 * i
FAIL: gcc.dg/guality/pr54693-2.c -Os line 21 y == 20 - 2 * i
FAIL: gcc.dg/guality/pr54693-2.c -Os line 21 z == 30 - 3 * i
FAIL: gcc.dg/guality/pr54693.c -Os line 22 i == c - 48
XPASS: gcc.dg/guality/pr54970.c -O0 line 31 a[0] == 4
XPASS: gcc.dg/guality/pr54970.c -O0 line 36 a[0] == 4
XPASS: gcc.dg/guality/pr54970.c -O0 line 45 a[0] == 4
XPASS: gcc.dg/guality/pr54970.c -O0 line 45 p[-2] == 4
XPASS: gcc.dg/guality/pr54970.c -O0 line 45 q[-1] == 4
FAIL: gcc.dg/guality/pr58791-2.c -O2 -flto -fno-use-linker-plugin -flto-partition=none line pr58791-2.c:27 d & 1 == 1
FAIL: gcc.dg/guality/pr68860-1.c -O2 -flto -fno-use-linker-plugin -flto-partition=none line 14 arg1 == 1
FAIL: gcc.dg/guality/pr68860-1.c -O2 -flto -fno-use-linker-plugin -flto-partition=none line 14 arg2 == 2
FAIL: gcc.dg/guality/pr68860-1.c -O2 -flto -fno-use-linker-plugin -flto-partition=none line 14 arg3 == 3
FAIL: gcc.dg/guality/pr68860-1.c -O2 -flto -fno-use-linker-plugin -flto-partition=none line 14 arg4 == 4
FAIL: gcc.dg/guality/pr68860-1.c -O2 -flto -fno-use-linker-plugin -flto-partition=none line 14 arg5 == 5
FAIL: gcc.dg/guality/pr68860-1.c -O2 -flto -fno-use-linker-plugin -flto-partition=none line 14 arg6 == 6
FAIL: gcc.dg/guality/pr68860-1.c -O2 -flto -fno-use-linker-plugin -flto-partition=none line 16 arg1 == 1
FAIL: gcc.dg/guality/pr68860-1.c -O2 -flto -fno-use-linker-plugin -flto-partition=none line 16 arg2 == 2
FAIL: gcc.dg/guality/pr68860-1.c -O2 -flto -fno-use-linker-plugin -flto-partition=none line 16 arg3 == 3
FAIL: gcc.dg/guality/pr68860-1.c -O2 -flto -fno-use-linker-plugin -flto-partition=none line 16 arg4 == 4
FAIL: gcc.dg/guality/pr68860-1.c -O2 -flto -fno-use-linker-plugin -flto-partition=none line 16 arg5 == 5
FAIL: gcc.dg/guality/pr68860-1.c -O2 -flto -fno-use-linker-plugin -flto-partition=none line 16 arg6 == 6
FAIL: gcc.dg/guality/pr68860-1.c -O2 -flto -fuse-linker-plugin -fno-fat-lto-objects line 14 arg1 == 1
FAIL: gcc.dg/guality/pr68860-1.c -O2 -flto -fuse-linker-plugin -fno-fat-lto-objects line 14 arg2 == 2
FAIL: gcc.dg/guality/pr68860-1.c -O2 -flto -fuse-linker-plugin -fno-fat-lto-objects line 14 arg3 == 3
FAIL: gcc.dg/guality/pr68860-1.c -O2 -flto -fuse-linker-plugin -fno-fat-lto-objects line 14 arg4 == 4
FAIL: gcc.dg/guality/pr68860-1.c -O2 -flto -fuse-linker-plugin -fno-fat-lto-objects line 14 arg5 == 5
FAIL: gcc.dg/guality/pr68860-1.c -O2 -flto -fuse-linker-plugin -fno-fat-lto-objects line 14 arg6 == 6
FAIL: gcc.dg/guality/pr68860-1.c -O2 -flto -fuse-linker-plugin -fno-fat-lto-objects line 16 arg1 == 1
FAIL: gcc.dg/guality/pr68860-1.c -O2 -flto -fuse-linker-plugin -fno-fat-lto-objects line 16 arg2 == 2
FAIL: gcc.dg/guality/pr68860-1.c -O2 -flto -fuse-linker-plugin -fno-fat-lto-objects line 16 arg3 == 3
FAIL: gcc.dg/guality/pr68860-1.c -O2 -flto -fuse-linker-plugin -fno-fat-lto-objects line 16 arg4 == 4
FAIL: gcc.dg/guality/pr68860-1.c -O2 -flto -fuse-linker-plugin -fno-fat-lto-objects line 16 arg5 == 5
FAIL: gcc.dg/guality/pr68860-1.c -O2 -flto -fuse-linker-plugin -fno-fat-lto-objects line 16 arg6 == 6
FAIL: gcc.dg/guality/sra-1.c -Os line 43 a.j == 14
FAIL: gcc.dg/guality/vla-1.c -O1 line 17 sizeof (a) == 6
FAIL: gcc.dg/guality/vla-1.c -O2 line 17 sizeof (a) == 6
FAIL: gcc.dg/guality/vla-1.c -O2 -flto -fno-use-linker-plugin -flto-partition=none line 17 sizeof (a) == 6
FAIL: gcc.dg/guality/vla-1.c -O2 -flto -fno-use-linker-plugin -flto-partition=none line 24 sizeof (a) == 17 * sizeof (short)
FAIL: gcc.dg/guality/vla-1.c -O2 -flto -fuse-linker-plugin -fno-fat-lto-objects line 17 sizeof (a) == 6
FAIL: gcc.dg/guality/vla-1.c -O2 -flto -fuse-linker-plugin -fno-fat-lto-objects line 24 sizeof (a) == 17 * sizeof (short)
FAIL: gcc.dg/guality/vla-1.c -O3 -g line 17 sizeof (a) == 6
FAIL: gcc.dg/guality/vla-1.c -Os line 17 sizeof (a) == 6
FAIL: gcc.dg/ipa/iinline-attr.c scan-ipa-dump inline "hooray[^\\\\n]*inline copy in test"
FAIL: gcc.dg/torture/pr52451.c -O0 execution test
FAIL: gcc.dg/torture/pr52451.c -O1 execution test
FAIL: gcc.dg/torture/pr52451.c -O2 execution test
FAIL: gcc.dg/torture/pr52451.c -O2 -flto -fno-use-linker-plugin -flto-partition=none execution test
FAIL: gcc.dg/torture/pr52451.c -O2 -flto -fuse-linker-plugin -fno-fat-lto-objects execution test
FAIL: gcc.dg/torture/pr52451.c -O3 -g execution test
FAIL: gcc.dg/torture/pr52451.c -Os execution test
FAIL: gcc.dg/torture/pr69771.c -O2 -flto -fno-use-linker-plugin -flto-partition=none (test for warnings, line 12)
FAIL: gcc.dg/torture/pr69771.c -O2 -flto -fno-use-linker-plugin -flto-partition=none (test for excess errors)
FAIL: gcc.dg/torture/pr69771.c -O2 -flto -fuse-linker-plugin -fno-fat-lto-objects (test for warnings, line 12)
FAIL: gcc.dg/torture/pr69771.c -O2 -flto -fuse-linker-plugin -fno-fat-lto-objects (test for excess errors)
FAIL: gcc.dg/torture/pr69771.c -Os (test for warnings, line 12)
FAIL: gcc.dg/torture/pr69771.c -Os (test for excess errors)
FAIL: gcc.dg/torture/pr69776-2.c -O0 (test for excess errors)
UNRESOLVED: gcc.dg/torture/pr69776-2.c -O0 compilation failed to produce executable
FAIL: gcc.dg/torture/pr69776-2.c -O1 (test for excess errors)
UNRESOLVED: gcc.dg/torture/pr69776-2.c -O1 compilation failed to produce executable
FAIL: gcc.dg/torture/pr69776-2.c -O2 (test for excess errors)
UNRESOLVED: gcc.dg/torture/pr69776-2.c -O2 compilation failed to produce executable
FAIL: gcc.dg/torture/pr69776-2.c -O2 -flto -fno-use-linker-plugin -flto-partition=none (test for excess errors)
UNRESOLVED: gcc.dg/torture/pr69776-2.c -O2 -flto -fno-use-linker-plugin -flto-partition=none compilation failed to produce executable
FAIL: gcc.dg/torture/pr69776-2.c -O2 -flto -fuse-linker-plugin -fno-fat-lto-objects (test for excess errors)
UNRESOLVED: gcc.dg/torture/pr69776-2.c -O2 -flto -fuse-linker-plugin -fno-fat-lto-objects compilation failed to produce executable
FAIL: gcc.dg/torture/pr69776-2.c -O3 -g (test for excess errors)
UNRESOLVED: gcc.dg/torture/pr69776-2.c -O3 -g compilation failed to produce executable
FAIL: gcc.dg/torture/pr69776-2.c -Os (test for excess errors)
UNRESOLVED: gcc.dg/torture/pr69776-2.c -Os compilation failed to produce executable
FAIL: gcc.dg/torture/pr69776.c -O0 (test for excess errors)
UNRESOLVED: gcc.dg/torture/pr69776.c -O0 compilation failed to produce executable
FAIL: gcc.dg/torture/pr69776.c -O1 (test for excess errors)
UNRESOLVED: gcc.dg/torture/pr69776.c -O1 compilation failed to produce executable
FAIL: gcc.dg/torture/pr69776.c -O2 (test for excess errors)
UNRESOLVED: gcc.dg/torture/pr69776.c -O2 compilation failed to produce executable
FAIL: gcc.dg/torture/pr69776.c -O2 -flto -fno-use-linker-plugin -flto-partition=none (test for excess errors)
UNRESOLVED: gcc.dg/torture/pr69776.c -O2 -flto -fno-use-linker-plugin -flto-partition=none compilation failed to produce executable
FAIL: gcc.dg/torture/pr69776.c -O2 -flto -fuse-linker-plugin -fno-fat-lto-objects (test for excess errors)
UNRESOLVED: gcc.dg/torture/pr69776.c -O2 -flto -fuse-linker-plugin -fno-fat-lto-objects compilation failed to produce executable
FAIL: gcc.dg/torture/pr69776.c -O3 -g (test for excess errors)
UNRESOLVED: gcc.dg/torture/pr69776.c -O3 -g compilation failed to produce executable
FAIL: gcc.dg/torture/pr69776.c -Os (test for excess errors)
UNRESOLVED: gcc.dg/torture/pr69776.c -Os compilation failed to produce executable
FAIL: gcc.dg/torture/pr71887.c -O2 -flto -fno-use-linker-plugin -flto-partition=none (test for excess errors)
UNRESOLVED: gcc.dg/torture/pr71887.c -O2 -flto -fno-use-linker-plugin -flto-partition=none compilation failed to produce executable
FAIL: gcc.dg/torture/pr71887.c -O2 -flto -fuse-linker-plugin -fno-fat-lto-objects (test for excess errors)
UNRESOLVED: gcc.dg/torture/pr71887.c -O2 -flto -fuse-linker-plugin -fno-fat-lto-objects compilation failed to produce executable
FAIL: gcc.dg/torture/pr71887.c -Os execution test
FAIL: gcc.dg/torture/pr71901.c -O0 (test for excess errors)
FAIL: gcc.dg/torture/pr71901.c -O1 (test for excess errors)
FAIL: gcc.dg/torture/pr71901.c -O2 (test for excess errors)
FAIL: gcc.dg/torture/pr71901.c -O2 -flto -fno-use-linker-plugin -flto-partition=none (test for excess errors)
FAIL: gcc.dg/torture/pr71901.c -O2 -flto -fuse-linker-plugin -fno-fat-lto-objects (test for excess errors)
FAIL: gcc.dg/torture/pr71901.c -O3 -fomit-frame-pointer -funroll-loops -fpeel-loops -ftracer -finline-functions (test for excess errors)
FAIL: gcc.dg/torture/pr71901.c -O3 -g (test for excess errors)
FAIL: gcc.dg/torture/pr71901.c -Os (test for excess errors)
FAIL: gcc.dg/torture/pr78515.c -O2 -flto -fuse-linker-plugin -fno-fat-lto-objects (test for excess errors)
FAIL: gcc.dg/torture/pr78517.c -O0 (test for excess errors)
FAIL: gcc.dg/torture/pr78517.c -O1 (test for excess errors)
FAIL: gcc.dg/torture/pr78517.c -O2 (test for excess errors)
FAIL: gcc.dg/torture/pr78517.c -O2 -flto -fno-use-linker-plugin -flto-partition=none (test for excess errors)
FAIL: gcc.dg/torture/pr78517.c -O2 -flto -fuse-linker-plugin -fno-fat-lto-objects (test for excess errors)
FAIL: gcc.dg/torture/pr78517.c -O3 -g (test for excess errors)
FAIL: gcc.dg/torture/pr78517.c -Os (test for excess errors)
FAIL: gcc.dg/torture/pr78542.c -O0 (test for excess errors)
UNRESOLVED: gcc.dg/torture/pr78542.c -O0 compilation failed to produce executable
FAIL: gcc.dg/torture/pr78542.c -O1 (test for excess errors)
UNRESOLVED: gcc.dg/torture/pr78542.c -O1 compilation failed to produce executable
FAIL: gcc.dg/torture/pr78542.c -O2 (test for excess errors)
UNRESOLVED: gcc.dg/torture/pr78542.c -O2 compilation failed to produce executable
FAIL: gcc.dg/torture/pr78542.c -O2 -flto -fno-use-linker-plugin -flto-partition=none (test for excess errors)
UNRESOLVED: gcc.dg/torture/pr78542.c -O2 -flto -fno-use-linker-plugin -flto-partition=none compilation failed to produce executable
FAIL: gcc.dg/torture/pr78542.c -O2 -flto -fuse-linker-plugin -fno-fat-lto-objects (test for excess errors)
UNRESOLVED: gcc.dg/torture/pr78542.c -O2 -flto -fuse-linker-plugin -fno-fat-lto-objects compilation failed to produce executable
FAIL: gcc.dg/torture/pr78542.c -O3 -fomit-frame-pointer -funroll-loops -fpeel-loops -ftracer -finline-functions (test for excess errors)
UNRESOLVED: gcc.dg/torture/pr78542.c -O3 -fomit-frame-pointer -funroll-loops -fpeel-loops -ftracer -finline-functions compilation failed to produce executable
FAIL: gcc.dg/torture/pr78542.c -O3 -g (test for excess errors)
UNRESOLVED: gcc.dg/torture/pr78542.c -O3 -g compilation failed to produce executable
FAIL: gcc.dg/torture/pr78542.c -Os (test for excess errors)
UNRESOLVED: gcc.dg/torture/pr78542.c -Os compilation failed to produce executable
FAIL: gcc.dg/torture/pr79666.c -O2 (test for excess errors)
FAIL: gcc.dg/torture/pr80122.c -O2 -flto -fno-use-linker-plugin -flto-partition=none (test for excess errors)
UNRESOLVED: gcc.dg/torture/pr80122.c -O2 -flto -fno-use-linker-plugin -flto-partition=none compilation failed to produce executable
FAIL: gcc.dg/torture/pr80122.c -O2 -flto -fuse-linker-plugin -fno-fat-lto-objects (test for excess errors)
UNRESOLVED: gcc.dg/torture/pr80122.c -O2 -flto -fuse-linker-plugin -fno-fat-lto-objects compilation failed to produce executable
FAIL: gcc.dg/torture/pr80122.c -Os execution test
FAIL: gcc.dg/torture/pr80163.c -O0 (test for excess errors)
FAIL: gcc.dg/torture/pr80163.c -O1 (test for excess errors)
FAIL: gcc.dg/torture/pr80163.c -O2 (test for excess errors)
FAIL: gcc.dg/torture/pr80163.c -O2 -flto -fno-use-linker-plugin -flto-partition=none (test for excess errors)
FAIL: gcc.dg/torture/pr80163.c -O2 -flto -fuse-linker-plugin -fno-fat-lto-objects (test for excess errors)
FAIL: gcc.dg/torture/pr80163.c -O3 -g (test for excess errors)
FAIL: gcc.dg/torture/pr80163.c -Os (test for excess errors)
FAIL: gcc.dg/torture/pr80181.c -O0 (test for excess errors)
FAIL: gcc.dg/torture/pr80181.c -O1 (test for excess errors)
FAIL: gcc.dg/torture/pr80181.c -O2 (test for excess errors)
FAIL: gcc.dg/torture/pr80181.c -O2 -flto -fno-use-linker-plugin -flto-partition=none (test for excess errors)
FAIL: gcc.dg/torture/pr80181.c -O2 -flto -fuse-linker-plugin -fno-fat-lto-objects (test for excess errors)
FAIL: gcc.dg/torture/pr80181.c -O3 -fomit-frame-pointer -funroll-loops -fpeel-loops -ftracer -finline-functions (test for excess errors)
FAIL: gcc.dg/torture/pr80181.c -O3 -g (test for excess errors)
FAIL: gcc.dg/torture/pr80181.c -Os (test for excess errors)
FAIL: gcc.dg/torture/pr81297.c -O2 -flto -fno-use-linker-plugin -flto-partition=none (test for warnings, line 13)
FAIL: gcc.dg/torture/pr81297.c -O2 -flto -fno-use-linker-plugin -flto-partition=none (test for excess errors)
FAIL: gcc.dg/torture/pr81297.c -O2 -flto -fuse-linker-plugin -fno-fat-lto-objects (test for warnings, line 13)
FAIL: gcc.dg/torture/pr81297.c -O2 -flto -fuse-linker-plugin -fno-fat-lto-objects (test for excess errors)
FAIL: gcc.dg/torture/pr81297.c -O3 -fomit-frame-pointer -funroll-loops -fpeel-loops -ftracer -finline-functions (test for warnings, line 13)
FAIL: gcc.dg/torture/pr81297.c -O3 -fomit-frame-pointer -funroll-loops -fpeel-loops -ftracer -finline-functions (test for excess errors)
FAIL: gcc.dg/torture/pr81297.c -O3 -g (test for warnings, line 13)
FAIL: gcc.dg/torture/pr81297.c -O3 -g (test for excess errors)
FAIL: gcc.dg/torture/pr81297.c -Os (test for warnings, line 13)
FAIL: gcc.dg/torture/pr81297.c -Os (test for excess errors)
FAIL: gcc.dg/torture/pr81403.c -O0 (test for excess errors)
UNRESOLVED: gcc.dg/torture/pr81403.c -O0 compilation failed to produce executable
FAIL: gcc.dg/torture/pr81403.c -O1 (test for excess errors)
UNRESOLVED: gcc.dg/torture/pr81403.c -O1 compilation failed to produce executable
FAIL: gcc.dg/torture/pr81403.c -O2 (test for excess errors)
UNRESOLVED: gcc.dg/torture/pr81403.c -O2 compilation failed to produce executable
FAIL: gcc.dg/torture/pr81403.c -O2 -flto -fno-use-linker-plugin -flto-partition=none (test for excess errors)
UNRESOLVED: gcc.dg/torture/pr81403.c -O2 -flto -fno-use-linker-plugin -flto-partition=none compilation failed to produce executable
FAIL: gcc.dg/torture/pr81403.c -O2 -flto -fuse-linker-plugin -fno-fat-lto-objects (test for excess errors)
UNRESOLVED: gcc.dg/torture/pr81403.c -O2 -flto -fuse-linker-plugin -fno-fat-lto-objects compilation failed to produce executable
FAIL: gcc.dg/torture/pr81403.c -O3 -g (test for excess errors)
UNRESOLVED: gcc.dg/torture/pr81403.c -O3 -g compilation failed to produce executable
FAIL: gcc.dg/torture/pr81403.c -Os (test for excess errors)
UNRESOLVED: gcc.dg/torture/pr81403.c -Os compilation failed to produce executable
FAIL: gcc.dg/torture/pr81418.c -O0 (test for excess errors)
FAIL: gcc.dg/torture/pr81418.c -O1 (test for excess errors)
FAIL: gcc.dg/torture/pr81418.c -O2 (test for excess errors)
FAIL: gcc.dg/torture/pr81418.c -O2 -flto -fno-use-linker-plugin -flto-partition=none (test for excess errors)
FAIL: gcc.dg/torture/pr81418.c -O2 -flto -fuse-linker-plugin -fno-fat-lto-objects (test for excess errors)
FAIL: gcc.dg/torture/pr81418.c -O3 -fomit-frame-pointer -funroll-loops -fpeel-loops -ftracer -finline-functions (test for excess errors)
FAIL: gcc.dg/torture/pr81418.c -O3 -g (test for excess errors)
FAIL: gcc.dg/torture/pr81418.c -Os (test for excess errors)
FAIL: gcc.dg/torture/pr84775.c -O2 -flto -fno-use-linker-plugin -flto-partition=none (test for excess errors)
FAIL: gcc.dg/torture/pr84775.c -O2 -flto -fuse-linker-plugin -fno-fat-lto-objects (test for excess errors)
FAIL: gcc.dg/torture/pr84775.c -O3 -fomit-frame-pointer -funroll-loops -fpeel-loops -ftracer -finline-functions (test for excess errors)
FAIL: gcc.dg/torture/pr84775.c -O3 -g (test for excess errors)
FAIL: gcc.dg/torture/pr84775.c -Os (test for excess errors)
FAIL: gcc.dg/torture/pr84803.c -O0 (test for excess errors)
FAIL: gcc.dg/torture/pr84803.c -O1 (test for excess errors)
FAIL: gcc.dg/torture/pr84803.c -O2 (test for excess errors)
FAIL: gcc.dg/torture/pr84803.c -O2 -flto -fno-use-linker-plugin -flto-partition=none (test for excess errors)
FAIL: gcc.dg/torture/pr84803.c -O2 -flto -fuse-linker-plugin -fno-fat-lto-objects (test for excess errors)
FAIL: gcc.dg/torture/pr84803.c -O3 -fomit-frame-pointer -funroll-loops -fpeel-loops -ftracer -finline-functions (test for excess errors)
FAIL: gcc.dg/torture/pr84803.c -O3 -g (test for excess errors)
FAIL: gcc.dg/torture/pr84803.c -Os (test for excess errors)
FAIL: gcc.dg/torture/pr84811.c -O0 (test for excess errors)
FAIL: gcc.dg/torture/pr84811.c -O1 (test for excess errors)
FAIL: gcc.dg/torture/pr84811.c -O2 (test for excess errors)
FAIL: gcc.dg/torture/pr84811.c -O2 -flto -fno-use-linker-plugin -flto-partition=none (test for excess errors)
FAIL: gcc.dg/torture/pr84811.c -O2 -flto -fuse-linker-plugin -fno-fat-lto-objects (test for excess errors)
FAIL: gcc.dg/torture/pr84811.c -O3 -g (test for excess errors)
FAIL: gcc.dg/torture/pr84811.c -Os (test for excess errors)
FAIL: gcc.dg/torture/pr84830.c -O0 (test for excess errors)
FAIL: gcc.dg/torture/pr84830.c -O1 (test for excess errors)
FAIL: gcc.dg/torture/pr84830.c -O2 (test for excess errors)
FAIL: gcc.dg/torture/pr84830.c -O2 -flto -fno-use-linker-plugin -flto-partition=none (test for excess errors)
FAIL: gcc.dg/torture/pr84830.c -O2 -flto -fuse-linker-plugin -fno-fat-lto-objects (test for excess errors)
FAIL: gcc.dg/torture/pr84830.c -O3 -fomit-frame-pointer -funroll-loops -fpeel-loops -ftracer -finline-functions (test for excess errors)
FAIL: gcc.dg/torture/pr84830.c -O3 -g (test for excess errors)
FAIL: gcc.dg/torture/pr84830.c -Os (test for excess errors)
FAIL: gcc.dg/torture/pr84929.c -O0 (test for excess errors)
FAIL: gcc.dg/torture/pr84929.c -O1 (test for excess errors)
FAIL: gcc.dg/torture/pr84929.c -O2 (test for excess errors)
FAIL: gcc.dg/torture/pr84929.c -O2 -flto -fno-use-linker-plugin -flto-partition=none (test for excess errors)
FAIL: gcc.dg/torture/pr84929.c -O3 -fomit-frame-pointer -funroll-loops -fpeel-loops -ftracer -finline-functions (test for excess errors)
FAIL: gcc.dg/torture/pr84929.c -O3 -g (test for excess errors)
FAIL: gcc.dg/torture/pr84929.c -Os (test for excess errors)
FAIL: gcc.dg/torture/pr85475.c -O0 (test for excess errors)
FAIL: gcc.dg/torture/pr85475.c -O1 (test for excess errors)
FAIL: gcc.dg/torture/pr85475.c -O2 (test for excess errors)
FAIL: gcc.dg/torture/pr85475.c -O2 -flto -fno-use-linker-plugin -flto-partition=none (test for excess errors)
FAIL: gcc.dg/torture/pr85475.c -O2 -flto -fuse-linker-plugin -fno-fat-lto-objects (test for excess errors)
FAIL: gcc.dg/torture/pr85475.c -O3 -fomit-frame-pointer -funroll-loops -fpeel-loops -ftracer -finline-functions (test for excess errors)
FAIL: gcc.dg/torture/pr85475.c -O3 -g (test for excess errors)
FAIL: gcc.dg/torture/pr85475.c -Os (test for excess errors)
FAIL: gcc.dg/torture/pr85567.c -O0 (test for excess errors)
FAIL: gcc.dg/torture/pr85567.c -O1 (test for excess errors)
FAIL: gcc.dg/torture/pr85567.c -O2 (test for excess errors)
FAIL: gcc.dg/torture/pr85567.c -O2 -flto -fno-use-linker-plugin -flto-partition=none (test for excess errors)
FAIL: gcc.dg/torture/pr85567.c -O3 -g (test for excess errors)
FAIL: gcc.dg/torture/pr85567.c -Os (test for excess errors)
UNRESOLVED: gcc.dg/torture/pta-ptrarith-1.c -O1 scan-tree-dump alias "ESCAPED = {[^\\n}]* i f [^\\n}]*}"
FAIL: gcc.dg/torture/pta-ptrarith-1.c -O1 (test for excess errors)
UNRESOLVED: gcc.dg/torture/pta-ptrarith-1.c -O1 compilation failed to produce executable
UNRESOLVED: gcc.dg/torture/pta-ptrarith-1.c -O2 scan-tree-dump alias "ESCAPED = {[^\\n}]* i f [^\\n}]*}"
FAIL: gcc.dg/torture/pta-ptrarith-1.c -O2 (test for excess errors)
UNRESOLVED: gcc.dg/torture/pta-ptrarith-1.c -O2 compilation failed to produce executable
UNRESOLVED: gcc.dg/torture/pta-ptrarith-1.c -O3 -g scan-tree-dump alias "ESCAPED = {[^\\n}]* i f [^\\n}]*}"
FAIL: gcc.dg/torture/pta-ptrarith-1.c -O3 -g (test for excess errors)
UNRESOLVED: gcc.dg/torture/pta-ptrarith-1.c -O3 -g compilation failed to produce executable
UNRESOLVED: gcc.dg/torture/ssa-pta-fn-1.c -O1 scan-tree-dump alias "q_const_. = { NONLOCAL i }"
UNRESOLVED: gcc.dg/torture/ssa-pta-fn-1.c -O1 scan-tree-dump alias "q_normal_. = { ESCAPED NONLOCAL }"
UNRESOLVED: gcc.dg/torture/ssa-pta-fn-1.c -O1 scan-tree-dump alias "q_pure_. = { ESCAPED NONLOCAL i }"
FAIL: gcc.dg/torture/ssa-pta-fn-1.c -O1 (test for excess errors)
UNRESOLVED: gcc.dg/torture/ssa-pta-fn-1.c -O1 compilation failed to produce executable
XPASS: gcc.dg/tree-ssa/ssa-dom-cse-2.c scan-tree-dump optimized "return 28;"
FAIL: gcc.dg/vect/bb-slp-pr65935.c -flto -ffat-lto-objects scan-tree-dump-times slp1 "basic block vectorized" 2
FAIL: gcc.dg/vect/bb-slp-pr65935.c scan-tree-dump-times slp1 "basic block vectorized" 2
FAIL: gcc.dg/vect/no-tree-sra-bb-slp-pr50730.c scan-tree-dump-times slp2 "basic block vectorized" 1
FAIL: gcc.dg/vect/no-vfa-vect-depend-2.c scan-tree-dump-times vect "vectorized 1 loops" 1
FAIL: gcc.dg/vect/no-vfa-vect-depend-3.c scan-tree-dump-times vect "vectorized 1 loops" 4
FAIL: gcc.dg/vect/pr46032.c -flto -ffat-lto-objects scan-tree-dump-times vect "note: vectorized 1 loop" 1
FAIL: gcc.dg/vect/pr46032.c scan-tree-dump-times vect "note: vectorized 1 loop" 1
FAIL: gcc.dg/vect/pr62171.c -flto -ffat-lto-objects scan-tree-dump-not vect "versioned"
FAIL: gcc.dg/vect/pr62171.c scan-tree-dump-not vect "versioned"
FAIL: gcc.dg/vect/pr85586.c -flto -ffat-lto-objects scan-tree-dump-times vect "LOOP VECTORIZED" 1
FAIL: gcc.dg/vect/pr85586.c scan-tree-dump-times vect "LOOP VECTORIZED" 1
FAIL: gcc.dg/vect/section-anchors-vect-69.c scan-tree-dump-times vect "vectorized 4 loops" 1
FAIL: gcc.dg/vect/slp-43.c -flto -ffat-lto-objects scan-tree-dump-times vect "vectorized 1 loops" 2
FAIL: gcc.dg/vect/slp-43.c scan-tree-dump-times vect "vectorized 1 loops" 2
XPASS: gcc.dg/vect/vect-24.c -flto -ffat-lto-objects scan-tree-dump-times vect "vectorized 3 loops" 1
XPASS: gcc.dg/vect/vect-24.c scan-tree-dump-times vect "vectorized 3 loops" 1
FAIL: gcc.dg/vect/vect-31.c -flto -ffat-lto-objects scan-tree-dump-times vect "vectorized 4 loops" 1
FAIL: gcc.dg/vect/vect-31.c scan-tree-dump-times vect "vectorized 4 loops" 1
FAIL: gcc.dg/vect/vect-44.c -flto -ffat-lto-objects scan-tree-dump-times vect "Vectorizing an unaligned access" 3
FAIL: gcc.dg/vect/vect-44.c scan-tree-dump-times vect "Vectorizing an unaligned access" 3
FAIL: gcc.dg/vect/vect-50.c -flto -ffat-lto-objects scan-tree-dump-times vect "Vectorizing an unaligned access" 3
FAIL: gcc.dg/vect/vect-50.c scan-tree-dump-times vect "Vectorizing an unaligned access" 3
FAIL: gcc.dg/vect/vect-93.c -flto -ffat-lto-objects scan-tree-dump-times vect "vectorized 2 loops" 2
FAIL: gcc.dg/vect/vect-93.c scan-tree-dump-times vect "vectorized 2 loops" 2
FAIL: gcc.dg/vect/vect-reduc-in-order-2.c -flto -ffat-lto-objects scan-tree-dump vect "in-order double reduction not supported"
FAIL: gcc.dg/vect/vect-reduc-in-order-2.c scan-tree-dump vect "in-order double reduction not supported"
FAIL: gcc.dg/vect/vect-strided-a-u8-i2-gap.c -flto -ffat-lto-objects scan-tree-dump-times vect "vectorized 1 loops" 1
FAIL: gcc.dg/vect/vect-strided-a-u8-i2-gap.c scan-tree-dump-times vect "vectorized 1 loops" 1
FAIL: gcc.target/powerpc/fold-vec-neg-int.c (test for excess errors)
FAIL: gcc.target/powerpc/vsx-7-be.c scan-assembler-times vupkhpx 1
=== gcc Summary ===
# of expected passes 120973
# of unexpected failures 350
# of unexpected successes 23
# of expected failures 453
# of unresolved testcases 54
# of unsupported tests 3003
/home/gccbuild/build/nightly/build-gcc-8/gcc/xgcc version 8.2.1 20181007 [gcc-8-branch revision 264906] (GCC)
=== gfortran tests ===
Running target unix
FAIL: gfortran.dg/elemental_subroutine_3.f90 -O1 (test for excess errors)
FAIL: gfortran.dg/elemental_subroutine_3.f90 -O2 (test for excess errors)
FAIL: gfortran.dg/elemental_subroutine_3.f90 -O3 -fomit-frame-pointer -funroll-loops -fpeel-loops -ftracer -finline-functions (test for excess errors)
FAIL: gfortran.dg/elemental_subroutine_3.f90 -O3 -g (test for excess errors)
FAIL: gfortran.dg/elemental_subroutine_3.f90 -Os (test for excess errors)
XPASS: gfortran.dg/large_real_kind_form_io_2.f90 -O0 execution test
XPASS: gfortran.dg/large_real_kind_form_io_2.f90 -O1 execution test
XPASS: gfortran.dg/large_real_kind_form_io_2.f90 -O2 execution test
XPASS: gfortran.dg/large_real_kind_form_io_2.f90 -O3 -fomit-frame-pointer -funroll-loops -fpeel-loops -ftracer -finline-functions execution test
XPASS: gfortran.dg/large_real_kind_form_io_2.f90 -O3 -g execution test
XPASS: gfortran.dg/large_real_kind_form_io_2.f90 -Os execution test
FAIL: gfortran.dg/unf_read_corrupted_1.f90 -O2 execution test
FAIL: gfortran.dg/unf_read_corrupted_1.f90 -O3 -fomit-frame-pointer -funroll-loops -fpeel-loops -ftracer -finline-functions (test for excess errors)
UNRESOLVED: gfortran.dg/unf_read_corrupted_1.f90 -O3 -fomit-frame-pointer -funroll-loops -fpeel-loops -ftracer -finline-functions compilation failed to produce executable
FAIL: gfortran.dg/unf_read_corrupted_1.f90 -O3 -g (test for excess errors)
UNRESOLVED: gfortran.dg/unf_read_corrupted_1.f90 -O3 -g compilation failed to produce executable
FAIL: gfortran.dg/unf_read_corrupted_1.f90 -Os (test for excess errors)
UNRESOLVED: gfortran.dg/unf_read_corrupted_1.f90 -Os compilation failed to produce executable
FAIL: gfortran.dg/unf_read_corrupted_2.f90 -O0 (test for excess errors)
UNRESOLVED: gfortran.dg/unf_read_corrupted_2.f90 -O0 compilation failed to produce executable
FAIL: gfortran.dg/unf_read_corrupted_2.f90 -O1 (test for excess errors)
UNRESOLVED: gfortran.dg/unf_read_corrupted_2.f90 -O1 compilation failed to produce executable
FAIL: gfortran.dg/unf_read_corrupted_2.f90 -O2 (test for excess errors)
UNRESOLVED: gfortran.dg/unf_read_corrupted_2.f90 -O2 compilation failed to produce executable
FAIL: gfortran.dg/unf_read_corrupted_2.f90 -O3 -fomit-frame-pointer -funroll-loops -fpeel-loops -ftracer -finline-functions (test for excess errors)
UNRESOLVED: gfortran.dg/unf_read_corrupted_2.f90 -O3 -fomit-frame-pointer -funroll-loops -fpeel-loops -ftracer -finline-functions compilation failed to produce executable
FAIL: gfortran.dg/unf_read_corrupted_2.f90 -O3 -g (test for excess errors)
UNRESOLVED: gfortran.dg/unf_read_corrupted_2.f90 -O3 -g compilation failed to produce executable
FAIL: gfortran.dg/unf_read_corrupted_2.f90 -Os (test for excess errors)
UNRESOLVED: gfortran.dg/unf_read_corrupted_2.f90 -Os compilation failed to produce executable
FAIL: gfortran.dg/unf_short_record_1.f90 -O0 (test for excess errors)
UNRESOLVED: gfortran.dg/unf_short_record_1.f90 -O0 compilation failed to produce executable
FAIL: gfortran.dg/unf_short_record_1.f90 -O1 (test for excess errors)
UNRESOLVED: gfortran.dg/unf_short_record_1.f90 -O1 compilation failed to produce executable
FAIL: gfortran.dg/unf_short_record_1.f90 -O2 (test for excess errors)
UNRESOLVED: gfortran.dg/unf_short_record_1.f90 -O2 compilation failed to produce executable
FAIL: gfortran.dg/unf_short_record_1.f90 -O3 -fomit-frame-pointer -funroll-loops -fpeel-loops -ftracer -finline-functions (test for excess errors)
UNRESOLVED: gfortran.dg/unf_short_record_1.f90 -O3 -fomit-frame-pointer -funroll-loops -fpeel-loops -ftracer -finline-functions compilation failed to produce executable
FAIL: gfortran.dg/unf_short_record_1.f90 -O3 -g (test for excess errors)
UNRESOLVED: gfortran.dg/unf_short_record_1.f90 -O3 -g compilation failed to produce executable
FAIL: gfortran.dg/unf_short_record_1.f90 -Os (test for excess errors)
UNRESOLVED: gfortran.dg/unf_short_record_1.f90 -Os compilation failed to produce executable
FAIL: gfortran.dg/unlimited_polymorphic_19.f90 -O3 -g execution test
FAIL: gfortran.dg/unlimited_polymorphic_19.f90 -Os (test for excess errors)
UNRESOLVED: gfortran.dg/unlimited_polymorphic_19.f90 -Os compilation failed to produce executable
FAIL: gfortran.dg/unlimited_polymorphic_2.f03 -O (test for errors, line 12)
FAIL: gfortran.dg/unlimited_polymorphic_2.f03 -O (test for errors, line 16)
FAIL: gfortran.dg/unlimited_polymorphic_2.f03 -O (test for errors, line 21)
FAIL: gfortran.dg/unlimited_polymorphic_2.f03 -O (test for errors, line 23)
FAIL: gfortran.dg/unlimited_polymorphic_2.f03 -O (test for errors, line 26)
FAIL: gfortran.dg/unlimited_polymorphic_2.f03 -O (test for errors, line 27)
FAIL: gfortran.dg/unlimited_polymorphic_2.f03 -O (test for errors, line 51)
FAIL: gfortran.dg/unlimited_polymorphic_2.f03 -O (test for errors, line 74)
FAIL: gfortran.dg/unlimited_polymorphic_2.f03 -O (test for errors, line 75)
FAIL: gfortran.dg/unlimited_polymorphic_2.f03 -O (test for excess errors)
FAIL: gfortran.dg/unpack_bounds_2.f90 -O2 output pattern test
FAIL: gfortran.dg/unpack_bounds_2.f90 -O3 -fomit-frame-pointer -funroll-loops -fpeel-loops -ftracer -finline-functions (test for excess errors)
UNRESOLVED: gfortran.dg/unpack_bounds_2.f90 -O3 -fomit-frame-pointer -funroll-loops -fpeel-loops -ftracer -finline-functions compilation failed to produce executable
FAIL: gfortran.dg/unpack_bounds_2.f90 -O3 -g (test for excess errors)
UNRESOLVED: gfortran.dg/unpack_bounds_2.f90 -O3 -g compilation failed to produce executable
FAIL: gfortran.dg/unpack_bounds_2.f90 -Os (test for excess errors)
UNRESOLVED: gfortran.dg/unpack_bounds_2.f90 -Os compilation failed to produce executable
FAIL: gfortran.dg/unpack_bounds_3.f90 -O0 (test for excess errors)
UNRESOLVED: gfortran.dg/unpack_bounds_3.f90 -O0 compilation failed to produce executable
FAIL: gfortran.dg/unpack_bounds_3.f90 -O1 (test for excess errors)
UNRESOLVED: gfortran.dg/unpack_bounds_3.f90 -O1 compilation failed to produce executable
FAIL: gfortran.dg/unpack_bounds_3.f90 -O2 (test for excess errors)
UNRESOLVED: gfortran.dg/unpack_bounds_3.f90 -O2 compilation failed to produce executable
FAIL: gfortran.dg/unpack_bounds_3.f90 -O3 -fomit-frame-pointer -funroll-loops -fpeel-loops -ftracer -finline-functions (test for excess errors)
UNRESOLVED: gfortran.dg/unpack_bounds_3.f90 -O3 -fomit-frame-pointer -funroll-loops -fpeel-loops -ftracer -finline-functions compilation failed to produce executable
FAIL: gfortran.dg/unpack_bounds_3.f90 -O3 -g (test for excess errors)
UNRESOLVED: gfortran.dg/unpack_bounds_3.f90 -O3 -g compilation failed to produce executable
FAIL: gfortran.dg/unpack_bounds_3.f90 -Os (test for excess errors)
UNRESOLVED: gfortran.dg/unpack_bounds_3.f90 -Os compilation failed to produce executable
FAIL: gfortran.dg/unpack_init_expr.f03 -O0 (test for excess errors)
UNRESOLVED: gfortran.dg/unpack_init_expr.f03 -O0 compilation failed to produce executable
FAIL: gfortran.dg/unpack_init_expr.f03 -O1 (test for excess errors)
UNRESOLVED: gfortran.dg/unpack_init_expr.f03 -O1 compilation failed to produce executable
FAIL: gfortran.dg/unpack_init_expr.f03 -O2 (test for excess errors)
UNRESOLVED: gfortran.dg/unpack_init_expr.f03 -O2 compilation failed to produce executable
FAIL: gfortran.dg/unpack_init_expr.f03 -O3 -fomit-frame-pointer -funroll-loops -fpeel-loops -ftracer -finline-functions (test for excess errors)
UNRESOLVED: gfortran.dg/unpack_init_expr.f03 -O3 -fomit-frame-pointer -funroll-loops -fpeel-loops -ftracer -finline-functions compilation failed to produce executable
FAIL: gfortran.dg/unpack_init_expr.f03 -O3 -g (test for excess errors)
UNRESOLVED: gfortran.dg/unpack_init_expr.f03 -O3 -g compilation failed to produce executable
FAIL: gfortran.dg/unpack_init_expr.f03 -Os (test for excess errors)
UNRESOLVED: gfortran.dg/unpack_init_expr.f03 -Os compilation failed to produce executable
FAIL: gfortran.dg/utf8_2.f03 -O2 execution test
FAIL: gfortran.dg/utf8_2.f03 -O3 -fomit-frame-pointer -funroll-loops -fpeel-loops -ftracer -finline-functions (test for excess errors)
UNRESOLVED: gfortran.dg/utf8_2.f03 -O3 -fomit-frame-pointer -funroll-loops -fpeel-loops -ftracer -finline-functions compilation failed to produce executable
FAIL: gfortran.dg/utf8_2.f03 -O3 -g (test for excess errors)
UNRESOLVED: gfortran.dg/utf8_2.f03 -O3 -g compilation failed to produce executable
FAIL: gfortran.dg/utf8_2.f03 -Os (test for excess errors)
UNRESOLVED: gfortran.dg/utf8_2.f03 -Os compilation failed to produce executable
FAIL: gfortran.dg/value_1.f90 -O0 (test for excess errors)
UNRESOLVED: gfortran.dg/value_1.f90 -O0 compilation failed to produce executable
FAIL: gfortran.dg/value_1.f90 -O1 (test for excess errors)
UNRESOLVED: gfortran.dg/value_1.f90 -O1 compilation failed to produce executable
FAIL: gfortran.dg/value_1.f90 -O2 (test for excess errors)
UNRESOLVED: gfortran.dg/value_1.f90 -O2 compilation failed to produce executable
FAIL: gfortran.dg/value_1.f90 -O3 -fomit-frame-pointer -funroll-loops -fpeel-loops -ftracer -finline-functions (test for excess errors)
UNRESOLVED: gfortran.dg/value_1.f90 -O3 -fomit-frame-pointer -funroll-loops -fpeel-loops -ftracer -finline-functions compilation failed to produce executable
FAIL: gfortran.dg/value_6.f03 -O3 -fomit-frame-pointer -funroll-loops -fpeel-loops -ftracer -finline-functions execution test
FAIL: gfortran.dg/value_6.f03 -O3 -g (test for excess errors)
UNRESOLVED: gfortran.dg/value_6.f03 -O3 -g compilation failed to produce executable
FAIL: gfortran.dg/value_6.f03 -Os (test for excess errors)
UNRESOLVED: gfortran.dg/value_6.f03 -Os compilation failed to produce executable
FAIL: gfortran.dg/value_7.f03 -O0 (test for excess errors)
UNRESOLVED: gfortran.dg/value_7.f03 -O0 compilation failed to produce executable
FAIL: gfortran.dg/value_7.f03 -O1 (test for excess errors)
UNRESOLVED: gfortran.dg/value_7.f03 -O1 compilation failed to produce executable
FAIL: gfortran.dg/value_7.f03 -O2 (test for excess errors)
UNRESOLVED: gfortran.dg/value_7.f03 -O2 compilation failed to produce executable
FAIL: gfortran.dg/value_7.f03 -O3 -fomit-frame-pointer -funroll-loops -fpeel-loops -ftracer -finline-functions (test for excess errors)
UNRESOLVED: gfortran.dg/value_7.f03 -O3 -fomit-frame-pointer -funroll-loops -fpeel-loops -ftracer -finline-functions compilation failed to produce executable
FAIL: gfortran.dg/value_7.f03 -O3 -g (test for excess errors)
UNRESOLVED: gfortran.dg/value_7.f03 -O3 -g compilation failed to produce executable
FAIL: gfortran.dg/value_7.f03 -Os (test for excess errors)
UNRESOLVED: gfortran.dg/value_7.f03 -Os compilation failed to produce executable
FAIL: gfortran.dg/value_test.f90 -O0 (test for excess errors)
UNRESOLVED: gfortran.dg/value_test.f90 -O0 compilation failed to produce executable
FAIL: gfortran.dg/value_test.f90 -O1 (test for excess errors)
UNRESOLVED: gfortran.dg/value_test.f90 -O1 compilation failed to produce executable
FAIL: gfortran.dg/value_test.f90 -O2 (test for excess errors)
UNRESOLVED: gfortran.dg/value_test.f90 -O2 compilation failed to produce executable
FAIL: gfortran.dg/value_test.f90 -O3 -fomit-frame-pointer -funroll-loops -fpeel-loops -ftracer -finline-functions (test for excess errors)
UNRESOLVED: gfortran.dg/value_test.f90 -O3 -fomit-frame-pointer -funroll-loops -fpeel-loops -ftracer -finline-functions compilation failed to produce executable
FAIL: gfortran.dg/value_test.f90 -O3 -g (test for excess errors)
UNRESOLVED: gfortran.dg/value_test.f90 -O3 -g compilation failed to produce executable
FAIL: gfortran.dg/value_test.f90 -Os (test for excess errors)
UNRESOLVED: gfortran.dg/value_test.f90 -Os compilation failed to produce executable
FAIL: gfortran.dg/value_tests_f03.f90 -O0 (test for excess errors)
UNRESOLVED: gfortran.dg/value_tests_f03.f90 -O0 compilation failed to produce executable
FAIL: gfortran.dg/value_tests_f03.f90 -O1 (test for excess errors)
UNRESOLVED: gfortran.dg/value_tests_f03.f90 -O1 compilation failed to produce executable
FAIL: gfortran.dg/whole_file_13.f90 -O2 execution test
FAIL: gfortran.dg/whole_file_13.f90 -O3 -fomit-frame-pointer -funroll-loops -fpeel-loops -ftracer -finline-functions (test for excess errors)
UNRESOLVED: gfortran.dg/whole_file_13.f90 -O3 -fomit-frame-pointer -funroll-loops -fpeel-loops -ftracer -finline-functions compilation failed to produce executable
FAIL: gfortran.dg/whole_file_13.f90 -O3 -g (test for excess errors)
UNRESOLVED: gfortran.dg/whole_file_13.f90 -O3 -g compilation failed to produce executable
FAIL: gfortran.dg/whole_file_13.f90 -Os (test for excess errors)
UNRESOLVED: gfortran.dg/whole_file_13.f90 -Os compilation failed to produce executable
FAIL: gfortran.dg/widechar_IO_1.f90 -Os execution test
FAIL: gfortran.dg/widechar_IO_2.f90 -O0 (test for excess errors)
UNRESOLVED: gfortran.dg/widechar_IO_2.f90 -O0 compilation failed to produce executable
FAIL: gfortran.dg/widechar_IO_2.f90 -O1 (test for excess errors)
UNRESOLVED: gfortran.dg/widechar_IO_2.f90 -O1 compilation failed to produce executable
FAIL: gfortran.dg/widechar_IO_2.f90 -O2 (test for excess errors)
UNRESOLVED: gfortran.dg/widechar_IO_2.f90 -O2 compilation failed to produce executable
FAIL: gfortran.dg/widechar_IO_2.f90 -O3 -fomit-frame-pointer -funroll-loops -fpeel-loops -ftracer -finline-functions (test for excess errors)
UNRESOLVED: gfortran.dg/widechar_IO_2.f90 -O3 -fomit-frame-pointer -funroll-loops -fpeel-loops -ftracer -finline-functions compilation failed to produce executable
FAIL: gfortran.dg/widechar_IO_2.f90 -O3 -g (test for excess errors)
UNRESOLVED: gfortran.dg/widechar_IO_2.f90 -O3 -g compilation failed to produce executable
FAIL: gfortran.dg/widechar_IO_2.f90 -Os (test for excess errors)
UNRESOLVED: gfortran.dg/widechar_IO_2.f90 -Os compilation failed to produce executable
FAIL: gfortran.dg/widechar_IO_3.f90 -O0 (test for excess errors)
UNRESOLVED: gfortran.dg/widechar_IO_3.f90 -O0 compilation failed to produce executable
FAIL: gfortran.dg/widechar_IO_3.f90 -O1 (test for excess errors)
UNRESOLVED: gfortran.dg/widechar_IO_3.f90 -O1 compilation failed to produce executable
FAIL: gfortran.dg/widechar_IO_3.f90 -O2 (test for excess errors)
UNRESOLVED: gfortran.dg/widechar_IO_3.f90 -O2 compilation failed to produce executable
FAIL: gfortran.dg/widechar_IO_3.f90 -O3 -fomit-frame-pointer -funroll-loops -fpeel-loops -ftracer -finline-functions (test for excess errors)
UNRESOLVED: gfortran.dg/widechar_IO_3.f90 -O3 -fomit-frame-pointer -funroll-loops -fpeel-loops -ftracer -finline-functions compilation failed to produce executable
FAIL: gfortran.dg/widechar_IO_3.f90 -O3 -g (test for excess errors)
UNRESOLVED: gfortran.dg/widechar_IO_3.f90 -O3 -g compilation failed to produce executable
FAIL: gfortran.dg/widechar_IO_3.f90 -Os (test for excess errors)
UNRESOLVED: gfortran.dg/widechar_IO_3.f90 -Os compilation failed to produce executable
FAIL: gfortran.dg/widechar_IO_4.f90 -O0 (test for excess errors)
UNRESOLVED: gfortran.dg/widechar_IO_4.f90 -O0 compilation failed to produce executable
FAIL: gfortran.dg/widechar_IO_4.f90 -O1 (test for excess errors)
UNRESOLVED: gfortran.dg/widechar_IO_4.f90 -O1 compilation failed to produce executable
FAIL: gfortran.dg/widechar_IO_4.f90 -O2 (test for excess errors)
UNRESOLVED: gfortran.dg/widechar_IO_4.f90 -O2 compilation failed to produce executable
FAIL: gfortran.dg/widechar_IO_4.f90 -O3 -fomit-frame-pointer -funroll-loops -fpeel-loops -ftracer -finline-functions (test for excess errors)
UNRESOLVED: gfortran.dg/widechar_IO_4.f90 -O3 -fomit-frame-pointer -funroll-loops -fpeel-loops -ftracer -finline-functions compilation failed to produce executable
FAIL: gfortran.dg/widechar_IO_4.f90 -O3 -g (test for excess errors)
UNRESOLVED: gfortran.dg/widechar_IO_4.f90 -O3 -g compilation failed to produce executable
FAIL: gfortran.dg/widechar_IO_4.f90 -Os (test for excess errors)
UNRESOLVED: gfortran.dg/widechar_IO_4.f90 -Os compilation failed to produce executable
FAIL: gfortran.dg/widechar_compare_1.f90 -O0 (test for excess errors)
UNRESOLVED: gfortran.dg/widechar_compare_1.f90 -O0 compilation failed to produce executable
FAIL: gfortran.dg/widechar_compare_1.f90 -O1 (test for excess errors)
UNRESOLVED: gfortran.dg/widechar_compare_1.f90 -O1 compilation failed to produce executable
FAIL: gfortran.dg/widechar_compare_1.f90 -O2 (test for excess errors)
UNRESOLVED: gfortran.dg/widechar_compare_1.f90 -O2 compilation failed to produce executable
FAIL: gfortran.dg/widechar_compare_1.f90 -O3 -fomit-frame-pointer -funroll-loops -fpeel-loops -ftracer -finline-functions (test for excess errors)
UNRESOLVED: gfortran.dg/widechar_compare_1.f90 -O3 -fomit-frame-pointer -funroll-loops -fpeel-loops -ftracer -finline-functions compilation failed to produce executable
FAIL: gfortran.dg/widechar_compare_1.f90 -O3 -g (test for excess errors)
UNRESOLVED: gfortran.dg/widechar_compare_1.f90 -O3 -g compilation failed to produce executable
FAIL: gfortran.dg/widechar_intrinsics_5.f90 -O1 execution test
FAIL: gfortran.dg/widechar_intrinsics_5.f90 -O2 (test for excess errors)
UNRESOLVED: gfortran.dg/widechar_intrinsics_5.f90 -O2 compilation failed to produce executable
FAIL: gfortran.dg/widechar_intrinsics_5.f90 -O3 -fomit-frame-pointer -funroll-loops -fpeel-loops -ftracer -finline-functions (test for excess errors)
UNRESOLVED: gfortran.dg/widechar_intrinsics_5.f90 -O3 -fomit-frame-pointer -funroll-loops -fpeel-loops -ftracer -finline-functions compilation failed to produce executable
FAIL: gfortran.dg/widechar_intrinsics_5.f90 -O3 -g (test for excess errors)
UNRESOLVED: gfortran.dg/widechar_intrinsics_5.f90 -O3 -g compilation failed to produce executable
FAIL: gfortran.dg/widechar_intrinsics_5.f90 -Os (test for excess errors)
UNRESOLVED: gfortran.dg/widechar_intrinsics_5.f90 -Os compilation failed to produce executable
FAIL: gfortran.dg/widechar_intrinsics_6.f90 -O0 (test for excess errors)
UNRESOLVED: gfortran.dg/widechar_intrinsics_6.f90 -O0 compilation failed to produce executable
FAIL: gfortran.dg/widechar_intrinsics_6.f90 -O1 (test for excess errors)
UNRESOLVED: gfortran.dg/widechar_intrinsics_6.f90 -O1 compilation failed to produce executable
FAIL: gfortran.dg/widechar_intrinsics_6.f90 -O2 (test for excess errors)
UNRESOLVED: gfortran.dg/widechar_intrinsics_6.f90 -O2 compilation failed to produce executable
FAIL: gfortran.dg/widechar_intrinsics_6.f90 -O3 -fomit-frame-pointer -funroll-loops -fpeel-loops -ftracer -finline-functions (test for excess errors)
UNRESOLVED: gfortran.dg/widechar_intrinsics_6.f90 -O3 -fomit-frame-pointer -funroll-loops -fpeel-loops -ftracer -finline-functions compilation failed to produce executable
FAIL: gfortran.dg/widechar_intrinsics_6.f90 -O3 -g (test for excess errors)
UNRESOLVED: gfortran.dg/widechar_intrinsics_6.f90 -O3 -g compilation failed to produce executable
FAIL: gfortran.dg/widechar_intrinsics_6.f90 -Os (test for excess errors)
UNRESOLVED: gfortran.dg/widechar_intrinsics_6.f90 -Os compilation failed to produce executable
FAIL: gfortran.dg/widechar_intrinsics_7.f90 -O0 (test for excess errors)
UNRESOLVED: gfortran.dg/widechar_intrinsics_7.f90 -O0 compilation failed to produce executable
FAIL: gfortran.dg/widechar_intrinsics_7.f90 -O1 (test for excess errors)
UNRESOLVED: gfortran.dg/widechar_intrinsics_7.f90 -O1 compilation failed to produce executable
FAIL: gfortran.dg/zero_length_1.f90 -O3 -g (test for excess errors)
FAIL: gfortran.dg/zero_sized_8.f90 -O2 execution test
FAIL: gfortran.dg/zero_sized_8.f90 -O3 -fomit-frame-pointer -funroll-loops -fpeel-loops -ftracer -finline-functions (test for excess errors)
UNRESOLVED: gfortran.dg/zero_sized_8.f90 -O3 -fomit-frame-pointer -funroll-loops -fpeel-loops -ftracer -finline-functions compilation failed to produce executable
FAIL: gfortran.dg/zero_sized_8.f90 -O3 -g (test for excess errors)
UNRESOLVED: gfortran.dg/zero_sized_8.f90 -O3 -g compilation failed to produce executable
FAIL: gfortran.dg/zero_sized_8.f90 -Os (test for excess errors)
UNRESOLVED: gfortran.dg/zero_sized_8.f90 -Os compilation failed to produce executable
FAIL: gfortran.dg/zero_sized_9.f90 -O (test for excess errors)
UNRESOLVED: gfortran.dg/zero_sized_9.f90 -O compilation failed to produce executable
FAIL: gfortran.dg/zero_stride_1.f90 -O (test for errors, line 5)
FAIL: gfortran.dg/zero_stride_1.f90 -O (test for excess errors)
FAIL: gfortran.dg/g77/12002.f -O (test for excess errors)
FAIL: gfortran.dg/g77/12632.f -O (test for excess errors)
FAIL: gfortran.dg/g77/12632.f -O out of bounds (test for warnings, line 4)
FAIL: gfortran.dg/g77/13037.f -O0 (test for excess errors)
UNRESOLVED: gfortran.dg/g77/13037.f -O0 compilation failed to produce executable
FAIL: gfortran.dg/g77/13037.f -O1 (test for excess errors)
UNRESOLVED: gfortran.dg/g77/13037.f -O1 compilation failed to produce executable
FAIL: gfortran.dg/g77/13037.f -O2 (test for excess errors)
UNRESOLVED: gfortran.dg/g77/13037.f -O2 compilation failed to produce executable
FAIL: gfortran.dg/g77/13037.f -O3 -fomit-frame-pointer -funroll-loops -fpeel-loops -ftracer -finline-functions (test for excess errors)
UNRESOLVED: gfortran.dg/g77/13037.f -O3 -fomit-frame-pointer -funroll-loops -fpeel-loops -ftracer -finline-functions compilation failed to produce executable
FAIL: gfortran.dg/g77/13037.f -O3 -g (test for excess errors)
UNRESOLVED: gfortran.dg/g77/13037.f -O3 -g compilation failed to produce executable
FAIL: gfortran.dg/g77/13037.f -Os (test for excess errors)
UNRESOLVED: gfortran.dg/g77/13037.f -Os compilation failed to produce executable
FAIL: gfortran.dg/g77/13060.f -O (test for excess errors)
FAIL: gfortran.dg/g77/1832.f -O0 (test for excess errors)
UNRESOLVED: gfortran.dg/g77/1832.f -O0 compilation failed to produce executable
FAIL: gfortran.dg/g77/1832.f -O1 (test for excess errors)
UNRESOLVED: gfortran.dg/g77/1832.f -O1 compilation failed to produce executable
FAIL: gfortran.dg/g77/19990826-0.f -O0 (test for excess errors)
UNRESOLVED: gfortran.dg/g77/19990826-0.f -O0 compilation failed to produce executable
FAIL: gfortran.dg/g77/19990826-0.f -O1 (test for excess errors)
UNRESOLVED: gfortran.dg/g77/19990826-0.f -O1 compilation failed to produce executable
FAIL: gfortran.dg/g77/19990826-0.f -O2 (test for excess errors)
UNRESOLVED: gfortran.dg/g77/19990826-0.f -O2 compilation failed to produce executable
FAIL: gfortran.dg/g77/19990826-0.f -O3 -fomit-frame-pointer -funroll-loops -fpeel-loops -ftracer -finline-functions (test for excess errors)
UNRESOLVED: gfortran.dg/g77/19990826-0.f -O3 -fomit-frame-pointer -funroll-loops -fpeel-loops -ftracer -finline-functions compilation failed to produce executable
FAIL: gfortran.dg/g77/19990826-0.f -O3 -g (test for excess errors)
UNRESOLVED: gfortran.dg/g77/19990826-0.f -O3 -g compilation failed to produce executable
FAIL: gfortran.dg/g77/19990826-0.f -Os (test for excess errors)
UNRESOLVED: gfortran.dg/g77/19990826-0.f -Os compilation failed to produce executable
FAIL: gfortran.dg/g77/19990826-1.f -O (test for excess errors)
FAIL: gfortran.dg/g77/19990826-2.f -O0 (test for excess errors)
UNRESOLVED: gfortran.dg/g77/19990826-2.f -O0 compilation failed to produce executable
FAIL: gfortran.dg/g77/19990826-2.f -O1 (test for excess errors)
UNRESOLVED: gfortran.dg/g77/19990826-2.f -O1 compilation failed to produce executable
FAIL: gfortran.dg/g77/19990826-2.f -O2 (test for excess errors)
UNRESOLVED: gfortran.dg/g77/19990826-2.f -O2 compilation failed to produce executable
FAIL: gfortran.dg/g77/19990826-2.f -O3 -fomit-frame-pointer -funroll-loops -fpeel-loops -ftracer -finline-functions (test for excess errors)
UNRESOLVED: gfortran.dg/g77/19990826-2.f -O3 -fomit-frame-pointer -funroll-loops -fpeel-loops -ftracer -finline-functions compilation failed to produce executable
FAIL: gfortran.dg/g77/19990826-2.f -O3 -g (test for excess errors)
UNRESOLVED: gfortran.dg/g77/19990826-2.f -O3 -g compilation failed to produce executable
FAIL: gfortran.dg/g77/19990826-2.f -Os (test for excess errors)
UNRESOLVED: gfortran.dg/g77/19990826-2.f -Os compilation failed to produce executable
FAIL: gfortran.dg/g77/19990826-3.f -O (test for warnings, line 67)
FAIL: gfortran.dg/g77/19990826-3.f -O (test for excess errors)
FAIL: gfortran.dg/g77/19990905-0.f -O (test for excess errors)
FAIL: gfortran.dg/g77/19990905-1.f -O (test for errors, line 15)
FAIL: gfortran.dg/g77/19990905-1.f -O (test for errors, line 18)
FAIL: gfortran.dg/g77/19990905-1.f -O (test for excess errors)
FAIL: gfortran.dg/g77/20010116.f -O0 (test for excess errors)
UNRESOLVED: gfortran.dg/g77/20010116.f -O0 compilation failed to produce executable
FAIL: gfortran.dg/g77/20010116.f -O1 (test for excess errors)
UNRESOLVED: gfortran.dg/g77/20010116.f -O1 compilation failed to produce executable
FAIL: gfortran.dg/g77/20010116.f -O2 (test for excess errors)
UNRESOLVED: gfortran.dg/g77/20010116.f -O2 compilation failed to produce executable
FAIL: gfortran.dg/g77/20010116.f -O3 -fomit-frame-pointer -funroll-loops -fpeel-loops -ftracer -finline-functions (test for excess errors)
UNRESOLVED: gfortran.dg/g77/20010116.f -O3 -fomit-frame-pointer -funroll-loops -fpeel-loops -ftracer -finline-functions compilation failed to produce executable
FAIL: gfortran.dg/g77/20010116.f -O3 -g (test for excess errors)
UNRESOLVED: gfortran.dg/g77/20010116.f -O3 -g compilation failed to produce executable
FAIL: gfortran.dg/g77/20010116.f -Os (test for excess errors)
UNRESOLVED: gfortran.dg/g77/20010116.f -Os compilation failed to produce executable
FAIL: gfortran.dg/g77/20010321-1.f -O (test for excess errors)
FAIL: gfortran.dg/g77/20010426-1.f -O0 (test for excess errors)
UNRESOLVED: gfortran.dg/g77/20010426-1.f -O0 compilation failed to produce executable
FAIL: gfortran.dg/g77/20010426-1.f -O1 (test for excess errors)
UNRESOLVED: gfortran.dg/g77/20010426-1.f -O1 compilation failed to produce executable
FAIL: gfortran.dg/g77/20010426-1.f -O2 (test for excess errors)
UNRESOLVED: gfortran.dg/g77/20010426-1.f -O2 compilation failed to produce executable
FAIL: gfortran.dg/g77/20010426-1.f -O3 -fomit-frame-pointer -funroll-loops -fpeel-loops -ftracer -finline-functions (test for excess errors)
UNRESOLVED: gfortran.dg/g77/20010426-1.f -O3 -fomit-frame-pointer -funroll-loops -fpeel-loops -ftracer -finline-functions compilation failed to produce executable
FAIL: gfortran.dg/g77/20010426-1.f -O3 -g (test for excess errors)
UNRESOLVED: gfortran.dg/g77/20010426-1.f -O3 -g compilation failed to produce executable
FAIL: gfortran.dg/g77/20010426-1.f -Os (test for excess errors)
UNRESOLVED: gfortran.dg/g77/20010426-1.f -Os compilation failed to produce executable
FAIL: gfortran.dg/g77/20010426.f -O (test for excess errors)
FAIL: gfortran.dg/g77/20010430.f -O0 (test for excess errors)
UNRESOLVED: gfortran.dg/g77/20010430.f -O0 compilation failed to produce executable
FAIL: gfortran.dg/g77/20010430.f -O1 (test for excess errors)
UNRESOLVED: gfortran.dg/g77/20010430.f -O1 compilation failed to produce executable
FAIL: gfortran.dg/g77/20010430.f -O2 (test for excess errors)
UNRESOLVED: gfortran.dg/g77/20010430.f -O2 compilation failed to produce executable
FAIL: gfortran.dg/g77/20010430.f -O3 -fomit-frame-pointer -funroll-loops -fpeel-loops -ftracer -finline-functions (test for excess errors)
UNRESOLVED: gfortran.dg/g77/20010430.f -O3 -fomit-frame-pointer -funroll-loops -fpeel-loops -ftracer -finline-functions compilation failed to produce executable
FAIL: gfortran.dg/g77/20010430.f -O3 -g (test for excess errors)
UNRESOLVED: gfortran.dg/g77/20010430.f -O3 -g compilation failed to produce executable
FAIL: gfortran.dg/g77/6177.f -O0 (test for excess errors)
UNRESOLVED: gfortran.dg/g77/6177.f -O0 compilation failed to produce executable
FAIL: gfortran.dg/g77/6177.f -O1 (test for excess errors)
UNRESOLVED: gfortran.dg/g77/6177.f -O1 compilation failed to produce executable
FAIL: gfortran.dg/g77/6177.f -O2 (test for excess errors)
UNRESOLVED: gfortran.dg/g77/6177.f -O2 compilation failed to produce executable
FAIL: gfortran.dg/g77/6177.f -O3 -fomit-frame-pointer -funroll-loops -fpeel-loops -ftracer -finline-functions (test for excess errors)
UNRESOLVED: gfortran.dg/g77/6177.f -O3 -fomit-frame-pointer -funroll-loops -fpeel-loops -ftracer -finline-functions compilation failed to produce executable
FAIL: gfortran.dg/g77/6177.f -O3 -g (test for excess errors)
UNRESOLVED: gfortran.dg/g77/6177.f -O3 -g compilation failed to produce executable
FAIL: gfortran.dg/g77/6177.f -Os (test for excess errors)
UNRESOLVED: gfortran.dg/g77/6177.f -Os compilation failed to produce executable
FAIL: gfortran.dg/g77/7388.f -O0 (test for excess errors)
UNRESOLVED: gfortran.dg/g77/7388.f -O0 compilation failed to produce executable
FAIL: gfortran.dg/g77/7388.f -O1 (test for excess errors)
UNRESOLVED: gfortran.dg/g77/7388.f -O1 compilation failed to produce executable
FAIL: gfortran.dg/g77/7388.f -O2 (test for excess errors)
UNRESOLVED: gfortran.dg/g77/7388.f -O2 compilation failed to produce executable
FAIL: gfortran.dg/g77/7388.f -O3 -fomit-frame-pointer -funroll-loops -fpeel-loops -ftracer -finline-functions (test for excess errors)
UNRESOLVED: gfortran.dg/g77/7388.f -O3 -fomit-frame-pointer -funroll-loops -fpeel-loops -ftracer -finline-functions compilation failed to produce executable
FAIL: gfortran.dg/g77/7388.f -O3 -g (test for excess errors)
UNRESOLVED: gfortran.dg/g77/7388.f -O3 -g compilation failed to produce executable
FAIL: gfortran.dg/g77/7388.f -Os (test for excess errors)
UNRESOLVED: gfortran.dg/g77/7388.f -Os compilation failed to produce executable
FAIL: gfortran.dg/g77/8485.f -O (test for excess errors)
FAIL: gfortran.dg/g77/9263.f -O (test for errors, line 10)
FAIL: gfortran.dg/g77/9263.f -O (test for errors, line 6)
FAIL: gfortran.dg/g77/9263.f -O (test for errors, line 8)
FAIL: gfortran.dg/g77/9263.f -O (test for excess errors)
FAIL: gfortran.dg/g77/947.f -O0 (test for excess errors)
UNRESOLVED: gfortran.dg/g77/947.f -O0 compilation failed to produce executable
FAIL: gfortran.dg/g77/947.f -O1 (test for excess errors)
UNRESOLVED: gfortran.dg/g77/947.f -O1 compilation failed to produce executable
FAIL: gfortran.dg/g77/947.f -O2 (test for excess errors)
UNRESOLVED: gfortran.dg/g77/947.f -O2 compilation failed to produce executable
FAIL: gfortran.dg/g77/947.f -O3 -fomit-frame-pointer -funroll-loops -fpeel-loops -ftracer -finline-functions (test for excess errors)
UNRESOLVED: gfortran.dg/g77/947.f -O3 -fomit-frame-pointer -funroll-loops -fpeel-loops -ftracer -finline-functions compilation failed to produce executable
FAIL: gfortran.dg/g77/947.f -O3 -g (test for excess errors)
UNRESOLVED: gfortran.dg/g77/947.f -O3 -g compilation failed to produce executable
FAIL: gfortran.dg/g77/947.f -Os (test for excess errors)
UNRESOLVED: gfortran.dg/g77/947.f -Os compilation failed to produce executable
FAIL: gfortran.dg/g77/960317-1.f -O (test for warnings, line 17)
FAIL: gfortran.dg/g77/960317-1.f -O (test for excess errors)
FAIL: gfortran.dg/g77/970625-2.f -O (test for errors, line 43)
FAIL: gfortran.dg/g77/970625-2.f -O (test for warnings, line 55)
FAIL: gfortran.dg/g77/970625-2.f -O (test for warnings, line 57)
FAIL: gfortran.dg/g77/970625-2.f -O (test for warnings, line 58)
FAIL: gfortran.dg/g77/970625-2.f -O (test for warnings, line 61)
FAIL: gfortran.dg/g77/970625-2.f -O (test for warnings, line 64)
FAIL: gfortran.dg/g77/970625-2.f -O (test for warnings, line 67)
FAIL: gfortran.dg/g77/970625-2.f -O (test for warnings, line 70)
FAIL: gfortran.dg/g77/970625-2.f -O (test for excess errors)
FAIL: gfortran.dg/g77/970816-3.f -O0 (test for excess errors)
UNRESOLVED: gfortran.dg/g77/970816-3.f -O0 compilation failed to produce executable
FAIL: gfortran.dg/g77/970816-3.f -O1 (test for excess errors)
UNRESOLVED: gfortran.dg/g77/970816-3.f -O1 compilation failed to produce executable
FAIL: gfortran.dg/g77/970816-3.f -O2 (test for excess errors)
UNRESOLVED: gfortran.dg/g77/970816-3.f -O2 compilation failed to produce executable
FAIL: gfortran.dg/g77/970816-3.f -O3 -fomit-frame-pointer -funroll-loops -fpeel-loops -ftracer -finline-functions (test for excess errors)
UNRESOLVED: gfortran.dg/g77/970816-3.f -O3 -fomit-frame-pointer -funroll-loops -fpeel-loops -ftracer -finline-functions compilation failed to produce executable
FAIL: gfortran.dg/g77/970816-3.f -O3 -g (test for excess errors)
UNRESOLVED: gfortran.dg/g77/970816-3.f -O3 -g compilation failed to produce executable
FAIL: gfortran.dg/g77/971102-1.f -O0 (test for excess errors)
UNRESOLVED: gfortran.dg/g77/971102-1.f -O0 compilation failed to produce executable
FAIL: gfortran.dg/g77/971102-1.f -O1 (test for excess errors)
UNRESOLVED: gfortran.dg/g77/971102-1.f -O1 compilation failed to produce executable
FAIL: gfortran.dg/g77/971102-1.f -O2 (test for excess errors)
UNRESOLVED: gfortran.dg/g77/971102-1.f -O2 compilation failed to produce executable
FAIL: gfortran.dg/g77/971102-1.f -O3 -fomit-frame-pointer -funroll-loops -fpeel-loops -ftracer -finline-functions (test for excess errors)
UNRESOLVED: gfortran.dg/g77/971102-1.f -O3 -fomit-frame-pointer -funroll-loops -fpeel-loops -ftracer -finline-functions compilation failed to produce executable
FAIL: gfortran.dg/g77/971102-1.f -O3 -g (test for excess errors)
UNRESOLVED: gfortran.dg/g77/971102-1.f -O3 -g compilation failed to produce executable
FAIL: gfortran.dg/g77/971102-1.f -Os (test for excess errors)
UNRESOLVED: gfortran.dg/g77/971102-1.f -Os compilation failed to produce executable
FAIL: gfortran.dg/g77/980310-1.f -O (test for excess errors)
FAIL: gfortran.dg/g77/980310-2.f -O (test for excess errors)
FAIL: gfortran.dg/g77/980310-3.f -O (test for warnings, line 131)
FAIL: gfortran.dg/g77/980310-3.f -O (test for warnings, line 245)
FAIL: gfortran.dg/g77/980310-3.f -O (test for excess errors)
FAIL: gfortran.dg/g77/980310-4.f -O (test for excess errors)
FAIL: gfortran.dg/g77/980310-6.f -O (test for excess errors)
FAIL: gfortran.dg/g77/980310-7.f -O (test for excess errors)
FAIL: gfortran.dg/ieee/large_2.f90 -O0 execution test
FAIL: gfortran.dg/ieee/large_2.f90 -O1 execution test
FAIL: gfortran.dg/ieee/large_2.f90 -O2 execution test
FAIL: gfortran.dg/ieee/large_2.f90 -O3 -fomit-frame-pointer -funroll-loops -fpeel-loops -ftracer -finline-functions execution test
FAIL: gfortran.dg/ieee/large_2.f90 -O3 -g execution test
FAIL: gfortran.dg/ieee/large_2.f90 -Os execution test
FAIL: gfortran.dg/vect/fast-math-pr37021.f90 -O scan-tree-dump vect "vectorized 2 loops"
FAIL: gfortran.dg/vect/pr52580.f -O scan-tree-dump-times vect "LOOP VECTORIZED" 1
FAIL: gfortran.dg/vect/pr62283-2.f -O scan-tree-dump slp2 "basic block vectorized"
FAIL: gfortran.dg/vect/pr81303.f -O scan-tree-dump vect "vectorized 1 loops in function"
FAIL: gfortran.dg/vect/vect-8.f90 -O scan-tree-dump-times vect "vectorized 22 loops" 1
FAIL: gfortran.dg/vect/vect-gems.f90 -O scan-tree-dump-times vect "vectorized 1 loops" 1
=== gfortran Summary ===
# of expected passes 46946
# of unexpected failures 238
# of unexpected successes 6
# of expected failures 95
# of unresolved testcases 162
# of unsupported tests 101
/home/gccbuild/build/nightly/build-gcc-8/gcc/gfortran version 8.2.1 20181007 [gcc-8-branch revision 264906] (GCC)
=== g++ tests ===
Running target unix
FAIL: c-c++-common/attr-nonstring-6.c -std=gnu++11 (test for excess errors)
FAIL: c-c++-common/attr-nonstring-6.c -std=gnu++14 (test for excess errors)
FAIL: c-c++-common/attr-nonstring-6.c -std=gnu++98 (test for excess errors)
FAIL: g++.dg/pr83239.C -std=gnu++98 (test for excess errors)
=== g++ Summary ===
# of expected passes 124381
# of unexpected failures 4
# of expected failures 509
# of unsupported tests 5396
/home/gccbuild/build/nightly/build-gcc-8/gcc/xg++ version 8.2.1 20181007 [gcc-8-branch revision 264906] (GCC)
=== go tests ===
Running target unix
FAIL: go.test/test/ken/cplx2.go execution, -O2 -g
=== go Summary ===
# of expected passes 7281
# of unexpected failures 1
# of expected failures 1
# of untested testcases 7
# of unsupported tests 3
/home/gccbuild/build/nightly/build-gcc-8/gcc/gccgo version 8.2.1 20181007 [gcc-8-branch revision 264906] (GCC)
=== obj-c++ tests ===
Running target unix
=== obj-c++ Summary ===
# of expected passes 1456
# of expected failures 10
# of unsupported tests 77
/home/gccbuild/build/nightly/build-gcc-8/gcc/xg++ version 8.2.1 20181007 [gcc-8-branch revision 264906] (GCC)
=== objc tests ===
Running target unix
=== objc Summary ===
# of expected passes 2803
# of unsupported tests 68
/home/gccbuild/build/nightly/build-gcc-8/gcc/xgcc version 8.2.1 20181007 [gcc-8-branch revision 264906] (GCC)
=== gotools tests ===
=== gotools Summary ===
# of expected passes 383
# of untested testcases 195
/home/gccbuild/build/nightly/build-gcc-8/./gcc/gccgo version 8.2.1 20181007 [gcc-8-branch revision 264906] (GCC)
=== libatomic tests ===
Running target unix
=== libatomic Summary ===
# of expected passes 54
=== libffi tests ===
Running target unix
=== libffi Summary ===
# of expected passes 1934
# of unsupported tests 28
=== libgo tests ===
Running target unix
FAIL: net/http
FAIL: os/signal
FAIL: runtime/pprof
=== libgo Summary ===
# of expected passes 160
# of unexpected failures 3
/home/gccbuild/build/nightly/build-gcc-8/./gcc/gccgo version 8.2.1 20181007 [gcc-8-branch revision 264906] (GCC)
=== libgomp tests ===
Running target unix
=== libgomp Summary ===
# of expected passes 5406
# of unsupported tests 362
=== libitm tests ===
Running target unix
=== libitm Summary ===
# of expected passes 42
# of expected failures 3
# of unsupported tests 1
=== libstdc++ tests ===
Running target unix
FAIL: libstdc++-prettyprinters/cxx17.cc print ab
FAIL: libstdc++-prettyprinters/cxx17.cc print ab
FAIL: libstdc++-prettyprinters/cxx17.cc print ai
FAIL: libstdc++-prettyprinters/cxx17.cc print ai
FAIL: libstdc++-prettyprinters/cxx17.cc print am
FAIL: libstdc++-prettyprinters/cxx17.cc print am
FAIL: libstdc++-prettyprinters/cxx17.cc print ap
FAIL: libstdc++-prettyprinters/cxx17.cc print ap
FAIL: libstdc++-prettyprinters/cxx17.cc print as
FAIL: libstdc++-prettyprinters/cxx17.cc print as
FAIL: libstdc++-prettyprinters/cxx17.cc print as2
FAIL: libstdc++-prettyprinters/cxx17.cc print as2
FAIL: libstdc++-prettyprinters/libfundts.cc print ab
FAIL: libstdc++-prettyprinters/libfundts.cc print ab
FAIL: libstdc++-prettyprinters/libfundts.cc print ai
FAIL: libstdc++-prettyprinters/libfundts.cc print ai
FAIL: libstdc++-prettyprinters/libfundts.cc print am
FAIL: libstdc++-prettyprinters/libfundts.cc print am
FAIL: libstdc++-prettyprinters/libfundts.cc print ap
FAIL: libstdc++-prettyprinters/libfundts.cc print ap
FAIL: libstdc++-prettyprinters/libfundts.cc print as
FAIL: libstdc++-prettyprinters/libfundts.cc print as
FAIL: libstdc++-prettyprinters/libfundts.cc print as2
FAIL: libstdc++-prettyprinters/libfundts.cc print as2
=== libstdc++ Summary ===
# of expected passes 12956
# of unexpected failures 24
# of expected failures 71
# of unsupported tests 266
Compiler version: 8.2.1 20181007 [gcc-8-branch revision 264906] (GCC)
Platform: powerpc64-unknown-linux-gnu
configure flags: --prefix=/opt/gcc-nightly/8 --with-as=/usr/bin/as --with-ld=/usr/bin/ld --enable-languages=c,c++,fortran,objc,obj-c++,go --disable-multilib --disable-multilib --with-cpu=power7