This is the mail archive of the
gcc-testresults@gcc.gnu.org
mailing list for the GCC project.
Results for 9.0.0 20180918 (experimental) [master revision 264413] (GCC) testsuite on aarch64-unknown-linux-gnu
- From: LINARO TCWG <tcwg-buildslave at linaro dot org>
- To: gcc-testresults at gcc dot gnu dot org
- Date: Thu, 20 Sep 2018 20:53:32 +0000
- Subject: Results for 9.0.0 20180918 (experimental) [master revision 264413] (GCC) testsuite on aarch64-unknown-linux-gnu
LAST_UPDATED: Thu Sep 20 16:26:47 UTC 2018 (revision 264413)
Native configuration is aarch64-unknown-linux-gnu
=== libatomic tests ===
Running target tcwg-local
=== libatomic Summary ===
# of expected passes 54
=== libgomp tests ===
Running target tcwg-local
=== libgomp Summary ===
# of expected passes 5942
# of unsupported tests 395
=== libitm tests ===
Running target tcwg-local
=== libitm Summary ===
# of expected passes 42
# of expected failures 3
# of unsupported tests 1
=== libstdc++ tests ===
Running target tcwg-local
FAIL: 23_containers/unordered_set/hash_policy/71181.cc execution test
FAIL: 23_containers/unordered_set/hash_policy/load_factor.cc execution test
FAIL: 23_containers/unordered_set/hash_policy/prime_rehash.cc execution test
=== libstdc++ Summary ===
# of expected passes 12372
# of unexpected failures 3
# of expected failures 77
# of unsupported tests 639
=== g++ tests ===
Running target tcwg-local
FAIL: g++.dg/pr83239.C -std=gnu++98 (test for excess errors)
=== g++ Summary ===
# of expected passes 123490
# of unexpected failures 1
# of expected failures 540
# of unsupported tests 5589
/home/tcwg-buildslave/workspace/tcwg-buildfarm/tcwg-thx1_64-build/_build/builds/aarch64-unknown-linux-gnu/aarch64-unknown-linux-gnu/gcc.git~master_rev_2646a43f79bad960b25f35ccf12a2b079006a768-stage2/gcc/xg++ version 9.0.0 20180918 (experimental) [master revision 264413] (GCC)
=== gcc tests ===
Running target tcwg-local
FAIL: gcc.dg/warn-abs-1.c (test for warnings, line 49)
FAIL: gcc.dg/zero_bits_compound-1.c scan-assembler-not \\\\(and:
FAIL: gcc.dg/torture/pr84682-2.c -O0 (internal compiler error)
FAIL: gcc.dg/torture/pr84682-2.c -O0 (test for excess errors)
FAIL: gcc.dg/torture/pr84682-2.c -O1 (internal compiler error)
FAIL: gcc.dg/torture/pr84682-2.c -O1 (test for excess errors)
FAIL: gcc.dg/torture/pr84682-2.c -O2 (internal compiler error)
FAIL: gcc.dg/torture/pr84682-2.c -O2 (test for excess errors)
FAIL: gcc.dg/torture/pr84682-2.c -O2 -flto -fno-use-linker-plugin -flto-partition=none (internal compiler error)
FAIL: gcc.dg/torture/pr84682-2.c -O2 -flto -fno-use-linker-plugin -flto-partition=none (test for excess errors)
FAIL: gcc.dg/torture/pr84682-2.c -O3 -fomit-frame-pointer -funroll-loops -fpeel-loops -ftracer -finline-functions (internal compiler error)
FAIL: gcc.dg/torture/pr84682-2.c -O3 -fomit-frame-pointer -funroll-loops -fpeel-loops -ftracer -finline-functions (test for excess errors)
FAIL: gcc.dg/torture/pr84682-2.c -O3 -g (internal compiler error)
FAIL: gcc.dg/torture/pr84682-2.c -O3 -g (test for excess errors)
FAIL: gcc.dg/torture/pr84682-2.c -Os (internal compiler error)
FAIL: gcc.dg/torture/pr84682-2.c -Os (test for excess errors)
FAIL: gcc.dg/tree-ssa/pr77445-2.c scan-tree-dump-not thread4 "not considered"
FAIL: gcc.dg/tree-ssa/ssa-dom-thread-7.c scan-tree-dump-not dom3 "Jumps threaded"
FAIL: gcc.dg/tree-ssa/ssa-dom-thread-7.c scan-tree-dump-not vrp2 "Jumps threaded"
FAIL: gcc.target/aarch64/ashltidisi.c scan-assembler-times asr 4
FAIL: gcc.target/aarch64/copysign-bsl.c scan-assembler b(sl|it|if)\\tv[0-9]
FAIL: gcc.target/aarch64/vclz.c scan-assembler-times clz\\\\tv[0-9]+.16b, v[0-9]+.16b 2
FAIL: gcc.target/aarch64/vneg_s.c scan-assembler-times neg\\\\tv[0-9]+.16b, v[0-9]+.16b 1
FAIL: gcc.target/aarch64/vneg_s.c scan-assembler-times neg\\\\tv[0-9]+.8b, v[0-9]+.8b 1
=== gcc Summary ===
# of expected passes 126430
# of unexpected failures 24
# of expected failures 530
# of unsupported tests 3416
/home/tcwg-buildslave/workspace/tcwg-buildfarm/tcwg-thx1_64-build/_build/builds/aarch64-unknown-linux-gnu/aarch64-unknown-linux-gnu/gcc.git~master_rev_2646a43f79bad960b25f35ccf12a2b079006a768-stage2/gcc/xgcc version 9.0.0 20180918 (experimental) [master revision 264413] (GCC)
=== gfortran tests ===
Running target tcwg-local
=== gfortran Summary ===
# of expected passes 46960
# of expected failures 100
# of unsupported tests 83
/home/tcwg-buildslave/workspace/tcwg-buildfarm/tcwg-thx1_64-build/_build/builds/aarch64-unknown-linux-gnu/aarch64-unknown-linux-gnu/gcc.git~master_rev_2646a43f79bad960b25f35ccf12a2b079006a768-stage2/gcc/gfortran version 9.0.0 20180918 (experimental) [master revision 264413] (GCC)
=== obj-c++ tests ===
Running target tcwg-local
=== obj-c++ Summary ===
# of expected passes 1456
# of expected failures 10
# of unsupported tests 77
/home/tcwg-buildslave/workspace/tcwg-buildfarm/tcwg-thx1_64-build/_build/builds/aarch64-unknown-linux-gnu/aarch64-unknown-linux-gnu/gcc.git~master_rev_2646a43f79bad960b25f35ccf12a2b079006a768-stage2/gcc/xg++ version 9.0.0 20180918 (experimental) [master revision 264413] (GCC)
=== objc tests ===
Running target tcwg-local
=== objc Summary ===
# of expected passes 2801
# of unsupported tests 69
/home/tcwg-buildslave/workspace/tcwg-buildfarm/tcwg-thx1_64-build/_build/builds/aarch64-unknown-linux-gnu/aarch64-unknown-linux-gnu/gcc.git~master_rev_2646a43f79bad960b25f35ccf12a2b079006a768-stage2/gcc/xgcc version 9.0.0 20180918 (experimental) [master revision 264413] (GCC)
Compiler version: 9.0.0 20180918 (experimental) [master revision 264413] (GCC)
Platform: aarch64-unknown-linux-gnu
configure flags: SHELL=/bin/bash --with-mpc=/home/tcwg-buildslave/workspace/tcwg-buildfarm/tcwg-thx1_64-build/_build/builds/destdir/aarch64-unknown-linux-gnu --with-mpfr=/home/tcwg-buildslave/workspace/tcwg-buildfarm/tcwg-thx1_64-build/_build/builds/destdir/aarch64-unknown-linux-gnu --with-gmp=/home/tcwg-buildslave/workspace/tcwg-buildfarm/tcwg-thx1_64-build/_build/builds/destdir/aarch64-unknown-linux-gnu --with-gnu-as --with-gnu-ld --disable-libmudflap --enable-lto --enable-shared --without-included-gettext --enable-nls --with-system-zlib --disable-sjlj-exceptions --enable-gnu-unique-object --enable-linker-build-id --disable-libstdcxx-pch --enable-c99 --enable-clocale=gnu --enable-libstdcxx-debug --enable-long-long --with-cloog=no --with-ppl=no --with-isl=no --disable-multilib --enable-fix-cortex-a53-835769 --enable-fix-cortex-a53-843419 --with-arch=armv8-a --enable-threads=posix --enable-multiarch --enable-libstdcxx-time=yes --enable-gnu-indirect-function --enable-checking=yes --en
able-bootstrap --enable-languages=c,c++,fortran,lto,objc,obj-c++ --build=aarch64-unknown-linux-gnu --host=aarch64-unknown-linux-gnu --target=aarch64-unknown-linux-gnu --prefix=/home/tcwg-buildslave/workspace/tcwg-buildfarm/tcwg-thx1_64-build/_build/builds/destdir/aarch64-unknown-linux-gnu