This is the mail archive of the
gcc-testresults@gcc.gnu.org
mailing list for the GCC project.
Results for 9.0.0 20180903 (experimental) [trunk revision 264052] (GCC) testsuite on x86_64-pc-linux-gnu
- From: "H.J. Lu (x32 -fpic)" <x32 at gnu-nhm-1 dot sc dot intel dot com>
- To: gcc-testresults at gcc dot gnu dot org
- Date: Mon, 03 Sep 2018 05:37:00 -0700
- Subject: Results for 9.0.0 20180903 (experimental) [trunk revision 264052] (GCC) testsuite on x86_64-pc-linux-gnu
Native configuration is x86_64-pc-linux-gnu
=== gcc tests ===
Running target unix/-mx32 -fpic
FAIL: gcc.c-torture/compile/20000326-1.c -O0 (internal compiler error)
FAIL: gcc.c-torture/compile/20000326-1.c -O0 (test for excess errors)
FAIL: gcc.c-torture/compile/20001221-1.c -O0 (internal compiler error)
FAIL: gcc.c-torture/compile/20001221-1.c -O0 (test for excess errors)
FAIL: gcc.c-torture/compile/20010408-1.c -O0 (internal compiler error)
FAIL: gcc.c-torture/compile/20010408-1.c -O0 (test for excess errors)
FAIL: gcc.c-torture/compile/20020604-1.c -O0 (internal compiler error)
FAIL: gcc.c-torture/compile/20020604-1.c -O0 (test for excess errors)
FAIL: gcc.c-torture/compile/20031031-1.c -O0 (internal compiler error)
FAIL: gcc.c-torture/compile/20031031-1.c -O0 (test for excess errors)
FAIL: gcc.c-torture/compile/20040109-1.c -O0 (internal compiler error)
FAIL: gcc.c-torture/compile/20040109-1.c -O0 (test for excess errors)
FAIL: gcc.c-torture/compile/20040124-1.c -O0 (internal compiler error)
FAIL: gcc.c-torture/compile/20040124-1.c -O0 (test for excess errors)
FAIL: gcc.c-torture/compile/20080910-1.c -O0 (internal compiler error)
FAIL: gcc.c-torture/compile/20080910-1.c -O0 (test for excess errors)
FAIL: gcc.c-torture/compile/931102-1.c -O0 (internal compiler error)
FAIL: gcc.c-torture/compile/931102-1.c -O0 (test for excess errors)
FAIL: gcc.c-torture/compile/950922-1.c -O0 (internal compiler error)
FAIL: gcc.c-torture/compile/950922-1.c -O0 (test for excess errors)
FAIL: gcc.c-torture/compile/980825-1.c -O0 (internal compiler error)
FAIL: gcc.c-torture/compile/980825-1.c -O0 (test for excess errors)
FAIL: gcc.c-torture/compile/pr17119.c -O0 (internal compiler error)
FAIL: gcc.c-torture/compile/pr17119.c -O0 (test for excess errors)
FAIL: gcc.c-torture/compile/pr27571.c -O0 (internal compiler error)
FAIL: gcc.c-torture/compile/pr27571.c -O0 (test for excess errors)
FAIL: gcc.c-torture/compile/pr34091.c -O0 (internal compiler error)
FAIL: gcc.c-torture/compile/pr34091.c -O0 (test for excess errors)
FAIL: gcc.c-torture/compile/pr34688.c -O0 (internal compiler error)
FAIL: gcc.c-torture/compile/pr34688.c -O0 (test for excess errors)
FAIL: gcc.c-torture/compile/pr35869.c -O0 (internal compiler error)
FAIL: gcc.c-torture/compile/pr35869.c -O0 (test for excess errors)
FAIL: gcc.c-torture/compile/pr42347.c -O0 (internal compiler error)
FAIL: gcc.c-torture/compile/pr42347.c -O0 (test for excess errors)
FAIL: gcc.c-torture/compile/pr46934.c -O0 (internal compiler error)
FAIL: gcc.c-torture/compile/pr46934.c -O0 (test for excess errors)
FAIL: gcc.c-torture/execute/20001130-2.c -O0 (internal compiler error)
FAIL: gcc.c-torture/execute/20001130-2.c -O0 (test for excess errors)
UNRESOLVED: gcc.c-torture/execute/20001130-2.c -O0 compilation failed to produce executable
FAIL: gcc.c-torture/execute/20011109-1.c -O0 (internal compiler error)
FAIL: gcc.c-torture/execute/20011109-1.c -O0 (test for excess errors)
UNRESOLVED: gcc.c-torture/execute/20011109-1.c -O0 compilation failed to produce executable
FAIL: gcc.c-torture/execute/20030903-1.c -O0 (internal compiler error)
FAIL: gcc.c-torture/execute/20030903-1.c -O0 (test for excess errors)
UNRESOLVED: gcc.c-torture/execute/20030903-1.c -O0 compilation failed to produce executable
FAIL: gcc.c-torture/execute/20120808-1.c -O0 (internal compiler error)
FAIL: gcc.c-torture/execute/20120808-1.c -O0 (test for excess errors)
UNRESOLVED: gcc.c-torture/execute/20120808-1.c -O0 compilation failed to produce executable
FAIL: gcc.c-torture/execute/920506-1.c -O0 (internal compiler error)
FAIL: gcc.c-torture/execute/920506-1.c -O0 (test for excess errors)
UNRESOLVED: gcc.c-torture/execute/920506-1.c -O0 compilation failed to produce executable
FAIL: gcc.c-torture/execute/920520-1.c -O0 (internal compiler error)
FAIL: gcc.c-torture/execute/920520-1.c -O0 (test for excess errors)
UNRESOLVED: gcc.c-torture/execute/920520-1.c -O0 compilation failed to produce executable
FAIL: gcc.c-torture/execute/990524-1.c -O0 (internal compiler error)
FAIL: gcc.c-torture/execute/990524-1.c -O0 (test for excess errors)
UNRESOLVED: gcc.c-torture/execute/990524-1.c -O0 compilation failed to produce executable
FAIL: gcc.c-torture/execute/990811-1.c -O0 (internal compiler error)
FAIL: gcc.c-torture/execute/990811-1.c -O0 (test for excess errors)
UNRESOLVED: gcc.c-torture/execute/990811-1.c -O0 compilation failed to produce executable
FAIL: gcc.c-torture/execute/991016-1.c -O0 (internal compiler error)
FAIL: gcc.c-torture/execute/991016-1.c -O0 (test for excess errors)
UNRESOLVED: gcc.c-torture/execute/991016-1.c -O0 compilation failed to produce executable
FAIL: gcc.c-torture/execute/pr20601-1.c -O0 (internal compiler error)
FAIL: gcc.c-torture/execute/pr20601-1.c -O0 (test for excess errors)
UNRESOLVED: gcc.c-torture/execute/pr20601-1.c -O0 compilation failed to produce executable
FAIL: gcc.c-torture/execute/pr38051.c -O0 (internal compiler error)
FAIL: gcc.c-torture/execute/pr38051.c -O0 (test for excess errors)
UNRESOLVED: gcc.c-torture/execute/pr38051.c -O0 compilation failed to produce executable
FAIL: gcc.c-torture/execute/pr40668.c -O0 (internal compiler error)
FAIL: gcc.c-torture/execute/pr40668.c -O0 (test for excess errors)
UNRESOLVED: gcc.c-torture/execute/pr40668.c -O0 compilation failed to produce executable
FAIL: gcc.c-torture/execute/pr49161.c -O0 (internal compiler error)
FAIL: gcc.c-torture/execute/pr49161.c -O0 (test for excess errors)
UNRESOLVED: gcc.c-torture/execute/pr49161.c -O0 compilation failed to produce executable
FAIL: gcc.c-torture/execute/stdarg-2.c -O0 (internal compiler error)
FAIL: gcc.c-torture/execute/stdarg-2.c -O0 (test for excess errors)
UNRESOLVED: gcc.c-torture/execute/stdarg-2.c -O0 compilation failed to produce executable
FAIL: gcc.c-torture/execute/va-arg-pack-1.c -O0 (internal compiler error)
FAIL: gcc.c-torture/execute/va-arg-pack-1.c -O0 (test for excess errors)
UNRESOLVED: gcc.c-torture/execute/va-arg-pack-1.c -O0 compilation failed to produce executable
FAIL: c-c++-common/asan/pr63888.c -O0 (internal compiler error)
FAIL: c-c++-common/asan/pr63888.c -O0 (test for excess errors)
UNRESOLVED: c-c++-common/asan/pr63888.c -O0 compilation failed to produce executable
FAIL: c-c++-common/Wimplicit-fallthrough-1.c -Wc++-compat (internal compiler error)
FAIL: c-c++-common/Wimplicit-fallthrough-1.c -Wc++-compat (test for excess errors)
FAIL: c-c++-common/Wimplicit-fallthrough-15.c -Wc++-compat (internal compiler error)
FAIL: c-c++-common/Wimplicit-fallthrough-15.c -Wc++-compat (test for excess errors)
FAIL: c-c++-common/Wimplicit-fallthrough-21.c -Wc++-compat (internal compiler error)
FAIL: c-c++-common/Wimplicit-fallthrough-21.c -Wc++-compat (test for excess errors)
FAIL: c-c++-common/Wimplicit-fallthrough-22.c -Wc++-compat (internal compiler error)
FAIL: c-c++-common/Wimplicit-fallthrough-22.c -Wc++-compat (test for excess errors)
FAIL: c-c++-common/Wimplicit-fallthrough-36.c -Wc++-compat (internal compiler error)
FAIL: c-c++-common/Wimplicit-fallthrough-36.c -Wc++-compat (test for excess errors)
FAIL: c-c++-common/Wimplicit-fallthrough-7.c -Wc++-compat (internal compiler error)
FAIL: c-c++-common/Wimplicit-fallthrough-7.c -Wc++-compat (test for excess errors)
FAIL: gcc.dg/Wimplicit-fallthrough-1.c (internal compiler error)
FAIL: gcc.dg/Wimplicit-fallthrough-1.c (test for excess errors)
FAIL: gcc.dg/Wswitch-2.c (internal compiler error)
FAIL: gcc.dg/Wswitch-2.c (test for excess errors)
FAIL: gcc.dg/Wswitch-default.c (internal compiler error)
FAIL: gcc.dg/Wswitch-default.c (test for excess errors)
FAIL: gcc.dg/Wswitch-enum-error.c (test for warnings, line )
FAIL: gcc.dg/Wswitch-enum-error.c (internal compiler error)
FAIL: gcc.dg/Wswitch-enum-error.c (test for excess errors)
FAIL: gcc.dg/Wswitch-enum.c (internal compiler error)
FAIL: gcc.dg/Wswitch-enum.c (test for excess errors)
FAIL: gcc.dg/Wswitch-error.c (test for warnings, line )
FAIL: gcc.dg/Wswitch-error.c (internal compiler error)
FAIL: gcc.dg/Wswitch-error.c (test for excess errors)
FAIL: gcc.dg/Wswitch.c (internal compiler error)
FAIL: gcc.dg/Wswitch.c (test for excess errors)
FAIL: gcc.dg/falign-labels-1.c (internal compiler error)
FAIL: gcc.dg/falign-labels-1.c (test for excess errors)
UNRESOLVED: gcc.dg/falign-labels-1.c compilation failed to produce executable
FAIL: gcc.dg/pr48235.c (internal compiler error)
FAIL: gcc.dg/pr48235.c (test for excess errors)
FAIL: gcc.dg/pr57662.c (internal compiler error)
FAIL: gcc.dg/pr57662.c (test for excess errors)
FAIL: gcc.dg/pr59304.c (internal compiler error)
FAIL: gcc.dg/pr59304.c (test for excess errors)
FAIL: gcc.dg/pr79223.c (test for warnings, line 26)
FAIL: gcc.dg/pr79223.c (test for warnings, line 31)
FAIL: gcc.dg/pr79223.c (test for warnings, line 36)
FAIL: gcc.dg/switch-9.c (internal compiler error)
FAIL: gcc.dg/switch-9.c (test for excess errors)
FAIL: gcc.dg/uninit-4-O0.c (internal compiler error)
FAIL: gcc.dg/uninit-4-O0.c (test for excess errors)
FAIL: gcc.dg/uninit-A-O0.c (internal compiler error)
FAIL: gcc.dg/uninit-A-O0.c (test for excess errors)
FAIL: gcc.dg/vla-1.c scan-tree-dump-times optimized " s=> i" 2
FAIL: c-c++-common/gomp/clauses-1.c (internal compiler error)
FAIL: c-c++-common/gomp/clauses-1.c (test for excess errors)
FAIL: c-c++-common/gomp/pr54017.c (internal compiler error)
FAIL: c-c++-common/gomp/pr54017.c (test for excess errors)
FAIL: gcc.dg/gomp/_Atomic-1.c (internal compiler error)
FAIL: gcc.dg/gomp/_Atomic-1.c (test for excess errors)
FAIL: gcc.dg/gomp/appendix-a/a.9.1.c (internal compiler error)
FAIL: gcc.dg/gomp/appendix-a/a.9.1.c (test for excess errors)
FAIL: gcc.dg/graphite/interchange-3.c scan-tree-dump graphite "tiled"
FAIL: gcc.dg/graphite/interchange-7.c scan-tree-dump graphite "tiled"
FAIL: gcc.dg/graphite/interchange-9.c scan-tree-dump graphite "tiled"
FAIL: gcc.dg/graphite/uns-interchange-9.c scan-tree-dump graphite "tiled"
FAIL: gcc.dg/ipa/inline-7.c scan-tree-dump-times einline "Inlining a into m" 1
FAIL: gcc.dg/ipa/inline-8.c execution test
FAIL: gcc.dg/ipa/ipa-icf-28.c scan-ipa-dump icf "different decl attributes"
FAIL: gcc.dg/ipa/ipa-icf-merge-1.c scan-ipa-dump icf "= foo \\\\(\\\\);"
FAIL: gcc.dg/ipa/pr85734.c (test for warnings, line 16)
FAIL: gcc.dg/torture/pr63464.c -O0 (internal compiler error)
FAIL: gcc.dg/torture/pr63464.c -O0 (test for excess errors)
UNRESOLVED: gcc.dg/torture/pr63464.c -O0 compilation failed to produce executable
FAIL: gcc.dg/torture/pr78731.c -O0 (internal compiler error)
FAIL: gcc.dg/torture/pr78731.c -O0 (test for excess errors)
UNRESOLVED: gcc.dg/torture/pr78731.c -O0 compilation failed to produce executable
FAIL: gcc.dg/torture/pr84740.c -O0 (internal compiler error)
FAIL: gcc.dg/torture/pr84740.c -O0 (test for excess errors)
FAIL: gcc.dg/tree-prof/inliner-1.c scan-tree-dump optimized "cold_function ..;"
FAIL: gcc.dg/tree-ssa/builtin-sprintf-10.c (test for excess errors)
FAIL: gcc.dg/tree-ssa/counts-1.c scan-tree-dump optimized "i_am_also_unlikely2[^\\r\\n]*(unlikely executed)"
FAIL: gcc.dg/tree-ssa/ifc-10.c scan-tree-dump-times ifcvt "Applying if-conversion" 1
FAIL: gcc.dg/tree-ssa/ifc-10.c scan-tree-dump-times ifcvt "Invalid sum of incoming counts" 1
FAIL: gcc.dg/tree-ssa/ifc-10.c scan-tree-dump-times ifcvt "Invalid sum of outgoing probabilities 200.0" 1
FAIL: gcc.dg/tree-ssa/ifc-12.c scan-tree-dump-times ifcvt "Applying if-conversion" 1
FAIL: gcc.dg/tree-ssa/ifc-12.c scan-tree-dump-times ifcvt "Invalid sum of incoming counts" 1
FAIL: gcc.dg/tree-ssa/ifc-12.c scan-tree-dump-times ifcvt "Invalid sum of outgoing probabilities 200.0" 1
FAIL: gcc.dg/tree-ssa/inline-10.c scan-tree-dump-not optimized "do_something \\\\(70\\\\)"
FAIL: gcc.dg/tree-ssa/inline-10.c scan-tree-dump-times optimized "do_something2" 1
FAIL: gcc.dg/tree-ssa/inline-10.c scan-tree-dump-times optimized "do_something3" 1
FAIL: gcc.dg/tree-ssa/inline-8.c scan-tree-dump-times einline "Inlining" 5
FAIL: gcc.dg/tree-ssa/inline-9.c scan-tree-dump-times optimized "q \\\\(15\\\\)" 1
FAIL: gcc.dg/tree-ssa/ipa-split-6.c scan-tree-dump optimized "part"
FAIL: gcc.dg/tree-ssa/pr77445.c scan-tree-dump-not thread3 "Invalid sum"
FAIL: gcc.dg/tree-ssa/pr77445.c scan-tree-dump-times thread3 "Registering FSM jump thread" 2
FAIL: gcc.dg/tree-ssa/pr83648.c scan-tree-dump local-pure-const1 "Function found to be malloc: g"
FAIL: gcc.dg/tree-ssa/ssa-fre-56.c scan-tree-dump-times fre1 " \\\\+ " 0
FAIL: gcc.dg/tree-ssa/ssa-fre-56.c scan-tree-dump-times fre1 "= x;" 1
FAIL: gcc.dg/vect/pr65947-1.c -flto -ffat-lto-objects scan-tree-dump-times vect "LOOP VECTORIZED" 2
FAIL: gcc.dg/vect/pr65947-1.c -flto -ffat-lto-objects scan-tree-dump-times vect "condition expression based on integer induction." 4
FAIL: gcc.dg/vect/pr65947-1.c scan-tree-dump-times vect "LOOP VECTORIZED" 2
FAIL: gcc.dg/vect/pr65947-1.c scan-tree-dump-times vect "condition expression based on integer induction." 4
FAIL: gcc.dg/vect/pr65947-10.c -flto -ffat-lto-objects scan-tree-dump-times vect "LOOP VECTORIZED" 2
FAIL: gcc.dg/vect/pr65947-10.c scan-tree-dump-times vect "LOOP VECTORIZED" 2
FAIL: gcc.dg/vect/pr65947-12.c -flto -ffat-lto-objects scan-tree-dump-times vect "LOOP VECTORIZED" 2
FAIL: gcc.dg/vect/pr65947-12.c scan-tree-dump-times vect "LOOP VECTORIZED" 2
FAIL: gcc.dg/vect/pr65947-13.c -flto -ffat-lto-objects scan-tree-dump-times vect "LOOP VECTORIZED" 2
FAIL: gcc.dg/vect/pr65947-13.c -flto -ffat-lto-objects scan-tree-dump-times vect "condition expression based on integer induction." 4
FAIL: gcc.dg/vect/pr65947-13.c scan-tree-dump-times vect "LOOP VECTORIZED" 2
FAIL: gcc.dg/vect/pr65947-13.c scan-tree-dump-times vect "condition expression based on integer induction." 4
FAIL: gcc.dg/vect/pr65947-14.c -flto -ffat-lto-objects scan-tree-dump-times vect "LOOP VECTORIZED" 2
FAIL: gcc.dg/vect/pr65947-14.c -flto -ffat-lto-objects scan-tree-dump-times vect "condition expression based on integer induction." 4
FAIL: gcc.dg/vect/pr65947-14.c scan-tree-dump-times vect "LOOP VECTORIZED" 2
FAIL: gcc.dg/vect/pr65947-14.c scan-tree-dump-times vect "condition expression based on integer induction." 4
FAIL: gcc.dg/vect/pr65947-2.c -flto -ffat-lto-objects scan-tree-dump-times vect "LOOP VECTORIZED" 2
FAIL: gcc.dg/vect/pr65947-2.c scan-tree-dump-times vect "LOOP VECTORIZED" 2
FAIL: gcc.dg/vect/pr65947-3.c -flto -ffat-lto-objects scan-tree-dump-times vect "LOOP VECTORIZED" 2
FAIL: gcc.dg/vect/pr65947-3.c scan-tree-dump-times vect "LOOP VECTORIZED" 2
FAIL: gcc.dg/vect/pr65947-4.c -flto -ffat-lto-objects scan-tree-dump-times vect "LOOP VECTORIZED" 2
FAIL: gcc.dg/vect/pr65947-4.c -flto -ffat-lto-objects scan-tree-dump-times vect "condition expression based on integer induction." 4
FAIL: gcc.dg/vect/pr65947-4.c scan-tree-dump-times vect "LOOP VECTORIZED" 2
FAIL: gcc.dg/vect/pr65947-4.c scan-tree-dump-times vect "condition expression based on integer induction." 4
FAIL: gcc.dg/vect/pr65947-5.c -flto -ffat-lto-objects scan-tree-dump-times vect "LOOP VECTORIZED" 1
FAIL: gcc.dg/vect/pr65947-5.c scan-tree-dump-times vect "LOOP VECTORIZED" 1
FAIL: gcc.dg/vect/pr65947-6.c -flto -ffat-lto-objects scan-tree-dump-times vect "LOOP VECTORIZED" 2
FAIL: gcc.dg/vect/pr65947-6.c scan-tree-dump-times vect "LOOP VECTORIZED" 2
FAIL: gcc.misc-tests/gcov-4.c (internal compiler error)
FAIL: gcc.misc-tests/gcov-4.c (test for excess errors)
UNRESOLVED: gcc.misc-tests/gcov-4.c compilation failed to produce executable
FAIL: gcc.misc-tests/gcov-4.c gcov: 56 failures in line counts, 0 in branch percentages, 0 in return percentages, 0 in intermediate format
FAIL: gcc.misc-tests/gcov-4.c line 106: is #####:should be 15
FAIL: gcc.misc-tests/gcov-4.c line 107: is #####:should be 14
FAIL: gcc.misc-tests/gcov-4.c line 108: is #####:should be 1
FAIL: gcc.misc-tests/gcov-4.c line 110: is #####:should be 1
FAIL: gcc.misc-tests/gcov-4.c line 132: is #####:should be 5
FAIL: gcc.misc-tests/gcov-4.c line 133: is #####:should be 3
FAIL: gcc.misc-tests/gcov-4.c line 134: is #####:should be 3
FAIL: gcc.misc-tests/gcov-4.c line 138: is #####:should be 2
FAIL: gcc.misc-tests/gcov-4.c line 139: is #####:should be 1
FAIL: gcc.misc-tests/gcov-4.c line 141: is #####:should be 1
FAIL: gcc.misc-tests/gcov-4.c line 142: is #####:should be 5
FAIL: gcc.misc-tests/gcov-4.c line 143: is #####:should be 1
FAIL: gcc.misc-tests/gcov-4.c line 144: is #####:should be 5
FAIL: gcc.misc-tests/gcov-4.c line 145: is #####:should be 1
FAIL: gcc.misc-tests/gcov-4.c line 146: is #####:should be 1
FAIL: gcc.misc-tests/gcov-4.c line 147: is #####:should be 5
FAIL: gcc.misc-tests/gcov-4.c line 154: is #####:should be 6
FAIL: gcc.misc-tests/gcov-4.c line 155: is #####:should be 1
FAIL: gcc.misc-tests/gcov-4.c line 156: is #####:should be 6
FAIL: gcc.misc-tests/gcov-4.c line 158: is #####:should be 6
FAIL: gcc.misc-tests/gcov-4.c line 159: is #####:should be 3
FAIL: gcc.misc-tests/gcov-4.c line 160: is #####:should be 6
FAIL: gcc.misc-tests/gcov-4.c line 161: is #####:should be 2
FAIL: gcc.misc-tests/gcov-4.c line 162: is #####:should be 4
FAIL: gcc.misc-tests/gcov-4.c line 164: is #####:should be 4
FAIL: gcc.misc-tests/gcov-4.c line 171: is #####:should be 11
FAIL: gcc.misc-tests/gcov-4.c line 172: is #####:should be 1
FAIL: gcc.misc-tests/gcov-4.c line 173: is #####:should be 11
FAIL: gcc.misc-tests/gcov-4.c line 174: is #####:should be 5
FAIL: gcc.misc-tests/gcov-4.c line 175: is #####:should be 2
FAIL: gcc.misc-tests/gcov-4.c line 176: is #####:should be 1
FAIL: gcc.misc-tests/gcov-4.c line 177: is #####:should be 11
FAIL: gcc.misc-tests/gcov-4.c line 178: is #####:should be 3
FAIL: gcc.misc-tests/gcov-4.c line 179: is #####:should be 11
FAIL: gcc.misc-tests/gcov-4.c line 218: is #####:should be 5
FAIL: gcc.misc-tests/gcov-4.c line 220: is #####:should be 5
FAIL: gcc.misc-tests/gcov-4.c line 223: is #####:should be 1
FAIL: gcc.misc-tests/gcov-4.c line 230: is #####:should be 3
FAIL: gcc.misc-tests/gcov-4.c line 231: is #####:should be 1
FAIL: gcc.misc-tests/gcov-4.c line 232: is #####:should be 2
FAIL: gcc.misc-tests/gcov-4.c line 235: is #####:should be 1
FAIL: gcc.misc-tests/gcov-4.c line 236: is #####:should be 1
FAIL: gcc.misc-tests/gcov-4.c line 239: is #####:should be 4
FAIL: gcc.misc-tests/gcov-4.c line 33: is #####:should be 1
FAIL: gcc.misc-tests/gcov-4.c line 39: is #####:should be 1
FAIL: gcc.misc-tests/gcov-4.c line 41: is #####:should be 1
FAIL: gcc.misc-tests/gcov-4.c line 55: is #####:should be 3
FAIL: gcc.misc-tests/gcov-4.c line 57: is #####:should be 9
FAIL: gcc.misc-tests/gcov-4.c line 58: is #####:should be 3
FAIL: gcc.misc-tests/gcov-4.c line 65: is #####:should be 6
FAIL: gcc.misc-tests/gcov-4.c line 69: is #####:should be 81
FAIL: gcc.misc-tests/gcov-4.c line 70: is #####:should be 6
FAIL: gcc.misc-tests/gcov-4.c line 95: is #####:should be 2
FAIL: gcc.misc-tests/gcov-4.c line 96: is #####:should be 1
FAIL: gcc.misc-tests/gcov-4.c line 97: is #####:should be 1
FAIL: gcc.misc-tests/gcov-4.c line 99: is #####:should be 1
FAIL: gcc.misc-tests/gcov-4b.c (internal compiler error)
FAIL: gcc.misc-tests/gcov-4b.c (test for excess errors)
UNRESOLVED: gcc.misc-tests/gcov-4b.c compilation failed to produce executable
FAIL: gcc.misc-tests/gcov-4b.c gcov: 0 failures in line counts, 24 in branch percentages, 0 in return percentages, 0 in intermediate format
FAIL: gcc.misc-tests/gcov-4b.c line 134: expected branch percentages not found: 0
FAIL: gcc.misc-tests/gcov-4b.c line n: expected branch percentages not found: 0
FAIL: gcc.misc-tests/gcov-4b.c line n: expected branch percentages not found: 0
FAIL: gcc.misc-tests/gcov-4b.c line n: expected branch percentages not found: 0
FAIL: gcc.misc-tests/gcov-4b.c line n: expected branch percentages not found: 17
FAIL: gcc.misc-tests/gcov-4b.c line n: expected branch percentages not found: 20
FAIL: gcc.misc-tests/gcov-4b.c line n: expected branch percentages not found: 20
FAIL: gcc.misc-tests/gcov-4b.c line n: expected branch percentages not found: 20 0 40 20
FAIL: gcc.misc-tests/gcov-4b.c line n: expected branch percentages not found: 25
FAIL: gcc.misc-tests/gcov-4b.c line n: expected branch percentages not found: 27
FAIL: gcc.misc-tests/gcov-4b.c line n: expected branch percentages not found: 27 50 25
FAIL: gcc.misc-tests/gcov-4b.c line n: expected branch percentages not found: 30
FAIL: gcc.misc-tests/gcov-4b.c line n: expected branch percentages not found: 32
FAIL: gcc.misc-tests/gcov-4b.c line n: expected branch percentages not found: 33
FAIL: gcc.misc-tests/gcov-4b.c line n: expected branch percentages not found: 33
FAIL: gcc.misc-tests/gcov-4b.c line n: expected branch percentages not found: 40
FAIL: gcc.misc-tests/gcov-4b.c line n: expected branch percentages not found: 40
FAIL: gcc.misc-tests/gcov-4b.c line n: expected branch percentages not found: 45
FAIL: gcc.misc-tests/gcov-4b.c line n: expected branch percentages not found: 50
FAIL: gcc.misc-tests/gcov-4b.c line n: expected branch percentages not found: 50
FAIL: gcc.misc-tests/gcov-4b.c line n: expected branch percentages not found: 50
FAIL: gcc.misc-tests/gcov-4b.c line n: expected branch percentages not found: 50
FAIL: gcc.misc-tests/gcov-4b.c line n: expected branch percentages not found: 7
FAIL: gcc.misc-tests/gcov-4b.c line n: expected branch percentages not found: 9 10 11
FAIL: gcc.target/i386/avx512bw-vpmovswb-1.c scan-assembler-times vpmovswb[ \\\\t]+[^{\\n]*%xmm[0-9]+[^\\n]*res1[^\\n]*{%k[1-7]}(?:\\n|[ \\\\t]+#) 1
FAIL: gcc.target/i386/avx512bw-vpmovswb-1.c scan-assembler-times vpmovswb[ \\\\t]+[^{\\n]*%ymm[0-9]+[^\\n]*res2[^\\n]*{%k[1-7]}(?:\\n|[ \\\\t]+#) 1
FAIL: gcc.target/i386/avx512bw-vpmovswb-1.c scan-assembler-times vpmovswb[ \\\\t]+[^{\\n]*%zmm[0-9]+[^\\n]*res3[^\\n]*{%k[1-7]}(?:\\n|[ \\\\t]+#) 1
FAIL: gcc.target/i386/avx512bw-vpmovuswb-1.c scan-assembler-times vpmovuswb[ \\\\t]+[^{\\n]*%xmm[0-9]+[^\\n]*res1[^\\n]*{%k[1-7]}(?:\\n|[ \\\\t]+#) 1
FAIL: gcc.target/i386/avx512bw-vpmovuswb-1.c scan-assembler-times vpmovuswb[ \\\\t]+[^{\\n]*%ymm[0-9]+[^\\n]*res2[^\\n]*{%k[1-7]}(?:\\n|[ \\\\t]+#) 1
FAIL: gcc.target/i386/avx512bw-vpmovuswb-1.c scan-assembler-times vpmovuswb[ \\\\t]+[^{\\n]*%zmm[0-9]+[^\\n]*res3[^\\n]*{%k[1-7]}(?:\\n|[ \\\\t]+#) 1
FAIL: gcc.target/i386/avx512bw-vpmovwb-1.c scan-assembler-times vpmovwb[ \\\\t]+[^{\\n]*%xmm[0-9]+[^\\n]*res1[^\\n]*{%k[1-7]}(?:\\n|[ \\\\t]+#) 1
FAIL: gcc.target/i386/avx512bw-vpmovwb-1.c scan-assembler-times vpmovwb[ \\\\t]+[^{\\n]*%ymm[0-9]+[^\\n]*res2[^\\n]*{%k[1-7]}(?:\\n|[ \\\\t]+#) 1
FAIL: gcc.target/i386/avx512bw-vpmovwb-1.c scan-assembler-times vpmovwb[ \\\\t]+[^{\\n]*%zmm[0-9]+[^\\n]*res3[^\\n]*{%k[1-7]}(?:\\n|[ \\\\t]+#) 1
FAIL: gcc.target/i386/avx512vl-pr79299-2.c (test for excess errors)
FAIL: gcc.target/i386/builtin_target.c (internal compiler error)
FAIL: gcc.target/i386/builtin_target.c (test for excess errors)
UNRESOLVED: gcc.target/i386/builtin_target.c compilation failed to produce executable
FAIL: gcc.target/i386/cet-sjlj-6a.c scan-assembler-times movq\\t.*buf\\\\+8 1
FAIL: gcc.target/i386/cet-sjlj-6a.c scan-assembler-times subq\\tbuf\\\\+8 1
FAIL: gcc.target/i386/cet-sjlj-6b.c scan-assembler-times movq\\t.*buf\\\\+16 1
FAIL: gcc.target/i386/cet-sjlj-6b.c scan-assembler-times subq\\tbuf\\\\+16 1
FAIL: gcc.target/i386/pr71321.c scan-assembler-times lea.\\t\\\\(%[0-9a-z]+,%[0-9a-z]+,4 3
FAIL: gcc.target/i386/pr71321.c scan-assembler-times lea.\\t\\\\(%[0-9a-z]+,%[0-9a-z]+,8 1
FAIL: gcc.target/i386/pr78035.c scan-assembler-times cmp 2
FAIL: gcc.target/i386/stack-prot-sym.c scan-assembler gs:my_guard
FAIL: gcc.target/i386/vect-sizes-1.c scan-assembler vmovapd[ \\\\t]+[^\\n]*%ymm
=== gcc Summary ===
# of expected passes 132368
# of unexpected failures 292
# of expected failures 417
# of unresolved testcases 22
# of unsupported tests 2328
/export/gnu/import/git/gcc-test-x32/bld/gcc/xgcc version 9.0.0 20180903 (experimental) [trunk revision 264052] (GCC)
=== gfortran tests ===
Running target unix/-mx32 -fpic
FAIL: gfortran.dg/dtio_26.f03 -O0 (internal compiler error)
FAIL: gfortran.dg/dtio_26.f03 -O0 (test for excess errors)
UNRESOLVED: gfortran.dg/dtio_26.f03 -O0 compilation failed to produce executable
FAIL: gfortran.dg/dtio_5.f90 -O0 (internal compiler error)
FAIL: gfortran.dg/dtio_5.f90 -O0 (test for excess errors)
UNRESOLVED: gfortran.dg/dtio_5.f90 -O0 compilation failed to produce executable
FAIL: gfortran.dg/fmt_f0_2.f90 -O0 (internal compiler error)
FAIL: gfortran.dg/fmt_f0_2.f90 -O0 (test for excess errors)
UNRESOLVED: gfortran.dg/fmt_f0_2.f90 -O0 compilation failed to produce executable
FAIL: gfortran.dg/fmt_f0_3.f90 -O0 (internal compiler error)
FAIL: gfortran.dg/fmt_f0_3.f90 -O0 (test for excess errors)
UNRESOLVED: gfortran.dg/fmt_f0_3.f90 -O0 compilation failed to produce executable
FAIL: gfortran.dg/fmt_g0_6.f08 -O0 (internal compiler error)
FAIL: gfortran.dg/fmt_g0_6.f08 -O0 (test for excess errors)
UNRESOLVED: gfortran.dg/fmt_g0_6.f08 -O0 compilation failed to produce executable
FAIL: gfortran.dg/pr48636-2.f90 -O scan-ipa-dump cp "Creating a specialized node of [^\\n\\r]*bar/[0-9]*\\\\."
FAIL: gfortran.dg/pr48636-2.f90 -O scan-ipa-dump-times cp "Aggregate replacements[^=]*=[^=]*=[^=]*=[^=]*=[^=]*=[^=]*=[^=]*=[^=]*=[^=]*=" 2
FAIL: gfortran.dg/pr48636.f90 -O scan-ipa-dump inline "IPA hints: loop_iterations"
FAIL: gfortran.dg/pr48636.f90 -O scan-ipa-dump inline "bar[^\\\\n]*inline copy in MAIN"
FAIL: gfortran.dg/pr79966.f90 -O scan-ipa-dump inline "Inlined tp_sum into runtptests"
FAIL: gfortran.dg/proc_ptr_comp_23.f90 -O0 (internal compiler error)
FAIL: gfortran.dg/proc_ptr_comp_23.f90 -O0 (test for excess errors)
UNRESOLVED: gfortran.dg/proc_ptr_comp_23.f90 -O0 compilation failed to produce executable
FAIL: gfortran.dg/select_1.f90 -O0 (internal compiler error)
FAIL: gfortran.dg/select_1.f90 -O0 (test for excess errors)
UNRESOLVED: gfortran.dg/select_1.f90 -O0 compilation failed to produce executable
FAIL: gfortran.dg/select_3.f90 -O0 (internal compiler error)
FAIL: gfortran.dg/select_3.f90 -O0 (test for excess errors)
UNRESOLVED: gfortran.dg/select_3.f90 -O0 compilation failed to produce executable
FAIL: gfortran.dg/select_5.f90 -O0 (internal compiler error)
FAIL: gfortran.dg/select_5.f90 -O0 (test for excess errors)
UNRESOLVED: gfortran.dg/select_5.f90 -O0 compilation failed to produce executable
FAIL: gfortran.dg/widechar_select_1.f90 -O0 (internal compiler error)
FAIL: gfortran.dg/widechar_select_1.f90 -O0 (test for excess errors)
UNRESOLVED: gfortran.dg/widechar_select_1.f90 -O0 compilation failed to produce executable
FAIL: gfortran.fortran-torture/execute/entry_2.f90, -O0 (internal compiler error)
FAIL: gfortran.fortran-torture/execute/entry_3.f90, -O0 (internal compiler error)
FAIL: gfortran.fortran-torture/execute/entry_4.f90, -O0 (internal compiler error)
FAIL: gfortran.fortran-torture/execute/entry_5.f90, -O0 (internal compiler error)
=== gfortran Summary ===
# of expected passes 47665
# of unexpected failures 29
# of expected failures 104
# of unresolved testcases 10
# of unsupported tests 68
/export/gnu/import/git/gcc-test-x32/bld/gcc/gfortran version 9.0.0 20180903 (experimental) [trunk revision 264052] (GCC)
=== g++ tests ===
Running target unix/-mx32 -fpic
FAIL: c-c++-common/asan/inc.c -O0 scan-tree-dump-times asan0 "ASAN_" 4
FAIL: c-c++-common/asan/pr63888.c -O0 (internal compiler error)
FAIL: c-c++-common/asan/pr63888.c -O0 (test for excess errors)
UNRESOLVED: c-c++-common/asan/pr63888.c -O0 compilation failed to produce executable
FAIL: g++.dg/asan/use-after-scope-1.C -O0 (internal compiler error)
FAIL: g++.dg/asan/use-after-scope-1.C -O0 (test for excess errors)
UNRESOLVED: g++.dg/asan/use-after-scope-1.C -O0 compilation failed to produce executable
UNRESOLVED: g++.dg/bprob/g++-bprob-1.C compilation, -O0 -fbranch-probabilities
FAIL: g++.dg/bprob/g++-bprob-1.C compilation, -O0 -fprofile-arcs (internal compiler error)
UNRESOLVED: g++.dg/bprob/g++-bprob-1.C compilation, -g -fbranch-probabilities
FAIL: g++.dg/bprob/g++-bprob-1.C compilation, -g -fprofile-arcs (internal compiler error)
UNRESOLVED: g++.dg/bprob/g++-bprob-1.C execution, -O0 -fbranch-probabilities
UNRESOLVED: g++.dg/bprob/g++-bprob-1.C execution, -O0 -fprofile-arcs
UNRESOLVED: g++.dg/bprob/g++-bprob-1.C execution, -g -fbranch-probabilities
UNRESOLVED: g++.dg/bprob/g++-bprob-1.C execution, -g -fprofile-arcs
FAIL: c-c++-common/Wimplicit-fallthrough-1.c -std=gnu++11 (internal compiler error)
FAIL: c-c++-common/Wimplicit-fallthrough-1.c -std=gnu++11 (test for excess errors)
FAIL: c-c++-common/Wimplicit-fallthrough-1.c -std=gnu++14 (internal compiler error)
FAIL: c-c++-common/Wimplicit-fallthrough-1.c -std=gnu++14 (test for excess errors)
FAIL: c-c++-common/Wimplicit-fallthrough-1.c -std=gnu++98 (internal compiler error)
FAIL: c-c++-common/Wimplicit-fallthrough-1.c -std=gnu++98 (test for excess errors)
FAIL: c-c++-common/Wimplicit-fallthrough-15.c -std=gnu++11 (internal compiler error)
FAIL: c-c++-common/Wimplicit-fallthrough-15.c -std=gnu++11 (test for excess errors)
FAIL: c-c++-common/Wimplicit-fallthrough-15.c -std=gnu++14 (internal compiler error)
FAIL: c-c++-common/Wimplicit-fallthrough-15.c -std=gnu++14 (test for excess errors)
FAIL: c-c++-common/Wimplicit-fallthrough-15.c -std=gnu++98 (internal compiler error)
FAIL: c-c++-common/Wimplicit-fallthrough-15.c -std=gnu++98 (test for excess errors)
FAIL: c-c++-common/Wimplicit-fallthrough-21.c -std=gnu++11 (internal compiler error)
FAIL: c-c++-common/Wimplicit-fallthrough-21.c -std=gnu++11 (test for excess errors)
FAIL: c-c++-common/Wimplicit-fallthrough-21.c -std=gnu++14 (internal compiler error)
FAIL: c-c++-common/Wimplicit-fallthrough-21.c -std=gnu++14 (test for excess errors)
FAIL: c-c++-common/Wimplicit-fallthrough-21.c -std=gnu++98 (internal compiler error)
FAIL: c-c++-common/Wimplicit-fallthrough-21.c -std=gnu++98 (test for excess errors)
FAIL: c-c++-common/Wimplicit-fallthrough-22.c -std=gnu++11 (internal compiler error)
FAIL: c-c++-common/Wimplicit-fallthrough-22.c -std=gnu++11 (test for excess errors)
FAIL: c-c++-common/Wimplicit-fallthrough-22.c -std=gnu++14 (internal compiler error)
FAIL: c-c++-common/Wimplicit-fallthrough-22.c -std=gnu++14 (test for excess errors)
FAIL: c-c++-common/Wimplicit-fallthrough-22.c -std=gnu++98 (internal compiler error)
FAIL: c-c++-common/Wimplicit-fallthrough-22.c -std=gnu++98 (test for excess errors)
FAIL: c-c++-common/Wimplicit-fallthrough-36.c -std=gnu++11 (internal compiler error)
FAIL: c-c++-common/Wimplicit-fallthrough-36.c -std=gnu++11 (test for excess errors)
FAIL: c-c++-common/Wimplicit-fallthrough-36.c -std=gnu++14 (internal compiler error)
FAIL: c-c++-common/Wimplicit-fallthrough-36.c -std=gnu++14 (test for excess errors)
FAIL: c-c++-common/Wimplicit-fallthrough-36.c -std=gnu++98 (internal compiler error)
FAIL: c-c++-common/Wimplicit-fallthrough-36.c -std=gnu++98 (test for excess errors)
FAIL: c-c++-common/Wimplicit-fallthrough-7.c -std=gnu++11 (internal compiler error)
FAIL: c-c++-common/Wimplicit-fallthrough-7.c -std=gnu++11 (test for excess errors)
FAIL: c-c++-common/Wimplicit-fallthrough-7.c -std=gnu++14 (internal compiler error)
FAIL: c-c++-common/Wimplicit-fallthrough-7.c -std=gnu++14 (test for excess errors)
FAIL: c-c++-common/Wimplicit-fallthrough-7.c -std=gnu++98 (internal compiler error)
FAIL: c-c++-common/Wimplicit-fallthrough-7.c -std=gnu++98 (test for excess errors)
FAIL: g++.dg/cpp0x/fallthrough2.C -std=gnu++11 (internal compiler error)
FAIL: g++.dg/cpp0x/fallthrough2.C -std=gnu++11 (test for excess errors)
FAIL: g++.dg/cpp0x/fallthrough2.C -std=gnu++14 (internal compiler error)
FAIL: g++.dg/cpp0x/fallthrough2.C -std=gnu++14 (test for excess errors)
FAIL: g++.dg/cpp0x/lambda/lambda-recursive.C -std=c++11 (internal compiler error)
FAIL: g++.dg/cpp0x/lambda/lambda-recursive.C -std=c++11 (test for excess errors)
UNRESOLVED: g++.dg/cpp0x/lambda/lambda-recursive.C -std=c++11 compilation failed to produce executable
FAIL: g++.dg/cpp0x/lambda/lambda-recursive.C -std=c++14 (internal compiler error)
FAIL: g++.dg/cpp0x/lambda/lambda-recursive.C -std=c++14 (test for excess errors)
UNRESOLVED: g++.dg/cpp0x/lambda/lambda-recursive.C -std=c++14 compilation failed to produce executable
FAIL: g++.dg/cpp0x/lambda/lambda-std-function.C -std=c++11 (internal compiler error)
FAIL: g++.dg/cpp0x/lambda/lambda-std-function.C -std=c++11 (test for excess errors)
UNRESOLVED: g++.dg/cpp0x/lambda/lambda-std-function.C -std=c++11 compilation failed to produce executable
FAIL: g++.dg/cpp0x/lambda/lambda-std-function.C -std=c++14 (internal compiler error)
FAIL: g++.dg/cpp0x/lambda/lambda-std-function.C -std=c++14 (test for excess errors)
UNRESOLVED: g++.dg/cpp0x/lambda/lambda-std-function.C -std=c++14 compilation failed to produce executable
FAIL: g++.dg/cpp0x/lambda/lambda-this8.C -std=c++11 (internal compiler error)
FAIL: g++.dg/cpp0x/lambda/lambda-this8.C -std=c++11 (test for excess errors)
UNRESOLVED: g++.dg/cpp0x/lambda/lambda-this8.C -std=c++11 compilation failed to produce executable
FAIL: g++.dg/cpp0x/lambda/lambda-this8.C -std=c++14 (internal compiler error)
FAIL: g++.dg/cpp0x/lambda/lambda-this8.C -std=c++14 (test for excess errors)
UNRESOLVED: g++.dg/cpp0x/lambda/lambda-this8.C -std=c++14 compilation failed to produce executable
FAIL: g++.dg/cpp0x/nullptr21.C -std=c++11 (internal compiler error)
FAIL: g++.dg/cpp0x/nullptr21.C -std=c++11 (test for excess errors)
UNRESOLVED: g++.dg/cpp0x/nullptr21.C -std=c++11 compilation failed to produce executable
FAIL: g++.dg/cpp0x/nullptr21.C -std=c++14 (internal compiler error)
FAIL: g++.dg/cpp0x/nullptr21.C -std=c++14 (test for excess errors)
UNRESOLVED: g++.dg/cpp0x/nullptr21.C -std=c++14 compilation failed to produce executable
FAIL: g++.dg/cpp1y/lambda-generic-variadic2.C -std=c++14 (internal compiler error)
FAIL: g++.dg/cpp1y/lambda-generic-variadic2.C -std=c++14 (test for excess errors)
FAIL: g++.dg/cpp1z/init-statement6.C (internal compiler error)
FAIL: g++.dg/cpp1z/init-statement6.C (test for excess errors)
FAIL: g++.dg/ipa/devirt-40.C -std=gnu++11 scan-tree-dump-not fre3 "\\\\n OBJ_TYPE_REF"
FAIL: g++.dg/ipa/devirt-40.C -std=gnu++14 scan-tree-dump-not fre3 "\\\\n OBJ_TYPE_REF"
FAIL: g++.dg/ipa/devirt-40.C -std=gnu++98 scan-tree-dump-not fre3 "\\\\n OBJ_TYPE_REF"
FAIL: g++.dg/ipa/devirt-42.C -std=gnu++11 scan-ipa-dump-times inline "Discovered a virtual call to a known target" 2
FAIL: g++.dg/ipa/devirt-42.C -std=gnu++11 scan-tree-dump-times optimized "return 2" 3
FAIL: g++.dg/ipa/devirt-42.C -std=gnu++14 scan-ipa-dump-times inline "Discovered a virtual call to a known target" 2
FAIL: g++.dg/ipa/devirt-42.C -std=gnu++14 scan-tree-dump-times optimized "return 2" 3
FAIL: g++.dg/ipa/devirt-42.C -std=gnu++98 scan-ipa-dump-times inline "Discovered a virtual call to a known target" 2
FAIL: g++.dg/ipa/devirt-42.C -std=gnu++98 scan-tree-dump-times optimized "return 2" 3
FAIL: g++.dg/ipa/devirt-c-8.C -std=gnu++11 scan-ipa-dump cp "Discovered a virtual call to a known target.*A::foo"
FAIL: g++.dg/ipa/devirt-c-8.C -std=gnu++11 scan-tree-dump-times optimized "OBJ_TYPE_REF" 0
FAIL: g++.dg/ipa/devirt-c-8.C -std=gnu++14 scan-ipa-dump cp "Discovered a virtual call to a known target.*A::foo"
FAIL: g++.dg/ipa/devirt-c-8.C -std=gnu++14 scan-tree-dump-times optimized "OBJ_TYPE_REF" 0
FAIL: g++.dg/ipa/devirt-c-8.C -std=gnu++98 scan-ipa-dump cp "Discovered a virtual call to a known target.*A::foo"
FAIL: g++.dg/ipa/devirt-c-8.C -std=gnu++98 scan-tree-dump-times optimized "OBJ_TYPE_REF" 0
FAIL: g++.dg/ipa/ipa-icf-3.C -std=gnu++11 scan-ipa-dump icf "Equal symbols: 2"
FAIL: g++.dg/ipa/ipa-icf-3.C -std=gnu++11 scan-ipa-dump icf "Semantic equality hit:.*bar.*->.*foo.*"
FAIL: g++.dg/ipa/ipa-icf-3.C -std=gnu++14 scan-ipa-dump icf "Equal symbols: 2"
FAIL: g++.dg/ipa/ipa-icf-3.C -std=gnu++14 scan-ipa-dump icf "Semantic equality hit:.*bar.*->.*foo.*"
FAIL: g++.dg/ipa/ipa-icf-3.C -std=gnu++98 scan-ipa-dump icf "Equal symbols: 2"
FAIL: g++.dg/ipa/ipa-icf-3.C -std=gnu++98 scan-ipa-dump icf "Semantic equality hit:.*bar.*->.*foo.*"
FAIL: g++.dg/other/switch3.C -std=c++11 (internal compiler error)
FAIL: g++.dg/other/switch3.C -std=c++11 (test for excess errors)
FAIL: g++.dg/other/switch3.C -std=c++14 (internal compiler error)
FAIL: g++.dg/other/switch3.C -std=c++14 (test for excess errors)
FAIL: g++.dg/other/switch3.C -std=c++98 (internal compiler error)
FAIL: g++.dg/other/switch3.C -std=c++98 (test for excess errors)
FAIL: g++.dg/pr71694.C -std=gnu++11 scan-assembler-not movl
FAIL: g++.dg/pr71694.C -std=gnu++14 scan-assembler-not movl
FAIL: g++.dg/pr71694.C -std=gnu++98 scan-assembler-not movl
FAIL: g++.dg/pr80481.C -std=gnu++11 scan-assembler-not vmovaps
FAIL: g++.dg/pr80481.C -std=gnu++14 scan-assembler-not vmovaps
FAIL: g++.dg/pr80481.C -std=gnu++98 scan-assembler-not vmovaps
FAIL: g++.dg/pr83239.C -std=gnu++98 (test for excess errors)
FAIL: g++.dg/warn/Wswitch-1.C -std=gnu++11 (internal compiler error)
FAIL: g++.dg/warn/Wswitch-1.C -std=gnu++11 (test for excess errors)
FAIL: g++.dg/warn/Wswitch-1.C -std=gnu++14 (internal compiler error)
FAIL: g++.dg/warn/Wswitch-1.C -std=gnu++14 (test for excess errors)
FAIL: g++.dg/warn/Wswitch-1.C -std=gnu++98 (internal compiler error)
FAIL: g++.dg/warn/Wswitch-1.C -std=gnu++98 (test for excess errors)
FAIL: g++.dg/warn/Wswitch-2.C -std=gnu++11 (internal compiler error)
FAIL: g++.dg/warn/Wswitch-2.C -std=gnu++11 (test for excess errors)
FAIL: g++.dg/warn/Wswitch-2.C -std=gnu++14 (internal compiler error)
FAIL: g++.dg/warn/Wswitch-2.C -std=gnu++14 (test for excess errors)
FAIL: g++.dg/warn/Wswitch-2.C -std=gnu++98 (internal compiler error)
FAIL: g++.dg/warn/Wswitch-2.C -std=gnu++98 (test for excess errors)
FAIL: g++.dg/warn/pr81275-1.C -std=gnu++11 (internal compiler error)
FAIL: g++.dg/warn/pr81275-1.C -std=gnu++11 (test for excess errors)
FAIL: g++.dg/warn/pr81275-1.C -std=gnu++14 (internal compiler error)
FAIL: g++.dg/warn/pr81275-1.C -std=gnu++14 (test for excess errors)
FAIL: g++.dg/warn/pr81275-1.C -std=gnu++98 (internal compiler error)
FAIL: g++.dg/warn/pr81275-1.C -std=gnu++98 (test for excess errors)
FAIL: g++.dg/warn/pr81275-2.C -std=gnu++11 (internal compiler error)
FAIL: g++.dg/warn/pr81275-2.C -std=gnu++11 (test for excess errors)
FAIL: g++.dg/warn/pr81275-2.C -std=gnu++14 (internal compiler error)
FAIL: g++.dg/warn/pr81275-2.C -std=gnu++14 (test for excess errors)
FAIL: g++.dg/warn/pr81275-2.C -std=gnu++98 (internal compiler error)
FAIL: g++.dg/warn/pr81275-2.C -std=gnu++98 (test for excess errors)
FAIL: g++.dg/warn/pr81275-3.C -std=gnu++11 (internal compiler error)
FAIL: g++.dg/warn/pr81275-3.C -std=gnu++11 (test for excess errors)
FAIL: g++.dg/warn/pr81275-3.C -std=gnu++14 (internal compiler error)
FAIL: g++.dg/warn/pr81275-3.C -std=gnu++14 (test for excess errors)
FAIL: g++.dg/warn/pr81275-3.C -std=gnu++98 (internal compiler error)
FAIL: g++.dg/warn/pr81275-3.C -std=gnu++98 (test for excess errors)
FAIL: g++.dg/gcov/gcov-1.C -std=gnu++11 gcov: 56 failures in line counts, 24 in branch percentages, 0 in return percentages, 0 in intermediate format
FAIL: g++.dg/gcov/gcov-1.C -std=gnu++11 line 100: is #####:should be 2
FAIL: g++.dg/gcov/gcov-1.C -std=gnu++11 line 102: is #####:should be 1
FAIL: g++.dg/gcov/gcov-1.C -std=gnu++11 line 103: is #####:should be 1
FAIL: g++.dg/gcov/gcov-1.C -std=gnu++11 line 105: is #####:should be 1
FAIL: g++.dg/gcov/gcov-1.C -std=gnu++11 line 113: is #####:should be 15
FAIL: g++.dg/gcov/gcov-1.C -std=gnu++11 line 115: is #####:should be 14
FAIL: g++.dg/gcov/gcov-1.C -std=gnu++11 line 116: is #####:should be 1
FAIL: g++.dg/gcov/gcov-1.C -std=gnu++11 line 118: is #####:should be 1
FAIL: g++.dg/gcov/gcov-1.C -std=gnu++11 line 141: is #####:should be 5
FAIL: g++.dg/gcov/gcov-1.C -std=gnu++11 line 142: expected branch percentages not found: 40
FAIL: g++.dg/gcov/gcov-1.C -std=gnu++11 line 143: is #####:should be 3
FAIL: g++.dg/gcov/gcov-1.C -std=gnu++11 line 145: is #####:should be 3
FAIL: g++.dg/gcov/gcov-1.C -std=gnu++11 line 150: is #####:should be 2
FAIL: g++.dg/gcov/gcov-1.C -std=gnu++11 line 152: is #####:should be 1
FAIL: g++.dg/gcov/gcov-1.C -std=gnu++11 line 154: is #####:should be 1
FAIL: g++.dg/gcov/gcov-1.C -std=gnu++11 line 156: is #####:should be 5
FAIL: g++.dg/gcov/gcov-1.C -std=gnu++11 line 158: is #####:should be 1
FAIL: g++.dg/gcov/gcov-1.C -std=gnu++11 line 160: is #####:should be 5
FAIL: g++.dg/gcov/gcov-1.C -std=gnu++11 line 161: expected branch percentages not found: 20
FAIL: g++.dg/gcov/gcov-1.C -std=gnu++11 line 162: is #####:should be 1
FAIL: g++.dg/gcov/gcov-1.C -std=gnu++11 line 164: is #####:should be 1
FAIL: g++.dg/gcov/gcov-1.C -std=gnu++11 line 165: is #####:should be 5
FAIL: g++.dg/gcov/gcov-1.C -std=gnu++11 line 173: is #####:should be 6
FAIL: g++.dg/gcov/gcov-1.C -std=gnu++11 line 175: is #####:should be 1
FAIL: g++.dg/gcov/gcov-1.C -std=gnu++11 line 177: is #####:should be 6
FAIL: g++.dg/gcov/gcov-1.C -std=gnu++11 line 181: is #####:should be 6
FAIL: g++.dg/gcov/gcov-1.C -std=gnu++11 line 183: is #####:should be 3
FAIL: g++.dg/gcov/gcov-1.C -std=gnu++11 line 185: is #####:should be 6
FAIL: g++.dg/gcov/gcov-1.C -std=gnu++11 line 187: is #####:should be 2
FAIL: g++.dg/gcov/gcov-1.C -std=gnu++11 line 189: is #####:should be 4
FAIL: g++.dg/gcov/gcov-1.C -std=gnu++11 line 192: is #####:should be 4
FAIL: g++.dg/gcov/gcov-1.C -std=gnu++11 line 200: is #####:should be 11
FAIL: g++.dg/gcov/gcov-1.C -std=gnu++11 line 202: is #####:should be 1
FAIL: g++.dg/gcov/gcov-1.C -std=gnu++11 line 204: is #####:should be 11
FAIL: g++.dg/gcov/gcov-1.C -std=gnu++11 line 205: expected branch percentages not found: 45
FAIL: g++.dg/gcov/gcov-1.C -std=gnu++11 line 206: is #####:should be 5
FAIL: g++.dg/gcov/gcov-1.C -std=gnu++11 line 207: expected branch percentages not found: 40
FAIL: g++.dg/gcov/gcov-1.C -std=gnu++11 line 208: is #####:should be 2
FAIL: g++.dg/gcov/gcov-1.C -std=gnu++11 line 210: is #####:should be 1
FAIL: g++.dg/gcov/gcov-1.C -std=gnu++11 line 212: is #####:should be 11
FAIL: g++.dg/gcov/gcov-1.C -std=gnu++11 line 214: is #####:should be 3
FAIL: g++.dg/gcov/gcov-1.C -std=gnu++11 line 215: is #####:should be 11
FAIL: g++.dg/gcov/gcov-1.C -std=gnu++11 line 254: is #####:should be 5
FAIL: g++.dg/gcov/gcov-1.C -std=gnu++11 line 257: is #####:should be 5
FAIL: g++.dg/gcov/gcov-1.C -std=gnu++11 line 261: is #####:should be 1
FAIL: g++.dg/gcov/gcov-1.C -std=gnu++11 line 269: is #####:should be 3
FAIL: g++.dg/gcov/gcov-1.C -std=gnu++11 line 271: is #####:should be 1
FAIL: g++.dg/gcov/gcov-1.C -std=gnu++11 line 272: is #####:should be 2
FAIL: g++.dg/gcov/gcov-1.C -std=gnu++11 line 275: is #####:should be 1
FAIL: g++.dg/gcov/gcov-1.C -std=gnu++11 line 276: is #####:should be 1
FAIL: g++.dg/gcov/gcov-1.C -std=gnu++11 line 279: is #####:should be 4
FAIL: g++.dg/gcov/gcov-1.C -std=gnu++11 line 33: is #####:should be 1
FAIL: g++.dg/gcov/gcov-1.C -std=gnu++11 line 39: is #####:should be 1
FAIL: g++.dg/gcov/gcov-1.C -std=gnu++11 line 41: is #####:should be 1
FAIL: g++.dg/gcov/gcov-1.C -std=gnu++11 line 55: is #####:should be 3
FAIL: g++.dg/gcov/gcov-1.C -std=gnu++11 line 58: is #####:should be 9
FAIL: g++.dg/gcov/gcov-1.C -std=gnu++11 line 59: is #####:should be 3
FAIL: g++.dg/gcov/gcov-1.C -std=gnu++11 line 66: is #####:should be 6
FAIL: g++.dg/gcov/gcov-1.C -std=gnu++11 line 73: is #####:should be 81
FAIL: g++.dg/gcov/gcov-1.C -std=gnu++11 line 74: is #####:should be 6
FAIL: g++.dg/gcov/gcov-1.C -std=gnu++11 line n: expected branch percentages not found: 0
FAIL: g++.dg/gcov/gcov-1.C -std=gnu++11 line n: expected branch percentages not found: 0
FAIL: g++.dg/gcov/gcov-1.C -std=gnu++11 line n: expected branch percentages not found: 0
FAIL: g++.dg/gcov/gcov-1.C -std=gnu++11 line n: expected branch percentages not found: 0
FAIL: g++.dg/gcov/gcov-1.C -std=gnu++11 line n: expected branch percentages not found: 17
FAIL: g++.dg/gcov/gcov-1.C -std=gnu++11 line n: expected branch percentages not found: 20
FAIL: g++.dg/gcov/gcov-1.C -std=gnu++11 line n: expected branch percentages not found: 20 0 40 20
FAIL: g++.dg/gcov/gcov-1.C -std=gnu++11 line n: expected branch percentages not found: 25
FAIL: g++.dg/gcov/gcov-1.C -std=gnu++11 line n: expected branch percentages not found: 27
FAIL: g++.dg/gcov/gcov-1.C -std=gnu++11 line n: expected branch percentages not found: 27 50 25
FAIL: g++.dg/gcov/gcov-1.C -std=gnu++11 line n: expected branch percentages not found: 30
FAIL: g++.dg/gcov/gcov-1.C -std=gnu++11 line n: expected branch percentages not found: 32
FAIL: g++.dg/gcov/gcov-1.C -std=gnu++11 line n: expected branch percentages not found: 33
FAIL: g++.dg/gcov/gcov-1.C -std=gnu++11 line n: expected branch percentages not found: 33
FAIL: g++.dg/gcov/gcov-1.C -std=gnu++11 line n: expected branch percentages not found: 50
FAIL: g++.dg/gcov/gcov-1.C -std=gnu++11 line n: expected branch percentages not found: 50
FAIL: g++.dg/gcov/gcov-1.C -std=gnu++11 line n: expected branch percentages not found: 50
FAIL: g++.dg/gcov/gcov-1.C -std=gnu++11 line n: expected branch percentages not found: 50
FAIL: g++.dg/gcov/gcov-1.C -std=gnu++11 line n: expected branch percentages not found: 7
FAIL: g++.dg/gcov/gcov-1.C -std=gnu++11 line n: expected branch percentages not found: 9 10 11
FAIL: g++.dg/gcov/gcov-1.C -std=gnu++11 (internal compiler error)
FAIL: g++.dg/gcov/gcov-1.C -std=gnu++11 (test for excess errors)
UNRESOLVED: g++.dg/gcov/gcov-1.C -std=gnu++11 compilation failed to produce executable
FAIL: g++.dg/gcov/gcov-1.C -std=gnu++14 gcov: 56 failures in line counts, 24 in branch percentages, 0 in return percentages, 0 in intermediate format
FAIL: g++.dg/gcov/gcov-1.C -std=gnu++14 line 100: is #####:should be 2
FAIL: g++.dg/gcov/gcov-1.C -std=gnu++14 line 102: is #####:should be 1
FAIL: g++.dg/gcov/gcov-1.C -std=gnu++14 line 103: is #####:should be 1
FAIL: g++.dg/gcov/gcov-1.C -std=gnu++14 line 105: is #####:should be 1
FAIL: g++.dg/gcov/gcov-1.C -std=gnu++14 line 113: is #####:should be 15
FAIL: g++.dg/gcov/gcov-1.C -std=gnu++14 line 115: is #####:should be 14
FAIL: g++.dg/gcov/gcov-1.C -std=gnu++14 line 116: is #####:should be 1
FAIL: g++.dg/gcov/gcov-1.C -std=gnu++14 line 118: is #####:should be 1
FAIL: g++.dg/gcov/gcov-1.C -std=gnu++14 line 141: is #####:should be 5
FAIL: g++.dg/gcov/gcov-1.C -std=gnu++14 line 142: expected branch percentages not found: 40
FAIL: g++.dg/gcov/gcov-1.C -std=gnu++14 line 143: is #####:should be 3
FAIL: g++.dg/gcov/gcov-1.C -std=gnu++14 line 145: is #####:should be 3
FAIL: g++.dg/gcov/gcov-1.C -std=gnu++14 line 150: is #####:should be 2
FAIL: g++.dg/gcov/gcov-1.C -std=gnu++14 line 152: is #####:should be 1
FAIL: g++.dg/gcov/gcov-1.C -std=gnu++14 line 154: is #####:should be 1
FAIL: g++.dg/gcov/gcov-1.C -std=gnu++14 line 156: is #####:should be 5
FAIL: g++.dg/gcov/gcov-1.C -std=gnu++14 line 158: is #####:should be 1
FAIL: g++.dg/gcov/gcov-1.C -std=gnu++14 line 160: is #####:should be 5
FAIL: g++.dg/gcov/gcov-1.C -std=gnu++14 line 161: expected branch percentages not found: 20
FAIL: g++.dg/gcov/gcov-1.C -std=gnu++14 line 162: is #####:should be 1
FAIL: g++.dg/gcov/gcov-1.C -std=gnu++14 line 164: is #####:should be 1
FAIL: g++.dg/gcov/gcov-1.C -std=gnu++14 line 165: is #####:should be 5
FAIL: g++.dg/gcov/gcov-1.C -std=gnu++14 line 173: is #####:should be 6
FAIL: g++.dg/gcov/gcov-1.C -std=gnu++14 line 175: is #####:should be 1
FAIL: g++.dg/gcov/gcov-1.C -std=gnu++14 line 177: is #####:should be 6
FAIL: g++.dg/gcov/gcov-1.C -std=gnu++14 line 181: is #####:should be 6
FAIL: g++.dg/gcov/gcov-1.C -std=gnu++14 line 183: is #####:should be 3
FAIL: g++.dg/gcov/gcov-1.C -std=gnu++14 line 185: is #####:should be 6
FAIL: g++.dg/gcov/gcov-1.C -std=gnu++14 line 187: is #####:should be 2
FAIL: g++.dg/gcov/gcov-1.C -std=gnu++14 line 189: is #####:should be 4
FAIL: g++.dg/gcov/gcov-1.C -std=gnu++14 line 192: is #####:should be 4
FAIL: g++.dg/gcov/gcov-1.C -std=gnu++14 line 200: is #####:should be 11
FAIL: g++.dg/gcov/gcov-1.C -std=gnu++14 line 202: is #####:should be 1
FAIL: g++.dg/gcov/gcov-1.C -std=gnu++14 line 204: is #####:should be 11
FAIL: g++.dg/gcov/gcov-1.C -std=gnu++14 line 205: expected branch percentages not found: 45
FAIL: g++.dg/gcov/gcov-1.C -std=gnu++14 line 206: is #####:should be 5
FAIL: g++.dg/gcov/gcov-1.C -std=gnu++14 line 207: expected branch percentages not found: 40
FAIL: g++.dg/gcov/gcov-1.C -std=gnu++14 line 208: is #####:should be 2
FAIL: g++.dg/gcov/gcov-1.C -std=gnu++14 line 210: is #####:should be 1
FAIL: g++.dg/gcov/gcov-1.C -std=gnu++14 line 212: is #####:should be 11
FAIL: g++.dg/gcov/gcov-1.C -std=gnu++14 line 214: is #####:should be 3
FAIL: g++.dg/gcov/gcov-1.C -std=gnu++14 line 215: is #####:should be 11
FAIL: g++.dg/gcov/gcov-1.C -std=gnu++14 line 254: is #####:should be 5
FAIL: g++.dg/gcov/gcov-1.C -std=gnu++14 line 257: is #####:should be 5
FAIL: g++.dg/gcov/gcov-1.C -std=gnu++14 line 261: is #####:should be 1
FAIL: g++.dg/gcov/gcov-1.C -std=gnu++14 line 269: is #####:should be 3
FAIL: g++.dg/gcov/gcov-1.C -std=gnu++14 line 271: is #####:should be 1
FAIL: g++.dg/gcov/gcov-1.C -std=gnu++14 line 272: is #####:should be 2
FAIL: g++.dg/gcov/gcov-1.C -std=gnu++14 line 275: is #####:should be 1
FAIL: g++.dg/gcov/gcov-1.C -std=gnu++14 line 276: is #####:should be 1
FAIL: g++.dg/gcov/gcov-1.C -std=gnu++14 line 279: is #####:should be 4
FAIL: g++.dg/gcov/gcov-1.C -std=gnu++14 line 33: is #####:should be 1
FAIL: g++.dg/gcov/gcov-1.C -std=gnu++14 line 39: is #####:should be 1
FAIL: g++.dg/gcov/gcov-1.C -std=gnu++14 line 41: is #####:should be 1
FAIL: g++.dg/gcov/gcov-1.C -std=gnu++14 line 55: is #####:should be 3
FAIL: g++.dg/gcov/gcov-1.C -std=gnu++14 line 58: is #####:should be 9
FAIL: g++.dg/gcov/gcov-1.C -std=gnu++14 line 59: is #####:should be 3
FAIL: g++.dg/gcov/gcov-1.C -std=gnu++14 line 66: is #####:should be 6
FAIL: g++.dg/gcov/gcov-1.C -std=gnu++14 line 73: is #####:should be 81
FAIL: g++.dg/gcov/gcov-1.C -std=gnu++14 line 74: is #####:should be 6
FAIL: g++.dg/gcov/gcov-1.C -std=gnu++14 line n: expected branch percentages not found: 0
FAIL: g++.dg/gcov/gcov-1.C -std=gnu++14 line n: expected branch percentages not found: 0
FAIL: g++.dg/gcov/gcov-1.C -std=gnu++14 line n: expected branch percentages not found: 0
FAIL: g++.dg/gcov/gcov-1.C -std=gnu++14 line n: expected branch percentages not found: 0
FAIL: g++.dg/gcov/gcov-1.C -std=gnu++14 line n: expected branch percentages not found: 17
FAIL: g++.dg/gcov/gcov-1.C -std=gnu++14 line n: expected branch percentages not found: 20
FAIL: g++.dg/gcov/gcov-1.C -std=gnu++14 line n: expected branch percentages not found: 20 0 40 20
FAIL: g++.dg/gcov/gcov-1.C -std=gnu++14 line n: expected branch percentages not found: 25
FAIL: g++.dg/gcov/gcov-1.C -std=gnu++14 line n: expected branch percentages not found: 27
FAIL: g++.dg/gcov/gcov-1.C -std=gnu++14 line n: expected branch percentages not found: 27 50 25
FAIL: g++.dg/gcov/gcov-1.C -std=gnu++14 line n: expected branch percentages not found: 30
FAIL: g++.dg/gcov/gcov-1.C -std=gnu++14 line n: expected branch percentages not found: 32
FAIL: g++.dg/gcov/gcov-1.C -std=gnu++14 line n: expected branch percentages not found: 33
FAIL: g++.dg/gcov/gcov-1.C -std=gnu++14 line n: expected branch percentages not found: 33
FAIL: g++.dg/gcov/gcov-1.C -std=gnu++14 line n: expected branch percentages not found: 50
FAIL: g++.dg/gcov/gcov-1.C -std=gnu++14 line n: expected branch percentages not found: 50
FAIL: g++.dg/gcov/gcov-1.C -std=gnu++14 line n: expected branch percentages not found: 50
FAIL: g++.dg/gcov/gcov-1.C -std=gnu++14 line n: expected branch percentages not found: 50
FAIL: g++.dg/gcov/gcov-1.C -std=gnu++14 line n: expected branch percentages not found: 7
FAIL: g++.dg/gcov/gcov-1.C -std=gnu++14 line n: expected branch percentages not found: 9 10 11
FAIL: g++.dg/gcov/gcov-1.C -std=gnu++14 (internal compiler error)
FAIL: g++.dg/gcov/gcov-1.C -std=gnu++14 (test for excess errors)
UNRESOLVED: g++.dg/gcov/gcov-1.C -std=gnu++14 compilation failed to produce executable
FAIL: g++.dg/gcov/gcov-1.C -std=gnu++98 gcov: 56 failures in line counts, 24 in branch percentages, 0 in return percentages, 0 in intermediate format
FAIL: g++.dg/gcov/gcov-1.C -std=gnu++98 line 100: is #####:should be 2
FAIL: g++.dg/gcov/gcov-1.C -std=gnu++98 line 102: is #####:should be 1
FAIL: g++.dg/gcov/gcov-1.C -std=gnu++98 line 103: is #####:should be 1
FAIL: g++.dg/gcov/gcov-1.C -std=gnu++98 line 105: is #####:should be 1
FAIL: g++.dg/gcov/gcov-1.C -std=gnu++98 line 113: is #####:should be 15
FAIL: g++.dg/gcov/gcov-1.C -std=gnu++98 line 115: is #####:should be 14
FAIL: g++.dg/gcov/gcov-1.C -std=gnu++98 line 116: is #####:should be 1
FAIL: g++.dg/gcov/gcov-1.C -std=gnu++98 line 118: is #####:should be 1
FAIL: g++.dg/gcov/gcov-1.C -std=gnu++98 line 141: is #####:should be 5
FAIL: g++.dg/gcov/gcov-1.C -std=gnu++98 line 142: expected branch percentages not found: 40
FAIL: g++.dg/gcov/gcov-1.C -std=gnu++98 line 143: is #####:should be 3
FAIL: g++.dg/gcov/gcov-1.C -std=gnu++98 line 145: is #####:should be 3
FAIL: g++.dg/gcov/gcov-1.C -std=gnu++98 line 150: is #####:should be 2
FAIL: g++.dg/gcov/gcov-1.C -std=gnu++98 line 152: is #####:should be 1
FAIL: g++.dg/gcov/gcov-1.C -std=gnu++98 line 154: is #####:should be 1
FAIL: g++.dg/gcov/gcov-1.C -std=gnu++98 line 156: is #####:should be 5
FAIL: g++.dg/gcov/gcov-1.C -std=gnu++98 line 158: is #####:should be 1
FAIL: g++.dg/gcov/gcov-1.C -std=gnu++98 line 160: is #####:should be 5
FAIL: g++.dg/gcov/gcov-1.C -std=gnu++98 line 161: expected branch percentages not found: 20
FAIL: g++.dg/gcov/gcov-1.C -std=gnu++98 line 162: is #####:should be 1
FAIL: g++.dg/gcov/gcov-1.C -std=gnu++98 line 164: is #####:should be 1
FAIL: g++.dg/gcov/gcov-1.C -std=gnu++98 line 165: is #####:should be 5
FAIL: g++.dg/gcov/gcov-1.C -std=gnu++98 line 173: is #####:should be 6
FAIL: g++.dg/gcov/gcov-1.C -std=gnu++98 line 175: is #####:should be 1
FAIL: g++.dg/gcov/gcov-1.C -std=gnu++98 line 177: is #####:should be 6
FAIL: g++.dg/gcov/gcov-1.C -std=gnu++98 line 181: is #####:should be 6
FAIL: g++.dg/gcov/gcov-1.C -std=gnu++98 line 183: is #####:should be 3
FAIL: g++.dg/gcov/gcov-1.C -std=gnu++98 line 185: is #####:should be 6
FAIL: g++.dg/gcov/gcov-1.C -std=gnu++98 line 187: is #####:should be 2
FAIL: g++.dg/gcov/gcov-1.C -std=gnu++98 line 189: is #####:should be 4
FAIL: g++.dg/gcov/gcov-1.C -std=gnu++98 line 192: is #####:should be 4
FAIL: g++.dg/gcov/gcov-1.C -std=gnu++98 line 200: is #####:should be 11
FAIL: g++.dg/gcov/gcov-1.C -std=gnu++98 line 202: is #####:should be 1
FAIL: g++.dg/gcov/gcov-1.C -std=gnu++98 line 204: is #####:should be 11
FAIL: g++.dg/gcov/gcov-1.C -std=gnu++98 line 205: expected branch percentages not found: 45
FAIL: g++.dg/gcov/gcov-1.C -std=gnu++98 line 206: is #####:should be 5
FAIL: g++.dg/gcov/gcov-1.C -std=gnu++98 line 207: expected branch percentages not found: 40
FAIL: g++.dg/gcov/gcov-1.C -std=gnu++98 line 208: is #####:should be 2
FAIL: g++.dg/gcov/gcov-1.C -std=gnu++98 line 210: is #####:should be 1
FAIL: g++.dg/gcov/gcov-1.C -std=gnu++98 line 212: is #####:should be 11
FAIL: g++.dg/gcov/gcov-1.C -std=gnu++98 line 214: is #####:should be 3
FAIL: g++.dg/gcov/gcov-1.C -std=gnu++98 line 215: is #####:should be 11
FAIL: g++.dg/gcov/gcov-1.C -std=gnu++98 line 254: is #####:should be 5
FAIL: g++.dg/gcov/gcov-1.C -std=gnu++98 line 257: is #####:should be 5
FAIL: g++.dg/gcov/gcov-1.C -std=gnu++98 line 261: is #####:should be 1
FAIL: g++.dg/gcov/gcov-1.C -std=gnu++98 line 269: is #####:should be 3
FAIL: g++.dg/gcov/gcov-1.C -std=gnu++98 line 271: is #####:should be 1
FAIL: g++.dg/gcov/gcov-1.C -std=gnu++98 line 272: is #####:should be 2
FAIL: g++.dg/gcov/gcov-1.C -std=gnu++98 line 275: is #####:should be 1
FAIL: g++.dg/gcov/gcov-1.C -std=gnu++98 line 276: is #####:should be 1
FAIL: g++.dg/gcov/gcov-1.C -std=gnu++98 line 279: is #####:should be 4
FAIL: g++.dg/gcov/gcov-1.C -std=gnu++98 line 33: is #####:should be 1
FAIL: g++.dg/gcov/gcov-1.C -std=gnu++98 line 39: is #####:should be 1
FAIL: g++.dg/gcov/gcov-1.C -std=gnu++98 line 41: is #####:should be 1
FAIL: g++.dg/gcov/gcov-1.C -std=gnu++98 line 55: is #####:should be 3
FAIL: g++.dg/gcov/gcov-1.C -std=gnu++98 line 58: is #####:should be 9
FAIL: g++.dg/gcov/gcov-1.C -std=gnu++98 line 59: is #####:should be 3
FAIL: g++.dg/gcov/gcov-1.C -std=gnu++98 line 66: is #####:should be 6
FAIL: g++.dg/gcov/gcov-1.C -std=gnu++98 line 73: is #####:should be 81
FAIL: g++.dg/gcov/gcov-1.C -std=gnu++98 line 74: is #####:should be 6
FAIL: g++.dg/gcov/gcov-1.C -std=gnu++98 line n: expected branch percentages not found: 0
FAIL: g++.dg/gcov/gcov-1.C -std=gnu++98 line n: expected branch percentages not found: 0
FAIL: g++.dg/gcov/gcov-1.C -std=gnu++98 line n: expected branch percentages not found: 0
FAIL: g++.dg/gcov/gcov-1.C -std=gnu++98 line n: expected branch percentages not found: 0
FAIL: g++.dg/gcov/gcov-1.C -std=gnu++98 line n: expected branch percentages not found: 17
FAIL: g++.dg/gcov/gcov-1.C -std=gnu++98 line n: expected branch percentages not found: 20
FAIL: g++.dg/gcov/gcov-1.C -std=gnu++98 line n: expected branch percentages not found: 20 0 40 20
FAIL: g++.dg/gcov/gcov-1.C -std=gnu++98 line n: expected branch percentages not found: 25
FAIL: g++.dg/gcov/gcov-1.C -std=gnu++98 line n: expected branch percentages not found: 27
FAIL: g++.dg/gcov/gcov-1.C -std=gnu++98 line n: expected branch percentages not found: 27 50 25
FAIL: g++.dg/gcov/gcov-1.C -std=gnu++98 line n: expected branch percentages not found: 30
FAIL: g++.dg/gcov/gcov-1.C -std=gnu++98 line n: expected branch percentages not found: 32
FAIL: g++.dg/gcov/gcov-1.C -std=gnu++98 line n: expected branch percentages not found: 33
FAIL: g++.dg/gcov/gcov-1.C -std=gnu++98 line n: expected branch percentages not found: 33
FAIL: g++.dg/gcov/gcov-1.C -std=gnu++98 line n: expected branch percentages not found: 50
FAIL: g++.dg/gcov/gcov-1.C -std=gnu++98 line n: expected branch percentages not found: 50
FAIL: g++.dg/gcov/gcov-1.C -std=gnu++98 line n: expected branch percentages not found: 50
FAIL: g++.dg/gcov/gcov-1.C -std=gnu++98 line n: expected branch percentages not found: 50
FAIL: g++.dg/gcov/gcov-1.C -std=gnu++98 line n: expected branch percentages not found: 7
FAIL: g++.dg/gcov/gcov-1.C -std=gnu++98 line n: expected branch percentages not found: 9 10 11
FAIL: g++.dg/gcov/gcov-1.C -std=gnu++98 (internal compiler error)
FAIL: g++.dg/gcov/gcov-1.C -std=gnu++98 (test for excess errors)
UNRESOLVED: g++.dg/gcov/gcov-1.C -std=gnu++98 compilation failed to produce executable
FAIL: c-c++-common/gomp/clauses-1.c -std=c++11 (internal compiler error)
FAIL: c-c++-common/gomp/clauses-1.c -std=c++11 (test for excess errors)
FAIL: c-c++-common/gomp/clauses-1.c -std=c++14 (internal compiler error)
FAIL: c-c++-common/gomp/clauses-1.c -std=c++14 (test for excess errors)
FAIL: c-c++-common/gomp/clauses-1.c -std=c++98 (internal compiler error)
FAIL: c-c++-common/gomp/clauses-1.c -std=c++98 (test for excess errors)
FAIL: c-c++-common/gomp/pr54017.c -std=gnu++11 (internal compiler error)
FAIL: c-c++-common/gomp/pr54017.c -std=gnu++11 (test for excess errors)
FAIL: c-c++-common/gomp/pr54017.c -std=gnu++14 (internal compiler error)
FAIL: c-c++-common/gomp/pr54017.c -std=gnu++14 (test for excess errors)
FAIL: c-c++-common/gomp/pr54017.c -std=gnu++98 (internal compiler error)
FAIL: c-c++-common/gomp/pr54017.c -std=gnu++98 (test for excess errors)
FAIL: g++.dg/gomp/block-0.C -std=gnu++11 (internal compiler error)
FAIL: g++.dg/gomp/block-0.C -std=gnu++11 (test for excess errors)
FAIL: g++.dg/gomp/block-0.C -std=gnu++14 (internal compiler error)
FAIL: g++.dg/gomp/block-0.C -std=gnu++14 (test for excess errors)
FAIL: g++.dg/gomp/block-0.C -std=gnu++98 (internal compiler error)
FAIL: g++.dg/gomp/block-0.C -std=gnu++98 (test for excess errors)
FAIL: g++.dg/gomp/member-1.C -std=c++11 (internal compiler error)
FAIL: g++.dg/gomp/member-1.C -std=c++11 (test for excess errors)
FAIL: g++.dg/gomp/member-1.C -std=c++14 (internal compiler error)
FAIL: g++.dg/gomp/member-1.C -std=c++14 (test for excess errors)
FAIL: g++.dg/gomp/member-1.C -std=c++98 (internal compiler error)
FAIL: g++.dg/gomp/member-1.C -std=c++98 (test for excess errors)
FAIL: g++.dg/torture/pr60648.C -O0 (internal compiler error)
FAIL: g++.dg/torture/pr60648.C -O0 (test for excess errors)
FAIL: g++.dg/torture/pr64565.C -O0 (internal compiler error)
FAIL: g++.dg/torture/pr64565.C -O0 (test for excess errors)
FAIL: g++.old-deja/g++.eh/catch5.C -std=gnu++11 (internal compiler error)
FAIL: g++.old-deja/g++.eh/catch5.C -std=gnu++11 (test for excess errors)
UNRESOLVED: g++.old-deja/g++.eh/catch5.C -std=gnu++11 compilation failed to produce executable
FAIL: g++.old-deja/g++.eh/catch5.C -std=gnu++14 (internal compiler error)
FAIL: g++.old-deja/g++.eh/catch5.C -std=gnu++14 (test for excess errors)
UNRESOLVED: g++.old-deja/g++.eh/catch5.C -std=gnu++14 compilation failed to produce executable
FAIL: g++.old-deja/g++.eh/catch5.C -std=gnu++98 (internal compiler error)
FAIL: g++.old-deja/g++.eh/catch5.C -std=gnu++98 (test for excess errors)
UNRESOLVED: g++.old-deja/g++.eh/catch5.C -std=gnu++98 compilation failed to produce executable
FAIL: g++.old-deja/g++.eh/catch5p.C -std=gnu++11 (internal compiler error)
FAIL: g++.old-deja/g++.eh/catch5p.C -std=gnu++11 (test for excess errors)
UNRESOLVED: g++.old-deja/g++.eh/catch5p.C -std=gnu++11 compilation failed to produce executable
FAIL: g++.old-deja/g++.eh/catch5p.C -std=gnu++14 (internal compiler error)
FAIL: g++.old-deja/g++.eh/catch5p.C -std=gnu++14 (test for excess errors)
UNRESOLVED: g++.old-deja/g++.eh/catch5p.C -std=gnu++14 compilation failed to produce executable
FAIL: g++.old-deja/g++.eh/catch5p.C -std=gnu++98 (internal compiler error)
FAIL: g++.old-deja/g++.eh/catch5p.C -std=gnu++98 (test for excess errors)
UNRESOLVED: g++.old-deja/g++.eh/catch5p.C -std=gnu++98 compilation failed to produce executable
FAIL: g++.old-deja/g++.eh/catch6.C -std=gnu++11 (internal compiler error)
FAIL: g++.old-deja/g++.eh/catch6.C -std=gnu++11 (test for excess errors)
UNRESOLVED: g++.old-deja/g++.eh/catch6.C -std=gnu++11 compilation failed to produce executable
FAIL: g++.old-deja/g++.eh/catch6.C -std=gnu++14 (internal compiler error)
FAIL: g++.old-deja/g++.eh/catch6.C -std=gnu++14 (test for excess errors)
UNRESOLVED: g++.old-deja/g++.eh/catch6.C -std=gnu++14 compilation failed to produce executable
FAIL: g++.old-deja/g++.eh/catch6.C -std=gnu++98 (internal compiler error)
FAIL: g++.old-deja/g++.eh/catch6.C -std=gnu++98 (test for excess errors)
UNRESOLVED: g++.old-deja/g++.eh/catch6.C -std=gnu++98 compilation failed to produce executable
FAIL: g++.old-deja/g++.eh/catch6p.C -std=gnu++11 (internal compiler error)
FAIL: g++.old-deja/g++.eh/catch6p.C -std=gnu++11 (test for excess errors)
UNRESOLVED: g++.old-deja/g++.eh/catch6p.C -std=gnu++11 compilation failed to produce executable
FAIL: g++.old-deja/g++.eh/catch6p.C -std=gnu++14 (internal compiler error)
FAIL: g++.old-deja/g++.eh/catch6p.C -std=gnu++14 (test for excess errors)
UNRESOLVED: g++.old-deja/g++.eh/catch6p.C -std=gnu++14 compilation failed to produce executable
FAIL: g++.old-deja/g++.eh/catch6p.C -std=gnu++98 (internal compiler error)
FAIL: g++.old-deja/g++.eh/catch6p.C -std=gnu++98 (test for excess errors)
UNRESOLVED: g++.old-deja/g++.eh/catch6p.C -std=gnu++98 compilation failed to produce executable
FAIL: g++.old-deja/g++.eh/catchptr1.C -std=c++11 (internal compiler error)
FAIL: g++.old-deja/g++.eh/catchptr1.C -std=c++11 (test for excess errors)
UNRESOLVED: g++.old-deja/g++.eh/catchptr1.C -std=c++11 compilation failed to produce executable
FAIL: g++.old-deja/g++.eh/catchptr1.C -std=c++14 (internal compiler error)
FAIL: g++.old-deja/g++.eh/catchptr1.C -std=c++14 (test for excess errors)
UNRESOLVED: g++.old-deja/g++.eh/catchptr1.C -std=c++14 compilation failed to produce executable
FAIL: g++.old-deja/g++.eh/catchptr1.C -std=c++98 (internal compiler error)
FAIL: g++.old-deja/g++.eh/catchptr1.C -std=c++98 (test for excess errors)
UNRESOLVED: g++.old-deja/g++.eh/catchptr1.C -std=c++98 compilation failed to produce executable
FAIL: g++.old-deja/g++.eh/spec1.C -std=c++11 (internal compiler error)
FAIL: g++.old-deja/g++.eh/spec1.C -std=c++11 (test for excess errors)
UNRESOLVED: g++.old-deja/g++.eh/spec1.C -std=c++11 compilation failed to produce executable
FAIL: g++.old-deja/g++.eh/spec1.C -std=c++14 (internal compiler error)
FAIL: g++.old-deja/g++.eh/spec1.C -std=c++14 (test for excess errors)
UNRESOLVED: g++.old-deja/g++.eh/spec1.C -std=c++14 compilation failed to produce executable
FAIL: g++.old-deja/g++.eh/spec1.C -std=c++98 (internal compiler error)
FAIL: g++.old-deja/g++.eh/spec1.C -std=c++98 (test for excess errors)
UNRESOLVED: g++.old-deja/g++.eh/spec1.C -std=c++98 compilation failed to produce executable
FAIL: g++.old-deja/g++.eh/spec2.C -std=c++11 (internal compiler error)
FAIL: g++.old-deja/g++.eh/spec2.C -std=c++11 (test for excess errors)
UNRESOLVED: g++.old-deja/g++.eh/spec2.C -std=c++11 compilation failed to produce executable
FAIL: g++.old-deja/g++.eh/spec2.C -std=c++14 (internal compiler error)
FAIL: g++.old-deja/g++.eh/spec2.C -std=c++14 (test for excess errors)
UNRESOLVED: g++.old-deja/g++.eh/spec2.C -std=c++14 compilation failed to produce executable
FAIL: g++.old-deja/g++.eh/spec2.C -std=c++98 (internal compiler error)
FAIL: g++.old-deja/g++.eh/spec2.C -std=c++98 (test for excess errors)
UNRESOLVED: g++.old-deja/g++.eh/spec2.C -std=c++98 compilation failed to produce executable
FAIL: g++.old-deja/g++.eh/spec3.C -std=c++11 (internal compiler error)
FAIL: g++.old-deja/g++.eh/spec3.C -std=c++11 (test for excess errors)
UNRESOLVED: g++.old-deja/g++.eh/spec3.C -std=c++11 compilation failed to produce executable
FAIL: g++.old-deja/g++.eh/spec3.C -std=c++14 (internal compiler error)
FAIL: g++.old-deja/g++.eh/spec3.C -std=c++14 (test for excess errors)
UNRESOLVED: g++.old-deja/g++.eh/spec3.C -std=c++14 compilation failed to produce executable
FAIL: g++.old-deja/g++.eh/spec3.C -std=c++98 (internal compiler error)
FAIL: g++.old-deja/g++.eh/spec3.C -std=c++98 (test for excess errors)
UNRESOLVED: g++.old-deja/g++.eh/spec3.C -std=c++98 compilation failed to produce executable
FAIL: g++.old-deja/g++.eh/spec4.C -std=c++11 (internal compiler error)
FAIL: g++.old-deja/g++.eh/spec4.C -std=c++11 (test for excess errors)
UNRESOLVED: g++.old-deja/g++.eh/spec4.C -std=c++11 compilation failed to produce executable
FAIL: g++.old-deja/g++.eh/spec4.C -std=c++14 (internal compiler error)
FAIL: g++.old-deja/g++.eh/spec4.C -std=c++14 (test for excess errors)
UNRESOLVED: g++.old-deja/g++.eh/spec4.C -std=c++14 compilation failed to produce executable
FAIL: g++.old-deja/g++.eh/spec4.C -std=c++98 (internal compiler error)
FAIL: g++.old-deja/g++.eh/spec4.C -std=c++98 (test for excess errors)
UNRESOLVED: g++.old-deja/g++.eh/spec4.C -std=c++98 compilation failed to produce executable
FAIL: g++.old-deja/g++.jason/enum3.C -std=gnu++11 (internal compiler error)
FAIL: g++.old-deja/g++.jason/enum3.C -std=gnu++11 (test for excess errors)
FAIL: g++.old-deja/g++.jason/enum3.C -std=gnu++14 (internal compiler error)
FAIL: g++.old-deja/g++.jason/enum3.C -std=gnu++14 (test for excess errors)
FAIL: g++.old-deja/g++.jason/enum3.C -std=gnu++98 (internal compiler error)
FAIL: g++.old-deja/g++.jason/enum3.C -std=gnu++98 (test for excess errors)
FAIL: g++.old-deja/g++.mike/p3708.C -std=c++11 (internal compiler error)
FAIL: g++.old-deja/g++.mike/p3708.C -std=c++11 (test for excess errors)
UNRESOLVED: g++.old-deja/g++.mike/p3708.C -std=c++11 compilation failed to produce executable
FAIL: g++.old-deja/g++.mike/p3708.C -std=c++14 (internal compiler error)
FAIL: g++.old-deja/g++.mike/p3708.C -std=c++14 (test for excess errors)
UNRESOLVED: g++.old-deja/g++.mike/p3708.C -std=c++14 compilation failed to produce executable
FAIL: g++.old-deja/g++.mike/p3708.C -std=c++98 (internal compiler error)
FAIL: g++.old-deja/g++.mike/p3708.C -std=c++98 (test for excess errors)
UNRESOLVED: g++.old-deja/g++.mike/p3708.C -std=c++98 compilation failed to produce executable
FAIL: g++.old-deja/g++.mike/p3708a.C -std=c++11 (internal compiler error)
FAIL: g++.old-deja/g++.mike/p3708a.C -std=c++11 (test for excess errors)
UNRESOLVED: g++.old-deja/g++.mike/p3708a.C -std=c++11 compilation failed to produce executable
FAIL: g++.old-deja/g++.mike/p3708a.C -std=c++14 (internal compiler error)
FAIL: g++.old-deja/g++.mike/p3708a.C -std=c++14 (test for excess errors)
UNRESOLVED: g++.old-deja/g++.mike/p3708a.C -std=c++14 compilation failed to produce executable
FAIL: g++.old-deja/g++.mike/p3708a.C -std=c++98 (internal compiler error)
FAIL: g++.old-deja/g++.mike/p3708a.C -std=c++98 (test for excess errors)
UNRESOLVED: g++.old-deja/g++.mike/p3708a.C -std=c++98 compilation failed to produce executable
=== g++ Summary ===
# of expected passes 126420
# of unexpected failures 480
# of expected failures 523
# of unresolved testcases 52
# of unsupported tests 5015
/export/gnu/import/git/gcc-test-x32/bld/gcc/xg++ version 9.0.0 20180903 (experimental) [trunk revision 264052] (GCC)
=== objc tests ===
Running target unix/-mx32 -fpic
FAIL: objc.dg/Wimplicit-fallthrough-1.m -fgnu-runtime (internal compiler error)
FAIL: objc.dg/Wimplicit-fallthrough-1.m -fgnu-runtime (test for excess errors)
=== objc Summary ===
# of expected passes 2796
# of unexpected failures 2
# of expected failures 6
# of unsupported tests 68
/export/gnu/import/git/gcc-test-x32/bld/gcc/xgcc version 9.0.0 20180903 (experimental) [trunk revision 264052] (GCC)
=== libatomic tests ===
Running target unix/-mx32 -fpic
=== libatomic Summary ===
# of expected passes 54
=== libgomp tests ===
Running target unix/-mx32 -fpic
FAIL: libgomp.c/debug-1.c (internal compiler error)
FAIL: libgomp.c/debug-1.c (test for excess errors)
UNRESOLVED: libgomp.c/debug-1.c compilation failed to produce executable
FAIL: libgomp.fortran/alloc-comp-1.f90 -O0 (internal compiler error)
FAIL: libgomp.fortran/alloc-comp-1.f90 -O0 (test for excess errors)
UNRESOLVED: libgomp.fortran/alloc-comp-1.f90 -O0 compilation failed to produce executable
FAIL: libgomp.fortran/alloc-comp-2.f90 -O0 (internal compiler error)
FAIL: libgomp.fortran/alloc-comp-2.f90 -O0 (test for excess errors)
UNRESOLVED: libgomp.fortran/alloc-comp-2.f90 -O0 compilation failed to produce executable
FAIL: libgomp.fortran/alloc-comp-3.f90 -O0 (internal compiler error)
FAIL: libgomp.fortran/alloc-comp-3.f90 -O0 (test for excess errors)
UNRESOLVED: libgomp.fortran/alloc-comp-3.f90 -O0 compilation failed to produce executable
FAIL: libgomp.fortran/allocatable5.f90 -O0 (internal compiler error)
FAIL: libgomp.fortran/allocatable5.f90 -O0 (test for excess errors)
UNRESOLVED: libgomp.fortran/allocatable5.f90 -O0 compilation failed to produce executable
FAIL: libgomp.fortran/allocatable9.f90 -O0 (internal compiler error)
FAIL: libgomp.fortran/allocatable9.f90 -O0 (test for excess errors)
UNRESOLVED: libgomp.fortran/allocatable9.f90 -O0 compilation failed to produce executable
FAIL: libgomp.fortran/omp_parse1.f90 -O0 (internal compiler error)
FAIL: libgomp.fortran/omp_parse1.f90 -O0 (test for excess errors)
UNRESOLVED: libgomp.fortran/omp_parse1.f90 -O0 compilation failed to produce executable
FAIL: libgomp.fortran/procptr1.f90 -O0 (internal compiler error)
FAIL: libgomp.fortran/procptr1.f90 -O0 (test for excess errors)
UNRESOLVED: libgomp.fortran/procptr1.f90 -O0 compilation failed to produce executable
FAIL: libgomp.fortran/reduction5.f90 -O0 (internal compiler error)
FAIL: libgomp.fortran/reduction5.f90 -O0 (test for excess errors)
UNRESOLVED: libgomp.fortran/reduction5.f90 -O0 compilation failed to produce executable
UNRESOLVED: libgomp.oacc-c++/non-scalar-data.C -DACC_DEVICE_TYPE_host=1 -DACC_MEM_SHARED=1 -O2 compilation failed to produce executable
=== libgomp Summary ===
# of expected passes 6090
# of unexpected failures 18
# of expected failures 3
# of unresolved testcases 10
# of unsupported tests 334
=== libitm tests ===
Running target unix/-mx32 -fpic
=== libitm Summary ===
# of expected passes 42
# of expected failures 3
# of unsupported tests 1
=== libstdc++ tests ===
Running target unix/-mx32 -fpic
FAIL: 21_strings/basic_string_view/operators/wchar_t/2.cc execution test
FAIL: experimental/string_view/operators/wchar_t/2.cc execution test
UNRESOLVED: libstdc++-prettyprinters/debug.cc compilation failed to produce executable
UNRESOLVED: libstdc++-prettyprinters/debug.cc compilation failed to produce executable
=== libstdc++ Summary ===
# of expected passes 13240
# of unexpected failures 2
# of expected failures 77
# of unresolved testcases 2
# of unsupported tests 275
Compiler version: 9.0.0 20180903 (experimental) [trunk revision 264052] (GCC)
Platform: x86_64-pc-linux-gnu
configure flags: --prefix=/usr/9.0.0 --enable-clocale=gnu --with-system-zlib --enable-shared --enable-cet --with-demangler-in-ld --enable-libmpx --with-multilib-list=m32,m64,mx32 --with-fpmath=sse