This is the mail archive of the
gcc-testresults@gcc.gnu.org
mailing list for the GCC project.
Results for 8.1.1 20180720 [gcc-8-branch revision 262896] (GCC) testsuite on sparc-sun-solaris2.11
- From: Rainer Orth <ro at CeBiTec dot Uni-Bielefeld dot DE>
- To: gcc-testresults at gcc dot gnu dot org
- Date: Sat, 21 Jul 2018 08:41:01 +0200 (MEST)
- Subject: Results for 8.1.1 20180720 [gcc-8-branch revision 262896] (GCC) testsuite on sparc-sun-solaris2.11
LAST_UPDATED: Fri Jul 20 08:57:32 UTC 2018 (revision 262896)
=== acats tests ===
FAIL: c34004a
=== acats Summary ===
# of expected passes 2319
# of unexpected failures 1
Native configuration is sparc-sun-solaris2.11
=== g++ tests ===
Running target unix
=== g++ Summary for unix ===
# of expected passes 113242
# of expected failures 509
# of unsupported tests 5296
Running target unix/-m64
FAIL: g++.dg/pr83239.C -std=gnu++11 scan-tree-dump-not optimized "_ZNSt6vectorIiSaIiEE17_M_default_appendEm"
FAIL: g++.dg/pr83239.C -std=gnu++14 scan-tree-dump-not optimized "_ZNSt6vectorIiSaIiEE17_M_default_appendEm"
=== g++ Summary for unix/-m64 ===
# of expected passes 115137
# of unexpected failures 2
# of expected failures 512
# of unsupported tests 5265
=== g++ Summary ===
# of expected passes 228379
# of unexpected failures 2
# of expected failures 1021
# of unsupported tests 10561
/var/gcc/regression/gcc-8-branch/11-gcc-gas/build/gcc/xg++ version 8.1.1 20180720 [gcc-8-branch revision 262896] (GCC)
=== gcc tests ===
Running target unix
FAIL: gcc.c-torture/compile/200031109-1.c -O0 (test for excess errors)
FAIL: gcc.dg/visibility-22.c execution test
FAIL: gcc.dg/simulate-thread/atomic-other-int.c -O2 -g thread simulation test
FAIL: gcc.dg/simulate-thread/atomic-other-int.c -O3 -g thread simulation test
FAIL: gcc.dg/simulate-thread/speculative-store-4.c -O0 -g thread simulation test
FAIL: gcc.dg/simulate-thread/speculative-store-4.c -O2 -g thread simulation test
FAIL: gcc.dg/simulate-thread/speculative-store-4.c -O3 -g thread simulation test
FAIL: gcc.dg/simulate-thread/speculative-store.c -O0 -g thread simulation test
FAIL: gcc.dg/torture/pr60092.c -O0 execution test
FAIL: gcc.dg/vect/no-section-anchors-vect-69.c scan-tree-dump-times vect "vectorized 4 loops" 1
=== gcc Summary for unix ===
# of expected passes 102520
# of unexpected failures 10
# of expected failures 475
# of unsupported tests 2766
Running target unix/-m64
FAIL: gcc.dg/visibility-22.c execution test
FAIL: gcc.dg/torture/pr60092.c -O0 execution test
FAIL: gcc.dg/vect/no-section-anchors-vect-69.c scan-tree-dump-times vect "vectorized 4 loops" 1
=== gcc Summary for unix/-m64 ===
# of expected passes 103647
# of unexpected failures 3
# of expected failures 465
# of unsupported tests 2525
=== gcc Summary ===
# of expected passes 206167
# of unexpected failures 13
# of expected failures 940
# of unsupported tests 5291
/var/gcc/regression/gcc-8-branch/11-gcc-gas/build/gcc/xgcc version 8.1.1 20180720 [gcc-8-branch revision 262896] (GCC)
=== gfortran tests ===
Running target unix
FAIL: gfortran.dg/elemental_subroutine_3.f90 -O1 (test for excess errors)
FAIL: gfortran.dg/elemental_subroutine_3.f90 -O2 (test for excess errors)
FAIL: gfortran.dg/elemental_subroutine_3.f90 -O3 -fomit-frame-pointer -funroll-loops -fpeel-loops -ftracer -finline-functions (test for excess errors)
FAIL: gfortran.dg/elemental_subroutine_3.f90 -O3 -g (test for excess errors)
FAIL: gfortran.dg/elemental_subroutine_3.f90 -Os (test for excess errors)
FAIL: gfortran.dg/unlimited_polymorphic_30.f03 -O0 execution test
FAIL: gfortran.dg/unlimited_polymorphic_30.f03 -O1 execution test
=== gfortran Summary for unix ===
# of expected passes 47088
# of unexpected failures 7
# of expected failures 92
# of unsupported tests 262
Running target unix/-m64
FAIL: gfortran.dg/elemental_subroutine_3.f90 -O1 (test for excess errors)
FAIL: gfortran.dg/elemental_subroutine_3.f90 -O2 (test for excess errors)
FAIL: gfortran.dg/elemental_subroutine_3.f90 -O3 -fomit-frame-pointer -funroll-loops -fpeel-loops -ftracer -finline-functions (test for excess errors)
FAIL: gfortran.dg/elemental_subroutine_3.f90 -O3 -g (test for excess errors)
FAIL: gfortran.dg/elemental_subroutine_3.f90 -Os (test for excess errors)
FAIL: gfortran.dg/unlimited_polymorphic_30.f03 -O0 execution test
FAIL: gfortran.dg/unlimited_polymorphic_30.f03 -O1 execution test
FAIL: gfortran.dg/unlimited_polymorphic_30.f03 -O2 execution test
FAIL: gfortran.dg/unlimited_polymorphic_30.f03 -O3 -fomit-frame-pointer -funroll-loops -fpeel-loops -ftracer -finline-functions execution test
FAIL: gfortran.dg/unlimited_polymorphic_30.f03 -O3 -g execution test
FAIL: gfortran.dg/unlimited_polymorphic_30.f03 -Os execution test
=== gfortran Summary for unix/-m64 ===
# of expected passes 47331
# of unexpected failures 11
# of expected failures 92
# of unsupported tests 141
=== gfortran Summary ===
# of expected passes 94419
# of unexpected failures 18
# of expected failures 184
# of unsupported tests 403
/var/gcc/regression/gcc-8-branch/11-gcc-gas/build/gcc/gfortran version 8.1.1 20180720 [gcc-8-branch revision 262896] (GCC)
=== gnat tests ===
Running target unix
=== gnat Summary for unix ===
# of expected passes 2669
# of expected failures 24
# of unsupported tests 23
Running target unix/-m64
=== gnat Summary for unix/-m64 ===
# of expected passes 2669
# of expected failures 24
# of unsupported tests 23
=== gnat Summary ===
# of expected passes 5338
# of expected failures 48
# of unsupported tests 46
/var/gcc/regression/gcc-8-branch/11-gcc-gas/build/gcc/gnatmake version 8.1.1 20180720 [gcc-8-branch revision 262896]
=== go tests ===
Running target unix
FAIL: ./index0-out.go execution, -O0 -g -fno-var-tracking-assignments
FAIL: go.test/test/fixedbugs/issue4562.go execution, -O2 -g
FAIL: go.test/test/nil.go execution, -O2 -g
=== go Summary for unix ===
# of expected passes 7391
# of unexpected failures 3
# of expected failures 1
# of untested testcases 11
# of unsupported tests 3
Running target unix/-m64
FAIL: ./index0-out.go execution, -O0 -g -fno-var-tracking-assignments
=== go Summary for unix/-m64 ===
# of expected passes 7273
# of unexpected failures 1
# of expected failures 1
# of untested testcases 11
# of unsupported tests 3
=== go Summary ===
# of expected passes 14664
# of unexpected failures 4
# of expected failures 2
# of untested testcases 22
# of unsupported tests 6
=== obj-c++ tests ===
Running target unix
=== obj-c++ Summary for unix ===
# of expected passes 1464
# of expected failures 2
# of unsupported tests 77
Running target unix/-m64
=== obj-c++ Summary for unix/-m64 ===
# of expected passes 1456
# of expected failures 10
# of unsupported tests 77
=== obj-c++ Summary ===
# of expected passes 2920
# of expected failures 12
# of unsupported tests 154
/var/gcc/regression/gcc-8-branch/11-gcc-gas/build/gcc/xg++ version 8.1.1 20180720 [gcc-8-branch revision 262896] (GCC)
=== objc tests ===
Running target unix
=== objc Summary for unix ===
# of expected passes 2803
# of unsupported tests 68
Running target unix/-m64
=== objc Summary for unix/-m64 ===
# of expected passes 2803
# of unsupported tests 68
=== objc Summary ===
# of expected passes 5606
# of unsupported tests 136
/var/gcc/regression/gcc-8-branch/11-gcc-gas/build/gcc/xgcc version 8.1.1 20180720 [gcc-8-branch revision 262896] (GCC)
=== gotools tests ===
FAIL: TestCacheOutput
FAIL: TestCpuprofileTwice
FAIL: TestGOTMPDIR
FAIL: TestGoVetWithOnlyTestFiles
FAIL: TestMatchesNoTestsDoesNotOverrideBuildFailure
FAIL: TestMatchesNoTestsWithSubtests
FAIL: TestMentionGOPATHInFirstGOPATHEntry
FAIL: TestMultipleGOPATHEntriesReportedSeparately
FAIL: TestNoCache
FAIL: TestTestRebuild
FAIL: go test cmd/go
FAIL: TestBreakpoint
FAIL: TestCatchPanic
FAIL: TestCgoCCodeSIGPROF
FAIL: TestCgoCallbackGC
FAIL: TestCgoCheckBytes
FAIL: TestCgoCrashHandler
FAIL: TestCgoExecSignalMask
FAIL: TestCgoExternalThreadPanic
FAIL: TestCgoExternalThreadSIGPROF
FAIL: TestCgoExternalThreadSignal
FAIL: TestCgoLockOSThreadExit
FAIL: TestCgoNumGoroutine
FAIL: TestCgoPanicDeadlock
FAIL: TestCgoSignalDeadlock
FAIL: TestCgoTraceback
FAIL: TestCgoTracebackSigpanic
FAIL: TestEnsureDropM
FAIL: TestGccgoCrashTraceback
FAIL: TestGccgoCrashTracebackNodebug
FAIL: TestPanicInlined
FAIL: TestSelectStackAdjust
FAIL: TestSigStackSwapping
FAIL: go test runtime
FAIL: go test misc/cgo/test
FAIL: TestCompileWithoutShared
FAIL: TestEarlySignalHandler
FAIL: TestInstall
FAIL: TestOsSignal
FAIL: TestPIE
FAIL: TestSIGPROF
FAIL: TestSigaltstack
FAIL: TestSignalForwarding
FAIL: TestSignalForwardingExternal
FAIL: go test misc/cgo/testcarchive
=== gotools Summary ===
# of expected passes 241
# of unexpected failures 45
# of untested testcases 189
=== libatomic tests ===
Running target unix
=== libatomic Summary for unix ===
# of expected passes 44
# of unsupported tests 5
Running target unix/-m64
=== libatomic Summary for unix/-m64 ===
# of expected passes 54
=== libatomic Summary ===
# of expected passes 98
# of unsupported tests 5
=== libffi tests ===
Running target unix
FAIL: libffi.complex/many_complex_double.c -W -Wall -Wno-psabi -O2 -fomit-frame-pointer (test for excess errors)
UNRESOLVED: libffi.complex/many_complex_double.c -W -Wall -Wno-psabi -O2 -fomit-frame-pointer compilation failed to produce executable
FAIL: libffi.complex/many_complex_float.c -W -Wall -Wno-psabi -O0 (test for excess errors)
UNRESOLVED: libffi.complex/many_complex_float.c -W -Wall -Wno-psabi -O0 compilation failed to produce executable
FAIL: libffi.complex/many_complex_float.c -W -Wall -Wno-psabi -O2 (test for excess errors)
UNRESOLVED: libffi.complex/many_complex_float.c -W -Wall -Wno-psabi -O2 compilation failed to produce executable
=== libffi Summary for unix ===
# of expected passes 2208
# of unexpected failures 3
# of unresolved testcases 3
Running target unix/-m64
=== libffi Summary for unix/-m64 ===
# of expected passes 2214
=== libffi Summary ===
# of expected passes 4422
# of unexpected failures 3
# of unresolved testcases 3
=== libgo tests ===
Running target unix
FAIL: runtime
FAIL: go/build
FAIL: net/http
FAIL: runtime/pprof
=== libgo Summary for unix ===
# of expected passes 160
# of unexpected failures 4
Running target unix/-m64
FAIL: go/build
FAIL: net/http
=== libgo Summary for unix/-m64 ===
# of expected passes 162
# of unexpected failures 2
=== libgo Summary ===
# of expected passes 322
# of unexpected failures 6
=== libgomp tests ===
Running target unix
FAIL: libgomp.c/task-5.c (test for excess errors)
UNRESOLVED: libgomp.c/task-5.c compilation failed to produce executable
FAIL: libgomp.c/taskgroup-1.c (test for excess errors)
UNRESOLVED: libgomp.c/taskgroup-1.c compilation failed to produce executable
FAIL: libgomp.c/taskloop-1.c (test for excess errors)
UNRESOLVED: libgomp.c/taskloop-1.c compilation failed to produce executable
=== libgomp Summary for unix ===
# of expected passes 5434
# of unexpected failures 3
# of expected failures 1
# of unresolved testcases 3
# of unsupported tests 365
Running target unix/-m64
=== libgomp Summary for unix/-m64 ===
# of expected passes 5440
# of expected failures 1
# of unsupported tests 365
=== libgomp Summary ===
# of expected passes 10874
# of unexpected failures 3
# of expected failures 2
# of unresolved testcases 3
# of unsupported tests 730
=== libitm tests ===
Running target unix
=== libitm Summary for unix ===
# of expected passes 42
# of expected failures 3
# of unsupported tests 1
Running target unix/-m64
=== libitm Summary for unix/-m64 ===
# of expected passes 42
# of expected failures 3
# of unsupported tests 1
=== libitm Summary ===
# of expected passes 84
# of expected failures 6
# of unsupported tests 2
=== libstdc++ tests ===
Running target unix
FAIL: libstdc++-abi/abi_check
FAIL: 23_containers/unordered_multimap/requirements/exception/generation_prohibited.cc (test for excess errors)
UNRESOLVED: 23_containers/unordered_multimap/requirements/exception/generation_prohibited.cc compilation failed to produce executable
FAIL: 23_containers/unordered_multiset/allocator/move_assign.cc (test for excess errors)
UNRESOLVED: 23_containers/unordered_multiset/allocator/move_assign.cc compilation failed to produce executable
FAIL: 23_containers/unordered_multiset/modifiers/extract.cc (test for excess errors)
UNRESOLVED: 23_containers/unordered_multiset/modifiers/extract.cc compilation failed to produce executable
FAIL: 23_containers/unordered_multiset/requirements/exception/basic.cc (test for excess errors)
UNRESOLVED: 23_containers/unordered_multiset/requirements/exception/basic.cc compilation failed to produce executable
FAIL: 23_containers/unordered_multiset/requirements/explicit_instantiation/4.cc (test for excess errors)
FAIL: 23_containers/unordered_multiset/requirements/explicit_instantiation/5.cc (test for excess errors)
FAIL: 23_containers/unordered_set/allocator/minimal.cc (test for excess errors)
UNRESOLVED: 23_containers/unordered_set/allocator/minimal.cc compilation failed to produce executable
FAIL: 23_containers/unordered_set/cons/moveable.cc (test for excess errors)
UNRESOLVED: 23_containers/unordered_set/cons/moveable.cc compilation failed to produce executable
FAIL: 23_containers/unordered_set/final_hash.cc (test for excess errors)
FAIL: 23_containers/unordered_set/requirements/citerators.cc (test for excess errors)
UNRESOLVED: 23_containers/unordered_set/requirements/citerators.cc compilation failed to produce executable
FAIL: 23_containers/vector/allocator/copy.cc (test for excess errors)
UNRESOLVED: 23_containers/vector/allocator/copy.cc compilation failed to produce executable
FAIL: 23_containers/vector/allocator/copy_assign.cc (test for excess errors)
UNRESOLVED: 23_containers/vector/allocator/copy_assign.cc compilation failed to produce executable
FAIL: 23_containers/vector/bool/cons/1.cc execution test
FAIL: 23_containers/vector/bool/cons/2.cc (test for excess errors)
UNRESOLVED: 23_containers/vector/bool/cons/2.cc compilation failed to produce executable
FAIL: 23_containers/vector/bool/cons/noexcept_move_construct.cc (test for excess errors)
FAIL: 23_containers/vector/bool/emplace.cc (test for excess errors)
UNRESOLVED: 23_containers/vector/bool/emplace.cc compilation failed to produce executable
FAIL: 23_containers/vector/capacity/reserve/moveable2.cc (test for excess errors)
UNRESOLVED: 23_containers/vector/capacity/reserve/moveable2.cc compilation failed to produce executable
FAIL: 23_containers/vector/capacity/shrink_to_fit2.cc (test for excess errors)
UNRESOLVED: 23_containers/vector/capacity/shrink_to_fit2.cc compilation failed to produce executable
FAIL: 23_containers/vector/check_construct_destroy.cc (test for excess errors)
UNRESOLVED: 23_containers/vector/check_construct_destroy.cc compilation failed to produce executable
FAIL: 23_containers/vector/cons/1.cc (test for excess errors)
UNRESOLVED: 23_containers/vector/cons/1.cc compilation failed to produce executable
FAIL: 23_containers/vector/debug/insert4_neg.cc (test for excess errors)
UNRESOLVED: 23_containers/vector/debug/insert4_neg.cc compilation failed to produce executable
FAIL: 23_containers/vector/debug/insert6_neg.cc (test for excess errors)
UNRESOLVED: 23_containers/vector/debug/insert6_neg.cc compilation failed to produce executable
FAIL: 23_containers/vector/debug/move_neg.cc (test for excess errors)
UNRESOLVED: 23_containers/vector/debug/move_neg.cc compilation failed to produce executable
FAIL: 23_containers/vector/ext_pointer/explicit_instantiation/1.cc (test for excess errors)
FAIL: 23_containers/vector/ext_pointer/explicit_instantiation/2.cc (test for excess errors)
FAIL: 23_containers/vector/modifiers/1.cc (test for excess errors)
UNRESOLVED: 23_containers/vector/modifiers/1.cc compilation failed to produce executable
FAIL: 23_containers/vector/modifiers/2.cc (test for excess errors)
UNRESOLVED: 23_containers/vector/modifiers/2.cc compilation failed to produce executable
FAIL: 23_containers/vector/modifiers/insert/1.cc (test for excess errors)
UNRESOLVED: 23_containers/vector/modifiers/insert/1.cc compilation failed to produce executable
FAIL: 23_containers/vector/modifiers/insert/58148.cc (test for excess errors)
FAIL: 23_containers/vector/requirements/dr438/constructor_2_neg.cc (test for errors, line 28)
FAIL: 23_containers/vector/requirements/dr438/constructor_2_neg.cc (test for excess errors)
=== libstdc++ Summary for unix ===
# of expected passes 11273
# of unexpected failures 32
# of expected failures 68
# of unresolved testcases 21
# of unsupported tests 645
Running target unix/-m64
FAIL: libstdc++-abi/abi_check
=== libstdc++ Summary for unix/-m64 ===
# of expected passes 11322
# of unexpected failures 1
# of expected failures 71
# of unsupported tests 645
=== libstdc++ Summary ===
# of expected passes 22595
# of unexpected failures 33
# of expected failures 139
# of unresolved testcases 21
# of unsupported tests 1290
Compiler version: 8.1.1 20180720 [gcc-8-branch revision 262896] (GCC)
Platform: sparc-sun-solaris2.11
configure flags: --prefix=/vol/gcc --target=sparc-sun-solaris2.11 --enable-objc-gc --with-target-bdw-gc-include=/vol/gcc/include --with-target-bdw-gc-lib=/vol/gcc/lib,sparcv9=/vol/gcc/lib/sparcv9 --enable-libmudflap --with-as=/vol/gcc/bin/gas-2.31 --with-gnu-as --with-gmp-include=/vol/gcc/include --with-gmp-lib=/vol/gcc/lib --with-mpfr-include=/vol/gcc/include --with-mpfr-lib=/vol/gcc/lib --with-mpc-include=/vol/gcc/include --with-mpc-lib=/vol/gcc/lib --enable-languages=all,ada,obj-c++,go --with-isl-include=/vol/gcc/include --with-isl-lib=/vol/gcc/lib --build=sparc-sun-solaris2.11 --host=sparc-sun-solaris2.11
BOOT_CFLAGS=-g -O2