This is the mail archive of the
gcc-testresults@gcc.gnu.org
mailing list for the GCC project.
Results for 7.3.1 20180713 [gcc-7-branch revision 262618] (GCC) testsuite on sparc-sun-solaris2.10
- From: Rainer Orth <ro at CeBiTec dot Uni-Bielefeld dot DE>
- To: gcc-testresults at gcc dot gnu dot org
- Date: Sat, 14 Jul 2018 09:23:17 +0200 (MEST)
- Subject: Results for 7.3.1 20180713 [gcc-7-branch revision 262618] (GCC) testsuite on sparc-sun-solaris2.10
LAST_UPDATED: Fri Jul 13 08:49:32 UTC 2018 (revision 262618)
=== acats tests ===
=== acats Summary ===
# of expected passes 2320
# of unexpected failures 0
Native configuration is sparc-sun-solaris2.10
=== g++ tests ===
Running target unix
=== g++ Summary for unix ===
# of expected passes 103985
# of expected failures 395
# of unsupported tests 4706
Running target unix/-m64
=== g++ Summary for unix/-m64 ===
# of expected passes 105866
# of expected failures 395
# of unsupported tests 4688
=== g++ Summary ===
# of expected passes 209851
# of expected failures 790
# of unsupported tests 9394
/var/gcc/regression/gcc-7-branch/10-gcc/build/gcc/xg++ version 7.3.1 20180713 [gcc-7-branch revision 262618] (GCC)
=== gcc tests ===
Running target unix
XPASS: gcc.dg/pr78768.c -Wformat-overflow (test for warnings, line 11)
FAIL: gcc.dg/visibility-22.c execution test
FAIL: gcc.dg/simulate-thread/atomic-other-int.c -O2 -g thread simulation test
FAIL: gcc.dg/simulate-thread/atomic-other-int.c -O3 -g thread simulation test
FAIL: gcc.dg/simulate-thread/speculative-store-4.c -O0 -g thread simulation test
FAIL: gcc.dg/simulate-thread/speculative-store.c -O0 -g thread simulation test
=== gcc Summary for unix ===
# of expected passes 99994
# of unexpected failures 5
# of unexpected successes 1
# of expected failures 405
# of unsupported tests 2652
Running target unix/-m64
XPASS: gcc.dg/pr78768.c -Wformat-overflow (test for warnings, line 11)
FAIL: gcc.dg/visibility-22.c execution test
=== gcc Summary for unix/-m64 ===
# of expected passes 101078
# of unexpected failures 1
# of unexpected successes 1
# of expected failures 390
# of unsupported tests 2441
=== gcc Summary ===
# of expected passes 201072
# of unexpected failures 6
# of unexpected successes 2
# of expected failures 795
# of unsupported tests 5093
/var/gcc/regression/gcc-7-branch/10-gcc/build/gcc/xgcc version 7.3.1 20180713 [gcc-7-branch revision 262618] (GCC)
=== gfortran tests ===
Running target unix
FAIL: gfortran.dg/execute_command_line_3.f90 -O execution test
FAIL: gfortran.dg/unlimited_polymorphic_30.f03 -O0 execution test
FAIL: gfortran.dg/unlimited_polymorphic_30.f03 -O1 execution test
=== gfortran Summary for unix ===
# of expected passes 45357
# of unexpected failures 3
# of expected failures 95
# of unsupported tests 243
Running target unix/-m64
FAIL: gfortran.dg/execute_command_line_3.f90 -O execution test
FAIL: gfortran.dg/unlimited_polymorphic_30.f03 -O0 execution test
FAIL: gfortran.dg/unlimited_polymorphic_30.f03 -O1 execution test
FAIL: gfortran.dg/unlimited_polymorphic_30.f03 -O2 execution test
FAIL: gfortran.dg/unlimited_polymorphic_30.f03 -O3 -fomit-frame-pointer -funroll-loops -fpeel-loops -ftracer -finline-functions execution test
FAIL: gfortran.dg/unlimited_polymorphic_30.f03 -O3 -g execution test
FAIL: gfortran.dg/unlimited_polymorphic_30.f03 -Os execution test
=== gfortran Summary for unix/-m64 ===
# of expected passes 45600
# of unexpected failures 7
# of expected failures 95
# of unsupported tests 122
=== gfortran Summary ===
# of expected passes 90957
# of unexpected failures 10
# of expected failures 190
# of unsupported tests 365
/var/gcc/regression/gcc-7-branch/10-gcc/build/gcc/gfortran version 7.3.1 20180713 [gcc-7-branch revision 262618] (GCC)
=== gnat tests ===
Running target unix
=== gnat Summary for unix ===
# of expected passes 2556
# of expected failures 25
# of unsupported tests 23
Running target unix/-m64
=== gnat Summary for unix/-m64 ===
# of expected passes 2556
# of expected failures 25
# of unsupported tests 23
=== gnat Summary ===
# of expected passes 5112
# of expected failures 50
# of unsupported tests 46
/var/gcc/regression/gcc-7-branch/10-gcc/build/gcc/gnatmake version 7.3.1 20180713 [gcc-7-branch revision 262618]
=== go tests ===
Running target unix
FAIL: ./index0-out.go execution, -O0 -g -fno-var-tracking-assignments
FAIL: ./slice3-out.go execution, -O0 -g -fno-var-tracking-assignments
FAIL: go.test/test/fixedbugs/bug347.go execution, -O0 -g
FAIL: go.test/test/fixedbugs/bug348.go execution, -O0 -g
FAIL: go.test/test/recover.go execution, -O2 -g
=== go Summary for unix ===
# of expected passes 7358
# of unexpected failures 5
# of expected failures 1
# of untested testcases 11
# of unsupported tests 3
Running target unix/-m64
FAIL: ./index0-out.go execution, -O0 -g -fno-var-tracking-assignments
FAIL: ./slice3-out.go execution, -O0 -g -fno-var-tracking-assignments
FAIL: go.test/test/fixedbugs/bug347.go execution, -O0 -g
FAIL: go.test/test/fixedbugs/bug348.go execution, -O0 -g
FAIL: go.test/test/recover.go execution, -O2 -g
=== go Summary for unix/-m64 ===
# of expected passes 7238
# of unexpected failures 5
# of expected failures 1
# of untested testcases 11
# of unsupported tests 3
=== go Summary ===
# of expected passes 14596
# of unexpected failures 10
# of expected failures 2
# of untested testcases 22
# of unsupported tests 6
=== obj-c++ tests ===
Running target unix
=== obj-c++ Summary for unix ===
# of expected passes 1443
# of expected failures 2
# of unsupported tests 77
Running target unix/-m64
=== obj-c++ Summary for unix/-m64 ===
# of expected passes 1435
# of expected failures 10
# of unsupported tests 77
=== obj-c++ Summary ===
# of expected passes 2878
# of expected failures 12
# of unsupported tests 154
/var/gcc/regression/gcc-7-branch/10-gcc/build/gcc/xg++ version 7.3.1 20180713 [gcc-7-branch revision 262618] (GCC)
=== objc tests ===
Running target unix
=== objc Summary for unix ===
# of expected passes 2787
# of unsupported tests 68
Running target unix/-m64
=== objc Summary for unix/-m64 ===
# of expected passes 2787
# of unsupported tests 68
=== objc Summary ===
# of expected passes 5574
# of unsupported tests 136
/var/gcc/regression/gcc-7-branch/10-gcc/build/gcc/xgcc version 7.3.1 20180713 [gcc-7-branch revision 262618] (GCC)
=== libatomic tests ===
Running target unix
=== libatomic Summary for unix ===
# of expected passes 44
# of unsupported tests 5
Running target unix/-m64
=== libatomic Summary for unix/-m64 ===
# of expected passes 54
=== libatomic Summary ===
# of expected passes 98
# of unsupported tests 5
=== libffi tests ===
Running target unix
=== libffi Summary for unix ===
# of expected passes 2214
Running target unix/-m64
=== libffi Summary for unix/-m64 ===
# of expected passes 2214
=== libffi Summary ===
# of expected passes 4428
=== libgo tests ===
Running target unix
FAIL: net
FAIL: runtime
FAIL: go/build
FAIL: net/http
FAIL: runtime/debug
=== libgo Summary for unix ===
# of expected passes 141
# of unexpected failures 5
Running target unix/-m64
FAIL: net
FAIL: go/build
FAIL: runtime/debug
=== libgo Summary for unix/-m64 ===
# of expected passes 143
# of unexpected failures 3
=== libgo Summary ===
# of expected passes 284
# of unexpected failures 8
=== libgomp tests ===
Running target unix
=== libgomp Summary for unix ===
# of expected passes 5114
# of unsupported tests 394
Running target unix/-m64
=== libgomp Summary for unix/-m64 ===
# of expected passes 5114
# of unsupported tests 394
=== libgomp Summary ===
# of expected passes 10228
# of unsupported tests 788
=== libitm tests ===
Running target unix
=== libitm Summary for unix ===
# of expected passes 42
# of expected failures 3
# of unsupported tests 1
Running target unix/-m64
=== libitm Summary for unix/-m64 ===
# of expected passes 42
# of expected failures 3
# of unsupported tests 1
=== libitm Summary ===
# of expected passes 84
# of expected failures 6
# of unsupported tests 2
=== libstdc++ tests ===
Running target unix
=== libstdc++ Summary for unix ===
# of expected passes 10899
# of expected failures 68
# of unsupported tests 638
Running target unix/-m64
FAIL: experimental/filesystem/operations/last_write_time.cc execution test
=== libstdc++ Summary for unix/-m64 ===
# of expected passes 10898
# of unexpected failures 1
# of expected failures 68
# of unsupported tests 638
=== libstdc++ Summary ===
# of expected passes 21797
# of unexpected failures 1
# of expected failures 136
# of unsupported tests 1276
Compiler version: 7.3.1 20180713 [gcc-7-branch revision 262618] (GCC)
Platform: sparc-sun-solaris2.10
configure flags: --prefix=/vol/gcc --target=sparc-sun-solaris2.10 --enable-objc-gc --with-target-bdw-gc-include=/vol/gcc/include --with-target-bdw-gc-lib=/vol/gcc/lib,sparcv9=/vol/gcc/lib/sparcv9 --with-as=/usr/ccs/bin/as --without-gnu-as --with-gmp-include=/vol/gcc/include --with-gmp-lib=/vol/gcc/lib --with-mpfr-include=/vol/gcc/include --with-mpfr-lib=/vol/gcc/lib --with-mpc-include=/vol/gcc/include --with-mpc-lib=/vol/gcc/lib --enable-languages=all,ada,obj-c++,go --with-isl-include=/vol/gcc/include --with-isl-lib=/vol/gcc/lib --build=sparc-sun-solaris2.10 --host=sparc-sun-solaris2.10
BOOT_CFLAGS=-g -O2