This is the mail archive of the
gcc-testresults@gcc.gnu.org
mailing list for the GCC project.
Results for 9.0.0 20180713 (experimental) [trunk revision 262625] (GCC) testsuite on i386-pc-solaris2.11
- From: Rainer Orth <ro at CeBiTec dot Uni-Bielefeld dot DE>
- To: gcc-testresults at gcc dot gnu dot org
- Date: Sat, 14 Jul 2018 09:22:11 +0200 (MEST)
- Subject: Results for 9.0.0 20180713 (experimental) [trunk revision 262625] (GCC) testsuite on i386-pc-solaris2.11
LAST_UPDATED: Fri Jul 13 08:44:15 UTC 2018 (revision 262625)
=== acats tests ===
=== acats Summary ===
# of expected passes 2320
# of unexpected failures 0
Native configuration is i386-pc-solaris2.11
=== g++ tests ===
Running target unix
=== g++ Summary for unix ===
# of expected passes 115610
# of expected failures 531
# of unsupported tests 4741
Running target unix/-m64
FAIL: g++.dg/pr80481.C -std=gnu++11 scan-assembler-not vmovaps
FAIL: g++.dg/pr80481.C -std=gnu++14 scan-assembler-not vmovaps
FAIL: g++.dg/pr80481.C -std=gnu++98 scan-assembler-not vmovaps
FAIL: g++.dg/pr83239.C -std=gnu++11 scan-tree-dump-not optimized "_ZNSt6vectorIiSaIiEE17_M_default_appendEm"
FAIL: g++.dg/pr83239.C -std=gnu++14 scan-tree-dump-not optimized "_ZNSt6vectorIiSaIiEE17_M_default_appendEm"
=== g++ Summary for unix/-m64 ===
# of expected passes 117103
# of unexpected failures 5
# of expected failures 534
# of unsupported tests 4933
=== g++ Summary ===
# of expected passes 232713
# of unexpected failures 5
# of expected failures 1065
# of unsupported tests 9674
/var/gcc/regression/trunk/11-gcc-gas/build/gcc/xg++ version 9.0.0 20180713 (experimental) [trunk revision 262625] (GCC)
=== gcc tests ===
Running target unix
FAIL: gcc.dg/visibility-22.c execution test
FAIL: gcc.dg/ipa/ipa-icf-38.c scan-ltrans-tree-dump-not optimized "Function bar"
FAIL: gcc.dg/torture/pr60092.c -O0 execution test
FAIL: gcc.dg/tree-ssa/pr30375.c scan-tree-dump-times dse1 "MEM\\\\[\\\\(struct _s \\\\*\\\\)&signInfo \\\\+ [0-9]+B\\\\] = {}" 1
=== gcc Summary for unix ===
# of expected passes 123717
# of unexpected failures 4
# of expected failures 414
# of unsupported tests 2231
Running target unix/-m64
FAIL: gcc.dg/visibility-22.c execution test
FAIL: gcc.dg/ipa/ipa-icf-38.c scan-ltrans-tree-dump-not optimized "Function bar"
FAIL: gcc.dg/torture/pr60092.c -O0 execution test
=== gcc Summary for unix/-m64 ===
# of expected passes 125478
# of unexpected failures 3
# of expected failures 405
# of unsupported tests 2122
=== gcc Summary ===
# of expected passes 249195
# of unexpected failures 7
# of expected failures 819
# of unsupported tests 4353
/var/gcc/regression/trunk/11-gcc-gas/build/gcc/xgcc version 9.0.0 20180713 (experimental) [trunk revision 262625] (GCC)
=== gfortran tests ===
Running target unix
=== gfortran Summary for unix ===
# of expected passes 47326
# of expected failures 104
# of unsupported tests 194
Running target unix/-m64
=== gfortran Summary for unix/-m64 ===
# of expected passes 47543
# of expected failures 104
# of unsupported tests 91
=== gfortran Summary ===
# of expected passes 94869
# of expected failures 208
# of unsupported tests 285
/var/gcc/regression/trunk/11-gcc-gas/build/gcc/gfortran version 9.0.0 20180713 (experimental) [trunk revision 262625] (GCC)
=== gnat tests ===
Running target unix
FAIL: gnat.dg/interface1.adb (test for excess errors)
UNRESOLVED: gnat.dg/invalid1.adb compilation failed to produce executable
UNRESOLVED: gnat.dg/lhs_view_convert.adb compilation failed to produce executable
=== gnat Summary for unix ===
# of expected passes 2826
# of unexpected failures 1
# of expected failures 24
# of unresolved testcases 2
# of unsupported tests 7
Running target unix/-m64
=== gnat Summary for unix/-m64 ===
# of expected passes 2829
# of expected failures 24
# of unsupported tests 7
=== gnat Summary ===
# of expected passes 5655
# of unexpected failures 1
# of expected failures 48
# of unresolved testcases 2
# of unsupported tests 14
/var/gcc/regression/trunk/11-gcc-gas/build/gcc/gnatmake version 9.0.0 20180713 (experimental) [trunk revision 262625]
=== go tests ===
Running target unix
FAIL: ./index0-out.go execution, -O0 -g -fno-var-tracking-assignments
=== go Summary for unix ===
# of expected passes 7396
# of unexpected failures 1
# of expected failures 1
# of untested testcases 10
# of unsupported tests 2
Running target unix/-m64
FAIL: ./index0-out.go execution, -O0 -g -fno-var-tracking-assignments
=== go Summary for unix/-m64 ===
# of expected passes 7277
# of unexpected failures 1
# of expected failures 1
# of untested testcases 10
# of unsupported tests 1
=== go Summary ===
# of expected passes 14673
# of unexpected failures 2
# of expected failures 2
# of untested testcases 20
# of unsupported tests 3
=== obj-c++ tests ===
Running target unix
=== obj-c++ Summary for unix ===
# of expected passes 1464
# of expected failures 2
# of unsupported tests 77
Running target unix/-m64
=== obj-c++ Summary for unix/-m64 ===
# of expected passes 1456
# of expected failures 10
# of unsupported tests 77
=== obj-c++ Summary ===
# of expected passes 2920
# of expected failures 12
# of unsupported tests 154
/var/gcc/regression/trunk/11-gcc-gas/build/gcc/xg++ version 9.0.0 20180713 (experimental) [trunk revision 262625] (GCC)
=== objc tests ===
Running target unix
=== objc Summary for unix ===
# of expected passes 2797
# of expected failures 6
# of unsupported tests 68
Running target unix/-m64
=== objc Summary for unix/-m64 ===
# of expected passes 2797
# of expected failures 6
# of unsupported tests 68
=== objc Summary ===
# of expected passes 5594
# of expected failures 12
# of unsupported tests 136
/var/gcc/regression/trunk/11-gcc-gas/build/gcc/xgcc version 9.0.0 20180713 (experimental) [trunk revision 262625] (GCC)
=== gotools tests ===
FAIL: go test cmd/go
FAIL: TestCgoCrashHandler
FAIL: TestCgoSignalDeadlock
FAIL: TestCrashHandler
FAIL: TestSelectStackAdjust
FAIL: go test runtime
FAIL: Test18146
FAIL: go test misc/cgo/test
FAIL: TestCompileWithoutShared
FAIL: TestEarlySignalHandler
FAIL: TestInstall
FAIL: TestOsSignal
FAIL: TestPIE
FAIL: TestSIGPROF
FAIL: TestSigaltstack
FAIL: TestSignalForwarding
FAIL: TestSignalForwardingExternal
FAIL: go test misc/cgo/testcarchive
=== gotools Summary ===
# of expected passes 296
# of unexpected failures 18
# of untested testcases 123
/var/gcc/regression/trunk/11-gcc-gas/build/./gcc/gccgo version 9.0.0 20180713 (experimental) [trunk revision 262625] (GCC)
=== libatomic tests ===
Running target unix
=== libatomic Summary for unix ===
# of expected passes 44
# of unsupported tests 5
Running target unix/-m64
=== libatomic Summary for unix/-m64 ===
# of expected passes 54
=== libatomic Summary ===
# of expected passes 98
# of unsupported tests 5
=== libffi tests ===
Running target unix
FAIL: libffi.call/cls_multi_schar.c -W -Wall -Wno-psabi -O0 (test for excess errors)
=== libffi Summary for unix ===
# of expected passes 2798
# of unexpected failures 1
Running target unix/-m64
=== libffi Summary for unix/-m64 ===
# of expected passes 2214
=== libffi Summary ===
# of expected passes 5012
# of unexpected failures 1
=== libgo tests ===
Running target unix
FAIL: go/build
FAIL: runtime
=== libgo Summary for unix ===
# of expected passes 162
# of unexpected failures 2
Running target unix/-m64
FAIL: go/build
=== libgo Summary for unix/-m64 ===
# of expected passes 163
# of unexpected failures 1
=== libgo Summary ===
# of expected passes 325
# of unexpected failures 3
/var/gcc/regression/trunk/11-gcc-gas/build/./gcc/gccgo version 9.0.0 20180713 (experimental) [trunk revision 262625] (GCC)
=== libgomp tests ===
Running target unix
FAIL: libgomp.fortran/alloc-comp-3.f90 -O0 (test for excess errors)
FAIL: libgomp.fortran/alloc-comp-3.f90 -O2 (test for excess errors)
UNRESOLVED: libgomp.oacc-c++/non-scalar-data.C -DACC_DEVICE_TYPE_host=1 -DACC_MEM_SHARED=1 -O2 compilation failed to produce executable
=== libgomp Summary for unix ===
# of expected passes 6012
# of unexpected failures 2
# of expected failures 3
# of unresolved testcases 1
# of unsupported tests 336
Running target unix/-m64
FAIL: libgomp.fortran/alloc-comp-3.f90 -O0 (test for excess errors)
FAIL: libgomp.fortran/alloc-comp-3.f90 -O2 (test for excess errors)
UNRESOLVED: libgomp.oacc-c++/non-scalar-data.C -DACC_DEVICE_TYPE_host=1 -DACC_MEM_SHARED=1 -O2 compilation failed to produce executable
=== libgomp Summary for unix/-m64 ===
# of expected passes 6012
# of unexpected failures 2
# of expected failures 3
# of unresolved testcases 1
# of unsupported tests 336
=== libgomp Summary ===
# of expected passes 12024
# of unexpected failures 4
# of expected failures 6
# of unresolved testcases 2
# of unsupported tests 672
=== libitm tests ===
Running target unix
=== libitm Summary for unix ===
# of expected passes 42
# of expected failures 3
# of unsupported tests 1
Running target unix/-m64
=== libitm Summary for unix/-m64 ===
# of expected passes 42
# of expected failures 3
# of unsupported tests 1
=== libitm Summary ===
# of expected passes 84
# of expected failures 6
# of unsupported tests 2
=== libstdc++ tests ===
Running target unix
FAIL: 17_intro/headers/c++1998/all_no_rtti.cc (test for excess errors)
FAIL: 20_util/any/assign/1.cc (test for excess errors)
UNRESOLVED: 20_util/any/assign/1.cc compilation failed to produce executable
FAIL: 20_util/any/modifiers/83658.cc (test for excess errors)
UNRESOLVED: 20_util/any/modifiers/83658.cc compilation failed to produce executable
XPASS: experimental/memory_resource/resource_adaptor.cc execution test
=== libstdc++ Summary for unix ===
# of expected passes 11546
# of unexpected failures 3
# of unexpected successes 1
# of expected failures 77
# of unresolved testcases 2
# of unsupported tests 649
Running target unix/-m64
=== libstdc++ Summary for unix/-m64 ===
# of expected passes 11544
# of expected failures 77
# of unsupported tests 653
=== libstdc++ Summary ===
# of expected passes 23090
# of unexpected failures 3
# of unexpected successes 1
# of expected failures 154
# of unresolved testcases 2
# of unsupported tests 1302
Compiler version: 9.0.0 20180713 (experimental) [trunk revision 262625] (GCC)
Platform: i386-pc-solaris2.11
configure flags: --prefix=/vol/gcc --target=i386-pc-solaris2.11 --enable-objc-gc --with-target-bdw-gc-include=/vol/gcc/include --with-target-bdw-gc-lib=/vol/gcc/lib,amd64=/vol/gcc/lib/amd64 --enable-libmudflap --with-as=/vol/gcc/bin/gas-2.30 --with-gnu-as --with-gmp-include=/vol/gcc/include --with-gmp-lib=/vol/gcc/lib --with-mpfr-include=/vol/gcc/include --with-mpfr-lib=/vol/gcc/lib --with-mpc-include=/vol/gcc/include --with-mpc-lib=/vol/gcc/lib --enable-languages=all,ada,obj-c++,go --with-isl-include=/vol/gcc/include --with-isl-lib=/vol/gcc/lib --build=i386-pc-solaris2.11 --host=i386-pc-solaris2.11
BOOT_CFLAGS=-g -O2