This is the mail archive of the
gcc-testresults@gcc.gnu.org
mailing list for the GCC project.
Results for 7.3.1 20180622 [gcc-7-branch revision 261875] (GCC) testsuite on sparc-sun-solaris2.11
- From: Rainer Orth <ro at CeBiTec dot Uni-Bielefeld dot DE>
- To: gcc-testresults at gcc dot gnu dot org
- Date: Sat, 23 Jun 2018 09:24:28 +0200 (MEST)
- Subject: Results for 7.3.1 20180622 [gcc-7-branch revision 261875] (GCC) testsuite on sparc-sun-solaris2.11
LAST_UPDATED: Fri Jun 22 09:05:38 UTC 2018 (revision 261875)
=== acats tests ===
=== acats Summary ===
# of expected passes 2320
# of unexpected failures 0
Native configuration is sparc-sun-solaris2.11
=== g++ tests ===
Running target unix
=== g++ Summary for unix ===
# of expected passes 104043
# of expected failures 400
# of unsupported tests 4686
Running target unix/-m64
=== g++ Summary for unix/-m64 ===
# of expected passes 105937
# of expected failures 400
# of unsupported tests 4658
=== g++ Summary ===
# of expected passes 209980
# of expected failures 800
# of unsupported tests 9344
/var/gcc/regression/gcc-7-branch/11-gcc/build/gcc/xg++ version 7.3.1 20180622 [gcc-7-branch revision 261875] (GCC)
=== gcc tests ===
Running target unix
XPASS: gcc.dg/pr78768.c -Wformat-overflow (test for warnings, line 11)
FAIL: gcc.dg/visibility-22.c execution test
FAIL: gcc.dg/simulate-thread/atomic-other-int.c -O2 -g thread simulation test
FAIL: gcc.dg/simulate-thread/atomic-other-int.c -O3 -g thread simulation test
FAIL: gcc.dg/simulate-thread/speculative-store-4.c -O0 -g thread simulation test
FAIL: gcc.dg/simulate-thread/speculative-store.c -O0 -g thread simulation test
FAIL: gcc.dg/torture/pr60092.c -O0 execution test
=== gcc Summary for unix ===
# of expected passes 100135
# of unexpected failures 6
# of unexpected successes 1
# of expected failures 406
# of unsupported tests 2650
Running target unix/-m64
XPASS: gcc.dg/pr78768.c -Wformat-overflow (test for warnings, line 11)
FAIL: gcc.dg/visibility-22.c execution test
FAIL: gcc.dg/torture/pr60092.c -O0 execution test
=== gcc Summary for unix/-m64 ===
# of expected passes 101234
# of unexpected failures 2
# of unexpected successes 1
# of expected failures 391
# of unsupported tests 2428
=== gcc Summary ===
# of expected passes 201369
# of unexpected failures 8
# of unexpected successes 2
# of expected failures 797
# of unsupported tests 5078
/var/gcc/regression/gcc-7-branch/11-gcc/build/gcc/xgcc version 7.3.1 20180622 [gcc-7-branch revision 261875] (GCC)
=== gfortran tests ===
Running target unix
=== gfortran Summary for unix ===
# of expected passes 45337
# of expected failures 89
# of unsupported tests 243
Running target unix/-m64
=== gfortran Summary for unix/-m64 ===
# of expected passes 45584
# of expected failures 89
# of unsupported tests 122
=== gfortran Summary ===
# of expected passes 90921
# of expected failures 178
# of unsupported tests 365
/var/gcc/regression/gcc-7-branch/11-gcc/build/gcc/gfortran version 7.3.1 20180622 [gcc-7-branch revision 261875] (GCC)
=== gnat tests ===
Running target unix
=== gnat Summary for unix ===
# of expected passes 2556
# of expected failures 25
# of unsupported tests 23
Running target unix/-m64
=== gnat Summary for unix/-m64 ===
# of expected passes 2556
# of expected failures 25
# of unsupported tests 23
=== gnat Summary ===
# of expected passes 5112
# of expected failures 50
# of unsupported tests 46
/var/gcc/regression/gcc-7-branch/11-gcc/build/gcc/gnatmake version 7.3.1 20180622 [gcc-7-branch revision 261875]
=== go tests ===
Running target unix
=== go Summary for unix ===
# of expected passes 7363
# of expected failures 1
# of untested testcases 11
# of unsupported tests 3
Running target unix/-m64
=== go Summary for unix/-m64 ===
# of expected passes 7243
# of expected failures 1
# of untested testcases 11
# of unsupported tests 3
=== go Summary ===
# of expected passes 14606
# of expected failures 2
# of untested testcases 22
# of unsupported tests 6
=== obj-c++ tests ===
Running target unix
=== obj-c++ Summary for unix ===
# of expected passes 1459
# of expected failures 2
# of unsupported tests 77
Running target unix/-m64
=== obj-c++ Summary for unix/-m64 ===
# of expected passes 1451
# of expected failures 10
# of unsupported tests 77
=== obj-c++ Summary ===
# of expected passes 2910
# of expected failures 12
# of unsupported tests 154
/var/gcc/regression/gcc-7-branch/11-gcc/build/gcc/xg++ version 7.3.1 20180622 [gcc-7-branch revision 261875] (GCC)
=== objc tests ===
Running target unix
=== objc Summary for unix ===
# of expected passes 2803
# of unsupported tests 68
Running target unix/-m64
=== objc Summary for unix/-m64 ===
# of expected passes 2803
# of unsupported tests 68
=== objc Summary ===
# of expected passes 5606
# of unsupported tests 136
/var/gcc/regression/gcc-7-branch/11-gcc/build/gcc/xgcc version 7.3.1 20180622 [gcc-7-branch revision 261875] (GCC)
=== libatomic tests ===
Running target unix
=== libatomic Summary for unix ===
# of expected passes 44
# of unsupported tests 5
Running target unix/-m64
=== libatomic Summary for unix/-m64 ===
# of expected passes 54
=== libatomic Summary ===
# of expected passes 98
# of unsupported tests 5
=== libffi tests ===
Running target unix
=== libffi Summary for unix ===
# of expected passes 2214
Running target unix/-m64
=== libffi Summary for unix/-m64 ===
# of expected passes 2214
=== libffi Summary ===
# of expected passes 4428
=== libgo tests ===
Running target unix
FAIL: net
FAIL: go/build
FAIL: net/http
=== libgo Summary for unix ===
# of expected passes 143
# of unexpected failures 3
Running target unix/-m64
FAIL: net
FAIL: go/build
FAIL: os/signal
=== libgo Summary for unix/-m64 ===
# of expected passes 143
# of unexpected failures 3
=== libgo Summary ===
# of expected passes 286
# of unexpected failures 6
=== libgomp tests ===
Running target unix
=== libgomp Summary for unix ===
# of expected passes 5112
# of unsupported tests 394
Running target unix/-m64
=== libgomp Summary for unix/-m64 ===
# of expected passes 5112
# of unsupported tests 394
=== libgomp Summary ===
# of expected passes 10224
# of unsupported tests 788
=== libitm tests ===
Running target unix
=== libitm Summary for unix ===
# of expected passes 42
# of expected failures 3
# of unsupported tests 1
Running target unix/-m64
=== libitm Summary for unix/-m64 ===
# of expected passes 42
# of expected failures 3
# of unsupported tests 1
=== libitm Summary ===
# of expected passes 84
# of expected failures 6
# of unsupported tests 2
=== libstdc++ tests ===
Running target unix
=== libstdc++ Summary for unix ===
# of expected passes 10890
# of expected failures 67
# of unsupported tests 638
Running target unix/-m64
=== libstdc++ Summary for unix/-m64 ===
# of expected passes 10890
# of expected failures 67
# of unsupported tests 638
=== libstdc++ Summary ===
# of expected passes 21780
# of expected failures 134
# of unsupported tests 1276
Compiler version: 7.3.1 20180622 [gcc-7-branch revision 261875] (GCC)
Platform: sparc-sun-solaris2.11
configure flags: --prefix=/vol/gcc --target=sparc-sun-solaris2.11 --enable-objc-gc --with-target-bdw-gc-include=/vol/gcc/include --with-target-bdw-gc-lib=/vol/gcc/lib,sparcv9=/vol/gcc/lib/sparcv9 --enable-libmudflap --with-as=/usr/ccs/bin/as --without-gnu-as --with-gmp-include=/vol/gcc/include --with-gmp-lib=/vol/gcc/lib --with-mpfr-include=/vol/gcc/include --with-mpfr-lib=/vol/gcc/lib --with-mpc-include=/vol/gcc/include --with-mpc-lib=/vol/gcc/lib --enable-languages=all,ada,obj-c++,go --with-isl-include=/vol/gcc/include --with-isl-lib=/vol/gcc/lib --build=sparc-sun-solaris2.11 --host=sparc-sun-solaris2.11
BOOT_CFLAGS=-g -O2