This is the mail archive of the
gcc-testresults@gcc.gnu.org
mailing list for the GCC project.
Results for 9.0.0 20180622 (experimental) [trunk revision 261880] (GCC) testsuite on sparc-sun-solaris2.11
- From: Rainer Orth <ro at CeBiTec dot Uni-Bielefeld dot DE>
- To: gcc-testresults at gcc dot gnu dot org
- Date: Fri, 22 Jun 2018 13:47:48 +0200 (MEST)
- Subject: Results for 9.0.0 20180622 (experimental) [trunk revision 261880] (GCC) testsuite on sparc-sun-solaris2.11
LAST_UPDATED: Fri Jun 22 09:00:06 UTC 2018 (revision 261880)
=== acats tests ===
=== acats Summary ===
# of expected passes 2320
# of unexpected failures 0
Native configuration is sparc-sun-solaris2.11
=== g++ tests ===
Running target unix
FAIL: g++.dg/gcov/pr16855-priority.C -std=gnu++11 gcov: 1 failures in line counts, 0 in branch percentages, 0 in return percentages, 0 in intermediate format
FAIL: g++.dg/gcov/pr16855-priority.C -std=gnu++11 line 22: is #####:should be 1
FAIL: g++.dg/gcov/pr16855-priority.C -std=gnu++14 gcov: 1 failures in line counts, 0 in branch percentages, 0 in return percentages, 0 in intermediate format
FAIL: g++.dg/gcov/pr16855-priority.C -std=gnu++14 line 22: is #####:should be 1
FAIL: g++.dg/gcov/pr16855-priority.C -std=gnu++98 gcov: 1 failures in line counts, 0 in branch percentages, 0 in return percentages, 0 in intermediate format
FAIL: g++.dg/gcov/pr16855-priority.C -std=gnu++98 line 22: is #####:should be 1
FAIL: g++.dg/gcov/pr16855.C -std=gnu++11 gcov: 1 failures in line counts, 0 in branch percentages, 0 in return percentages, 0 in intermediate format
FAIL: g++.dg/gcov/pr16855.C -std=gnu++11 line 21: is #####:should be 1
FAIL: g++.dg/gcov/pr16855.C -std=gnu++14 gcov: 1 failures in line counts, 0 in branch percentages, 0 in return percentages, 0 in intermediate format
FAIL: g++.dg/gcov/pr16855.C -std=gnu++14 line 21: is #####:should be 1
FAIL: g++.dg/gcov/pr16855.C -std=gnu++98 gcov: 1 failures in line counts, 0 in branch percentages, 0 in return percentages, 0 in intermediate format
FAIL: g++.dg/gcov/pr16855.C -std=gnu++98 line 21: is #####:should be 1
FAIL: g++.dg/torture/pr60750.C -O0 (test for excess errors)
UNRESOLVED: g++.dg/torture/pr60750.C -O0 compilation failed to produce executable
FAIL: g++.dg/torture/pr60750.C -Os (test for excess errors)
UNRESOLVED: g++.dg/torture/pr60750.C -Os compilation failed to produce executable
=== g++ Summary for unix ===
# of expected passes 113784
# of unexpected failures 14
# of expected failures 528
# of unresolved testcases 2
# of unsupported tests 5271
Running target unix/-m64
FAIL: g++.dg/pr83239.C -std=gnu++11 scan-tree-dump-not optimized "_ZNSt6vectorIiSaIiEE17_M_default_appendEm"
FAIL: g++.dg/pr83239.C -std=gnu++14 scan-tree-dump-not optimized "_ZNSt6vectorIiSaIiEE17_M_default_appendEm"
FAIL: g++.dg/gcov/pr16855-priority.C -std=gnu++11 gcov: 1 failures in line counts, 0 in branch percentages, 0 in return percentages, 0 in intermediate format
FAIL: g++.dg/gcov/pr16855-priority.C -std=gnu++11 line 22: is #####:should be 1
FAIL: g++.dg/gcov/pr16855-priority.C -std=gnu++14 gcov: 1 failures in line counts, 0 in branch percentages, 0 in return percentages, 0 in intermediate format
FAIL: g++.dg/gcov/pr16855-priority.C -std=gnu++14 line 22: is #####:should be 1
FAIL: g++.dg/gcov/pr16855-priority.C -std=gnu++98 gcov: 1 failures in line counts, 0 in branch percentages, 0 in return percentages, 0 in intermediate format
FAIL: g++.dg/gcov/pr16855-priority.C -std=gnu++98 line 22: is #####:should be 1
FAIL: g++.dg/gcov/pr16855.C -std=gnu++11 gcov: 1 failures in line counts, 0 in branch percentages, 0 in return percentages, 0 in intermediate format
FAIL: g++.dg/gcov/pr16855.C -std=gnu++11 line 21: is #####:should be 1
FAIL: g++.dg/gcov/pr16855.C -std=gnu++14 gcov: 1 failures in line counts, 0 in branch percentages, 0 in return percentages, 0 in intermediate format
FAIL: g++.dg/gcov/pr16855.C -std=gnu++14 line 21: is #####:should be 1
FAIL: g++.dg/gcov/pr16855.C -std=gnu++98 gcov: 1 failures in line counts, 0 in branch percentages, 0 in return percentages, 0 in intermediate format
FAIL: g++.dg/gcov/pr16855.C -std=gnu++98 line 21: is #####:should be 1
=== g++ Summary for unix/-m64 ===
# of expected passes 115683
# of unexpected failures 14
# of expected failures 531
# of unsupported tests 5240
=== g++ Summary ===
# of expected passes 229467
# of unexpected failures 28
# of expected failures 1059
# of unresolved testcases 2
# of unsupported tests 10511
/var/gcc/regression/trunk/11.5-gcc/build/gcc/xg++ version 9.0.0 20180622 (experimental) [trunk revision 261880] (GCC)
=== gcc tests ===
Running target unix
FAIL: gcc.c-torture/unsorted/dump-noaddr.c.*i.lto-stream-out, -O2 -flto comparison
FAIL: gcc.c-torture/unsorted/dump-noaddr.c.*i.lto-stream-out, -O2 -flto -flto-partition=none comparison
FAIL: gcc.dg/ipa/ipa-icf-38.c scan-ltrans-tree-dump-not optimized "Function bar"
FAIL: gcc.dg/noncompile/pr55976-1.c -O0 (test for excess errors)
FAIL: gcc.dg/noncompile/pr55976-1.c -O1 (test for excess errors)
FAIL: gcc.dg/noncompile/pr55976-1.c -O2 (test for excess errors)
FAIL: gcc.dg/noncompile/pr55976-1.c -O2 -flto (test for excess errors)
FAIL: gcc.dg/noncompile/pr55976-1.c -O2 -flto -flto-partition=none (test for excess errors)
FAIL: gcc.dg/noncompile/pr55976-1.c -O3 -g (test for excess errors)
FAIL: gcc.dg/noncompile/pr55976-1.c -Os (test for excess errors)
FAIL: gcc.dg/simulate-thread/atomic-other-int.c -O2 -g thread simulation test
FAIL: gcc.dg/simulate-thread/atomic-other-int.c -O3 -g thread simulation test
FAIL: gcc.dg/simulate-thread/speculative-store-4.c -O0 -g thread simulation test
FAIL: gcc.dg/simulate-thread/speculative-store-4.c -O2 -g thread simulation test
FAIL: gcc.dg/simulate-thread/speculative-store-4.c -O3 -g thread simulation test
FAIL: gcc.dg/simulate-thread/speculative-store.c -O0 -g thread simulation test
XPASS: gcc.dg/vect/bb-slp-div-1.c -flto -ffat-lto-objects scan-tree-dump slp2 "basic block vectorized"
XPASS: gcc.dg/vect/bb-slp-div-1.c scan-tree-dump slp2 "basic block vectorized"
FAIL: gcc.dg/vect/no-section-anchors-vect-69.c scan-tree-dump-times vect "vectorized 4 loops" 1
=== gcc Summary for unix ===
# of expected passes 103271
# of unexpected failures 17
# of unexpected successes 2
# of expected failures 484
# of unsupported tests 2766
Running target unix/-m64
FAIL: gcc.c-torture/unsorted/dump-noaddr.c.*i.lto-stream-out, -O2 -flto comparison
FAIL: gcc.c-torture/unsorted/dump-noaddr.c.*i.lto-stream-out, -O2 -flto -flto-partition=none comparison
FAIL: gcc.dg/ipa/ipa-icf-38.c scan-ltrans-tree-dump-not optimized "Function bar"
FAIL: gcc.dg/noncompile/pr55976-1.c -O0 (test for excess errors)
FAIL: gcc.dg/noncompile/pr55976-1.c -O1 (test for excess errors)
FAIL: gcc.dg/noncompile/pr55976-1.c -O2 (test for excess errors)
FAIL: gcc.dg/noncompile/pr55976-1.c -O2 -flto (test for excess errors)
FAIL: gcc.dg/noncompile/pr55976-1.c -O2 -flto -flto-partition=none (test for excess errors)
FAIL: gcc.dg/noncompile/pr55976-1.c -O3 -g (test for excess errors)
FAIL: gcc.dg/noncompile/pr55976-1.c -Os (test for excess errors)
XPASS: gcc.dg/vect/bb-slp-div-1.c -flto -ffat-lto-objects scan-tree-dump slp2 "basic block vectorized"
XPASS: gcc.dg/vect/bb-slp-div-1.c scan-tree-dump slp2 "basic block vectorized"
FAIL: gcc.dg/vect/no-section-anchors-vect-69.c scan-tree-dump-times vect "vectorized 4 loops" 1
=== gcc Summary for unix/-m64 ===
# of expected passes 104397
# of unexpected failures 11
# of unexpected successes 2
# of expected failures 474
# of unsupported tests 2525
=== gcc Summary ===
# of expected passes 207668
# of unexpected failures 28
# of unexpected successes 4
# of expected failures 958
# of unsupported tests 5291
/var/gcc/regression/trunk/11.5-gcc/build/gcc/xgcc version 9.0.0 20180622 (experimental) [trunk revision 261880] (GCC)
=== gfortran tests ===
Running target unix
FAIL: gfortran.dg/actual_array_offset_1.f90 -O0 (internal compiler error)
FAIL: gfortran.dg/actual_array_offset_1.f90 -O0 (test for excess errors)
UNRESOLVED: gfortran.dg/actual_array_offset_1.f90 -O0 compilation failed to produce executable
FAIL: gfortran.dg/actual_array_offset_1.f90 -O1 (internal compiler error)
FAIL: gfortran.dg/actual_array_offset_1.f90 -O1 (test for excess errors)
UNRESOLVED: gfortran.dg/actual_array_offset_1.f90 -O1 compilation failed to produce executable
FAIL: gfortran.dg/actual_array_offset_1.f90 -O2 (internal compiler error)
FAIL: gfortran.dg/actual_array_offset_1.f90 -O2 (test for excess errors)
UNRESOLVED: gfortran.dg/actual_array_offset_1.f90 -O2 compilation failed to produce executable
FAIL: gfortran.dg/actual_array_offset_1.f90 -O3 -fomit-frame-pointer -funroll-loops -fpeel-loops -ftracer -finline-functions (internal compiler error)
FAIL: gfortran.dg/actual_array_offset_1.f90 -O3 -fomit-frame-pointer -funroll-loops -fpeel-loops -ftracer -finline-functions (test for excess errors)
UNRESOLVED: gfortran.dg/actual_array_offset_1.f90 -O3 -fomit-frame-pointer -funroll-loops -fpeel-loops -ftracer -finline-functions compilation failed to produce executable
FAIL: gfortran.dg/actual_array_offset_1.f90 -O3 -g (internal compiler error)
FAIL: gfortran.dg/actual_array_offset_1.f90 -O3 -g (test for excess errors)
UNRESOLVED: gfortran.dg/actual_array_offset_1.f90 -O3 -g compilation failed to produce executable
FAIL: gfortran.dg/actual_array_offset_1.f90 -Os (internal compiler error)
FAIL: gfortran.dg/actual_array_offset_1.f90 -Os (test for excess errors)
UNRESOLVED: gfortran.dg/actual_array_offset_1.f90 -Os compilation failed to produce executable
FAIL: gfortran.dg/assumed_charlen_function_7.f90 -O (test for excess errors)
FAIL: gfortran.dg/elemental_subroutine_3.f90 -O1 (test for excess errors)
FAIL: gfortran.dg/elemental_subroutine_3.f90 -O2 (test for excess errors)
FAIL: gfortran.dg/elemental_subroutine_3.f90 -O3 -fomit-frame-pointer -funroll-loops -fpeel-loops -ftracer -finline-functions (test for excess errors)
FAIL: gfortran.dg/elemental_subroutine_3.f90 -O3 -g (test for excess errors)
FAIL: gfortran.dg/elemental_subroutine_3.f90 -Os (test for excess errors)
FAIL: gfortran.dg/interface_abstract_4.f90 -O (internal compiler error)
FAIL: gfortran.dg/interface_abstract_4.f90 -O (test for excess errors)
FAIL: gfortran.dg/typebound_proc_35.f90 -O0 (internal compiler error)
FAIL: gfortran.dg/typebound_proc_35.f90 -O0 (test for excess errors)
UNRESOLVED: gfortran.dg/typebound_proc_35.f90 -O0 compilation failed to produce executable
FAIL: gfortran.dg/typebound_proc_35.f90 -O1 (internal compiler error)
FAIL: gfortran.dg/typebound_proc_35.f90 -O1 (test for excess errors)
UNRESOLVED: gfortran.dg/typebound_proc_35.f90 -O1 compilation failed to produce executable
FAIL: gfortran.dg/typebound_proc_35.f90 -O2 (internal compiler error)
FAIL: gfortran.dg/typebound_proc_35.f90 -O2 (test for excess errors)
UNRESOLVED: gfortran.dg/typebound_proc_35.f90 -O2 compilation failed to produce executable
FAIL: gfortran.dg/typebound_proc_35.f90 -O3 -fomit-frame-pointer -funroll-loops -fpeel-loops -ftracer -finline-functions (internal compiler error)
FAIL: gfortran.dg/typebound_proc_35.f90 -O3 -fomit-frame-pointer -funroll-loops -fpeel-loops -ftracer -finline-functions (test for excess errors)
UNRESOLVED: gfortran.dg/typebound_proc_35.f90 -O3 -fomit-frame-pointer -funroll-loops -fpeel-loops -ftracer -finline-functions compilation failed to produce executable
FAIL: gfortran.dg/typebound_proc_35.f90 -O3 -g (internal compiler error)
FAIL: gfortran.dg/typebound_proc_35.f90 -O3 -g (test for excess errors)
UNRESOLVED: gfortran.dg/typebound_proc_35.f90 -O3 -g compilation failed to produce executable
FAIL: gfortran.dg/typebound_proc_35.f90 -Os (internal compiler error)
FAIL: gfortran.dg/typebound_proc_35.f90 -Os (test for excess errors)
UNRESOLVED: gfortran.dg/typebound_proc_35.f90 -Os compilation failed to produce executable
FAIL: gfortran.dg/unlimited_polymorphic_30.f03 -O0 execution test
FAIL: gfortran.dg/unlimited_polymorphic_30.f03 -O1 execution test
=== gfortran Summary for unix ===
# of expected passes 47113
# of unexpected failures 34
# of expected failures 100
# of unresolved testcases 12
# of unsupported tests 262
Running target unix/-m64
FAIL: gfortran.dg/actual_array_offset_1.f90 -O0 (internal compiler error)
FAIL: gfortran.dg/actual_array_offset_1.f90 -O0 (test for excess errors)
UNRESOLVED: gfortran.dg/actual_array_offset_1.f90 -O0 compilation failed to produce executable
FAIL: gfortran.dg/actual_array_offset_1.f90 -O1 (internal compiler error)
FAIL: gfortran.dg/actual_array_offset_1.f90 -O1 (test for excess errors)
UNRESOLVED: gfortran.dg/actual_array_offset_1.f90 -O1 compilation failed to produce executable
FAIL: gfortran.dg/actual_array_offset_1.f90 -O2 (internal compiler error)
FAIL: gfortran.dg/actual_array_offset_1.f90 -O2 (test for excess errors)
UNRESOLVED: gfortran.dg/actual_array_offset_1.f90 -O2 compilation failed to produce executable
FAIL: gfortran.dg/actual_array_offset_1.f90 -O3 -fomit-frame-pointer -funroll-loops -fpeel-loops -ftracer -finline-functions (internal compiler error)
FAIL: gfortran.dg/actual_array_offset_1.f90 -O3 -fomit-frame-pointer -funroll-loops -fpeel-loops -ftracer -finline-functions (test for excess errors)
UNRESOLVED: gfortran.dg/actual_array_offset_1.f90 -O3 -fomit-frame-pointer -funroll-loops -fpeel-loops -ftracer -finline-functions compilation failed to produce executable
FAIL: gfortran.dg/actual_array_offset_1.f90 -O3 -g (internal compiler error)
FAIL: gfortran.dg/actual_array_offset_1.f90 -O3 -g (test for excess errors)
UNRESOLVED: gfortran.dg/actual_array_offset_1.f90 -O3 -g compilation failed to produce executable
FAIL: gfortran.dg/actual_array_offset_1.f90 -Os (internal compiler error)
FAIL: gfortran.dg/actual_array_offset_1.f90 -Os (test for excess errors)
UNRESOLVED: gfortran.dg/actual_array_offset_1.f90 -Os compilation failed to produce executable
FAIL: gfortran.dg/assumed_charlen_function_7.f90 -O (test for excess errors)
FAIL: gfortran.dg/elemental_subroutine_3.f90 -O1 (test for excess errors)
FAIL: gfortran.dg/elemental_subroutine_3.f90 -O2 (test for excess errors)
FAIL: gfortran.dg/elemental_subroutine_3.f90 -O3 -fomit-frame-pointer -funroll-loops -fpeel-loops -ftracer -finline-functions (test for excess errors)
FAIL: gfortran.dg/elemental_subroutine_3.f90 -O3 -g (test for excess errors)
FAIL: gfortran.dg/elemental_subroutine_3.f90 -Os (test for excess errors)
FAIL: gfortran.dg/interface_abstract_4.f90 -O (internal compiler error)
FAIL: gfortran.dg/interface_abstract_4.f90 -O (test for excess errors)
FAIL: gfortran.dg/typebound_proc_35.f90 -O0 (internal compiler error)
FAIL: gfortran.dg/typebound_proc_35.f90 -O0 (test for excess errors)
UNRESOLVED: gfortran.dg/typebound_proc_35.f90 -O0 compilation failed to produce executable
FAIL: gfortran.dg/typebound_proc_35.f90 -O1 (internal compiler error)
FAIL: gfortran.dg/typebound_proc_35.f90 -O1 (test for excess errors)
UNRESOLVED: gfortran.dg/typebound_proc_35.f90 -O1 compilation failed to produce executable
FAIL: gfortran.dg/typebound_proc_35.f90 -O2 (internal compiler error)
FAIL: gfortran.dg/typebound_proc_35.f90 -O2 (test for excess errors)
UNRESOLVED: gfortran.dg/typebound_proc_35.f90 -O2 compilation failed to produce executable
FAIL: gfortran.dg/typebound_proc_35.f90 -O3 -fomit-frame-pointer -funroll-loops -fpeel-loops -ftracer -finline-functions (internal compiler error)
FAIL: gfortran.dg/typebound_proc_35.f90 -O3 -fomit-frame-pointer -funroll-loops -fpeel-loops -ftracer -finline-functions (test for excess errors)
UNRESOLVED: gfortran.dg/typebound_proc_35.f90 -O3 -fomit-frame-pointer -funroll-loops -fpeel-loops -ftracer -finline-functions compilation failed to produce executable
FAIL: gfortran.dg/typebound_proc_35.f90 -O3 -g (internal compiler error)
FAIL: gfortran.dg/typebound_proc_35.f90 -O3 -g (test for excess errors)
UNRESOLVED: gfortran.dg/typebound_proc_35.f90 -O3 -g compilation failed to produce executable
FAIL: gfortran.dg/typebound_proc_35.f90 -Os (internal compiler error)
FAIL: gfortran.dg/typebound_proc_35.f90 -Os (test for excess errors)
UNRESOLVED: gfortran.dg/typebound_proc_35.f90 -Os compilation failed to produce executable
FAIL: gfortran.dg/unlimited_polymorphic_30.f03 -O0 execution test
FAIL: gfortran.dg/unlimited_polymorphic_30.f03 -O1 execution test
FAIL: gfortran.dg/unlimited_polymorphic_30.f03 -O2 execution test
FAIL: gfortran.dg/unlimited_polymorphic_30.f03 -O3 -fomit-frame-pointer -funroll-loops -fpeel-loops -ftracer -finline-functions execution test
FAIL: gfortran.dg/unlimited_polymorphic_30.f03 -O3 -g execution test
FAIL: gfortran.dg/unlimited_polymorphic_30.f03 -Os execution test
=== gfortran Summary for unix/-m64 ===
# of expected passes 47356
# of unexpected failures 38
# of expected failures 100
# of unresolved testcases 12
# of unsupported tests 141
=== gfortran Summary ===
# of expected passes 94469
# of unexpected failures 72
# of expected failures 200
# of unresolved testcases 24
# of unsupported tests 403
/var/gcc/regression/trunk/11.5-gcc/build/gcc/gfortran version 9.0.0 20180622 (experimental) [trunk revision 261880] (GCC)
=== gnat tests ===
Running target unix
=== gnat Summary for unix ===
# of expected passes 2780
# of expected failures 24
# of unsupported tests 27
Running target unix/-m64
=== gnat Summary for unix/-m64 ===
# of expected passes 2780
# of expected failures 24
# of unsupported tests 27
=== gnat Summary ===
# of expected passes 5560
# of expected failures 48
# of unsupported tests 54
/var/gcc/regression/trunk/11.5-gcc/build/gcc/gnatmake version 9.0.0 20180622 (experimental) [trunk revision 261880]
=== go tests ===
Running target unix
FAIL: ./index0-out.go execution, -O0 -g -fno-var-tracking-assignments
FAIL: go.test/test/fixedbugs/issue4562.go execution, -O2 -g
FAIL: go.test/test/nil.go execution, -O2 -g
=== go Summary for unix ===
# of expected passes 7391
# of unexpected failures 3
# of expected failures 1
# of untested testcases 11
# of unsupported tests 3
Running target unix/-m64
FAIL: ./index0-out.go execution, -O0 -g -fno-var-tracking-assignments
=== go Summary for unix/-m64 ===
# of expected passes 7273
# of unexpected failures 1
# of expected failures 1
# of untested testcases 11
# of unsupported tests 3
=== go Summary ===
# of expected passes 14664
# of unexpected failures 4
# of expected failures 2
# of untested testcases 22
# of unsupported tests 6
=== obj-c++ tests ===
Running target unix
=== obj-c++ Summary for unix ===
# of expected passes 1464
# of expected failures 2
# of unsupported tests 77
Running target unix/-m64
=== obj-c++ Summary for unix/-m64 ===
# of expected passes 1456
# of expected failures 10
# of unsupported tests 77
=== obj-c++ Summary ===
# of expected passes 2920
# of expected failures 12
# of unsupported tests 154
/var/gcc/regression/trunk/11.5-gcc/build/gcc/xg++ version 9.0.0 20180622 (experimental) [trunk revision 261880] (GCC)
=== objc tests ===
Running target unix
=== objc Summary for unix ===
# of expected passes 2803
# of unsupported tests 68
Running target unix/-m64
=== objc Summary for unix/-m64 ===
# of expected passes 2803
# of unsupported tests 68
=== objc Summary ===
# of expected passes 5606
# of unsupported tests 136
/var/gcc/regression/trunk/11.5-gcc/build/gcc/xgcc version 9.0.0 20180622 (experimental) [trunk revision 261880] (GCC)
=== gotools tests ===
FAIL: go test cmd/go
FAIL: TestBreakpoint
FAIL: TestCgoExecSignalMask
FAIL: TestCgoLockOSThreadExit
FAIL: TestCgoSignalDeadlock
FAIL: TestCrashHandler
FAIL: TestGccgoCrashTracebackNodebug
FAIL: TestNetpollDeadlock
FAIL: TestPanicInlined
FAIL: TestSelectStackAdjust
FAIL: TestSignalIgnoreSIGTRAP
FAIL: go test runtime
FAIL: go test misc/cgo/test
FAIL: TestCompileWithoutShared
FAIL: TestEarlySignalHandler
FAIL: TestInstall
FAIL: TestOsSignal
FAIL: TestPIE
FAIL: TestSIGPROF
FAIL: TestSigaltstack
FAIL: TestSignalForwarding
FAIL: TestSignalForwardingExternal
FAIL: go test misc/cgo/testcarchive
=== gotools Summary ===
# of expected passes 197
# of unexpected failures 23
# of untested testcases 89
/var/gcc/regression/trunk/11.5-gcc/build/./gcc/gccgo version 9.0.0 20180622 (experimental) [trunk revision 261880] (GCC)
=== libatomic tests ===
Running target unix
=== libatomic Summary for unix ===
# of expected passes 44
# of unsupported tests 5
Running target unix/-m64
=== libatomic Summary for unix/-m64 ===
# of expected passes 54
=== libatomic Summary ===
# of expected passes 98
# of unsupported tests 5
=== libffi tests ===
Running target unix
=== libffi Summary for unix ===
# of expected passes 2214
Running target unix/-m64
=== libffi Summary for unix/-m64 ===
# of expected passes 2214
=== libffi Summary ===
# of expected passes 4428
=== libgo tests ===
Running target unix
FAIL: go/build
FAIL: net/http
FAIL: os/signal
FAIL: runtime
FAIL: runtime/pprof
=== libgo Summary for unix ===
# of expected passes 159
# of unexpected failures 5
Running target unix/-m64
FAIL: go/build
FAIL: net/http
=== libgo Summary for unix/-m64 ===
# of expected passes 162
# of unexpected failures 2
=== libgo Summary ===
# of expected passes 321
# of unexpected failures 7
/var/gcc/regression/trunk/11.5-gcc/build/./gcc/gccgo version 9.0.0 20180622 (experimental) [trunk revision 261880] (GCC)
=== libgomp tests ===
Running target unix
=== libgomp Summary for unix ===
# of expected passes 5456
# of expected failures 1
# of unsupported tests 365
Running target unix/-m64
=== libgomp Summary for unix/-m64 ===
# of expected passes 5456
# of expected failures 1
# of unsupported tests 365
=== libgomp Summary ===
# of expected passes 10912
# of expected failures 2
# of unsupported tests 730
=== libitm tests ===
Running target unix
=== libitm Summary for unix ===
# of expected passes 42
# of expected failures 3
# of unsupported tests 1
Running target unix/-m64
=== libitm Summary for unix/-m64 ===
# of expected passes 42
# of expected failures 3
# of unsupported tests 1
=== libitm Summary ===
# of expected passes 84
# of expected failures 6
# of unsupported tests 2
=== libstdc++ tests ===
Running target unix
FAIL: libstdc++-abi/abi_check
FAIL: 21_strings/basic_string/modifiers/64422.cc (test for excess errors)
FAIL: 21_strings/basic_string/modifiers/insert/char/1.cc (test for excess errors)
UNRESOLVED: 21_strings/basic_string/modifiers/insert/char/1.cc compilation failed to produce executable
FAIL: 21_strings/basic_string/modifiers/insert/wchar_t/1.cc (test for excess errors)
UNRESOLVED: 21_strings/basic_string/modifiers/insert/wchar_t/1.cc compilation failed to produce executable
FAIL: experimental/memory_resource/1.cc (test for excess errors)
FAIL: experimental/memory_resource/70966.cc (test for excess errors)
FAIL: experimental/memory_resource/new_delete_resource.cc (test for excess errors)
FAIL: experimental/memory_resource/null_memory_resource.cc (test for excess errors)
FAIL: experimental/memory_resource/resource_adaptor.cc (test for excess errors)
FAIL: experimental/type_erased_allocator/2.cc (test for excess errors)
FAIL: ext/pb_ds/regression/tree_map_rand.cc (test for excess errors)
UNRESOLVED: ext/pb_ds/regression/tree_map_rand.cc compilation failed to produce executable
FAIL: ext/pb_ds/regression/tree_set_rand.cc (test for excess errors)
UNRESOLVED: ext/pb_ds/regression/tree_set_rand.cc compilation failed to produce executable
FAIL: ext/pb_ds/regression/trie_map_rand.cc (test for excess errors)
UNRESOLVED: ext/pb_ds/regression/trie_map_rand.cc compilation failed to produce executable
FAIL: ext/pb_ds/regression/trie_set_rand.cc (test for excess errors)
UNRESOLVED: ext/pb_ds/regression/trie_set_rand.cc compilation failed to produce executable
=== libstdc++ Summary for unix ===
# of expected passes 11443
# of unexpected failures 14
# of expected failures 74
# of unresolved testcases 6
# of unsupported tests 658
Running target unix/-m64
=== libstdc++ Summary for unix/-m64 ===
# of expected passes 11463
# of expected failures 74
# of unsupported tests 658
=== libstdc++ Summary ===
# of expected passes 22906
# of unexpected failures 14
# of expected failures 148
# of unresolved testcases 6
# of unsupported tests 1316
Compiler version: 9.0.0 20180622 (experimental) [trunk revision 261880] (GCC)
Platform: sparc-sun-solaris2.11
configure flags: --prefix=/vol/gcc --target=sparc-sun-solaris2.11 --enable-objc-gc --with-target-bdw-gc-include=/vol/gcc/include --with-target-bdw-gc-lib=/vol/gcc/lib,sparcv9=/vol/gcc/lib/sparcv9 --enable-libmudflap --with-as=/usr/ccs/bin/as --without-gnu-as --with-gmp-include=/vol/gcc/include --with-gmp-lib=/vol/gcc/lib --with-mpfr-include=/vol/gcc/include --with-mpfr-lib=/vol/gcc/lib --with-mpc-include=/vol/gcc/include --with-mpc-lib=/vol/gcc/lib --enable-languages=all,ada,obj-c++,go --with-isl-include=/vol/gcc/include --with-isl-lib=/vol/gcc/lib --build=sparc-sun-solaris2.11 --host=sparc-sun-solaris2.11
BOOT_CFLAGS=-g -O2