This is the mail archive of the
gcc-testresults@gcc.gnu.org
mailing list for the GCC project.
Results for 9.0.0 20180615 (experimental) [trunk revision 261620] (GCC) testsuite on x86_64-pc-solaris2.11
- From: Rainer Orth <ro at CeBiTec dot Uni-Bielefeld dot DE>
- To: gcc-testresults at gcc dot gnu dot org
- Date: Sat, 16 Jun 2018 23:58:58 +0200 (MEST)
- Subject: Results for 9.0.0 20180615 (experimental) [trunk revision 261620] (GCC) testsuite on x86_64-pc-solaris2.11
LAST_UPDATED: Fri Jun 15 09:02:08 UTC 2018 (revision 261620)
Native configuration is x86_64-pc-solaris2.11
=== libatomic tests ===
Running target unix/-m32
=== libatomic Summary for unix/-m32 ===
# of expected passes 44
# of unsupported tests 5
Running target unix
=== libatomic Summary for unix ===
# of expected passes 54
=== libatomic Summary ===
# of expected passes 98
# of unsupported tests 5
=== libffi tests ===
Running target unix/-m32
=== libffi Summary for unix/-m32 ===
# of expected passes 2799
Running target unix
=== libffi Summary for unix ===
# of expected passes 2214
=== libffi Summary ===
# of expected passes 5013
=== libgo tests ===
Running target unix
FAIL: go/build
=== libgo Summary for unix ===
# of expected passes 163
# of unexpected failures 1
Running target unix/-m32
FAIL: go/build
FAIL: runtime
FAIL: runtime/pprof
=== libgo Summary for unix/-m32 ===
# of expected passes 161
# of unexpected failures 3
=== libgo Summary ===
# of expected passes 324
# of unexpected failures 4
/var/gcc/regression/trunk/11.4-gcc-gas-64/build/./gcc/gccgo version 9.0.0 20180615 (experimental) [trunk revision 261620] (GCC)
=== libgomp tests ===
Running target unix/-m32
=== libgomp Summary for unix/-m32 ===
# of expected passes 5570
# of expected failures 1
# of unsupported tests 302
Running target unix
=== libgomp Summary for unix ===
# of expected passes 5570
# of expected failures 1
# of unsupported tests 302
=== libgomp Summary ===
# of expected passes 11140
# of expected failures 2
# of unsupported tests 604
=== libitm tests ===
Running target unix/-m32
=== libitm Summary for unix/-m32 ===
# of expected passes 42
# of expected failures 3
# of unsupported tests 1
Running target unix
=== libitm Summary for unix ===
# of expected passes 42
# of expected failures 3
# of unsupported tests 1
=== libitm Summary ===
# of expected passes 84
# of expected failures 6
# of unsupported tests 2
=== libstdc++ tests ===
Running target unix
=== libstdc++ Summary for unix ===
# of expected passes 11425
# of expected failures 74
# of unsupported tests 647
Running target unix/-m32
=== libstdc++ Summary for unix/-m32 ===
# of expected passes 11432
# of expected failures 75
# of unsupported tests 643
=== libstdc++ Summary ===
# of expected passes 22857
# of expected failures 149
# of unsupported tests 1290
=== acats tests ===
=== acats Summary ===
# of expected passes 2320
# of unexpected failures 0
=== g++ tests ===
Running target unix
FAIL: g++.dg/pr80481.C -std=gnu++11 scan-assembler-not vmovaps
FAIL: g++.dg/pr80481.C -std=gnu++14 scan-assembler-not vmovaps
FAIL: g++.dg/pr80481.C -std=gnu++98 scan-assembler-not vmovaps
FAIL: g++.dg/pr83239.C -std=gnu++11 scan-tree-dump-not optimized "_ZNSt6vectorIiSaIiEE17_M_default_appendEm"
FAIL: g++.dg/pr83239.C -std=gnu++14 scan-tree-dump-not optimized "_ZNSt6vectorIiSaIiEE17_M_default_appendEm"
=== g++ Summary for unix ===
# of expected passes 116655
# of unexpected failures 5
# of expected failures 507
# of unsupported tests 4886
Running target unix/-m32
FAIL: g++.dg/opt/pr59470.C -std=gnu++11 (test for excess errors)
UNRESOLVED: g++.dg/opt/pr59470.C -std=gnu++11 compilation failed to produce executable
FAIL: g++.dg/opt/pr59470.C -std=gnu++14 (test for excess errors)
UNRESOLVED: g++.dg/opt/pr59470.C -std=gnu++14 compilation failed to produce executable
FAIL: g++.dg/opt/pr59470.C -std=gnu++98 (test for excess errors)
UNRESOLVED: g++.dg/opt/pr59470.C -std=gnu++98 compilation failed to produce executable
=== g++ Summary for unix/-m32 ===
# of expected passes 115156
# of unexpected failures 3
# of expected failures 504
# of unresolved testcases 3
# of unsupported tests 4694
=== g++ Summary ===
# of expected passes 231811
# of unexpected failures 8
# of expected failures 1011
# of unresolved testcases 3
# of unsupported tests 9580
/var/gcc/regression/trunk/11.4-gcc-gas-64/build/gcc/xg++ version 9.0.0 20180615 (experimental) [trunk revision 261620] (GCC)
=== gcc tests ===
Running target unix
FAIL: gcc.c-torture/unsorted/dump-noaddr.c.*i.lto-stream-out, -O2 -flto comparison
FAIL: gcc.c-torture/unsorted/dump-noaddr.c.*i.lto-stream-out, -O2 -flto -flto-partition=none comparison
FAIL: gcc.dg/ipa/ipa-icf-38.c scan-ltrans-tree-dump-not optimized "Function bar"
FAIL: gcc.dg/noncompile/pr55976-1.c -O0 (test for excess errors)
FAIL: gcc.dg/noncompile/pr55976-1.c -O1 (test for excess errors)
FAIL: gcc.dg/noncompile/pr55976-1.c -O2 (test for excess errors)
FAIL: gcc.dg/noncompile/pr55976-1.c -O2 -flto (test for excess errors)
FAIL: gcc.dg/noncompile/pr55976-1.c -O2 -flto -flto-partition=none (test for excess errors)
FAIL: gcc.dg/noncompile/pr55976-1.c -O3 -g (test for excess errors)
FAIL: gcc.dg/noncompile/pr55976-1.c -Os (test for excess errors)
FAIL: gcc.target/i386/avx512vl-vpclmulqdq-2.c (test for excess errors)
UNRESOLVED: gcc.target/i386/avx512vl-vpclmulqdq-2.c compilation failed to produce executable
=== gcc Summary for unix ===
# of expected passes 125535
# of unexpected failures 11
# of expected failures 400
# of unresolved testcases 1
# of unsupported tests 2079
Running target unix/-m32
FAIL: gcc.c-torture/unsorted/dump-noaddr.c.*i.lto-stream-out, -O2 -flto comparison
FAIL: gcc.c-torture/unsorted/dump-noaddr.c.*i.lto-stream-out, -O2 -flto -flto-partition=none comparison
FAIL: gcc.dg/ipa/ipa-icf-38.c scan-ltrans-tree-dump-not optimized "Function bar"
FAIL: gcc.dg/noncompile/pr55976-1.c -O0 (test for excess errors)
FAIL: gcc.dg/noncompile/pr55976-1.c -O1 (test for excess errors)
FAIL: gcc.dg/noncompile/pr55976-1.c -O2 (test for excess errors)
FAIL: gcc.dg/noncompile/pr55976-1.c -O2 -flto (test for excess errors)
FAIL: gcc.dg/noncompile/pr55976-1.c -O2 -flto -flto-partition=none (test for excess errors)
FAIL: gcc.dg/noncompile/pr55976-1.c -O3 -g (test for excess errors)
FAIL: gcc.dg/noncompile/pr55976-1.c -Os (test for excess errors)
FAIL: gcc.target/i386/avx512vl-vpclmulqdq-2.c (test for excess errors)
UNRESOLVED: gcc.target/i386/avx512vl-vpclmulqdq-2.c compilation failed to produce executable
=== gcc Summary for unix/-m32 ===
# of expected passes 123758
# of unexpected failures 11
# of expected failures 409
# of unresolved testcases 1
# of unsupported tests 2201
=== gcc Summary ===
# of expected passes 249293
# of unexpected failures 22
# of expected failures 809
# of unresolved testcases 2
# of unsupported tests 4280
/var/gcc/regression/trunk/11.4-gcc-gas-64/build/gcc/xgcc version 9.0.0 20180615 (experimental) [trunk revision 261620] (GCC)
=== gfortran tests ===
Running target unix
=== gfortran Summary for unix ===
# of expected passes 47465
# of expected failures 93
# of unsupported tests 91
Running target unix/-m32
=== gfortran Summary for unix/-m32 ===
# of expected passes 47248
# of expected failures 93
# of unsupported tests 194
=== gfortran Summary ===
# of expected passes 94713
# of expected failures 186
# of unsupported tests 285
/var/gcc/regression/trunk/11.4-gcc-gas-64/build/gcc/gfortran version 9.0.0 20180615 (experimental) [trunk revision 261620] (GCC)
=== gnat tests ===
Running target unix
=== gnat Summary for unix ===
# of expected passes 2815
# of expected failures 24
# of unsupported tests 7
Running target unix/-m32
=== gnat Summary for unix/-m32 ===
# of expected passes 2815
# of expected failures 24
# of unsupported tests 7
=== gnat Summary ===
# of expected passes 5630
# of expected failures 48
# of unsupported tests 14
/var/gcc/regression/trunk/11.4-gcc-gas-64/build/gcc/gnatmake version 9.0.0 20180615 (experimental) [trunk revision 261620]
=== go tests ===
Running target unix
FAIL: ./index0-out.go execution, -O0 -g -fno-var-tracking-assignments
=== go Summary for unix ===
# of expected passes 7277
# of unexpected failures 1
# of expected failures 1
# of untested testcases 10
# of unsupported tests 1
Running target unix/-m32
FAIL: ./index0-out.go execution, -O0 -g -fno-var-tracking-assignments
=== go Summary for unix/-m32 ===
# of expected passes 7396
# of unexpected failures 1
# of expected failures 1
# of untested testcases 10
# of unsupported tests 2
=== go Summary ===
# of expected passes 14673
# of unexpected failures 2
# of expected failures 2
# of untested testcases 20
# of unsupported tests 3
=== obj-c++ tests ===
Running target unix/-m32
=== obj-c++ Summary for unix/-m32 ===
# of expected passes 1464
# of expected failures 2
# of unsupported tests 77
Running target unix
=== obj-c++ Summary for unix ===
# of expected passes 1456
# of expected failures 10
# of unsupported tests 77
=== obj-c++ Summary ===
# of expected passes 2920
# of expected failures 12
# of unsupported tests 154
/var/gcc/regression/trunk/11.4-gcc-gas-64/build/gcc/xg++ version 9.0.0 20180615 (experimental) [trunk revision 261620] (GCC)
=== objc tests ===
Running target unix
=== objc Summary for unix ===
# of expected passes 2797
# of expected failures 6
# of unsupported tests 68
Running target unix/-m32
=== objc Summary for unix/-m32 ===
# of expected passes 2797
# of expected failures 6
# of unsupported tests 68
=== objc Summary ===
# of expected passes 5594
# of expected failures 12
# of unsupported tests 136
/var/gcc/regression/trunk/11.4-gcc-gas-64/build/gcc/xgcc version 9.0.0 20180615 (experimental) [trunk revision 261620] (GCC)
=== gotools tests ===
FAIL: go test cmd/go
FAIL: TestCompileWithoutShared
FAIL: TestEarlySignalHandler
FAIL: TestInstall
FAIL: TestOsSignal
FAIL: TestPIE
FAIL: TestSIGPROF
FAIL: TestSigaltstack
FAIL: TestSignalForwarding
FAIL: TestSignalForwardingExternal
FAIL: go test misc/cgo/testcarchive
=== gotools Summary ===
# of expected passes 282
# of unexpected failures 11
# of untested testcases 100
/var/gcc/regression/trunk/11.4-gcc-gas-64/build/./gcc/gccgo version 9.0.0 20180615 (experimental) [trunk revision 261620] (GCC)
Compiler version: 9.0.0 20180615 (experimental) [trunk revision 261620] (GCC)
Platform: x86_64-pc-solaris2.11
configure flags: --prefix=/vol/gcc --target=amd64-pc-solaris2.11 --enable-objc-gc --with-target-bdw-gc-include=/vol/gcc/include --with-target-bdw-gc-lib=/vol/gcc/lib/amd64,32=/vol/gcc/lib --enable-libmudflap --with-as=/vol/gcc/bin/amd64/gas-2.30 --with-gnu-as --with-gmp-include=/vol/gcc/include --with-gmp-lib=/vol/gcc/lib/amd64 --with-mpfr-include=/vol/gcc/include --with-mpfr-lib=/vol/gcc/lib/amd64 --with-mpc-include=/vol/gcc/include --with-mpc-lib=/vol/gcc/lib/amd64 --enable-languages=all,ada,obj-c++,go --with-isl-include=/vol/gcc/include --with-isl-lib=/vol/gcc/lib/amd64 --build=amd64-pc-solaris2.11 --host=amd64-pc-solaris2.11
BOOT_CFLAGS=-g -O2