This is the mail archive of the
gcc-testresults@gcc.gnu.org
mailing list for the GCC project.
Results for 8.1.1 20180615 [gcc-8-branch revision 261616] (GCC) testsuite on i386-pc-solaris2.11
- From: Rainer Orth <ro at CeBiTec dot Uni-Bielefeld dot DE>
- To: gcc-testresults at gcc dot gnu dot org
- Date: Sat, 16 Jun 2018 09:03:13 +0200 (MEST)
- Subject: Results for 8.1.1 20180615 [gcc-8-branch revision 261616] (GCC) testsuite on i386-pc-solaris2.11
LAST_UPDATED: Fri Jun 15 09:05:27 UTC 2018 (revision 261616)
=== acats tests ===
FAIL: a83009b
=== acats Summary ===
# of expected passes 2319
# of unexpected failures 1
Native configuration is i386-pc-solaris2.11
=== g++ tests ===
Running target unix
=== g++ Summary for unix ===
# of expected passes 114575
# of expected failures 509
# of unsupported tests 4722
Running target unix/-m64
FAIL: g++.dg/pr80481.C -std=gnu++11 scan-assembler-not vmovaps
FAIL: g++.dg/pr80481.C -std=gnu++14 scan-assembler-not vmovaps
FAIL: g++.dg/pr80481.C -std=gnu++98 scan-assembler-not vmovaps
=== g++ Summary for unix/-m64 ===
# of expected passes 116070
# of unexpected failures 3
# of expected failures 512
# of unsupported tests 4914
=== g++ Summary ===
# of expected passes 230645
# of unexpected failures 3
# of expected failures 1021
# of unsupported tests 9636
/var/gcc/regression/gcc-8-branch/11-gcc/build/gcc/xg++ version 8.1.1 20180615 [gcc-8-branch revision 261616] (GCC)
=== gcc tests ===
Running target unix
FAIL: gcc.c-torture/compile/pr61159.c -O0 (test for excess errors)
FAIL: gcc.c-torture/compile/pr61159.c -O1 (test for excess errors)
FAIL: gcc.c-torture/compile/pr61159.c -O2 (test for excess errors)
FAIL: gcc.c-torture/compile/pr61159.c -O2 -flto (test for excess errors)
FAIL: gcc.c-torture/compile/pr61159.c -O2 -flto -flto-partition=none (test for excess errors)
FAIL: gcc.c-torture/compile/pr61159.c -O3 -g (test for excess errors)
FAIL: gcc.c-torture/compile/pr61159.c -Os (test for excess errors)
FAIL: gcc.dg/attr-weakref-1.c (test for excess errors)
UNRESOLVED: gcc.dg/attr-weakref-1.c compilation failed to produce executable
FAIL: gcc.dg/visibility-22.c execution test
FAIL: gcc.dg/torture/pr60092.c -O0 execution test
FAIL: gcc.target/i386/pr80569.c (test for excess errors)
=== gcc Summary for unix ===
# of expected passes 120697
# of unexpected failures 11
# of expected failures 406
# of unresolved testcases 1
# of unsupported tests 2780
Running target unix/-m64
FAIL: gcc.c-torture/compile/pr61159.c -O0 (test for excess errors)
FAIL: gcc.c-torture/compile/pr61159.c -O1 (test for excess errors)
FAIL: gcc.c-torture/compile/pr61159.c -O2 (test for excess errors)
FAIL: gcc.c-torture/compile/pr61159.c -O2 -flto (test for excess errors)
FAIL: gcc.c-torture/compile/pr61159.c -O2 -flto -flto-partition=none (test for excess errors)
FAIL: gcc.c-torture/compile/pr61159.c -O3 -g (test for excess errors)
FAIL: gcc.c-torture/compile/pr61159.c -Os (test for excess errors)
FAIL: gcc.dg/attr-weakref-1.c (test for excess errors)
UNRESOLVED: gcc.dg/attr-weakref-1.c compilation failed to produce executable
FAIL: gcc.dg/visibility-22.c execution test
FAIL: gcc.dg/torture/pr60092.c -O0 execution test
FAIL: gcc.target/i386/pr80569.c (test for excess errors)
=== gcc Summary for unix/-m64 ===
# of expected passes 122352
# of unexpected failures 11
# of expected failures 395
# of unresolved testcases 1
# of unsupported tests 2690
=== gcc Summary ===
# of expected passes 243049
# of unexpected failures 22
# of expected failures 801
# of unresolved testcases 2
# of unsupported tests 5470
/var/gcc/regression/gcc-8-branch/11-gcc/build/gcc/xgcc version 8.1.1 20180615 [gcc-8-branch revision 261616] (GCC)
=== gfortran tests ===
Running target unix
=== gfortran Summary for unix ===
# of expected passes 47172
# of expected failures 93
# of unsupported tests 194
Running target unix/-m64
=== gfortran Summary for unix/-m64 ===
# of expected passes 47389
# of expected failures 93
# of unsupported tests 91
=== gfortran Summary ===
# of expected passes 94561
# of expected failures 186
# of unsupported tests 285
/var/gcc/regression/gcc-8-branch/11-gcc/build/gcc/gfortran version 8.1.1 20180615 [gcc-8-branch revision 261616] (GCC)
=== gnat tests ===
Running target unix
FAIL: gnat.dg/atomic8.adb execution test
=== gnat Summary for unix ===
# of expected passes 2692
# of unexpected failures 1
# of expected failures 24
# of unsupported tests 7
Running target unix/-m64
=== gnat Summary for unix/-m64 ===
# of expected passes 2693
# of expected failures 24
# of unsupported tests 7
=== gnat Summary ===
# of expected passes 5385
# of unexpected failures 1
# of expected failures 48
# of unsupported tests 14
/var/gcc/regression/gcc-8-branch/11-gcc/build/gcc/gnatmake version 8.1.1 20180615 [gcc-8-branch revision 261616]
=== go tests ===
Running target unix
FAIL: ./index0-out.go compilation, -O0 -g -fno-var-tracking-assignments
=== go Summary for unix ===
# of expected passes 7395
# of unexpected failures 1
# of expected failures 1
# of untested testcases 11
# of unsupported tests 2
Running target unix/-m64
FAIL: ./index0-out.go compilation, -O0 -g -fno-var-tracking-assignments
=== go Summary for unix/-m64 ===
# of expected passes 7276
# of unexpected failures 1
# of expected failures 1
# of untested testcases 11
# of unsupported tests 1
=== go Summary ===
# of expected passes 14671
# of unexpected failures 2
# of expected failures 2
# of untested testcases 22
# of unsupported tests 3
=== obj-c++ tests ===
Running target unix
=== obj-c++ Summary for unix ===
# of expected passes 1464
# of expected failures 2
# of unsupported tests 77
Running target unix/-m64
=== obj-c++ Summary for unix/-m64 ===
# of expected passes 1456
# of expected failures 10
# of unsupported tests 77
=== obj-c++ Summary ===
# of expected passes 2920
# of expected failures 12
# of unsupported tests 154
/var/gcc/regression/gcc-8-branch/11-gcc/build/gcc/xg++ version 8.1.1 20180615 [gcc-8-branch revision 261616] (GCC)
=== objc tests ===
Running target unix
=== objc Summary for unix ===
# of expected passes 2797
# of expected failures 6
# of unsupported tests 68
Running target unix/-m64
=== objc Summary for unix/-m64 ===
# of expected passes 2797
# of expected failures 6
# of unsupported tests 68
=== objc Summary ===
# of expected passes 5594
# of expected failures 12
# of unsupported tests 136
/var/gcc/regression/gcc-8-branch/11-gcc/build/gcc/xgcc version 8.1.1 20180615 [gcc-8-branch revision 261616] (GCC)
=== gotools tests ===
FAIL: TestNoCache
FAIL: go test cmd/go
FAIL: TestCgoCrashHandler
FAIL: TestCgoSignalDeadlock
FAIL: TestGccgoCrashTracebackNodebug
FAIL: TestSelectStackAdjust
FAIL: go test runtime
FAIL: Test18146
FAIL: go test misc/cgo/test
FAIL: TestCompileWithoutShared
FAIL: TestEarlySignalHandler
FAIL: TestInstall
FAIL: TestOsSignal
FAIL: TestPIE
FAIL: TestSIGPROF
FAIL: TestSigaltstack
FAIL: TestSignalForwarding
FAIL: TestSignalForwardingExternal
FAIL: go test misc/cgo/testcarchive
=== gotools Summary ===
# of expected passes 361
# of unexpected failures 19
# of untested testcases 197
/var/gcc/regression/gcc-8-branch/11-gcc/build/./gcc/gccgo version 8.1.1 20180615 [gcc-8-branch revision 261616] (GCC)
=== libatomic tests ===
Running target unix
=== libatomic Summary for unix ===
# of expected passes 44
# of unsupported tests 5
Running target unix/-m64
=== libatomic Summary for unix/-m64 ===
# of expected passes 54
=== libatomic Summary ===
# of expected passes 98
# of unsupported tests 5
=== libffi tests ===
Running target unix
FAIL: libffi.call/cls_float.c -W -Wall -Wno-psabi -Os (test for excess errors)
UNRESOLVED: libffi.call/cls_float.c -W -Wall -Wno-psabi -Os compilation failed to produce executable
FAIL: libffi.call/cls_float.c -W -Wall -Wno-psabi -O2 -fomit-frame-pointer (test for excess errors)
UNRESOLVED: libffi.call/cls_float.c -W -Wall -Wno-psabi -O2 -fomit-frame-pointer compilation failed to produce executable
=== libffi Summary for unix ===
# of expected passes 2793
# of unexpected failures 2
# of unresolved testcases 2
Running target unix/-m64
=== libffi Summary for unix/-m64 ===
# of expected passes 2214
=== libffi Summary ===
# of expected passes 5007
# of unexpected failures 2
# of unresolved testcases 2
=== libgo tests ===
Running target unix
FAIL: fmt
FAIL: runtime
FAIL: go/build
FAIL: runtime/pprof
=== libgo Summary for unix ===
# of expected passes 160
# of unexpected failures 4
Running target unix/-m64
FAIL: fmt
FAIL: go/build
=== libgo Summary for unix/-m64 ===
# of expected passes 162
# of unexpected failures 2
=== libgo Summary ===
# of expected passes 322
# of unexpected failures 6
/var/gcc/regression/gcc-8-branch/11-gcc/build/./gcc/gccgo version 8.1.1 20180615 [gcc-8-branch revision 261616] (GCC)
=== libgomp tests ===
Running target unix
FAIL: libgomp.c/for-3.c (test for excess errors)
UNRESOLVED: libgomp.c/for-3.c compilation failed to produce executable
=== libgomp Summary for unix ===
# of expected passes 5438
# of unexpected failures 1
# of expected failures 1
# of unresolved testcases 1
# of unsupported tests 364
Running target unix/-m64
=== libgomp Summary for unix/-m64 ===
# of expected passes 5440
# of expected failures 1
# of unsupported tests 364
=== libgomp Summary ===
# of expected passes 10878
# of unexpected failures 1
# of expected failures 2
# of unresolved testcases 1
# of unsupported tests 728
=== libitm tests ===
Running target unix
=== libitm Summary for unix ===
# of expected passes 42
# of expected failures 3
# of unsupported tests 1
Running target unix/-m64
=== libitm Summary for unix/-m64 ===
# of expected passes 42
# of expected failures 3
# of unsupported tests 1
=== libitm Summary ===
# of expected passes 84
# of expected failures 6
# of unsupported tests 2
=== libstdc++ tests ===
Running target unix
FAIL: 20_util/function_objects/searchers.cc (test for excess errors)
UNRESOLVED: 20_util/function_objects/searchers.cc compilation failed to produce executable
FAIL: 20_util/has_unique_object_representations/requirements/explicit_instantiation.cc (test for excess errors)
FAIL: 20_util/integral_constant/requirements/constexpr_data.cc (test for excess errors)
FAIL: 20_util/is_copy_assignable/requirements/explicit_instantiation.cc (test for excess errors)
FAIL: 20_util/is_default_constructible/value.cc (test for excess errors)
FAIL: 20_util/is_destructible/requirements/explicit_instantiation.cc (test for excess errors)
FAIL: 20_util/is_function/value.cc (test for excess errors)
XPASS: experimental/memory_resource/resource_adaptor.cc execution test
=== libstdc++ Summary for unix ===
# of expected passes 11321
# of unexpected failures 7
# of unexpected successes 1
# of expected failures 71
# of unresolved testcases 1
# of unsupported tests 631
Running target unix/-m64
=== libstdc++ Summary for unix/-m64 ===
# of expected passes 11322
# of expected failures 71
# of unsupported tests 635
=== libstdc++ Summary ===
# of expected passes 22643
# of unexpected failures 7
# of unexpected successes 1
# of expected failures 142
# of unresolved testcases 1
# of unsupported tests 1266
Compiler version: 8.1.1 20180615 [gcc-8-branch revision 261616] (GCC)
Platform: i386-pc-solaris2.11
configure flags: --prefix=/vol/gcc --target=i386-pc-solaris2.11 --enable-objc-gc --with-target-bdw-gc-include=/vol/gcc/include --with-target-bdw-gc-lib=/vol/gcc/lib,amd64=/vol/gcc/lib/amd64 --enable-libmudflap --with-as=/usr/ccs/bin/as --without-gnu-as --with-gmp-include=/vol/gcc/include --with-gmp-lib=/vol/gcc/lib --with-mpfr-include=/vol/gcc/include --with-mpfr-lib=/vol/gcc/lib --with-mpc-include=/vol/gcc/include --with-mpc-lib=/vol/gcc/lib --enable-languages=all,ada,obj-c++,go --with-isl-include=/vol/gcc/include --with-isl-lib=/vol/gcc/lib --build=i386-pc-solaris2.11 --host=i386-pc-solaris2.11
BOOT_CFLAGS=-g -O2