This is the mail archive of the
gcc-testresults@gcc.gnu.org
mailing list for the GCC project.
Results for 9.0.0 20180603 (experimental) [trunk revision 261132] (GCC) testsuite on armv7-unknown-freebsd12.0
- From: Andreas Tobler <andreast dot dev at gmail dot com>
- To: gcc-testresults at gcc dot gnu dot org
- Date: Tue, 05 Jun 2018 06:31:58 +0200
- Subject: Results for 9.0.0 20180603 (experimental) [trunk revision 261132] (GCC) testsuite on armv7-unknown-freebsd12.0
LAST_UPDATED: Sun Jun 3 20:43:35 UTC 2018 (revision 261132)
Native configuration is armv7-unknown-freebsd12.0
=== libatomic tests ===
Running target unix
=== libatomic Summary ===
# of expected passes 44
# of unsupported tests 5
=== libgomp tests ===
Running target unix
WARNING: program timed out
FAIL: libgomp.c/../libgomp.c-c++-common/for-5.c (test for excess errors)
UNRESOLVED: libgomp.c/../libgomp.c-c++-common/for-5.c compilation failed to produce executable
FAIL: libgomp.oacc-c/../libgomp.oacc-c-c++-common/loop-default-runtime.c -DACC_DEVICE_TYPE_host=1 -DACC_MEM_SHARED=1 -O2 (test for excess errors)
UNRESOLVED: libgomp.oacc-c/../libgomp.oacc-c-c++-common/loop-default-runtime.c -DACC_DEVICE_TYPE_host=1 -DACC_MEM_SHARED=1 -O2 compilation failed to produce executable
FAIL: libgomp.oacc-c/../libgomp.oacc-c-c++-common/loop-dim-default.c -DACC_DEVICE_TYPE_host=1 -DACC_MEM_SHARED=1 -O2 (test for excess errors)
UNRESOLVED: libgomp.oacc-c/../libgomp.oacc-c-c++-common/loop-dim-default.c -DACC_DEVICE_TYPE_host=1 -DACC_MEM_SHARED=1 -O2 compilation failed to produce executable
FAIL: libgomp.oacc-c++/../libgomp.oacc-c-c++-common/loop-default-runtime.c -DACC_DEVICE_TYPE_host=1 -DACC_MEM_SHARED=1 -O2 (test for excess errors)
UNRESOLVED: libgomp.oacc-c++/../libgomp.oacc-c-c++-common/loop-default-runtime.c -DACC_DEVICE_TYPE_host=1 -DACC_MEM_SHARED=1 -O2 compilation failed to produce executable
FAIL: libgomp.oacc-c++/../libgomp.oacc-c-c++-common/loop-dim-default.c -DACC_DEVICE_TYPE_host=1 -DACC_MEM_SHARED=1 -O2 (test for excess errors)
UNRESOLVED: libgomp.oacc-c++/../libgomp.oacc-c-c++-common/loop-dim-default.c -DACC_DEVICE_TYPE_host=1 -DACC_MEM_SHARED=1 -O2 compilation failed to produce executable
=== libgomp Summary ===
# of expected passes 5382
# of unexpected failures 5
# of unresolved testcases 5
# of unsupported tests 368
=== libitm tests ===
Running target unix
=== libitm Summary ===
# of expected passes 42
# of expected failures 3
# of unsupported tests 1
=== libstdc++ tests ===
Running target unix
FAIL: 17_intro/headers/c++1998/stdc++.cc (test for excess errors)
FAIL: 17_intro/headers/c++1998/stdc++_multiple_inclusion.cc (test for excess errors)
FAIL: 17_intro/headers/c++2011/stdc++.cc (test for excess errors)
FAIL: 17_intro/headers/c++2011/stdc++_multiple_inclusion.cc (test for excess errors)
FAIL: 17_intro/headers/c++2014/stdc++.cc (test for excess errors)
FAIL: 17_intro/headers/c++2014/stdc++_multiple_inclusion.cc (test for excess errors)
FAIL: 22_locale/codecvt/in/wchar_t/3.cc execution test
FAIL: 22_locale/codecvt/max_length/wchar_t/4.cc execution test
FAIL: 22_locale/codecvt/out/wchar_t/3.cc execution test
FAIL: 22_locale/ctype/is/char/wrapped_env.cc execution test
FAIL: 22_locale/ctype/is/char/wrapped_locale.cc execution test
FAIL: 22_locale/ctype/is/wchar_t/wrapped_env.cc execution test
FAIL: 22_locale/ctype/is/wchar_t/wrapped_locale.cc execution test
FAIL: 22_locale/locale/cons/12658_thread-1.cc execution test
FAIL: 22_locale/locale/cons/12658_thread-2.cc execution test
FAIL: 22_locale/locale/cons/29217.cc execution test
FAIL: 22_locale/locale/cons/38368.cc execution test
FAIL: 22_locale/locale/cons/40184.cc execution test
FAIL: 22_locale/locale/global_locale_objects/14071.cc execution test
FAIL: 22_locale/messages/13631.cc execution test
FAIL: 22_locale/messages/members/char/1.cc execution test
FAIL: 22_locale/messages/members/char/2.cc execution test
FAIL: 22_locale/messages/members/char/wrapped_env.cc execution test
FAIL: 22_locale/messages/members/char/wrapped_locale.cc execution test
FAIL: 22_locale/messages_byname/named_equivalence.cc execution test
FAIL: 22_locale/money_get/get/char/16.cc execution test
FAIL: 22_locale/money_get/get/char/18.cc execution test
FAIL: 22_locale/money_get/get/char/2.cc execution test
FAIL: 22_locale/money_get/get/char/4.cc execution test
FAIL: 22_locale/money_get/get/char/wrapped_env.cc execution test
FAIL: 22_locale/money_get/get/char/wrapped_locale.cc execution test
FAIL: 22_locale/money_get/get/wchar_t/1.cc execution test
FAIL: 22_locale/money_get/get/wchar_t/16.cc execution test
FAIL: 22_locale/money_get/get/wchar_t/18.cc execution test
FAIL: 22_locale/money_get/get/wchar_t/2.cc execution test
FAIL: 22_locale/money_get/get/wchar_t/4.cc execution test
FAIL: 22_locale/money_get/get/wchar_t/wrapped_env.cc execution test
FAIL: 22_locale/money_get/get/wchar_t/wrapped_locale.cc execution test
FAIL: 22_locale/money_put/put/char/2.cc execution test
FAIL: 22_locale/money_put/put/char/9780-3.cc execution test
FAIL: 22_locale/money_put/put/char/wrapped_env.cc execution test
FAIL: 22_locale/money_put/put/char/wrapped_locale.cc execution test
FAIL: 22_locale/money_put/put/wchar_t/1.cc execution test
FAIL: 22_locale/money_put/put/wchar_t/2.cc execution test
FAIL: 22_locale/money_put/put/wchar_t/3.cc execution test
FAIL: 22_locale/money_put/put/wchar_t/wrapped_env.cc execution test
FAIL: 22_locale/money_put/put/wchar_t/wrapped_locale.cc execution test
FAIL: 22_locale/numpunct/members/char/3.cc execution test
FAIL: 22_locale/time_get/get_date/char/12750.cc execution test
FAIL: 22_locale/time_get/get_date/char/2.cc execution test
FAIL: 22_locale/time_get/get_date/char/wrapped_env.cc execution test
FAIL: 22_locale/time_get/get_date/char/wrapped_locale.cc execution test
FAIL: 22_locale/time_get/get_date/wchar_t/12750.cc execution test
FAIL: 22_locale/time_get/get_date/wchar_t/2.cc execution test
FAIL: 22_locale/time_get/get_date/wchar_t/4.cc execution test
FAIL: 22_locale/time_get/get_date/wchar_t/wrapped_env.cc execution test
FAIL: 22_locale/time_get/get_date/wchar_t/wrapped_locale.cc execution test
FAIL: 22_locale/time_get/get_time/char/2.cc execution test
FAIL: 22_locale/time_get/get_time/char/wrapped_env.cc execution test
FAIL: 22_locale/time_get/get_time/char/wrapped_locale.cc execution test
FAIL: 22_locale/time_get/get_time/wchar_t/2.cc execution test
FAIL: 22_locale/time_get/get_time/wchar_t/wrapped_env.cc execution test
FAIL: 22_locale/time_get/get_time/wchar_t/wrapped_locale.cc execution test
FAIL: 22_locale/time_get/get_weekday/char/38081-1.cc execution test
FAIL: 22_locale/time_get/get_weekday/char/38081-2.cc execution test
FAIL: 22_locale/time_put/put/char/2.cc execution test
FAIL: 22_locale/time_put/put/char/3.cc execution test
FAIL: 22_locale/time_put/put/char/4.cc execution test
FAIL: 22_locale/time_put/put/char/wrapped_env.cc execution test
FAIL: 22_locale/time_put/put/char/wrapped_locale.cc execution test
FAIL: 22_locale/time_put/put/wchar_t/2.cc execution test
FAIL: 22_locale/time_put/put/wchar_t/3.cc execution test
FAIL: 22_locale/time_put/put/wchar_t/4.cc execution test
FAIL: 22_locale/time_put/put/wchar_t/wrapped_env.cc execution test
FAIL: 22_locale/time_put/put/wchar_t/wrapped_locale.cc execution test
FAIL: 26_numerics/headers/cmath/hypot.cc execution test
FAIL: 27_io/basic_filebuf/overflow/wchar_t/11305-1.cc execution test
FAIL: 27_io/basic_filebuf/overflow/wchar_t/11305-2.cc execution test
FAIL: 27_io/basic_filebuf/overflow/wchar_t/11305-3.cc execution test
FAIL: 27_io/basic_filebuf/overflow/wchar_t/11305-4.cc execution test
FAIL: 27_io/manipulators/extended/get_time/char/2.cc execution test
FAIL: 28_regex/algorithms/regex_match/ecma/wchar_t/anymatcher.cc (test for excess errors)
UNRESOLVED: 28_regex/algorithms/regex_match/ecma/wchar_t/anymatcher.cc compilation failed to produce executable
FAIL: 28_regex/algorithms/regex_match/extended/wstring_locale.cc execution test
FAIL: 28_regex/iterators/regex_token_iterator/wchar_t/wstring_02.cc execution test
FAIL: 30_threads/async/42819.cc execution test
FAIL: 30_threads/async/49668.cc execution test
FAIL: 30_threads/async/54297.cc execution test
FAIL: 30_threads/async/any.cc execution test
FAIL: 30_threads/async/async.cc execution test
FAIL: 30_threads/async/sync.cc execution test
FAIL: 30_threads/call_once/39909.cc execution test
FAIL: 30_threads/call_once/49668.cc execution test
FAIL: 30_threads/call_once/call_once1.cc execution test
FAIL: 30_threads/call_once/dr2442.cc execution test
FAIL: 30_threads/future/members/45133.cc execution test
FAIL: 30_threads/future/members/get.cc execution test
FAIL: 30_threads/future/members/get2.cc execution test
FAIL: 30_threads/future/members/share.cc execution test
FAIL: 30_threads/future/members/valid.cc execution test
FAIL: 30_threads/future/members/wait.cc execution test
FAIL: 30_threads/future/members/wait_for.cc execution test
FAIL: 30_threads/future/members/wait_until.cc execution test
FAIL: 30_threads/packaged_task/49668.cc execution test
FAIL: 30_threads/packaged_task/cons/3.cc execution test
FAIL: 30_threads/packaged_task/cons/alloc.cc execution test
FAIL: 30_threads/packaged_task/members/at_thread_exit.cc execution test
FAIL: 30_threads/packaged_task/members/get_future.cc execution test
FAIL: 30_threads/packaged_task/members/invoke.cc execution test
FAIL: 30_threads/packaged_task/members/invoke2.cc execution test
FAIL: 30_threads/packaged_task/members/invoke3.cc execution test
FAIL: 30_threads/packaged_task/members/invoke4.cc execution test
FAIL: 30_threads/packaged_task/members/invoke5.cc execution test
FAIL: 30_threads/packaged_task/members/reset2.cc execution test
FAIL: 30_threads/promise/60966.cc execution test
FAIL: 30_threads/promise/cons/alloc.cc execution test
FAIL: 30_threads/promise/cons/move.cc execution test
FAIL: 30_threads/promise/cons/move_assign.cc execution test
FAIL: 30_threads/promise/members/at_thread_exit.cc execution test
FAIL: 30_threads/promise/members/at_thread_exit2.cc execution test
FAIL: 30_threads/promise/members/get_future.cc execution test
FAIL: 30_threads/promise/members/set_exception.cc execution test
FAIL: 30_threads/promise/members/set_exception2.cc execution test
FAIL: 30_threads/promise/members/set_value.cc execution test
FAIL: 30_threads/promise/members/set_value2.cc execution test
FAIL: 30_threads/promise/members/set_value3.cc execution test
FAIL: 30_threads/promise/members/swap.cc execution test
FAIL: 30_threads/shared_future/members/get.cc execution test
FAIL: 30_threads/shared_future/members/get2.cc execution test
FAIL: 30_threads/shared_future/members/valid.cc execution test
FAIL: 30_threads/shared_future/members/wait.cc execution test
FAIL: 30_threads/shared_future/members/wait_for.cc execution test
FAIL: 30_threads/shared_future/members/wait_until.cc execution test
FAIL: 30_threads/thread/native_handle/typesizes.cc (test for excess errors)
UNRESOLVED: 30_threads/thread/native_handle/typesizes.cc compilation failed to produce executable
WARNING: program timed out.
WARNING: program timed out.
=== libstdc++ Summary ===
# of expected passes 11946
# of unexpected failures 133
# of expected failures 76
# of unresolved testcases 2
# of unsupported tests 302
=== g++ tests ===
Running target unix
FAIL: g++.dg/ext/arm-fp16/arm-fp16-ops-3.C -std=gnu++98 (test for excess errors)
UNRESOLVED: g++.dg/ext/arm-fp16/arm-fp16-ops-3.C -std=gnu++98 compilation failed to produce executable
FAIL: g++.dg/ext/arm-fp16/arm-fp16-ops-3.C -std=gnu++11 (test for excess errors)
UNRESOLVED: g++.dg/ext/arm-fp16/arm-fp16-ops-3.C -std=gnu++11 compilation failed to produce executable
FAIL: g++.dg/ext/arm-fp16/arm-fp16-ops-3.C -std=gnu++14 (test for excess errors)
UNRESOLVED: g++.dg/ext/arm-fp16/arm-fp16-ops-3.C -std=gnu++14 compilation failed to produce executable
FAIL: g++.dg/ext/arm-fp16/arm-fp16-ops-4.C -std=gnu++98 (test for excess errors)
UNRESOLVED: g++.dg/ext/arm-fp16/arm-fp16-ops-4.C -std=gnu++98 compilation failed to produce executable
FAIL: g++.dg/ext/arm-fp16/arm-fp16-ops-4.C -std=gnu++11 (test for excess errors)
UNRESOLVED: g++.dg/ext/arm-fp16/arm-fp16-ops-4.C -std=gnu++11 compilation failed to produce executable
FAIL: g++.dg/ext/arm-fp16/arm-fp16-ops-4.C -std=gnu++14 (test for excess errors)
UNRESOLVED: g++.dg/ext/arm-fp16/arm-fp16-ops-4.C -std=gnu++14 compilation failed to produce executable
FAIL: g++.dg/gcov/pr16855-priority.C -std=gnu++98 line 22: is #####:should be 1
FAIL: g++.dg/gcov/pr16855-priority.C -std=gnu++98 gcov: 1 failures in line counts, 0 in branch percentages, 0 in return percentages, 0 in intermediate format
FAIL: g++.dg/gcov/pr16855-priority.C -std=gnu++11 line 22: is #####:should be 1
FAIL: g++.dg/gcov/pr16855-priority.C -std=gnu++11 gcov: 1 failures in line counts, 0 in branch percentages, 0 in return percentages, 0 in intermediate format
FAIL: g++.dg/gcov/pr16855-priority.C -std=gnu++14 line 22: is #####:should be 1
FAIL: g++.dg/gcov/pr16855-priority.C -std=gnu++14 gcov: 1 failures in line counts, 0 in branch percentages, 0 in return percentages, 0 in intermediate format
FAIL: g++.dg/gcov/pr16855.C -std=gnu++98 line 21: is #####:should be 1
FAIL: g++.dg/gcov/pr16855.C -std=gnu++98 gcov: 1 failures in line counts, 0 in branch percentages, 0 in return percentages, 0 in intermediate format
FAIL: g++.dg/gcov/pr16855.C -std=gnu++11 line 21: is #####:should be 1
FAIL: g++.dg/gcov/pr16855.C -std=gnu++11 gcov: 1 failures in line counts, 0 in branch percentages, 0 in return percentages, 0 in intermediate format
FAIL: g++.dg/gcov/pr16855.C -std=gnu++14 line 21: is #####:should be 1
FAIL: g++.dg/gcov/pr16855.C -std=gnu++14 gcov: 1 failures in line counts, 0 in branch percentages, 0 in return percentages, 0 in intermediate format
FAIL: g++.dg/lto/pr65276 cp_lto_pr65276_0.o-cp_lto_pr65276_1.o link, -flto -O0 -std=c++11
FAIL: g++.dg/pch/array-1.C -g -I. -Dwith_PCH (internal compiler error)
FAIL: g++.dg/pch/array-1.C -g -I. -Dwith_PCH (test for excess errors)
FAIL: g++.dg/pch/array-1.C -g assembly comparison
FAIL: g++.dg/pch/array-1.C -O2 -g -I. -Dwith_PCH (internal compiler error)
FAIL: g++.dg/pch/array-1.C -O2 -g -I. -Dwith_PCH (test for excess errors)
FAIL: g++.dg/pch/array-1.C -O2 -g assembly comparison
FAIL: g++.dg/pch/array-1.C -O2 -I. -Dwith_PCH (test for excess errors)
FAIL: g++.dg/pch/array-1.C -O2 assembly comparison
FAIL: g++.dg/pch/empty.C -g -I. -Dwith_PCH (internal compiler error)
FAIL: g++.dg/pch/empty.C -g -I. -Dwith_PCH (test for excess errors)
FAIL: g++.dg/pch/empty.C -g assembly comparison
FAIL: g++.dg/pch/empty.C -O2 -g -I. -Dwith_PCH (internal compiler error)
FAIL: g++.dg/pch/empty.C -O2 -g -I. -Dwith_PCH (test for excess errors)
FAIL: g++.dg/pch/empty.C -O2 -g assembly comparison
FAIL: g++.dg/pch/externc-1.C -g -I. -Dwith_PCH (test for excess errors)
FAIL: g++.dg/pch/externc-1.C -g assembly comparison
FAIL: g++.dg/pch/externc-1.C -O2 -g -I. -Dwith_PCH (test for excess errors)
FAIL: g++.dg/pch/externc-1.C -O2 -g assembly comparison
FAIL: g++.dg/pch/externc-1.C -O2 -I. -Dwith_PCH (test for excess errors)
FAIL: g++.dg/pch/externc-1.C -O2 assembly comparison
FAIL: g++.dg/pch/local-1.C -g -I. -Dwith_PCH (internal compiler error)
FAIL: g++.dg/pch/local-1.C -g -I. -Dwith_PCH (test for excess errors)
FAIL: g++.dg/pch/local-1.C -g assembly comparison
FAIL: g++.dg/pch/local-1.C -O2 -g -I. -Dwith_PCH (internal compiler error)
FAIL: g++.dg/pch/local-1.C -O2 -g -I. -Dwith_PCH (test for excess errors)
FAIL: g++.dg/pch/local-1.C -O2 -g assembly comparison
FAIL: g++.dg/pch/local-1.C -O2 -I. -Dwith_PCH (test for excess errors)
FAIL: g++.dg/pch/local-1.C -O2 assembly comparison
FAIL: g++.dg/pch/pch.C -g -I. -Dwith_PCH (test for excess errors)
FAIL: g++.dg/pch/pch.C -g assembly comparison
FAIL: g++.dg/pch/pch.C -O2 -g -I. -Dwith_PCH (test for excess errors)
FAIL: g++.dg/pch/pch.C -O2 -g assembly comparison
FAIL: g++.dg/pch/static-1.C -g -I. -Dwith_PCH (internal compiler error)
FAIL: g++.dg/pch/static-1.C -g -I. -Dwith_PCH (test for excess errors)
FAIL: g++.dg/pch/static-1.C -g assembly comparison
FAIL: g++.dg/pch/static-1.C -O2 -g -I. -Dwith_PCH (internal compiler error)
FAIL: g++.dg/pch/static-1.C -O2 -g -I. -Dwith_PCH (test for excess errors)
FAIL: g++.dg/pch/static-1.C -O2 -g assembly comparison
FAIL: g++.dg/pch/static-1.C -O2 -I. -Dwith_PCH (test for excess errors)
FAIL: g++.dg/pch/static-1.C -O2 assembly comparison
FAIL: g++.dg/pch/system-1.C -g -I. -Dwith_PCH (internal compiler error)
FAIL: g++.dg/pch/system-1.C -g -I. -Dwith_PCH (test for excess errors)
FAIL: g++.dg/pch/system-1.C -g assembly comparison
FAIL: g++.dg/pch/system-1.C -O2 -g -I. -Dwith_PCH (test for excess errors)
FAIL: g++.dg/pch/system-1.C -O2 -g assembly comparison
FAIL: g++.dg/pch/system-1.C -O2 -I. -Dwith_PCH (test for excess errors)
FAIL: g++.dg/pch/system-1.C -O2 assembly comparison
FAIL: g++.dg/pch/system-2.C -g -I. -Dwith_PCH (internal compiler error)
FAIL: g++.dg/pch/system-2.C -g -I. -Dwith_PCH (test for excess errors)
FAIL: g++.dg/pch/system-2.C -g assembly comparison
FAIL: g++.dg/pch/system-2.C -O2 -g -I. -Dwith_PCH (test for excess errors)
FAIL: g++.dg/pch/system-2.C -O2 -g assembly comparison
FAIL: g++.dg/pch/system-2.C -O2 -I. -Dwith_PCH (test for excess errors)
FAIL: g++.dg/pch/system-2.C -O2 assembly comparison
FAIL: g++.dg/pch/template-1.C -g -I. -Dwith_PCH (internal compiler error)
FAIL: g++.dg/pch/template-1.C -g -I. -Dwith_PCH (test for excess errors)
FAIL: g++.dg/pch/template-1.C -g assembly comparison
FAIL: g++.dg/pch/template-1.C -O2 -g -I. -Dwith_PCH (internal compiler error)
FAIL: g++.dg/pch/template-1.C -O2 -g -I. -Dwith_PCH (test for excess errors)
FAIL: g++.dg/pch/template-1.C -O2 -g assembly comparison
FAIL: g++.dg/pch/template-1.C -O2 -I. -Dwith_PCH (test for excess errors)
FAIL: g++.dg/pch/template-1.C -O2 assembly comparison
FAIL: g++.dg/pch/uninst.C -g -I. -Dwith_PCH (internal compiler error)
FAIL: g++.dg/pch/uninst.C -g -I. -Dwith_PCH (test for excess errors)
FAIL: g++.dg/pch/uninst.C -g assembly comparison
FAIL: g++.dg/pch/uninst.C -O2 -g -I. -Dwith_PCH (internal compiler error)
FAIL: g++.dg/pch/uninst.C -O2 -g -I. -Dwith_PCH (test for excess errors)
FAIL: g++.dg/pch/uninst.C -O2 -g assembly comparison
FAIL: g++.dg/pch/uninst.C -O2 -I. -Dwith_PCH (internal compiler error)
FAIL: g++.dg/pch/uninst.C -O2 -I. -Dwith_PCH (test for excess errors)
FAIL: g++.dg/pch/uninst.C -O2 assembly comparison
FAIL: g++.dg/pch/wchar-1.C -g -I. -Dwith_PCH (test for excess errors)
FAIL: g++.dg/pch/wchar-1.C -g assembly comparison
FAIL: g++.dg/pch/wchar-1.C -O2 -g -I. -Dwith_PCH (test for excess errors)
FAIL: g++.dg/pch/wchar-1.C -O2 -g assembly comparison
FAIL: g++.dg/pch/wchar-1.C -O2 -I. -Dwith_PCH (test for excess errors)
FAIL: g++.dg/pch/wchar-1.C -O2 assembly comparison
FAIL: g++.old-deja/g++.other/init18.C -std=c++98 execution test
FAIL: g++.old-deja/g++.other/init18.C -std=c++11 execution test
FAIL: g++.old-deja/g++.other/init18.C -std=c++14 execution test
FAIL: g++.old-deja/g++.other/init19.C -std=c++98 execution test
FAIL: g++.old-deja/g++.other/init19.C -std=c++11 execution test
FAIL: g++.old-deja/g++.other/init19.C -std=c++14 execution test
=== g++ Summary ===
# of expected passes 113577
# of unexpected failures 102
# of expected failures 507
# of unresolved testcases 6
# of unsupported tests 5241
/build/gcc/head/objdir/gcc/xg++ version 9.0.0 20180603 (experimental) [trunk revision 261132] (GCC)
=== gcc tests ===
Running target unix
FAIL: gcc.c-torture/compile/limits-exprparen.c -O0 (internal compiler error)
FAIL: gcc.c-torture/compile/limits-exprparen.c -O0 (test for excess errors)
FAIL: gcc.c-torture/compile/limits-exprparen.c -O1 (internal compiler error)
FAIL: gcc.c-torture/compile/limits-exprparen.c -O1 (test for excess errors)
FAIL: gcc.c-torture/compile/limits-exprparen.c -O2 (internal compiler error)
FAIL: gcc.c-torture/compile/limits-exprparen.c -O2 (test for excess errors)
FAIL: gcc.c-torture/compile/limits-exprparen.c -O3 -g (internal compiler error)
FAIL: gcc.c-torture/compile/limits-exprparen.c -O3 -g (test for excess errors)
FAIL: gcc.c-torture/compile/limits-exprparen.c -Os (internal compiler error)
FAIL: gcc.c-torture/compile/limits-exprparen.c -Os (test for excess errors)
FAIL: gcc.c-torture/compile/limits-exprparen.c -O2 -flto -fno-use-linker-plugin -flto-partition=none (internal compiler error)
FAIL: gcc.c-torture/compile/limits-exprparen.c -O2 -flto -fno-use-linker-plugin -flto-partition=none (test for excess errors)
FAIL: gcc.c-torture/compile/limits-exprparen.c -O2 -flto -fuse-linker-plugin -fno-fat-lto-objects (internal compiler error)
FAIL: gcc.c-torture/compile/limits-exprparen.c -O2 -flto -fuse-linker-plugin -fno-fat-lto-objects (test for excess errors)
FAIL: gcc.c-torture/execute/20030125-1.c -O1 execution test
FAIL: gcc.c-torture/execute/20030125-1.c -Os execution test
FAIL: gcc.c-torture/execute/nestfunc-2.c -O0 execution test
FAIL: gcc.c-torture/execute/nestfunc-5.c -O0 execution test
FAIL: gcc.c-torture/execute/nestfunc-5.c -O1 execution test
FAIL: gcc.c-torture/execute/nestfunc-5.c -O2 execution test
FAIL: gcc.c-torture/execute/nestfunc-5.c -O3 -g execution test
FAIL: gcc.c-torture/execute/nestfunc-5.c -Os execution test
FAIL: gcc.c-torture/execute/nestfunc-5.c -O2 -flto -fno-use-linker-plugin -flto-partition=none execution test
FAIL: gcc.c-torture/execute/nestfunc-5.c -O2 -flto -fuse-linker-plugin -fno-fat-lto-objects execution test
FAIL: gcc.dg/builtins-58.c scan-assembler-not pow\\\\M
FAIL: gcc.dg/builtins-59.c scan-tree-dump gimple "__builtin_cexpi"
FAIL: gcc.dg/builtins-59.c scan-tree-dump-not gimple "sincos"
FAIL: gcc.dg/builtins-61.c scan-tree-dump optimized "cexpi"
FAIL: gcc.dg/builtins-61.c scan-tree-dump optimized "sin"
FAIL: gcc.dg/builtins-61.c scan-tree-dump optimized "cos"
FAIL: gcc.dg/builtins-61.c scan-tree-dump optimized "return 0.0"
FAIL: gcc.dg/builtins-62.c scan-tree-dump-times optimized "cexpi" 3
FAIL: gcc.dg/builtins-65.c (test for excess errors)
FAIL: gcc.dg/c99-stdint-5.c (test for excess errors)
FAIL: gcc.dg/c99-stdint-6.c (test for excess errors)
FAIL: gcc.dg/c99-stdint-7.c (test for excess errors)
FAIL: gcc.dg/c99-tgmath-2.c (test for excess errors)
UNRESOLVED: gcc.dg/c99-tgmath-2.c scan-assembler sinf
FAIL: gcc.dg/c99-tgmath-3.c (test for excess errors)
UNRESOLVED: gcc.dg/c99-tgmath-3.c scan-assembler cexp
FAIL: gcc.dg/c99-tgmath-4.c (test for excess errors)
UNRESOLVED: gcc.dg/c99-tgmath-4.c scan-assembler cpowf
FAIL: gcc.dg/trampoline-1.c execution test
FAIL: gcc.dg/utf-array-short-wchar.c (test for errors, line 41)
FAIL: gcc.dg/utf-array-short-wchar.c (test for excess errors)
FAIL: gcc.dg/noncompile/pr55976-1.c -O0 (test for excess errors)
FAIL: gcc.dg/noncompile/pr55976-1.c -O1 (test for excess errors)
FAIL: gcc.dg/noncompile/pr55976-1.c -O2 (test for excess errors)
FAIL: gcc.dg/noncompile/pr55976-1.c -O3 -g (test for excess errors)
FAIL: gcc.dg/noncompile/pr55976-1.c -Os (test for excess errors)
FAIL: gcc.dg/noncompile/pr55976-1.c -O2 -flto -fno-use-linker-plugin -flto-partition=none (test for excess errors)
FAIL: gcc.dg/noncompile/pr55976-1.c -O2 -flto -fuse-linker-plugin -fno-fat-lto-objects (test for excess errors)
FAIL: gcc.dg/pch/largefile.c -O0 -g assembly comparison
FAIL: gcc.dg/pch/largefile.c -O0 assembly comparison
FAIL: gcc.dg/pch/largefile.c -O1 assembly comparison
FAIL: gcc.dg/pch/largefile.c -O2 assembly comparison
FAIL: gcc.dg/pch/largefile.c -O3 -g assembly comparison
FAIL: gcc.dg/pch/largefile.c -Os assembly comparison
FAIL: gcc.dg/pch/pr66343-1.c -O0 -g -I. -Dwith_PCH (internal compiler error)
FAIL: gcc.dg/pch/pr66343-1.c -O0 -g -I. -Dwith_PCH (test for excess errors)
FAIL: gcc.dg/pch/pr66343-1.c -O0 -I. -Dwith_PCH (internal compiler error)
FAIL: gcc.dg/pch/pr66343-1.c -O0 -I. -Dwith_PCH (test for excess errors)
FAIL: gcc.dg/pch/pr66343-1.c -O1 -I. -Dwith_PCH (internal compiler error)
FAIL: gcc.dg/pch/pr66343-1.c -O1 -I. -Dwith_PCH (test for excess errors)
FAIL: gcc.dg/pch/pr66343-1.c -O2 -I. -Dwith_PCH (internal compiler error)
FAIL: gcc.dg/pch/pr66343-1.c -O2 -I. -Dwith_PCH (test for excess errors)
FAIL: gcc.dg/pch/pr66343-1.c -O3 -g -I. -Dwith_PCH (internal compiler error)
FAIL: gcc.dg/pch/pr66343-1.c -O3 -g -I. -Dwith_PCH (test for excess errors)
FAIL: gcc.dg/pch/pr66343-1.c -Os -I. -Dwith_PCH (internal compiler error)
FAIL: gcc.dg/pch/pr66343-1.c -Os -I. -Dwith_PCH (test for excess errors)
FAIL: gcc.dg/pch/pr66343-2.c -O0 -g -I. -Dwith_PCH (internal compiler error)
FAIL: gcc.dg/pch/pr66343-2.c -O0 -g -I. -Dwith_PCH (test for excess errors)
FAIL: gcc.dg/pch/pr66343-2.c -O0 -g assembly comparison
FAIL: gcc.dg/pch/pr66343-2.c -O0 -I. -Dwith_PCH (internal compiler error)
FAIL: gcc.dg/pch/pr66343-2.c -O0 -I. -Dwith_PCH (test for excess errors)
FAIL: gcc.dg/pch/pr66343-2.c -O0 assembly comparison
FAIL: gcc.dg/pch/pr66343-2.c -O1 -I. -Dwith_PCH (internal compiler error)
FAIL: gcc.dg/pch/pr66343-2.c -O1 -I. -Dwith_PCH (test for excess errors)
FAIL: gcc.dg/pch/pr66343-2.c -O1 assembly comparison
FAIL: gcc.dg/pch/pr66343-2.c -O2 -I. -Dwith_PCH (internal compiler error)
FAIL: gcc.dg/pch/pr66343-2.c -O2 -I. -Dwith_PCH (test for excess errors)
FAIL: gcc.dg/pch/pr66343-2.c -O2 assembly comparison
FAIL: gcc.dg/pch/pr66343-2.c -O3 -g -I. -Dwith_PCH (internal compiler error)
FAIL: gcc.dg/pch/pr66343-2.c -O3 -g -I. -Dwith_PCH (test for excess errors)
FAIL: gcc.dg/pch/pr66343-2.c -O3 -g assembly comparison
FAIL: gcc.dg/pch/pr66343-2.c -Os -I. -Dwith_PCH (internal compiler error)
FAIL: gcc.dg/pch/pr66343-2.c -Os -I. -Dwith_PCH (test for excess errors)
FAIL: gcc.dg/pch/pr66343-2.c -Os assembly comparison
FAIL: gcc.dg/pch/system-1.c -O0 -g -I. -Dwith_PCH (test for excess errors)
FAIL: gcc.dg/pch/system-1.c -O0 -g assembly comparison
FAIL: gcc.dg/pch/system-1.c -O0 -I. -Dwith_PCH (test for excess errors)
FAIL: gcc.dg/pch/system-1.c -O0 assembly comparison
FAIL: gcc.dg/pch/system-1.c -O1 -I. -Dwith_PCH (test for excess errors)
FAIL: gcc.dg/pch/system-1.c -O1 assembly comparison
FAIL: gcc.dg/pch/system-1.c -O2 -I. -Dwith_PCH (test for excess errors)
FAIL: gcc.dg/pch/system-1.c -O2 assembly comparison
FAIL: gcc.dg/pch/system-1.c -O3 -g -I. -Dwith_PCH (test for excess errors)
FAIL: gcc.dg/pch/system-1.c -O3 -g assembly comparison
FAIL: gcc.dg/pch/system-1.c -Os -I. -Dwith_PCH (test for excess errors)
FAIL: gcc.dg/pch/system-1.c -Os assembly comparison
FAIL: gcc.dg/plugin/poly-int-03_plugin.c compilation
FAIL: gcc.dg/plugin/poly-int-05_plugin.c compilation
FAIL: gcc.dg/plugin/poly-int-07_plugin.c compilation
WARNING: program timed out
WARNING: program timed out
WARNING: program timed out
FAIL: gcc.dg/torture/arm-fp16-int-convert-alt.c -O0 (test for excess errors)
UNRESOLVED: gcc.dg/torture/arm-fp16-int-convert-alt.c -O0 compilation failed to produce executable
FAIL: gcc.dg/torture/arm-fp16-int-convert-alt.c -O1 (test for excess errors)
UNRESOLVED: gcc.dg/torture/arm-fp16-int-convert-alt.c -O1 compilation failed to produce executable
FAIL: gcc.dg/torture/arm-fp16-int-convert-alt.c -O2 (test for excess errors)
UNRESOLVED: gcc.dg/torture/arm-fp16-int-convert-alt.c -O2 compilation failed to produce executable
FAIL: gcc.dg/torture/arm-fp16-int-convert-alt.c -O3 -g (test for excess errors)
UNRESOLVED: gcc.dg/torture/arm-fp16-int-convert-alt.c -O3 -g compilation failed to produce executable
FAIL: gcc.dg/torture/arm-fp16-int-convert-alt.c -Os (test for excess errors)
UNRESOLVED: gcc.dg/torture/arm-fp16-int-convert-alt.c -Os compilation failed to produce executable
FAIL: gcc.dg/torture/arm-fp16-int-convert-alt.c -O2 -flto -fno-use-linker-plugin -flto-partition=none (test for excess errors)
UNRESOLVED: gcc.dg/torture/arm-fp16-int-convert-alt.c -O2 -flto -fno-use-linker-plugin -flto-partition=none compilation failed to produce executable
FAIL: gcc.dg/torture/arm-fp16-int-convert-alt.c -O2 -flto -fuse-linker-plugin -fno-fat-lto-objects (test for excess errors)
UNRESOLVED: gcc.dg/torture/arm-fp16-int-convert-alt.c -O2 -flto -fuse-linker-plugin -fno-fat-lto-objects compilation failed to produce executable
FAIL: gcc.dg/torture/arm-fp16-ops-3.c -O0 (test for excess errors)
UNRESOLVED: gcc.dg/torture/arm-fp16-ops-3.c -O0 compilation failed to produce executable
FAIL: gcc.dg/torture/arm-fp16-ops-3.c -O1 (test for excess errors)
UNRESOLVED: gcc.dg/torture/arm-fp16-ops-3.c -O1 compilation failed to produce executable
FAIL: gcc.dg/torture/arm-fp16-ops-3.c -O2 (test for excess errors)
UNRESOLVED: gcc.dg/torture/arm-fp16-ops-3.c -O2 compilation failed to produce executable
FAIL: gcc.dg/torture/arm-fp16-ops-3.c -O3 -g (test for excess errors)
UNRESOLVED: gcc.dg/torture/arm-fp16-ops-3.c -O3 -g compilation failed to produce executable
FAIL: gcc.dg/torture/arm-fp16-ops-3.c -Os (test for excess errors)
UNRESOLVED: gcc.dg/torture/arm-fp16-ops-3.c -Os compilation failed to produce executable
FAIL: gcc.dg/torture/arm-fp16-ops-3.c -O2 -flto -fno-use-linker-plugin -flto-partition=none (test for excess errors)
UNRESOLVED: gcc.dg/torture/arm-fp16-ops-3.c -O2 -flto -fno-use-linker-plugin -flto-partition=none compilation failed to produce executable
FAIL: gcc.dg/torture/arm-fp16-ops-3.c -O2 -flto -fuse-linker-plugin -fno-fat-lto-objects (test for excess errors)
UNRESOLVED: gcc.dg/torture/arm-fp16-ops-3.c -O2 -flto -fuse-linker-plugin -fno-fat-lto-objects compilation failed to produce executable
FAIL: gcc.dg/torture/arm-fp16-ops-4.c -O0 (test for excess errors)
UNRESOLVED: gcc.dg/torture/arm-fp16-ops-4.c -O0 compilation failed to produce executable
FAIL: gcc.dg/torture/arm-fp16-ops-4.c -O1 (test for excess errors)
UNRESOLVED: gcc.dg/torture/arm-fp16-ops-4.c -O1 compilation failed to produce executable
FAIL: gcc.dg/torture/arm-fp16-ops-4.c -O2 (test for excess errors)
UNRESOLVED: gcc.dg/torture/arm-fp16-ops-4.c -O2 compilation failed to produce executable
FAIL: gcc.dg/torture/arm-fp16-ops-4.c -O3 -g (test for excess errors)
UNRESOLVED: gcc.dg/torture/arm-fp16-ops-4.c -O3 -g compilation failed to produce executable
FAIL: gcc.dg/torture/arm-fp16-ops-4.c -Os (test for excess errors)
UNRESOLVED: gcc.dg/torture/arm-fp16-ops-4.c -Os compilation failed to produce executable
FAIL: gcc.dg/torture/arm-fp16-ops-4.c -O2 -flto -fno-use-linker-plugin -flto-partition=none (test for excess errors)
UNRESOLVED: gcc.dg/torture/arm-fp16-ops-4.c -O2 -flto -fno-use-linker-plugin -flto-partition=none compilation failed to produce executable
FAIL: gcc.dg/torture/arm-fp16-ops-4.c -O2 -flto -fuse-linker-plugin -fno-fat-lto-objects (test for excess errors)
UNRESOLVED: gcc.dg/torture/arm-fp16-ops-4.c -O2 -flto -fuse-linker-plugin -fno-fat-lto-objects compilation failed to produce executable
FAIL: gcc.dg/torture/builtin-convert-1.c -O1 (test for excess errors)
FAIL: gcc.dg/torture/builtin-convert-1.c -O2 (test for excess errors)
FAIL: gcc.dg/torture/builtin-convert-1.c -O3 -g (test for excess errors)
FAIL: gcc.dg/torture/builtin-convert-1.c -Os (test for excess errors)
FAIL: gcc.dg/torture/builtin-convert-1.c -O2 -flto -fno-use-linker-plugin -flto-partition=none (test for excess errors)
FAIL: gcc.dg/torture/builtin-convert-2.c -O1 (test for excess errors)
FAIL: gcc.dg/torture/builtin-convert-2.c -O2 (test for excess errors)
FAIL: gcc.dg/torture/builtin-convert-2.c -O3 -g (test for excess errors)
FAIL: gcc.dg/torture/builtin-convert-2.c -Os (test for excess errors)
FAIL: gcc.dg/torture/builtin-convert-2.c -O2 -flto -fno-use-linker-plugin -flto-partition=none (test for excess errors)
FAIL: gcc.dg/torture/pr68264.c -O0 execution test
FAIL: gcc.dg/torture/pr68264.c -O1 execution test
FAIL: gcc.dg/torture/pr68264.c -O2 execution test
FAIL: gcc.dg/torture/pr68264.c -O3 -g execution test
FAIL: gcc.dg/torture/pr68264.c -Os execution test
FAIL: gcc.dg/torture/pr68264.c -O2 -flto -fno-use-linker-plugin -flto-partition=none execution test
FAIL: gcc.dg/torture/pr68264.c -O2 -flto -fuse-linker-plugin -fno-fat-lto-objects execution test
FAIL: gcc.dg/torture/pr69951.c -O0 (test for excess errors)
FAIL: gcc.dg/torture/pr69951.c -O1 (test for excess errors)
FAIL: gcc.dg/torture/pr69951.c -O2 (test for excess errors)
FAIL: gcc.dg/torture/pr69951.c -O3 -g (test for excess errors)
FAIL: gcc.dg/torture/pr69951.c -Os (test for excess errors)
FAIL: gcc.dg/torture/pr69951.c -O2 -flto -fno-use-linker-plugin -flto-partition=none (test for excess errors)
FAIL: gcc.dg/torture/pr69951.c -O2 -flto -fuse-linker-plugin -fno-fat-lto-objects (test for excess errors)
FAIL: gcc.dg/torture/stackalign/nested-5.c -O2 -fpic execution test
FAIL: gcc.dg/torture/stackalign/nested-5.c -O3 -g -fpic execution test
FAIL: gcc.dg/torture/stackalign/nested-5.c -O2 -flto -fno-use-linker-plugin -flto-partition=none -fpic execution test
FAIL: gcc.dg/torture/stackalign/nested-5.c -O2 -flto -fuse-linker-plugin -fno-fat-lto-objects -fpic execution test
FAIL: gcc.dg/torture/tls/run-ie.c -O0 -pie -fpie execution test
FAIL: gcc.dg/torture/tls/run-ie.c -O1 -pie -fpie execution test
FAIL: gcc.dg/torture/tls/run-ie.c -O2 -pie -fpie execution test
FAIL: gcc.dg/torture/tls/run-ie.c -O3 -g -pie -fpie execution test
FAIL: gcc.dg/torture/tls/run-ie.c -Os -pie -fpie execution test
FAIL: gcc.dg/torture/tls/run-ie.c -O0 -pie -fPIE execution test
FAIL: gcc.dg/torture/tls/run-ie.c -O1 -pie -fPIE execution test
FAIL: gcc.dg/torture/tls/run-ie.c -O2 -pie -fPIE execution test
FAIL: gcc.dg/torture/tls/run-ie.c -O3 -g -pie -fPIE execution test
FAIL: gcc.dg/torture/tls/run-ie.c -Os -pie -fPIE execution test
FAIL: gcc.dg/tree-ssa/copy-sign-1.c scan-tree-dump-times gimple "copysign" 8
FAIL: gcc.dg/tree-ssa/gen-vect-26.c scan-tree-dump-times vect "Vectorizing an unaligned access" 0
FAIL: gcc.dg/tree-ssa/gen-vect-26.c scan-tree-dump-times vect "Alignment of access forced using peeling" 1
FAIL: gcc.dg/tree-ssa/gen-vect-28.c scan-tree-dump-times vect "Vectorizing an unaligned access" 0
FAIL: gcc.dg/tree-ssa/gen-vect-28.c scan-tree-dump-times vect "Alignment of access forced using peeling" 1
FAIL: gcc.dg/tree-ssa/minmax-2.c scan-tree-dump optimized "__builtin_fmin"
FAIL: gcc.dg/tree-ssa/mult-abs-2.c scan-tree-dump-times gimple "ABS" 8
FAIL: gcc.dg/tree-ssa/pr71078-1-double.c scan-tree-dump forwprop1 "__builtin_copysign"
FAIL: gcc.dg/tree-ssa/pr71078-1.c scan-tree-dump forwprop1 "__builtin_copysignf"
FAIL: gcc.dg/tree-ssa/pr71078-2-double.c scan-tree-dump forwprop1 "__builtin_copysign"
FAIL: gcc.dg/tree-ssa/pr71078-2.c scan-tree-dump forwprop1 "__builtin_copysignf"
FAIL: gcc.dg/tree-ssa/pr71078-3.c scan-tree-dump forwprop1 "__builtin_copysign"
UNRESOLVED: gcc.target/aarch64/advsimd-intrinsics/vld1x2.c -O0 compilation failed to produce executable
UNRESOLVED: gcc.target/aarch64/advsimd-intrinsics/vld1x2.c -O1 compilation failed to produce executable
UNRESOLVED: gcc.target/aarch64/advsimd-intrinsics/vld1x2.c -O2 compilation failed to produce executable
UNRESOLVED: gcc.target/aarch64/advsimd-intrinsics/vld1x2.c -O3 -fomit-frame-pointer -funroll-loops -fpeel-loops -ftracer -finline-functions compilation failed to produce executable
UNRESOLVED: gcc.target/aarch64/advsimd-intrinsics/vld1x2.c -O3 -g compilation failed to produce executable
UNRESOLVED: gcc.target/aarch64/advsimd-intrinsics/vld1x2.c -Os compilation failed to produce executable
UNRESOLVED: gcc.target/aarch64/advsimd-intrinsics/vld1x2.c -Og -g compilation failed to produce executable
UNRESOLVED: gcc.target/aarch64/advsimd-intrinsics/vld1x2.c -O2 -flto -fno-use-linker-plugin -flto-partition=none compilation failed to produce executable
UNRESOLVED: gcc.target/aarch64/advsimd-intrinsics/vld1x2.c -O2 -flto -fuse-linker-plugin -fno-fat-lto-objects compilation failed to produce executable
UNRESOLVED: gcc.target/aarch64/advsimd-intrinsics/vld1x3.c -O0 compilation failed to produce executable
UNRESOLVED: gcc.target/aarch64/advsimd-intrinsics/vld1x3.c -O1 compilation failed to produce executable
UNRESOLVED: gcc.target/aarch64/advsimd-intrinsics/vld1x3.c -O2 compilation failed to produce executable
UNRESOLVED: gcc.target/aarch64/advsimd-intrinsics/vld1x3.c -O3 -fomit-frame-pointer -funroll-loops -fpeel-loops -ftracer -finline-functions compilation failed to produce executable
UNRESOLVED: gcc.target/aarch64/advsimd-intrinsics/vld1x3.c -O3 -g compilation failed to produce executable
UNRESOLVED: gcc.target/aarch64/advsimd-intrinsics/vld1x3.c -Os compilation failed to produce executable
UNRESOLVED: gcc.target/aarch64/advsimd-intrinsics/vld1x3.c -Og -g compilation failed to produce executable
UNRESOLVED: gcc.target/aarch64/advsimd-intrinsics/vld1x3.c -O2 -flto -fno-use-linker-plugin -flto-partition=none compilation failed to produce executable
UNRESOLVED: gcc.target/aarch64/advsimd-intrinsics/vld1x3.c -O2 -flto -fuse-linker-plugin -fno-fat-lto-objects compilation failed to produce executable
UNRESOLVED: gcc.target/aarch64/advsimd-intrinsics/vst1x2.c -O0 compilation failed to produce executable
UNRESOLVED: gcc.target/aarch64/advsimd-intrinsics/vst1x2.c -O1 compilation failed to produce executable
UNRESOLVED: gcc.target/aarch64/advsimd-intrinsics/vst1x2.c -O2 compilation failed to produce executable
UNRESOLVED: gcc.target/aarch64/advsimd-intrinsics/vst1x2.c -O3 -fomit-frame-pointer -funroll-loops -fpeel-loops -ftracer -finline-functions compilation failed to produce executable
UNRESOLVED: gcc.target/aarch64/advsimd-intrinsics/vst1x2.c -O3 -g compilation failed to produce executable
UNRESOLVED: gcc.target/aarch64/advsimd-intrinsics/vst1x2.c -Os compilation failed to produce executable
UNRESOLVED: gcc.target/aarch64/advsimd-intrinsics/vst1x2.c -Og -g compilation failed to produce executable
UNRESOLVED: gcc.target/aarch64/advsimd-intrinsics/vst1x2.c -O2 -flto -fno-use-linker-plugin -flto-partition=none compilation failed to produce executable
UNRESOLVED: gcc.target/aarch64/advsimd-intrinsics/vst1x2.c -O2 -flto -fuse-linker-plugin -fno-fat-lto-objects compilation failed to produce executable
UNRESOLVED: gcc.target/aarch64/advsimd-intrinsics/vst1x3.c -O0 compilation failed to produce executable
UNRESOLVED: gcc.target/aarch64/advsimd-intrinsics/vst1x3.c -O1 compilation failed to produce executable
UNRESOLVED: gcc.target/aarch64/advsimd-intrinsics/vst1x3.c -O2 compilation failed to produce executable
UNRESOLVED: gcc.target/aarch64/advsimd-intrinsics/vst1x3.c -O3 -fomit-frame-pointer -funroll-loops -fpeel-loops -ftracer -finline-functions compilation failed to produce executable
UNRESOLVED: gcc.target/aarch64/advsimd-intrinsics/vst1x3.c -O3 -g compilation failed to produce executable
UNRESOLVED: gcc.target/aarch64/advsimd-intrinsics/vst1x3.c -Os compilation failed to produce executable
UNRESOLVED: gcc.target/aarch64/advsimd-intrinsics/vst1x3.c -Og -g compilation failed to produce executable
UNRESOLVED: gcc.target/aarch64/advsimd-intrinsics/vst1x3.c -O2 -flto -fno-use-linker-plugin -flto-partition=none compilation failed to produce executable
UNRESOLVED: gcc.target/aarch64/advsimd-intrinsics/vst1x3.c -O2 -flto -fuse-linker-plugin -fno-fat-lto-objects compilation failed to produce executable
FAIL: gcc.target/arm/aapcs/vfp22.c (test for excess errors)
UNRESOLVED: gcc.target/arm/aapcs/vfp22.c compilation failed to produce executable
FAIL: gcc.target/arm/aapcs/vfp23.c (test for excess errors)
UNRESOLVED: gcc.target/arm/aapcs/vfp23.c compilation failed to produce executable
FAIL: gcc.target/arm/aapcs/vfp24.c (test for excess errors)
UNRESOLVED: gcc.target/arm/aapcs/vfp24.c compilation failed to produce executable
FAIL: gcc.target/arm/aapcs/vfp25.c (test for excess errors)
UNRESOLVED: gcc.target/arm/aapcs/vfp25.c compilation failed to produce executable
FAIL: gcc.target/arm/attr-crypto.c (test for excess errors)
UNRESOLVED: gcc.target/arm/attr-crypto.c scan-assembler sha256su0.32\\tq[0-9]+, q[0-9]+
FAIL: gcc.target/arm/fp16-rounding-alt-1.c (test for excess errors)
UNRESOLVED: gcc.target/arm/fp16-rounding-alt-1.c compilation failed to produce executable
FAIL: gcc.target/arm/ftest-armv4-arm.c (test for excess errors)
FAIL: gcc.target/arm/ftest-armv4t-arm.c (test for excess errors)
FAIL: gcc.target/arm/ftest-armv4t-thumb.c (test for excess errors)
FAIL: gcc.target/arm/ftest-armv5t-arm.c (test for excess errors)
FAIL: gcc.target/arm/ftest-armv5t-thumb.c (test for excess errors)
FAIL: gcc.target/arm/ftest-armv5te-arm.c (test for excess errors)
FAIL: gcc.target/arm/ftest-armv5te-thumb.c (test for excess errors)
FAIL: gcc.target/arm/ftest-armv6-arm.c (test for excess errors)
FAIL: gcc.target/arm/ftest-armv6-thumb.c (test for excess errors)
FAIL: gcc.target/arm/ftest-armv6k-arm.c (test for excess errors)
FAIL: gcc.target/arm/ftest-armv6k-thumb.c (test for excess errors)
FAIL: gcc.target/arm/ftest-armv6t2-arm.c (test for excess errors)
FAIL: gcc.target/arm/ftest-armv6t2-thumb.c (test for excess errors)
FAIL: gcc.target/arm/ftest-armv6z-arm.c (test for excess errors)
FAIL: gcc.target/arm/ftest-armv6z-thumb.c (test for excess errors)
FAIL: gcc.target/arm/ftest-armv7a-arm.c (test for excess errors)
FAIL: gcc.target/arm/ftest-armv7a-thumb.c (test for excess errors)
FAIL: gcc.target/arm/ftest-armv7em-thumb.c (test for excess errors)
FAIL: gcc.target/arm/ftest-armv7m-thumb.c (test for excess errors)
FAIL: gcc.target/arm/ftest-armv7r-arm.c (test for excess errors)
FAIL: gcc.target/arm/ftest-armv7r-thumb.c (test for excess errors)
FAIL: gcc.target/arm/ftest-armv7ve-arm.c (test for excess errors)
FAIL: gcc.target/arm/ftest-armv7ve-thumb.c (test for excess errors)
FAIL: gcc.target/arm/ftest-armv8a-arm.c (test for excess errors)
FAIL: gcc.target/arm/ftest-armv8a-thumb.c (test for excess errors)
FAIL: gcc.target/arm/g2.c (test for excess errors)
UNRESOLVED: gcc.target/arm/g2.c scan-assembler mla[ \\t].*
UNRESOLVED: gcc.target/arm/ivopts.c object-size text <= 32
FAIL: gcc.target/arm/macro_defs1.c (test for excess errors)
FAIL: gcc.target/arm/optional_thumb-1.c (test for excess errors)
FAIL: gcc.target/arm/pr19599.c (test for excess errors)
UNRESOLVED: gcc.target/arm/pr19599.c scan-assembler bx
FAIL: gcc.target/arm/pr42575.c scan-assembler-not mov
UNRESOLVED: gcc.target/arm/pr43597.c object-size text <= 30
FAIL: gcc.target/arm/pr43920-2.c (test for excess errors)
FAIL: gcc.target/arm/pr43920-2.c scan-assembler-times pop 2
FAIL: gcc.target/arm/pr43920-2.c scan-assembler-times beq 3
UNRESOLVED: gcc.target/arm/pr43920-2.c object-size text <= 54
FAIL: gcc.target/arm/pr59575.c (test for excess errors)
FAIL: gcc.target/arm/pr60650-2.c (test for excess errors)
FAIL: gcc.target/arm/pr60657.c (test for excess errors)
FAIL: gcc.target/arm/pr60663.c (test for excess errors)
FAIL: gcc.target/arm/pr65067.c (test for excess errors)
UNRESOLVED: gcc.target/arm/pr65067.c scan-assembler bfi
FAIL: gcc.target/arm/pr65647-2.c (test for excess errors)
FAIL: gcc.target/arm/pr79058.c (test for excess errors)
FAIL: gcc.target/arm/pr81863.c (test for excess errors)
UNRESOLVED: gcc.target/arm/pr81863.c scan-assembler-not [\\\\t ]+movw
FAIL: gcc.target/arm/pragma_arch_switch_2.c (test for excess errors)
FAIL: gcc.target/arm/scd42-2.c (test for excess errors)
UNRESOLVED: gcc.target/arm/scd42-2.c scan-assembler mov[ \\t].*272
FAIL: gcc.target/arm/tail-long-call.c (test for excess errors)
UNRESOLVED: gcc.target/arm/tail-long-call.c scan-assembler bx
UNRESOLVED: gcc.target/arm/tail-long-call.c scan-assembler-not blx
FAIL: gcc.target/arm/unsigned-float.c (test for excess errors)
UNRESOLVED: gcc.target/arm/unsigned-float.c scan-assembler-not vcvt.(f32.f64|f64.f32)
FAIL: object-readelf Tag_ABI_enum_size size is incorrect.
=== gcc Summary ===
# of expected passes 107639
# of unexpected failures 223
# of expected failures 335
# of unresolved testcases 77
# of unsupported tests 5537
/build/gcc/head/objdir/gcc/xgcc version 9.0.0 20180603 (experimental) [trunk revision 261132] (GCC)
=== gfortran tests ===
Running target unix
FAIL: gfortran.dg/default_format_denormal_1.f90 -O0 execution test
FAIL: gfortran.dg/default_format_denormal_1.f90 -O1 execution test
FAIL: gfortran.dg/default_format_denormal_1.f90 -O2 execution test
FAIL: gfortran.dg/default_format_denormal_1.f90 -O3 -fomit-frame-pointer -funroll-loops -fpeel-loops -ftracer -finline-functions execution test
FAIL: gfortran.dg/default_format_denormal_1.f90 -O3 -g execution test
FAIL: gfortran.dg/default_format_denormal_1.f90 -Os execution test
FAIL: gfortran.dg/elemental_subroutine_3.f90 -O1 (test for excess errors)
FAIL: gfortran.dg/elemental_subroutine_3.f90 -O2 (test for excess errors)
FAIL: gfortran.dg/elemental_subroutine_3.f90 -O3 -fomit-frame-pointer -funroll-loops -fpeel-loops -ftracer -finline-functions (test for excess errors)
FAIL: gfortran.dg/elemental_subroutine_3.f90 -O3 -g (test for excess errors)
FAIL: gfortran.dg/elemental_subroutine_3.f90 -Os (test for excess errors)
FAIL: gfortran.dg/internal_dummy_3.f08 -O0 execution test
FAIL: gfortran.dg/internal_dummy_3.f08 -O2 execution test
FAIL: gfortran.dg/internal_dummy_3.f08 -O3 -fomit-frame-pointer -funroll-loops -fpeel-loops -ftracer -finline-functions execution test
FAIL: gfortran.dg/internal_dummy_3.f08 -O3 -g execution test
FAIL: gfortran.dg/internal_dummy_3.f08 -Os execution test
FAIL: gfortran.dg/proc_ptr_comp_11.f90 -O0 execution test
FAIL: gfortran.dg/proc_ptr_comp_18.f90 -O0 execution test
FAIL: gfortran.dg/proc_ptr_comp_19.f90 -O0 execution test
FAIL: gfortran.dg/proc_ptr_comp_34.f90 -O0 execution test
FAIL: gfortran.dg/proc_ptr_comp_5.f90 -O0 execution test
FAIL: gfortran.dg/structure_constructor_11.f90 -O2 execution test
FAIL: gfortran.dg/structure_constructor_11.f90 -Os execution test
FAIL: gfortran.dg/ieee/ieee_6.f90 -O0 execution test
FAIL: gfortran.dg/ieee/ieee_6.f90 -O1 execution test
FAIL: gfortran.dg/ieee/ieee_6.f90 -O2 execution test
FAIL: gfortran.dg/ieee/ieee_6.f90 -O3 -fomit-frame-pointer -funroll-loops -fpeel-loops -ftracer -finline-functions execution test
FAIL: gfortran.dg/ieee/ieee_6.f90 -O3 -g execution test
FAIL: gfortran.dg/ieee/ieee_6.f90 -Os execution test
=== gfortran Summary ===
# of expected passes 46100
# of unexpected failures 29
# of expected failures 82
# of unsupported tests 396
/build/gcc/head/objdir/gcc/gfortran version 9.0.0 20180603 (experimental) [trunk revision 261132] (GCC)
=== objc tests ===
Running target unix
=== objc Summary ===
# of expected passes 2803
# of unsupported tests 68
/build/gcc/head/objdir/gcc/xgcc version 9.0.0 20180603 (experimental) [trunk revision 261132] (GCC)
Compiler version: 9.0.0 20180603 (experimental) [trunk revision 261132] (GCC)
Platform: armv7-unknown-freebsd12.0
configure flags: --with-gmp=/usr/local --disable-nls --with-ld=/usr/local/bin/ld --with-as=/usr/local/bin/as --prefix=/build/gcc/head/testbin