This is the mail archive of the
gcc-testresults@gcc.gnu.org
mailing list for the GCC project.
Results for 8.1.1 20180601 [gcc-8-branch revision 261059] (GCC) testsuite on i386-pc-solaris2.11
- From: Rainer Orth <ro at CeBiTec dot Uni-Bielefeld dot DE>
- To: gcc-testresults at gcc dot gnu dot org
- Date: Sat, 2 Jun 2018 08:51:36 +0200 (MEST)
- Subject: Results for 8.1.1 20180601 [gcc-8-branch revision 261059] (GCC) testsuite on i386-pc-solaris2.11
LAST_UPDATED: Fri Jun 1 09:23:47 UTC 2018 (revision 261059)
=== acats tests ===
FAIL: a83a08a
=== acats Summary ===
# of expected passes 2319
# of unexpected failures 1
Native configuration is i386-pc-solaris2.11
=== g++ tests ===
Running target unix
FAIL: tmpdir-g++.dg-struct-layout-1/t020 cp_compat_x_tst.o compile
UNRESOLVED: tmpdir-g++.dg-struct-layout-1/t020 cp_compat_x_tst.o-cp_compat_y_tst.o execute
UNRESOLVED: tmpdir-g++.dg-struct-layout-1/t020 cp_compat_x_tst.o-cp_compat_y_tst.o link
FAIL: tmpdir-g++.dg-struct-layout-1/t024 cp_compat_x_tst.o-cp_compat_y_tst.o link
FAIL: tmpdir-g++.dg-struct-layout-1/t025 cp_compat_main_tst.o compile
UNRESOLVED: tmpdir-g++.dg-struct-layout-1/t025 cp_compat_x_tst.o-cp_compat_y_tst.o execute
UNRESOLVED: tmpdir-g++.dg-struct-layout-1/t025 cp_compat_x_tst.o-cp_compat_y_tst.o link
=== g++ Summary for unix ===
# of expected passes 114461
# of unexpected failures 3
# of expected failures 506
# of unresolved testcases 4
# of unsupported tests 4677
Running target unix/-m64
FAIL: g++.dg/pr80481.C -std=gnu++11 scan-assembler-not vmovaps
FAIL: g++.dg/pr80481.C -std=gnu++14 scan-assembler-not vmovaps
FAIL: g++.dg/pr80481.C -std=gnu++98 scan-assembler-not vmovaps
=== g++ Summary for unix/-m64 ===
# of expected passes 115964
# of unexpected failures 3
# of expected failures 509
# of unsupported tests 4869
=== g++ Summary ===
# of expected passes 230425
# of unexpected failures 6
# of expected failures 1015
# of unresolved testcases 4
# of unsupported tests 9546
/var/gcc/regression/gcc-8-branch/11-gcc-gas/build/gcc/xg++ version 8.1.1 20180601 [gcc-8-branch revision 261059] (GCC)
=== gcc tests ===
Running target unix
FAIL: gcc.c-torture/compile/20001226-1.c -O2 (test for excess errors)
FAIL: gcc.c-torture/compile/20001226-1.c -O3 -g (test for excess errors)
FAIL: gcc.c-torture/compile/20001226-1.c -Os (test for excess errors)
FAIL: gcc.c-torture/compile/20031125-1.c -O2 (test for excess errors)
FAIL: gcc.c-torture/compile/20031125-1.c -O3 -fomit-frame-pointer -funroll-loops -fpeel-loops -ftracer -finline-functions (test for excess errors)
FAIL: gcc.c-torture/compile/20031125-1.c -O3 -g (test for excess errors)
FAIL: gcc.c-torture/compile/20031231-1.c -O1 (test for excess errors)
FAIL: gcc.c-torture/compile/20031231-1.c -O2 (test for excess errors)
FAIL: gcc.c-torture/compile/20031231-1.c -O3 -fomit-frame-pointer -funroll-loops -fpeel-loops -ftracer -finline-functions (test for excess errors)
FAIL: gcc.c-torture/compile/20040214-2.c -O2 -flto (test for excess errors)
FAIL: gcc.c-torture/compile/20040216-1.c -O0 (test for excess errors)
FAIL: gcc.c-torture/compile/20040216-1.c -O1 (test for excess errors)
FAIL: gcc.dg/visibility-22.c execution test
FAIL: gcc.dg/torture/pr60092.c -O0 execution test
=== gcc Summary for unix ===
# of expected passes 121736
# of unexpected failures 14
# of expected failures 406
# of unsupported tests 2225
Running target unix/-m64
FAIL: gcc.dg/visibility-22.c execution test
FAIL: gcc.dg/torture/pr60092.c -O0 execution test
=== gcc Summary for unix/-m64 ===
# of expected passes 123494
# of unexpected failures 2
# of expected failures 395
# of unsupported tests 2112
=== gcc Summary ===
# of expected passes 245230
# of unexpected failures 16
# of expected failures 801
# of unsupported tests 4337
/var/gcc/regression/gcc-8-branch/11-gcc-gas/build/gcc/xgcc version 8.1.1 20180601 [gcc-8-branch revision 261059] (GCC)
=== gfortran tests ===
Running target unix
FAIL: gfortran.dg/achar_1.f90 -O0 (test for excess errors)
UNRESOLVED: gfortran.dg/achar_1.f90 -O0 compilation failed to produce executable
FAIL: gfortran.dg/achar_1.f90 -O1 (test for excess errors)
UNRESOLVED: gfortran.dg/achar_1.f90 -O1 compilation failed to produce executable
FAIL: gfortran.dg/achar_1.f90 -O2 (test for excess errors)
UNRESOLVED: gfortran.dg/achar_1.f90 -O2 compilation failed to produce executable
=== gfortran Summary for unix ===
# of expected passes 47112
# of unexpected failures 3
# of expected failures 93
# of unresolved testcases 3
# of unsupported tests 194
Running target unix/-m64
=== gfortran Summary for unix/-m64 ===
# of expected passes 47335
# of expected failures 93
# of unsupported tests 91
=== gfortran Summary ===
# of expected passes 94447
# of unexpected failures 3
# of expected failures 186
# of unresolved testcases 3
# of unsupported tests 285
/var/gcc/regression/gcc-8-branch/11-gcc-gas/build/gcc/gfortran version 8.1.1 20180601 [gcc-8-branch revision 261059] (GCC)
=== gnat tests ===
Running target unix
FAIL: gnat.dg/lto13.adb (test for excess errors)
FAIL: gnat.dg/lto13_pkg.adb (test for excess errors)
FAIL: gnat.dg/lto20.adb (test for excess errors)
FAIL: gnat.dg/lto20.adb execution test
FAIL: gnat.dg/lto5.adb (test for excess errors)
FAIL: gnat.dg/lto5.adb execution test
=== gnat Summary for unix ===
# of expected passes 2685
# of unexpected failures 6
# of expected failures 23
# of unsupported tests 7
Running target unix/-m64
=== gnat Summary for unix/-m64 ===
# of expected passes 2691
# of expected failures 23
# of unsupported tests 7
=== gnat Summary ===
# of expected passes 5376
# of unexpected failures 6
# of expected failures 46
# of unsupported tests 14
/var/gcc/regression/gcc-8-branch/11-gcc-gas/build/gcc/gnatmake version 8.1.1 20180601 [gcc-8-branch revision 261059]
=== go tests ===
Running target unix
FAIL: go.go-torture/execute/method-1.go compilation, -O2 -fbounds-check
FAIL: go.go-torture/execute/return-2.go compilation, -O2 -fbounds-check
FAIL: go.go-torture/execute/return-2.go compilation, -O2 -fomit-frame-pointer -finline-functions -funroll-loops
FAIL: go.go-torture/execute/return-2.go execution, -O2 -fomit-frame-pointer -finline-functions
FAIL: go.go-torture/execute/var-3.go, -O0 (internal compiler error)
FAIL: ./index0-out.go execution, -O0 -g -fno-var-tracking-assignments
=== go Summary for unix ===
# of expected passes 7387
# of unexpected failures 6
# of expected failures 1
# of untested testcases 13
# of unsupported tests 2
Running target unix/-m64
FAIL: ./index0-out.go execution, -O0 -g -fno-var-tracking-assignments
=== go Summary for unix/-m64 ===
# of expected passes 7277
# of unexpected failures 1
# of expected failures 1
# of untested testcases 10
# of unsupported tests 1
=== go Summary ===
# of expected passes 14664
# of unexpected failures 7
# of expected failures 2
# of untested testcases 23
# of unsupported tests 3
=== obj-c++ tests ===
Running target unix
FAIL: obj-c++.dg/property/dotsyntax-6.mm -fgnu-runtime (test for excess errors)
FAIL: obj-c++.dg/property/dotsyntax-6.mm -fgnu-runtime execution test
FAIL: obj-c++.dg/property/dotsyntax-7.mm -fgnu-runtime (test for excess errors)
UNRESOLVED: obj-c++.dg/property/dotsyntax-7.mm -fgnu-runtime compilation failed to produce executable
=== obj-c++ Summary for unix ===
# of expected passes 1460
# of unexpected failures 3
# of expected failures 2
# of unresolved testcases 1
# of unsupported tests 77
Running target unix/-m64
=== obj-c++ Summary for unix/-m64 ===
# of expected passes 1456
# of expected failures 10
# of unsupported tests 77
=== obj-c++ Summary ===
# of expected passes 2916
# of unexpected failures 3
# of expected failures 12
# of unresolved testcases 1
# of unsupported tests 154
/var/gcc/regression/gcc-8-branch/11-gcc-gas/build/gcc/xg++ version 8.1.1 20180601 [gcc-8-branch revision 261059] (GCC)
=== gotools tests ===
FAIL: go test cmd/go
FAIL: go test runtime
FAIL: go test misc/cgo/test
FAIL: TestCompileWithoutShared
FAIL: TestEarlySignalHandler
FAIL: TestInstall
FAIL: TestOsSignal
FAIL: TestPIE
FAIL: TestSIGPROF
FAIL: TestSigaltstack
FAIL: TestSignalForwarding
FAIL: TestSignalForwardingExternal
FAIL: go test misc/cgo/testcarchive
=== gotools Summary ===
# of expected passes 77
# of unexpected failures 13
# of untested testcases 10
/var/gcc/regression/gcc-8-branch/11-gcc-gas/build/./gcc/gccgo version 8.1.1 20180601 [gcc-8-branch revision 261059] (GCC)
=== libatomic tests ===
Running target unix
=== libatomic Summary for unix ===
# of expected passes 44
# of unsupported tests 5
Running target unix/-m64
=== libatomic Summary for unix/-m64 ===
# of expected passes 54
=== libatomic Summary ===
# of expected passes 98
# of unsupported tests 5
=== libffi tests ===
Running target unix
WARNING: program timed out
FAIL: libffi.call/cls_double.c -W -Wall -Wno-psabi -O2 -fomit-frame-pointer (test for excess errors)
=== libffi Summary for unix ===
# of expected passes 2798
# of unexpected failures 1
Running target unix/-m64
=== libffi Summary for unix/-m64 ===
# of expected passes 2214
=== libffi Summary ===
# of expected passes 5012
# of unexpected failures 1
=== libgo tests ===
Running target unix
FAIL: runtime
FAIL: go/build
=== libgo Summary for unix ===
# of expected passes 162
# of unexpected failures 2
Running target unix/-m64
FAIL: expvar
FAIL: go/build
FAIL: net/http
=== libgo Summary for unix/-m64 ===
# of expected passes 161
# of unexpected failures 3
=== libgo Summary ===
# of expected passes 323
# of unexpected failures 5
/var/gcc/regression/gcc-8-branch/11-gcc-gas/build/./gcc/gccgo version 8.1.1 20180601 [gcc-8-branch revision 261059] (GCC)
=== libgomp tests ===
Running target unix
FAIL: libgomp.c/for-2.c (test for excess errors)
FAIL: libgomp.c/for-2.c execution test
FAIL: libgomp.c/for-3.c (test for excess errors)
UNRESOLVED: libgomp.c/for-3.c compilation failed to produce executable
=== libgomp Summary for unix ===
# of expected passes 5556
# of unexpected failures 3
# of expected failures 1
# of unresolved testcases 1
# of unsupported tests 304
Running target unix/-m64
=== libgomp Summary for unix/-m64 ===
# of expected passes 5560
# of expected failures 1
# of unsupported tests 304
=== libgomp Summary ===
# of expected passes 11116
# of unexpected failures 3
# of expected failures 2
# of unresolved testcases 1
# of unsupported tests 608
=== libitm tests ===
Running target unix
=== libitm Summary for unix ===
# of expected passes 42
# of expected failures 3
# of unsupported tests 1
Running target unix/-m64
=== libitm Summary for unix/-m64 ===
# of expected passes 42
# of expected failures 3
# of unsupported tests 1
=== libitm Summary ===
# of expected passes 84
# of expected failures 6
# of unsupported tests 2
=== libstdc++ tests ===
Running target unix
FAIL: 17_intro/headers/c++1998/all_no_rtti.cc (test for excess errors)
FAIL: 17_intro/headers/c++1998/all_pedantic_errors.cc (test for excess errors)
=== libstdc++ Summary for unix ===
# of expected passes 11323
# of unexpected failures 2
# of expected failures 72
# of unsupported tests 631
Running target unix/-m64
=== libstdc++ Summary for unix/-m64 ===
# of expected passes 11318
# of expected failures 71
# of unsupported tests 635
=== libstdc++ Summary ===
# of expected passes 22641
# of unexpected failures 2
# of expected failures 143
# of unsupported tests 1266
Compiler version: 8.1.1 20180601 [gcc-8-branch revision 261059] (GCC)
Platform: i386-pc-solaris2.11
configure flags: --prefix=/vol/gcc --target=i386-pc-solaris2.11 --enable-objc-gc --with-target-bdw-gc-include=/vol/gcc/include --with-target-bdw-gc-lib=/vol/gcc/lib,amd64=/vol/gcc/lib/amd64 --enable-libmudflap --with-as=/vol/gcc/bin/gas-2.30 --with-gnu-as --with-gmp-include=/vol/gcc/include --with-gmp-lib=/vol/gcc/lib --with-mpfr-include=/vol/gcc/include --with-mpfr-lib=/vol/gcc/lib --with-mpc-include=/vol/gcc/include --with-mpc-lib=/vol/gcc/lib --enable-languages=all,ada,obj-c++,go --with-isl-include=/vol/gcc/include --with-isl-lib=/vol/gcc/lib --build=i386-pc-solaris2.11 --host=i386-pc-solaris2.11
BOOT_CFLAGS=-g -O2