This is the mail archive of the
gcc-testresults@gcc.gnu.org
mailing list for the GCC project.
Results for 9.0.0 20180519 (experimental) [trunk revision 260402] (GCC) testsuite on hppa2.0w-hp-hpux11.11
- From: John David Anglin <dave at hiauly3 dot hia dot nrc dot ca>
- To: dave at hiauly3 dot hia dot nrc dot ca, gcc-testresults at gcc dot gnu dot org
- Date: Tue, 22 May 2018 18:55:08 -0400 (EDT)
- Subject: Results for 9.0.0 20180519 (experimental) [trunk revision 260402] (GCC) testsuite on hppa2.0w-hp-hpux11.11
=== acats tests ===
FAIL: c974013
FAIL: c9a011b
=== acats Summary ===
# of expected passes 2318
# of unexpected failures 2
Native configuration is hppa2.0w-hp-hpux11.11
=== g++ tests ===
Running target unix
FAIL: g++.dg/abi/abi-tag18a.C -std=gnu++98 scan-assembler _ZZ1fB7__test1vEN1T1gB7__test2Ev
FAIL: g++.dg/abi/abi-tag18a.C -std=gnu++98 scan-assembler _ZZZ1fB7__test1vEN1T1gEvE1x
FAIL: g++.dg/abi/abi-tag18a.C -std=gnu++11 scan-assembler _ZZ1fB7__test1vEN1T1gB7__test2Ev
FAIL: g++.dg/abi/abi-tag18a.C -std=gnu++11 scan-assembler _ZZZ1fB7__test1vEN1T1gEvE1x
FAIL: g++.dg/abi/abi-tag18a.C -std=gnu++14 scan-assembler _ZZ1fB7__test1vEN1T1gB7__test2Ev
FAIL: g++.dg/abi/abi-tag18a.C -std=gnu++14 scan-assembler _ZZZ1fB7__test1vEN1T1gEvE1x
FAIL: g++.dg/cpp0x/pr84497.C -std=c++11 scan-assembler .weak[ \\t]*_ZTH8base_obj
FAIL: g++.dg/cpp0x/pr84497.C -std=c++11 scan-assembler .weak[ \\t]*_ZTH11derived_obj
FAIL: g++.dg/cpp0x/pr84497.C -std=c++11 scan-assembler .weak[ \\t]*_ZTH13container_obj
FAIL: g++.dg/cpp0x/pr84497.C -std=c++14 scan-assembler .weak[ \\t]*_ZTH8base_obj
FAIL: g++.dg/cpp0x/pr84497.C -std=c++14 scan-assembler .weak[ \\t]*_ZTH11derived_obj
FAIL: g++.dg/cpp0x/pr84497.C -std=c++14 scan-assembler .weak[ \\t]*_ZTH13container_obj
FAIL: g++.dg/ext/visibility/lambda1.C -std=c++11 (test for excess errors)
FAIL: g++.dg/ext/visibility/lambda1.C -std=c++14 (test for excess errors)
FAIL: c-c++-common/gomp/clauses-2.c -std=c++98 (internal compiler error)
FAIL: c-c++-common/gomp/clauses-2.c -std=c++98 (test for errors, line 25)
FAIL: c-c++-common/gomp/clauses-2.c -std=c++98 (test for errors, line 39)
FAIL: c-c++-common/gomp/clauses-2.c -std=c++98 (test for errors, line 41)
FAIL: c-c++-common/gomp/clauses-2.c -std=c++98 (test for errors, line 43)
FAIL: c-c++-common/gomp/clauses-2.c -std=c++98 (test for excess errors)
FAIL: c-c++-common/gomp/clauses-2.c -std=c++11 (internal compiler error)
FAIL: c-c++-common/gomp/clauses-2.c -std=c++11 (test for errors, line 25)
FAIL: c-c++-common/gomp/clauses-2.c -std=c++11 (test for errors, line 39)
FAIL: c-c++-common/gomp/clauses-2.c -std=c++11 (test for errors, line 41)
FAIL: c-c++-common/gomp/clauses-2.c -std=c++11 (test for errors, line 43)
FAIL: c-c++-common/gomp/clauses-2.c -std=c++11 (test for excess errors)
FAIL: c-c++-common/gomp/clauses-2.c -std=c++14 (internal compiler error)
FAIL: c-c++-common/gomp/clauses-2.c -std=c++14 (test for errors, line 25)
FAIL: c-c++-common/gomp/clauses-2.c -std=c++14 (test for errors, line 39)
FAIL: c-c++-common/gomp/clauses-2.c -std=c++14 (test for errors, line 41)
FAIL: c-c++-common/gomp/clauses-2.c -std=c++14 (test for errors, line 43)
FAIL: c-c++-common/gomp/clauses-2.c -std=c++14 (test for excess errors)
WARNING: program timed out.
FAIL: c-c++-common/simulate-thread/bitfields-1.c -O2 -g -std=c++98 thread simulation test
FAIL: c-c++-common/simulate-thread/bitfields-1.c -O3 -g -std=c++11 thread simulation test
FAIL: g++.dg/tls/pr77285-2.C -std=c++11 scan-assembler _ZTH4var1B3tag
FAIL: g++.dg/tls/pr77285-2.C -std=c++14 scan-assembler _ZTH4var1B3tag
FAIL: g++.dg/torture/pr81812.C -O0 (test for excess errors)
FAIL: g++.dg/torture/pr81812.C -O1 (test for excess errors)
FAIL: g++.dg/torture/pr81812.C -O2 (test for excess errors)
FAIL: g++.dg/torture/pr81812.C -O3 -g (test for excess errors)
FAIL: g++.dg/torture/pr81812.C -Os (test for excess errors)
=== g++ Summary ===
# of expected passes 105370
# of unexpected failures 41
# of expected failures 499
# of unsupported tests 5607
/test/gnu/gcc/objdir/gcc/testsuite/g++/../../xg++ version 9.0.0 20180519 (experimental) [trunk revision 260402] (GCC)
=== gcc tests ===
Running target unix
FAIL: gcc.c-torture/compile/limits-exprparen.c -O0 (internal compiler error)
FAIL: gcc.c-torture/compile/limits-exprparen.c -O0 (test for excess errors)
FAIL: gcc.c-torture/compile/limits-exprparen.c -O1 (internal compiler error)
FAIL: gcc.c-torture/compile/limits-exprparen.c -O1 (test for excess errors)
FAIL: gcc.c-torture/compile/limits-exprparen.c -O2 (internal compiler error)
FAIL: gcc.c-torture/compile/limits-exprparen.c -O2 (test for excess errors)
FAIL: gcc.c-torture/compile/limits-exprparen.c -O3 -g (internal compiler error)
FAIL: gcc.c-torture/compile/limits-exprparen.c -O3 -g (test for excess errors)
FAIL: gcc.c-torture/compile/limits-exprparen.c -Os (internal compiler error)
FAIL: gcc.c-torture/compile/limits-exprparen.c -Os (test for excess errors)
FAIL: gcc.dg/atomic/c11-atomic-exec-5.c -O0 execution test
FAIL: gcc.dg/atomic/c11-atomic-exec-5.c -O1 execution test
FAIL: gcc.dg/atomic/c11-atomic-exec-5.c -O2 execution test
FAIL: gcc.dg/atomic/c11-atomic-exec-5.c -O3 -fomit-frame-pointer -funroll-loops -fpeel-loops -ftracer -finline-functions execution test
FAIL: gcc.dg/atomic/c11-atomic-exec-5.c -O3 -g execution test
FAIL: gcc.dg/atomic/c11-atomic-exec-5.c -Os execution test
FAIL: gcc.dg/compat/pr83487-1 c_compat_y_tst.o compile
FAIL: gcc.dg/compat/pr83487-2 c_compat_y_tst.o compile
FAIL: gcc.dg/pr84941.c (test for excess errors)
FAIL: gcc.dg/predict-13.c scan-tree-dump-times profile_estimate "combined heuristics of edge[^:]*: 0.1%" 2
FAIL: c-c++-common/gomp/clauses-2.c (internal compiler error)
FAIL: c-c++-common/gomp/clauses-2.c (test for errors, line 25)
FAIL: c-c++-common/gomp/clauses-2.c (test for errors, line 39)
FAIL: c-c++-common/gomp/clauses-2.c (test for errors, line 41)
FAIL: c-c++-common/gomp/clauses-2.c (test for errors, line 43)
FAIL: c-c++-common/gomp/clauses-2.c (test for excess errors)
WARNING: program timed out.
FAIL: gcc.dg/ipa/ipa-icf-39.c scan-ipa-dump-times icf "Unified;" 2
FAIL: c-c++-common/simulate-thread/bitfields-1.c -O2 -g thread simulation test
FAIL: c-c++-common/simulate-thread/bitfields-1.c -O3 -g thread simulation test
XPASS: gcc.dg/torture/pr47917.c -O1 execution test
XPASS: gcc.dg/torture/pr47917.c -O2 execution test
XPASS: gcc.dg/torture/pr47917.c -O3 -g execution test
XPASS: gcc.dg/torture/pr47917.c -Os execution test
FAIL: gcc.dg/tree-ssa/builtin-sprintf.c execution test
FAIL: gcc.target/hppa/shadd-3.c scan-assembler-times sh.add 5
=== gcc Summary ===
# of expected passes 79685
# of unexpected failures 31
# of unexpected successes 4
# of expected failures 288
# of unsupported tests 2320
/test/gnu/gcc/objdir/gcc/xgcc version 9.0.0 20180519 (experimental) [trunk revision 260402] (GCC)
=== gfortran tests ===
Running target unix
FAIL: gfortran.dg/elemental_subroutine_3.f90 -O1 (test for excess errors)
FAIL: gfortran.dg/elemental_subroutine_3.f90 -O2 (test for excess errors)
FAIL: gfortran.dg/elemental_subroutine_3.f90 -O3 -fomit-frame-pointer -funroll-loops -fpeel-loops -ftracer -finline-functions (test for excess errors)
FAIL: gfortran.dg/elemental_subroutine_3.f90 -O3 -g (test for excess errors)
FAIL: gfortran.dg/elemental_subroutine_3.f90 -Os (test for excess errors)
FAIL: gfortran.dg/fmt_fw_d.f90 -O0 execution test
FAIL: gfortran.dg/fmt_fw_d.f90 -O1 execution test
FAIL: gfortran.dg/fmt_fw_d.f90 -O2 execution test
FAIL: gfortran.dg/fmt_fw_d.f90 -O3 -fomit-frame-pointer -funroll-loops -fpeel-loops -ftracer -finline-functions execution test
FAIL: gfortran.dg/fmt_fw_d.f90 -O3 -g execution test
FAIL: gfortran.dg/fmt_fw_d.f90 -Os execution test
FAIL: gfortran.dg/temporary_3.f90 -O0 (test for excess errors)
FAIL: gfortran.dg/temporary_3.f90 -O1 (test for excess errors)
FAIL: gfortran.dg/temporary_3.f90 -O2 (test for excess errors)
FAIL: gfortran.dg/temporary_3.f90 -O3 -fomit-frame-pointer -funroll-loops -fpeel-loops -ftracer -finline-functions (test for excess errors)
FAIL: gfortran.dg/temporary_3.f90 -O3 -g (test for excess errors)
FAIL: gfortran.dg/temporary_3.f90 -Os (test for excess errors)
=== gfortran Summary ===
# of expected passes 45334
# of unexpected failures 17
# of expected failures 102
# of unsupported tests 460
/test/gnu/gcc/objdir/gcc/testsuite/gfortran/../../gfortran version 9.0.0 20180519 (experimental) [trunk revision 260402] (GCC)
=== gnat tests ===
Running target unix
FAIL: gnat.dg/debug11.adb scan-assembler-times 0x5a.*DW_AT_discr_list 1
FAIL: gnat.dg/debug11.adb scan-assembler-times 0x80.*DW_AT_discr_list 1
FAIL: gnat.dg/debug11_pkg.adb scan-assembler local_imported_func
FAIL: gnat.dg/debug11_pkg.adb scan-assembler local_imported_var
FAIL: gnat.dg/debug11_pkg.adb scan-assembler global_imported_func
FAIL: gnat.dg/debug11_pkg.adb scan-assembler global_imported_var
FAIL: gnat.dg/debug12.adb (test for excess errors)
UNRESOLVED: gnat.dg/debug12.adb scan-assembler-times DW_AT_location 4
XPASS: gnat.dg/lto19.adb (test for excess errors)
=== gnat Summary ===
# of expected passes 2654
# of unexpected failures 7
# of unexpected successes 1
# of expected failures 22
# of unresolved testcases 1
# of unsupported tests 25
/test/gnu/gcc/objdir/gcc/gnatmake version 9.0.0 20180519 (experimental) [trunk revision 260402]
=== obj-c++ tests ===
Running target unix
=== obj-c++ Summary ===
# of expected passes 1406
# of expected failures 2
# of unsupported tests 60
/test/gnu/gcc/objdir/gcc/testsuite/obj-c++/../../xg++ version 9.0.0 20180519 (experimental) [trunk revision 260402] (GCC)
=== objc tests ===
Running target unix
=== objc Summary ===
# of expected passes 2705
# of unsupported tests 61
/test/gnu/gcc/objdir/gcc/xgcc version 9.0.0 20180519 (experimental) [trunk revision 260402] (GCC)
=== libatomic tests ===
Running target unix
=== libatomic Summary ===
# of expected passes 44
# of unsupported tests 5
=== libgomp tests ===
Running target unix
FAIL: libgomp.c/target-29.c (internal compiler error)
FAIL: libgomp.c/target-29.c (test for excess errors)
UNRESOLVED: libgomp.c/target-29.c compilation failed to produce executable
FAIL: libgomp.c++/member-5.C execution test
FAIL: libgomp.c++/target-15.C (internal compiler error)
FAIL: libgomp.c++/target-15.C (test for excess errors)
UNRESOLVED: libgomp.c++/target-15.C compilation failed to produce executable
FAIL: libgomp.c++/target-16.C (internal compiler error)
FAIL: libgomp.c++/target-16.C (test for excess errors)
UNRESOLVED: libgomp.c++/target-16.C compilation failed to produce executable
FAIL: libgomp.c++/target-17.C (internal compiler error)
FAIL: libgomp.c++/target-17.C (test for excess errors)
UNRESOLVED: libgomp.c++/target-17.C compilation failed to produce executable
FAIL: libgomp.c++/target-19.C (internal compiler error)
FAIL: libgomp.c++/target-19.C (test for excess errors)
UNRESOLVED: libgomp.c++/target-19.C compilation failed to produce executable
FAIL: libgomp.oacc-c/../libgomp.oacc-c-c++-common/atomic_update-1.c -DACC_DEVICE_TYPE_host=1 -DACC_MEM_SHARED=1 -O2 execution test
FAIL: libgomp.oacc-c++/../libgomp.oacc-c-c++-common/atomic_update-1.c -DACC_DEVICE_TYPE_host=1 -DACC_MEM_SHARED=1 -O2 execution test
=== libgomp Summary ===
# of expected passes 5403
# of unexpected failures 13
# of expected failures 1
# of unresolved testcases 5
# of unsupported tests 379
=== libstdc++ tests ===
Running target unix
FAIL: 22_locale/num_put/put/char/14220.cc execution test
FAIL: 22_locale/num_put/put/wchar_t/14220.cc execution test
FAIL: 23_containers/map/59872.cc (test for excess errors)
FAIL: 23_containers/map/allocator/minimal.cc (test for excess errors)
UNRESOLVED: 23_containers/map/allocator/minimal.cc compilation failed to produce executable
FAIL: 23_containers/map/allocator/move.cc (test for excess errors)
UNRESOLVED: 23_containers/map/allocator/move.cc compilation failed to produce executable
FAIL: 23_containers/map/debug/construct5_neg.cc (test for excess errors)
UNRESOLVED: 23_containers/map/debug/construct5_neg.cc compilation failed to produce executable
FAIL: 23_containers/map/debug/move_neg.cc (test for excess errors)
UNRESOLVED: 23_containers/map/debug/move_neg.cc compilation failed to produce executable
FAIL: 23_containers/map/requirements/explicit_instantiation/1.cc (test for excess errors)
FAIL: 23_containers/map/requirements/explicit_instantiation/1_c++0x.cc (test for excess errors)
FAIL: 23_containers/map/requirements/explicit_instantiation/2.cc (test for excess errors)
FAIL: 23_containers/map/requirements/explicit_instantiation/3.cc (test for excess errors)
FAIL: 23_containers/map/requirements/explicit_instantiation/4.cc (test for excess errors)
FAIL: 23_containers/map/requirements/explicit_instantiation/5.cc (test for excess errors)
FAIL: 23_containers/map/requirements/explicit_instantiation/5_c++0x.cc (test for excess errors)
FAIL: 23_containers/multimap/allocator/minimal.cc (test for excess errors)
UNRESOLVED: 23_containers/multimap/allocator/minimal.cc compilation failed to produce executable
FAIL: 23_containers/multimap/allocator/move.cc (test for excess errors)
UNRESOLVED: 23_containers/multimap/allocator/move.cc compilation failed to produce executable
FAIL: 23_containers/multimap/debug/construct5_neg.cc (test for excess errors)
UNRESOLVED: 23_containers/multimap/debug/construct5_neg.cc compilation failed to produce executable
FAIL: 23_containers/multimap/debug/move_neg.cc (test for excess errors)
UNRESOLVED: 23_containers/multimap/debug/move_neg.cc compilation failed to produce executable
FAIL: 23_containers/multimap/requirements/explicit_instantiation/1.cc (test for excess errors)
FAIL: 23_containers/multimap/requirements/explicit_instantiation/1_c++0x.cc (test for excess errors)
FAIL: 23_containers/multimap/requirements/explicit_instantiation/2.cc (test for excess errors)
FAIL: 23_containers/multimap/requirements/explicit_instantiation/3.cc (test for excess errors)
FAIL: 23_containers/multimap/requirements/explicit_instantiation/4.cc (test for excess errors)
FAIL: 23_containers/multimap/requirements/explicit_instantiation/5.cc (test for excess errors)
FAIL: 23_containers/multimap/requirements/explicit_instantiation/5_c++0x.cc (test for excess errors)
FAIL: 23_containers/multiset/allocator/minimal.cc (test for excess errors)
UNRESOLVED: 23_containers/multiset/allocator/minimal.cc compilation failed to produce executable
FAIL: 23_containers/multiset/allocator/move.cc (test for excess errors)
UNRESOLVED: 23_containers/multiset/allocator/move.cc compilation failed to produce executable
FAIL: 23_containers/multiset/debug/construct5_neg.cc (test for excess errors)
UNRESOLVED: 23_containers/multiset/debug/construct5_neg.cc compilation failed to produce executable
FAIL: 23_containers/multiset/debug/move_neg.cc (test for excess errors)
UNRESOLVED: 23_containers/multiset/debug/move_neg.cc compilation failed to produce executable
FAIL: 23_containers/multiset/requirements/explicit_instantiation/1.cc (test for excess errors)
FAIL: 23_containers/multiset/requirements/explicit_instantiation/1_c++0x.cc (test for excess errors)
FAIL: 23_containers/multiset/requirements/explicit_instantiation/2.cc (test for excess errors)
FAIL: 23_containers/multiset/requirements/explicit_instantiation/3.cc (test for excess errors)
FAIL: 23_containers/multiset/requirements/explicit_instantiation/4.cc (test for excess errors)
FAIL: 23_containers/multiset/requirements/explicit_instantiation/5.cc (test for excess errors)
FAIL: 23_containers/multiset/requirements/explicit_instantiation/5_c++0x.cc (test for excess errors)
FAIL: 23_containers/set/allocator/minimal.cc (test for excess errors)
UNRESOLVED: 23_containers/set/allocator/minimal.cc compilation failed to produce executable
FAIL: 23_containers/set/allocator/move.cc (test for excess errors)
UNRESOLVED: 23_containers/set/allocator/move.cc compilation failed to produce executable
FAIL: 23_containers/set/debug/construct5_neg.cc (test for excess errors)
UNRESOLVED: 23_containers/set/debug/construct5_neg.cc compilation failed to produce executable
FAIL: 23_containers/set/debug/move_neg.cc (test for excess errors)
UNRESOLVED: 23_containers/set/debug/move_neg.cc compilation failed to produce executable
FAIL: 23_containers/set/requirements/explicit_instantiation/1.cc (test for excess errors)
FAIL: 23_containers/set/requirements/explicit_instantiation/1_c++0x.cc (test for excess errors)
FAIL: 23_containers/set/requirements/explicit_instantiation/2.cc (test for excess errors)
FAIL: 23_containers/set/requirements/explicit_instantiation/3.cc (test for excess errors)
FAIL: 23_containers/set/requirements/explicit_instantiation/4.cc (test for excess errors)
FAIL: 23_containers/set/requirements/explicit_instantiation/5.cc (test for excess errors)
FAIL: 23_containers/set/requirements/explicit_instantiation/5_c++0x.cc (test for excess errors)
FAIL: 27_io/basic_ostream/inserters_arithmetic/char/4402.cc execution test
FAIL: 27_io/basic_ostream/inserters_arithmetic/wchar_t/4402.cc execution test
FAIL: experimental/filesystem/path/preferred_separator.cc (test for excess errors)
FAIL: libstdc++-prettyprinters/48362.cc
FAIL: libstdc++-prettyprinters/59161.cc
FAIL: libstdc++-prettyprinters/80276.cc
FAIL: libstdc++-prettyprinters/cxx11.cc
FAIL: libstdc++-prettyprinters/cxx17.cc
FAIL: libstdc++-prettyprinters/debug.cc
FAIL: libstdc++-prettyprinters/debug_cxx11.cc
FAIL: libstdc++-prettyprinters/libfundts.cc
FAIL: libstdc++-prettyprinters/shared_ptr.cc
FAIL: libstdc++-prettyprinters/simple.cc
FAIL: libstdc++-prettyprinters/simple11.cc
FAIL: libstdc++-prettyprinters/tr1.cc
FAIL: libstdc++-prettyprinters/whatis.cc
FAIL: libstdc++-prettyprinters/whatis2.cc
FAIL: libstdc++-xmethods/array.cc
FAIL: libstdc++-xmethods/associative-containers.cc
FAIL: libstdc++-xmethods/deque.cc
FAIL: libstdc++-xmethods/forwardlist.cc
FAIL: libstdc++-xmethods/list.cc
FAIL: libstdc++-xmethods/shared_ptr.cc
FAIL: libstdc++-xmethods/unique_ptr.cc
FAIL: libstdc++-xmethods/vector.cc
=== libstdc++ Summary ===
# of expected passes 10681
# of unexpected failures 72
# of expected failures 66
# of unresolved testcases 16
# of unsupported tests 925
Compiler version: 9.0.0 20180519 (experimental) [trunk revision 260402] (GCC)
Platform: hppa2.0w-hp-hpux11.11
configure flags:Test Run By dave on Sun May 20 17:22:28 2018