This is the mail archive of the
gcc-testresults@gcc.gnu.org
mailing list for the GCC project.
Results for 9.0.0 20180518 (experimental) [trunk revision 260354] (GCC) testsuite on x86_64-pc-solaris2.11
- From: Rainer Orth <ro at CeBiTec dot Uni-Bielefeld dot DE>
- To: gcc-testresults at gcc dot gnu dot org
- Date: Sun, 20 May 2018 07:34:15 +0200 (MEST)
- Subject: Results for 9.0.0 20180518 (experimental) [trunk revision 260354] (GCC) testsuite on x86_64-pc-solaris2.11
LAST_UPDATED: Fri May 18 11:35:35 UTC 2018 (revision 260354)
Native configuration is x86_64-pc-solaris2.11
=== libatomic tests ===
Running target unix/-m32
=== libatomic Summary for unix/-m32 ===
# of expected passes 44
# of unsupported tests 5
Running target unix
=== libatomic Summary for unix ===
# of expected passes 54
=== libatomic Summary ===
# of expected passes 98
# of unsupported tests 5
=== libffi tests ===
Running target unix/-m32
=== libffi Summary for unix/-m32 ===
# of expected passes 2799
Running target unix
=== libffi Summary for unix ===
# of expected passes 2214
=== libffi Summary ===
# of expected passes 5013
=== libgo tests ===
Running target unix
FAIL: go/build
=== libgo Summary for unix ===
# of expected passes 162
# of unexpected failures 1
Running target unix/-m32
FAIL: go/build
FAIL: runtime
=== libgo Summary for unix/-m32 ===
# of expected passes 161
# of unexpected failures 2
=== libgo Summary ===
# of expected passes 323
# of unexpected failures 3
/var/gcc/regression/trunk/11.4-gcc-gas-64/build/./gcc/gccgo version 9.0.0 20180518 (experimental) [trunk revision 260354] (GCC)
=== libgomp tests ===
Running target unix/-m32
=== libgomp Summary for unix/-m32 ===
# of expected passes 5566
# of expected failures 1
# of unsupported tests 302
Running target unix
=== libgomp Summary for unix ===
# of expected passes 5566
# of expected failures 1
# of unsupported tests 302
=== libgomp Summary ===
# of expected passes 11132
# of expected failures 2
# of unsupported tests 604
=== libitm tests ===
Running target unix/-m32
=== libitm Summary for unix/-m32 ===
# of expected passes 42
# of expected failures 3
# of unsupported tests 1
Running target unix
=== libitm Summary for unix ===
# of expected passes 42
# of expected failures 3
# of unsupported tests 1
=== libitm Summary ===
# of expected passes 84
# of expected failures 6
# of unsupported tests 2
=== libstdc++ tests ===
Running target unix
=== libstdc++ Summary for unix ===
# of expected passes 11375
# of expected failures 74
# of unsupported tests 629
Running target unix/-m32
=== libstdc++ Summary for unix/-m32 ===
# of expected passes 11382
# of expected failures 75
# of unsupported tests 625
=== libstdc++ Summary ===
# of expected passes 22757
# of expected failures 149
# of unsupported tests 1254
=== acats tests ===
=== acats Summary ===
# of expected passes 2320
# of unexpected failures 0
=== g++ tests ===
Running target unix
FAIL: g++.dg/pr80481.C -std=gnu++11 scan-assembler-not vmovaps
FAIL: g++.dg/pr80481.C -std=gnu++14 scan-assembler-not vmovaps
FAIL: g++.dg/pr80481.C -std=gnu++98 scan-assembler-not vmovaps
=== g++ Summary for unix ===
# of expected passes 116152
# of unexpected failures 3
# of expected failures 506
# of unsupported tests 4830
Running target unix/-m32
FAIL: g++.dg/opt/pr59470.C -std=gnu++11 (test for excess errors)
UNRESOLVED: g++.dg/opt/pr59470.C -std=gnu++11 compilation failed to produce executable
FAIL: g++.dg/opt/pr59470.C -std=gnu++14 (test for excess errors)
UNRESOLVED: g++.dg/opt/pr59470.C -std=gnu++14 compilation failed to produce executable
FAIL: g++.dg/opt/pr59470.C -std=gnu++98 (test for excess errors)
UNRESOLVED: g++.dg/opt/pr59470.C -std=gnu++98 compilation failed to produce executable
=== g++ Summary for unix/-m32 ===
# of expected passes 114651
# of unexpected failures 3
# of expected failures 503
# of unresolved testcases 3
# of unsupported tests 4638
=== g++ Summary ===
# of expected passes 230803
# of unexpected failures 6
# of expected failures 1009
# of unresolved testcases 3
# of unsupported tests 9468
/var/gcc/regression/trunk/11.4-gcc-gas-64/build/gcc/xg++ version 9.0.0 20180518 (experimental) [trunk revision 260354] (GCC)
=== gcc tests ===
Running target unix
FAIL: gcc.dg/pr68766.c (test for excess errors)
FAIL: gcc.dg/ipa/ipa-icf-38.c scan-ltrans-tree-dump-not fixup_cfg4 "Function bar"
FAIL: gcc.dg/tree-prof/update-loopch.c scan-tree-dump switchlower1 "Removing basic block"
=== gcc Summary for unix ===
# of expected passes 124232
# of unexpected failures 3
# of expected failures 398
# of unsupported tests 2091
Running target unix/-m32
FAIL: gcc.dg/pr68766.c (test for excess errors)
FAIL: gcc.dg/ipa/ipa-icf-38.c scan-ltrans-tree-dump-not fixup_cfg4 "Function bar"
FAIL: gcc.dg/tree-prof/update-loopch.c scan-tree-dump switchlower1 "Removing basic block"
=== gcc Summary for unix/-m32 ===
# of expected passes 122488
# of unexpected failures 3
# of expected failures 407
# of unsupported tests 2206
=== gcc Summary ===
# of expected passes 246720
# of unexpected failures 6
# of expected failures 805
# of unsupported tests 4297
/var/gcc/regression/trunk/11.4-gcc-gas-64/build/gcc/xgcc version 9.0.0 20180518 (experimental) [trunk revision 260354] (GCC)
=== gfortran tests ===
Running target unix
=== gfortran Summary for unix ===
# of expected passes 47273
# of expected failures 93
# of unsupported tests 91
Running target unix/-m32
=== gfortran Summary for unix/-m32 ===
# of expected passes 47056
# of expected failures 93
# of unsupported tests 194
=== gfortran Summary ===
# of expected passes 94329
# of expected failures 186
# of unsupported tests 285
/var/gcc/regression/trunk/11.4-gcc-gas-64/build/gcc/gfortran version 9.0.0 20180518 (experimental) [trunk revision 260354] (GCC)
=== gnat tests ===
Running target unix
=== gnat Summary for unix ===
# of expected passes 2701
# of expected failures 23
# of unsupported tests 7
Running target unix/-m32
=== gnat Summary for unix/-m32 ===
# of expected passes 2701
# of expected failures 23
# of unsupported tests 7
=== gnat Summary ===
# of expected passes 5402
# of expected failures 46
# of unsupported tests 14
/var/gcc/regression/trunk/11.4-gcc-gas-64/build/gcc/gnatmake version 9.0.0 20180518 (experimental) [trunk revision 260354]
=== go tests ===
Running target unix
FAIL: ./index0-out.go execution, -O0 -g -fno-var-tracking-assignments
=== go Summary for unix ===
# of expected passes 7277
# of unexpected failures 1
# of expected failures 1
# of untested testcases 10
# of unsupported tests 1
Running target unix/-m32
FAIL: ./index0-out.go execution, -O0 -g -fno-var-tracking-assignments
=== go Summary for unix/-m32 ===
# of expected passes 7396
# of unexpected failures 1
# of expected failures 1
# of untested testcases 10
# of unsupported tests 2
=== go Summary ===
# of expected passes 14673
# of unexpected failures 2
# of expected failures 2
# of untested testcases 20
# of unsupported tests 3
=== obj-c++ tests ===
Running target unix/-m32
=== obj-c++ Summary for unix/-m32 ===
# of expected passes 1464
# of expected failures 2
# of unsupported tests 77
Running target unix
=== obj-c++ Summary for unix ===
# of expected passes 1456
# of expected failures 10
# of unsupported tests 77
=== obj-c++ Summary ===
# of expected passes 2920
# of expected failures 12
# of unsupported tests 154
/var/gcc/regression/trunk/11.4-gcc-gas-64/build/gcc/xg++ version 9.0.0 20180518 (experimental) [trunk revision 260354] (GCC)
=== objc tests ===
Running target unix
=== objc Summary for unix ===
# of expected passes 2797
# of expected failures 6
# of unsupported tests 68
Running target unix/-m32
=== objc Summary for unix/-m32 ===
# of expected passes 2797
# of expected failures 6
# of unsupported tests 68
=== objc Summary ===
# of expected passes 5594
# of expected failures 12
# of unsupported tests 136
/var/gcc/regression/trunk/11.4-gcc-gas-64/build/gcc/xgcc version 9.0.0 20180518 (experimental) [trunk revision 260354] (GCC)
=== gotools tests ===
FAIL: go test cmd/go
FAIL: TestCompileWithoutShared
FAIL: TestEarlySignalHandler
FAIL: TestInstall
FAIL: TestOsSignal
FAIL: TestPIE
FAIL: TestSIGPROF
FAIL: TestSigaltstack
FAIL: TestSignalForwarding
FAIL: TestSignalForwardingExternal
FAIL: go test misc/cgo/testcarchive
=== gotools Summary ===
# of expected passes 327
# of unexpected failures 11
# of untested testcases 179
/var/gcc/regression/trunk/11.4-gcc-gas-64/build/./gcc/gccgo version 9.0.0 20180518 (experimental) [trunk revision 260354] (GCC)
Compiler version: 9.0.0 20180518 (experimental) [trunk revision 260354] (GCC)
Platform: x86_64-pc-solaris2.11
configure flags: --prefix=/vol/gcc --target=amd64-pc-solaris2.11 --enable-objc-gc --with-target-bdw-gc-include=/vol/gcc/include --with-target-bdw-gc-lib=/vol/gcc/lib/amd64,32=/vol/gcc/lib --enable-libmudflap --with-as=/vol/gcc/bin/amd64/gas-2.30 --with-gnu-as --with-gmp-include=/vol/gcc/include --with-gmp-lib=/vol/gcc/lib/amd64 --with-mpfr-include=/vol/gcc/include --with-mpfr-lib=/vol/gcc/lib/amd64 --with-mpc-include=/vol/gcc/include --with-mpc-lib=/vol/gcc/lib/amd64 --enable-languages=all,ada,obj-c++,go --with-isl-include=/vol/gcc/include --with-isl-lib=/vol/gcc/lib/amd64 --build=amd64-pc-solaris2.11 --host=amd64-pc-solaris2.11
BOOT_CFLAGS=-g -O2