This is the mail archive of the
gcc-testresults@gcc.gnu.org
mailing list for the GCC project.
Results for 9.0.0 20180518 (experimental) [trunk revision 260354] (GCC) testsuite on sparc-sun-solaris2.11
- From: Rainer Orth <ro at CeBiTec dot Uni-Bielefeld dot DE>
- To: gcc-testresults at gcc dot gnu dot org
- Date: Sat, 19 May 2018 09:35:58 +0200 (MEST)
- Subject: Results for 9.0.0 20180518 (experimental) [trunk revision 260354] (GCC) testsuite on sparc-sun-solaris2.11
LAST_UPDATED: Fri May 18 11:35:35 UTC 2018 (revision 260354)
=== acats tests ===
=== acats Summary ===
# of expected passes 2320
# of unexpected failures 0
Native configuration is sparc-sun-solaris2.11
=== g++ tests ===
Running target unix
FAIL: g++.dg/gcov/pr16855-priority.C -std=gnu++11 gcov: 1 failures in line counts, 0 in branch percentages, 0 in return percentages, 0 in intermediate format
FAIL: g++.dg/gcov/pr16855-priority.C -std=gnu++11 line 22: is #####:should be 1
FAIL: g++.dg/gcov/pr16855-priority.C -std=gnu++14 gcov: 1 failures in line counts, 0 in branch percentages, 0 in return percentages, 0 in intermediate format
FAIL: g++.dg/gcov/pr16855-priority.C -std=gnu++14 line 22: is #####:should be 1
FAIL: g++.dg/gcov/pr16855-priority.C -std=gnu++98 gcov: 1 failures in line counts, 0 in branch percentages, 0 in return percentages, 0 in intermediate format
FAIL: g++.dg/gcov/pr16855-priority.C -std=gnu++98 line 22: is #####:should be 1
FAIL: g++.dg/gcov/pr16855.C -std=gnu++11 gcov: 1 failures in line counts, 0 in branch percentages, 0 in return percentages, 0 in intermediate format
FAIL: g++.dg/gcov/pr16855.C -std=gnu++11 line 21: is #####:should be 1
FAIL: g++.dg/gcov/pr16855.C -std=gnu++14 gcov: 1 failures in line counts, 0 in branch percentages, 0 in return percentages, 0 in intermediate format
FAIL: g++.dg/gcov/pr16855.C -std=gnu++14 line 21: is #####:should be 1
FAIL: g++.dg/gcov/pr16855.C -std=gnu++98 gcov: 1 failures in line counts, 0 in branch percentages, 0 in return percentages, 0 in intermediate format
FAIL: g++.dg/gcov/pr16855.C -std=gnu++98 line 21: is #####:should be 1
=== g++ Summary for unix ===
# of expected passes 113137
# of unexpected failures 12
# of expected failures 506
# of unsupported tests 5242
Running target unix/-m64
FAIL: g++.dg/gcov/pr16855-priority.C -std=gnu++11 gcov: 1 failures in line counts, 0 in branch percentages, 0 in return percentages, 0 in intermediate format
FAIL: g++.dg/gcov/pr16855-priority.C -std=gnu++11 line 22: is #####:should be 1
FAIL: g++.dg/gcov/pr16855-priority.C -std=gnu++14 gcov: 1 failures in line counts, 0 in branch percentages, 0 in return percentages, 0 in intermediate format
FAIL: g++.dg/gcov/pr16855-priority.C -std=gnu++14 line 22: is #####:should be 1
FAIL: g++.dg/gcov/pr16855-priority.C -std=gnu++98 gcov: 1 failures in line counts, 0 in branch percentages, 0 in return percentages, 0 in intermediate format
FAIL: g++.dg/gcov/pr16855-priority.C -std=gnu++98 line 22: is #####:should be 1
FAIL: g++.dg/gcov/pr16855.C -std=gnu++11 gcov: 1 failures in line counts, 0 in branch percentages, 0 in return percentages, 0 in intermediate format
FAIL: g++.dg/gcov/pr16855.C -std=gnu++11 line 21: is #####:should be 1
FAIL: g++.dg/gcov/pr16855.C -std=gnu++14 gcov: 1 failures in line counts, 0 in branch percentages, 0 in return percentages, 0 in intermediate format
FAIL: g++.dg/gcov/pr16855.C -std=gnu++14 line 21: is #####:should be 1
FAIL: g++.dg/gcov/pr16855.C -std=gnu++98 gcov: 1 failures in line counts, 0 in branch percentages, 0 in return percentages, 0 in intermediate format
FAIL: g++.dg/gcov/pr16855.C -std=gnu++98 line 21: is #####:should be 1
=== g++ Summary for unix/-m64 ===
# of expected passes 115034
# of unexpected failures 12
# of expected failures 509
# of unsupported tests 5211
=== g++ Summary ===
# of expected passes 228171
# of unexpected failures 24
# of expected failures 1015
# of unsupported tests 10453
/var/gcc/regression/trunk/11.5-gcc-gas-gld/build/gcc/xg++ version 9.0.0 20180518 (experimental) [trunk revision 260354] (GCC)
=== gcc tests ===
Running target unix
FAIL: gcc.dg/pr68766.c (test for excess errors)
FAIL: gcc.dg/simulate-thread/atomic-other-int.c -O2 -g thread simulation test
FAIL: gcc.dg/simulate-thread/atomic-other-int.c -O3 -g thread simulation test
FAIL: gcc.dg/simulate-thread/speculative-store-4.c -O0 -g thread simulation test
FAIL: gcc.dg/simulate-thread/speculative-store-4.c -O2 -g thread simulation test
FAIL: gcc.dg/simulate-thread/speculative-store-4.c -O3 -g thread simulation test
FAIL: gcc.dg/simulate-thread/speculative-store.c -O0 -g thread simulation test
FAIL: gcc.dg/tree-prof/update-loopch.c scan-tree-dump switchlower1 "Removing basic block"
FAIL: gcc.dg/vect/no-section-anchors-vect-69.c scan-tree-dump-times vect "vectorized 4 loops" 1
=== gcc Summary for unix ===
# of expected passes 102425
# of unexpected failures 9
# of expected failures 476
# of unsupported tests 2782
Running target unix/-m64
FAIL: gcc.dg/pr68766.c (test for excess errors)
FAIL: gcc.dg/tree-prof/update-loopch.c scan-tree-dump switchlower1 "Removing basic block"
FAIL: gcc.dg/vect/no-section-anchors-vect-69.c scan-tree-dump-times vect "vectorized 4 loops" 1
=== gcc Summary for unix/-m64 ===
# of expected passes 103526
# of unexpected failures 3
# of expected failures 466
# of unsupported tests 2547
=== gcc Summary ===
# of expected passes 205951
# of unexpected failures 12
# of expected failures 942
# of unsupported tests 5329
/var/gcc/regression/trunk/11.5-gcc-gas-gld/build/gcc/xgcc version 9.0.0 20180518 (experimental) [trunk revision 260354] (GCC)
=== gfortran tests ===
Running target unix
FAIL: gfortran.dg/elemental_subroutine_3.f90 -O1 (test for excess errors)
FAIL: gfortran.dg/elemental_subroutine_3.f90 -O2 (test for excess errors)
FAIL: gfortran.dg/elemental_subroutine_3.f90 -O3 -fomit-frame-pointer -funroll-loops -fpeel-loops -ftracer -finline-functions (test for excess errors)
FAIL: gfortran.dg/elemental_subroutine_3.f90 -O3 -g (test for excess errors)
FAIL: gfortran.dg/elemental_subroutine_3.f90 -Os (test for excess errors)
=== gfortran Summary for unix ===
# of expected passes 46910
# of unexpected failures 5
# of expected failures 92
# of unsupported tests 262
Running target unix/-m64
FAIL: gfortran.dg/elemental_subroutine_3.f90 -O1 (test for excess errors)
FAIL: gfortran.dg/elemental_subroutine_3.f90 -O2 (test for excess errors)
FAIL: gfortran.dg/elemental_subroutine_3.f90 -O3 -fomit-frame-pointer -funroll-loops -fpeel-loops -ftracer -finline-functions (test for excess errors)
FAIL: gfortran.dg/elemental_subroutine_3.f90 -O3 -g (test for excess errors)
FAIL: gfortran.dg/elemental_subroutine_3.f90 -Os (test for excess errors)
=== gfortran Summary for unix/-m64 ===
# of expected passes 47157
# of unexpected failures 5
# of expected failures 92
# of unsupported tests 141
=== gfortran Summary ===
# of expected passes 94067
# of unexpected failures 10
# of expected failures 184
# of unsupported tests 403
/var/gcc/regression/trunk/11.5-gcc-gas-gld/build/gcc/gfortran version 9.0.0 20180518 (experimental) [trunk revision 260354] (GCC)
=== gnat tests ===
Running target unix
=== gnat Summary for unix ===
# of expected passes 2667
# of expected failures 23
# of unsupported tests 23
Running target unix/-m64
=== gnat Summary for unix/-m64 ===
# of expected passes 2667
# of expected failures 23
# of unsupported tests 23
=== gnat Summary ===
# of expected passes 5334
# of expected failures 46
# of unsupported tests 46
/var/gcc/regression/trunk/11.5-gcc-gas-gld/build/gcc/gnatmake version 9.0.0 20180518 (experimental) [trunk revision 260354]
=== go tests ===
Running target unix
FAIL: ./index0-out.go execution, -O0 -g -fno-var-tracking-assignments
FAIL: go.test/test/fixedbugs/issue4562.go execution, -O2 -g
FAIL: go.test/test/nil.go execution, -O2 -g
=== go Summary for unix ===
# of expected passes 7391
# of unexpected failures 3
# of expected failures 1
# of untested testcases 11
# of unsupported tests 3
Running target unix/-m64
FAIL: ./index0-out.go execution, -O0 -g -fno-var-tracking-assignments
=== go Summary for unix/-m64 ===
# of expected passes 7273
# of unexpected failures 1
# of expected failures 1
# of untested testcases 11
# of unsupported tests 3
=== go Summary ===
# of expected passes 14664
# of unexpected failures 4
# of expected failures 2
# of untested testcases 22
# of unsupported tests 6
/var/gcc/regression/trunk/11.5-gcc-gas-gld/build/gcc/gccgo version 9.0.0 20180518 (experimental) [trunk revision 260354] (GCC)
=== obj-c++ tests ===
Running target unix
=== obj-c++ Summary for unix ===
# of expected passes 1464
# of expected failures 2
# of unsupported tests 77
Running target unix/-m64
=== obj-c++ Summary for unix/-m64 ===
# of expected passes 1456
# of expected failures 10
# of unsupported tests 77
=== obj-c++ Summary ===
# of expected passes 2920
# of expected failures 12
# of unsupported tests 154
/var/gcc/regression/trunk/11.5-gcc-gas-gld/build/gcc/xg++ version 9.0.0 20180518 (experimental) [trunk revision 260354] (GCC)
=== objc tests ===
Running target unix
=== objc Summary for unix ===
# of expected passes 2803
# of unsupported tests 68
Running target unix/-m64
=== objc Summary for unix/-m64 ===
# of expected passes 2803
# of unsupported tests 68
=== objc Summary ===
# of expected passes 5606
# of unsupported tests 136
/var/gcc/regression/trunk/11.5-gcc-gas-gld/build/gcc/xgcc version 9.0.0 20180518 (experimental) [trunk revision 260354] (GCC)
=== gotools tests ===
FAIL: go test cmd/go
FAIL: TestBreakpoint
FAIL: TestCatchPanic
FAIL: TestCgoCCodeSIGPROF
FAIL: TestCgoCallbackGC
FAIL: TestCgoCheckBytes
FAIL: TestCgoCrashHandler
FAIL: TestCgoExecSignalMask
FAIL: TestCgoExternalThreadPanic
FAIL: TestCgoExternalThreadSIGPROF
FAIL: TestCgoExternalThreadSignal
FAIL: TestCgoLockOSThreadExit
FAIL: TestCgoNumGoroutine
FAIL: TestCgoPanicDeadlock
FAIL: TestCgoSignalDeadlock
FAIL: TestCgoTraceback
FAIL: TestCgoTracebackSigpanic
FAIL: TestCrashDumpsAllThreads
FAIL: TestCrashHandler
FAIL: TestEnsureDropM
FAIL: TestGccgoCrashTraceback
FAIL: TestGccgoCrashTracebackNodebug
FAIL: TestPanicInlined
FAIL: TestSelectStackAdjust
FAIL: TestSigStackSwapping
FAIL: go test runtime
FAIL: go test misc/cgo/test
FAIL: TestCompileWithoutShared
FAIL: TestEarlySignalHandler
FAIL: TestInstall
FAIL: TestOsSignal
FAIL: TestPIE
FAIL: TestSIGPROF
FAIL: TestSigaltstack
FAIL: TestSignalForwarding
FAIL: TestSignalForwardingExternal
FAIL: go test misc/cgo/testcarchive
=== gotools Summary ===
# of expected passes 139
# of unexpected failures 37
# of untested testcases 52
/var/gcc/regression/trunk/11.5-gcc-gas-gld/build/./gcc/gccgo version 9.0.0 20180518 (experimental) [trunk revision 260354] (GCC)
=== libatomic tests ===
Running target unix
=== libatomic Summary for unix ===
# of expected passes 44
# of unsupported tests 5
Running target unix/-m64
=== libatomic Summary for unix/-m64 ===
# of expected passes 54
=== libatomic Summary ===
# of expected passes 98
# of unsupported tests 5
=== libffi tests ===
Running target unix
=== libffi Summary for unix ===
# of expected passes 2214
Running target unix/-m64
=== libffi Summary for unix/-m64 ===
# of expected passes 2214
=== libffi Summary ===
# of expected passes 4428
=== libgo tests ===
Running target unix
FAIL: go/build
FAIL: net/http
FAIL: runtime
FAIL: runtime/pprof
=== libgo Summary for unix ===
# of expected passes 159
# of unexpected failures 4
Running target unix/-m64
FAIL: go/build
FAIL: net/http
FAIL: os/signal
=== libgo Summary for unix/-m64 ===
# of expected passes 160
# of unexpected failures 3
=== libgo Summary ===
# of expected passes 319
# of unexpected failures 7
/var/gcc/regression/trunk/11.5-gcc-gas-gld/build/./gcc/gccgo version 9.0.0 20180518 (experimental) [trunk revision 260354] (GCC)
=== libgomp tests ===
Running target unix
=== libgomp Summary for unix ===
# of expected passes 5444
# of expected failures 1
# of unsupported tests 363
Running target unix/-m64
=== libgomp Summary for unix/-m64 ===
# of expected passes 5444
# of expected failures 1
# of unsupported tests 363
=== libgomp Summary ===
# of expected passes 10888
# of expected failures 2
# of unsupported tests 726
=== libitm tests ===
Running target unix
=== libitm Summary for unix ===
# of expected passes 42
# of expected failures 3
# of unsupported tests 1
Running target unix/-m64
=== libitm Summary for unix/-m64 ===
# of expected passes 42
# of expected failures 3
# of unsupported tests 1
=== libitm Summary ===
# of expected passes 84
# of expected failures 6
# of unsupported tests 2
=== libstdc++ tests ===
Running target unix
=== libstdc++ Summary for unix ===
# of expected passes 11352
# of expected failures 74
# of unsupported tests 640
Running target unix/-m64
=== libstdc++ Summary for unix/-m64 ===
# of expected passes 11352
# of expected failures 74
# of unsupported tests 640
=== libstdc++ Summary ===
# of expected passes 22704
# of expected failures 148
# of unsupported tests 1280
Compiler version: 9.0.0 20180518 (experimental) [trunk revision 260354] (GCC)
Platform: sparc-sun-solaris2.11
configure flags: --prefix=/vol/gcc --target=sparc-sun-solaris2.11 --enable-objc-gc --with-target-bdw-gc-include=/vol/gcc/include --with-target-bdw-gc-lib=/vol/gcc/lib,sparcv9=/vol/gcc/lib/sparcv9 --enable-libmudflap --with-as=/vol/gcc/bin/gas-2.30 --with-gnu-as --with-ld=/vol/gcc/bin/gld-2.30 --with-gnu-ld --with-gmp-include=/vol/gcc/include --with-gmp-lib=/vol/gcc/lib --with-mpfr-include=/vol/gcc/include --with-mpfr-lib=/vol/gcc/lib --with-mpc-include=/vol/gcc/include --with-mpc-lib=/vol/gcc/lib --enable-languages=all,ada,obj-c++,go --with-isl-include=/vol/gcc/include --with-isl-lib=/vol/gcc/lib --build=sparc-sun-solaris2.11 --host=sparc-sun-solaris2.11
BOOT_CFLAGS=-g -O2