This is the mail archive of the
gcc-testresults@gcc.gnu.org
mailing list for the GCC project.
Results for 9.0.0 20180504 (experimental) [trunk revision 259929] (GCC) testsuite on i386-pc-solaris2.11
- From: Rainer Orth <ro at CeBiTec dot Uni-Bielefeld dot DE>
- To: gcc-testresults at gcc dot gnu dot org
- Date: Sat, 5 May 2018 15:05:40 +0200 (MEST)
- Subject: Results for 9.0.0 20180504 (experimental) [trunk revision 259929] (GCC) testsuite on i386-pc-solaris2.11
LAST_UPDATED: Fri May 4 09:54:17 UTC 2018 (revision 259929)
=== acats tests ===
FAIL: ad7001c
=== acats Summary ===
# of expected passes 2319
# of unexpected failures 1
Native configuration is i386-pc-solaris2.11
=== g++ tests ===
Running target unix
UNRESOLVED: tmpdir-g++.dg-struct-layout-1/t002 cp_compat_x_tst.o-cp_compat_y_tst.o execute
UNRESOLVED: tmpdir-g++.dg-struct-layout-1/t002 cp_compat_x_tst.o-cp_compat_y_tst.o link
FAIL: tmpdir-g++.dg-struct-layout-1/t002 cp_compat_y_tst.o compile
FAIL: g++.dg/init/cleanup3.C -std=c++11 scan-assembler-not _tcf
FAIL: g++.dg/init/cleanup3.C -std=c++14 scan-assembler-not _tcf
FAIL: g++.dg/init/cleanup3.C -std=c++98 scan-assembler-not _tcf
FAIL: g++.dg/tls/thread_local-order1.C -std=c++11 execution test
FAIL: g++.dg/tls/thread_local-order1.C -std=c++14 execution test
FAIL: g++.dg/tls/thread_local3g.C -std=gnu++11 execution test
FAIL: g++.dg/tls/thread_local3g.C -std=gnu++14 execution test
FAIL: g++.dg/tls/thread_local4g.C -std=gnu++11 execution test
FAIL: g++.dg/tls/thread_local4g.C -std=gnu++14 execution test
FAIL: g++.dg/tls/thread_local5g.C -std=gnu++11 execution test
FAIL: g++.dg/tls/thread_local5g.C -std=gnu++14 execution test
FAIL: g++.dg/tls/thread_local6g.C -std=c++11 execution test
FAIL: g++.dg/tls/thread_local6g.C -std=c++14 execution test
FAIL: g++.old-deja/g++.other/init5.C -std=c++11 execution test
FAIL: g++.old-deja/g++.other/init5.C -std=c++14 execution test
FAIL: g++.old-deja/g++.other/init5.C -std=c++98 execution test
=== g++ Summary for unix ===
# of expected passes 114593
# of unexpected failures 17
# of expected failures 497
# of unresolved testcases 2
# of unsupported tests 4645
Running target unix/-m64
FAIL: g++.dg/init/cleanup3.C -std=c++11 scan-assembler-not _tcf
FAIL: g++.dg/init/cleanup3.C -std=c++14 scan-assembler-not _tcf
FAIL: g++.dg/init/cleanup3.C -std=c++98 scan-assembler-not _tcf
FAIL: g++.dg/pr80481.C -std=gnu++11 scan-assembler-not vmovaps
FAIL: g++.dg/pr80481.C -std=gnu++14 scan-assembler-not vmovaps
FAIL: g++.dg/pr80481.C -std=gnu++98 scan-assembler-not vmovaps
FAIL: g++.dg/tls/thread_local-order1.C -std=c++11 execution test
FAIL: g++.dg/tls/thread_local-order1.C -std=c++14 execution test
FAIL: g++.dg/tls/thread_local3g.C -std=gnu++11 execution test
FAIL: g++.dg/tls/thread_local3g.C -std=gnu++14 execution test
FAIL: g++.dg/tls/thread_local4g.C -std=gnu++11 execution test
FAIL: g++.dg/tls/thread_local4g.C -std=gnu++14 execution test
FAIL: g++.dg/tls/thread_local5g.C -std=gnu++11 execution test
FAIL: g++.dg/tls/thread_local5g.C -std=gnu++14 execution test
FAIL: g++.dg/tls/thread_local6g.C -std=c++11 execution test
FAIL: g++.dg/tls/thread_local6g.C -std=c++14 execution test
FAIL: g++.old-deja/g++.other/init5.C -std=c++11 execution test
FAIL: g++.old-deja/g++.other/init5.C -std=c++14 execution test
FAIL: g++.old-deja/g++.other/init5.C -std=c++98 execution test
=== g++ Summary for unix/-m64 ===
# of expected passes 116091
# of unexpected failures 19
# of expected failures 500
# of unsupported tests 4837
=== g++ Summary ===
# of expected passes 230684
# of unexpected failures 36
# of expected failures 997
# of unresolved testcases 2
# of unsupported tests 9482
/var/gcc/regression/trunk/11-gcc-gas-gld/build/gcc/xg++ version 9.0.0 20180504 (experimental) [trunk revision 259929] (GCC)
=== gcc tests ===
Running target unix
FAIL: gcc.c-torture/compile/20001226-1.c -O1 (test for excess errors)
FAIL: gcc.dg/torture/pr60092.c -O0 execution test
=== gcc Summary for unix ===
# of expected passes 121781
# of unexpected failures 2
# of expected failures 404
# of unsupported tests 2244
Running target unix/-m64
FAIL: gcc.dg/torture/pr60092.c -O0 execution test
=== gcc Summary for unix/-m64 ===
# of expected passes 123527
# of unexpected failures 1
# of expected failures 395
# of unsupported tests 2129
=== gcc Summary ===
# of expected passes 245308
# of unexpected failures 3
# of expected failures 799
# of unsupported tests 4373
/var/gcc/regression/trunk/11-gcc-gas-gld/build/gcc/xgcc version 9.0.0 20180504 (experimental) [trunk revision 259929] (GCC)
=== gfortran tests ===
Running target unix
FAIL: gfortran.dg/alloc_comp_deep_copy_1.f03 -O2 (test for excess errors)
UNRESOLVED: gfortran.dg/alloc_comp_deep_copy_1.f03 -O2 compilation failed to produce executable
FAIL: gfortran.dg/alloc_comp_default_init_2.f90 -Os (test for excess errors)
UNRESOLVED: gfortran.dg/alloc_comp_default_init_2.f90 -Os compilation failed to produce executable
=== gfortran Summary for unix ===
# of expected passes 47018
# of unexpected failures 2
# of expected failures 93
# of unresolved testcases 2
# of unsupported tests 194
Running target unix/-m64
=== gfortran Summary for unix/-m64 ===
# of expected passes 47239
# of expected failures 93
# of unsupported tests 91
=== gfortran Summary ===
# of expected passes 94257
# of unexpected failures 2
# of expected failures 186
# of unresolved testcases 2
# of unsupported tests 285
/var/gcc/regression/trunk/11-gcc-gas-gld/build/gcc/gfortran version 9.0.0 20180504 (experimental) [trunk revision 259929] (GCC)
=== gnat tests ===
Running target unix
FAIL: gnat.dg/conv_bug.adb (test for excess errors)
UNRESOLVED: gnat.dg/conv_bug.adb compilation failed to produce executable
=== gnat Summary for unix ===
# of expected passes 2696
# of unexpected failures 1
# of expected failures 23
# of unresolved testcases 1
# of unsupported tests 7
Running target unix/-m64
=== gnat Summary for unix/-m64 ===
# of expected passes 2698
# of expected failures 23
# of unsupported tests 7
=== gnat Summary ===
# of expected passes 5394
# of unexpected failures 1
# of expected failures 46
# of unresolved testcases 1
# of unsupported tests 14
/var/gcc/regression/trunk/11-gcc-gas-gld/build/gcc/gnatmake version 9.0.0 20180504 (experimental) [trunk revision 259929]
=== obj-c++ tests ===
Running target unix
=== objc tests ===
Running target unix
FAIL: objc/execute/enumeration-1.m compilation, -O1 -fgnu-runtime
UNRESOLVED: objc/execute/enumeration-1.m execution, -O1 -fgnu-runtime
=== objc Summary for unix ===
# of expected passes 2795
# of unexpected failures 1
# of expected failures 6
# of unresolved testcases 1
# of unsupported tests 68
Running target unix/-m64
=== objc Summary for unix/-m64 ===
# of expected passes 2797
# of expected failures 6
# of unsupported tests 68
=== objc Summary ===
# of expected passes 5592
# of unexpected failures 1
# of expected failures 12
# of unresolved testcases 1
# of unsupported tests 136
/var/gcc/regression/trunk/11-gcc-gas-gld/build/gcc/xgcc version 9.0.0 20180504 (experimental) [trunk revision 259929] (GCC)
=== gotools tests ===
FAIL: go test cmd/go
FAIL: TestCgoCrashHandler
FAIL: TestCgoSignalDeadlock
FAIL: TestCrashHandler
FAIL: TestSelectStackAdjust
FAIL: go test runtime
FAIL: Test4029
FAIL: go test misc/cgo/test
FAIL: TestCompileWithoutShared
FAIL: TestEarlySignalHandler
FAIL: TestInstall
FAIL: TestOsSignal
FAIL: TestPIE
FAIL: TestSigaltstack
FAIL: TestSignalForwarding
FAIL: TestSignalForwardingExternal
FAIL: go test misc/cgo/testcarchive
=== gotools Summary ===
# of expected passes 262
# of unexpected failures 17
# of untested testcases 96
/var/gcc/regression/trunk/11-gcc-gas-gld/build/./gcc/gccgo version 9.0.0 20180504 (experimental) [trunk revision 259929] (GCC)
=== libatomic tests ===
Running target unix
=== libatomic Summary for unix ===
# of expected passes 44
# of unsupported tests 5
Running target unix/-m64
=== libatomic Summary for unix/-m64 ===
# of expected passes 54
=== libatomic Summary ===
# of expected passes 98
# of unsupported tests 5
=== libffi tests ===
Running target unix
FAIL: libffi.call/cls_uchar_va.c -W -Wall -Wno-psabi -Os (test for excess errors)
UNRESOLVED: libffi.call/cls_uchar_va.c -W -Wall -Wno-psabi -Os compilation failed to produce executable
=== libffi Summary for unix ===
# of expected passes 2796
# of unexpected failures 1
# of unresolved testcases 1
Running target unix/-m64
=== libffi Summary for unix/-m64 ===
# of expected passes 2214
=== libffi Summary ===
# of expected passes 5010
# of unexpected failures 1
# of unresolved testcases 1
=== libgo tests ===
Running target unix
=== libgo Summary for unix ===
# of expected passes 1
Running target unix/-m64
FAIL: cmd/go/internal/generate
FAIL: go/build
=== libgo Summary for unix/-m64 ===
# of expected passes 161
# of unexpected failures 2
=== libgo Summary ===
# of expected passes 162
# of unexpected failures 2
/var/gcc/regression/trunk/11-gcc-gas-gld/build/./gcc/gccgo version 9.0.0 20180504 (experimental) [trunk revision 259929] (GCC)
=== libgomp tests ===
Running target unix
=== libgomp Summary for unix ===
# of expected passes 5566
# of expected failures 1
# of unsupported tests 302
Running target unix/-m64
=== libgomp Summary for unix/-m64 ===
# of expected passes 5566
# of expected failures 1
# of unsupported tests 302
=== libgomp Summary ===
# of expected passes 11132
# of expected failures 2
# of unsupported tests 604
=== libitm tests ===
Running target unix
=== libitm Summary for unix ===
# of expected passes 42
# of expected failures 3
# of unsupported tests 1
Running target unix/-m64
=== libitm Summary for unix/-m64 ===
# of expected passes 42
# of expected failures 3
# of unsupported tests 1
=== libitm Summary ===
# of expected passes 84
# of expected failures 6
# of unsupported tests 2
=== libstdc++ tests ===
Running target unix
FAIL: 19_diagnostics/runtime_error/what-1.cc (test for excess errors)
UNRESOLVED: 19_diagnostics/runtime_error/what-1.cc compilation failed to produce executable
FAIL: 19_diagnostics/system_error/cons-1.cc (test for excess errors)
UNRESOLVED: 19_diagnostics/system_error/cons-1.cc compilation failed to produce executable
FAIL: 19_diagnostics/system_error/cons_virtual_derivation.cc (test for excess errors)
UNRESOLVED: 19_diagnostics/system_error/cons_virtual_derivation.cc compilation failed to produce executable
FAIL: 20_util/add_pointer/value.cc (test for excess errors)
XPASS: experimental/memory_resource/resource_adaptor.cc execution test
=== libstdc++ Summary for unix ===
# of expected passes 11342
# of unexpected failures 4
# of unexpected successes 1
# of expected failures 71
# of unresolved testcases 3
# of unsupported tests 625
Running target unix/-m64
=== libstdc++ Summary for unix/-m64 ===
# of expected passes 11342
# of expected failures 71
# of unsupported tests 629
=== libstdc++ Summary ===
# of expected passes 22684
# of unexpected failures 4
# of unexpected successes 1
# of expected failures 142
# of unresolved testcases 3
# of unsupported tests 1254
Compiler version: 9.0.0 20180504 (experimental) [trunk revision 259929] (GCC)
Platform: i386-pc-solaris2.11
configure flags: --prefix=/vol/gcc --target=i386-pc-solaris2.11 --enable-objc-gc --with-target-bdw-gc-include=/vol/gcc/include --with-target-bdw-gc-lib=/vol/gcc/lib,amd64=/vol/gcc/lib/amd64 --enable-libmudflap --with-as=/vol/gcc/bin/gas-2.30 --with-gnu-as --with-ld=/vol/gcc/bin/gld-2.30 --with-gnu-ld --with-gmp-include=/vol/gcc/include --with-gmp-lib=/vol/gcc/lib --with-mpfr-include=/vol/gcc/include --with-mpfr-lib=/vol/gcc/lib --with-mpc-include=/vol/gcc/include --with-mpc-lib=/vol/gcc/lib --enable-languages=all,ada,obj-c++,go --with-isl-include=/vol/gcc/include --with-isl-lib=/vol/gcc/lib --build=i386-pc-solaris2.11 --host=i386-pc-solaris2.11
BOOT_CFLAGS=-g -O2