This is the mail archive of the
gcc-testresults@gcc.gnu.org
mailing list for the GCC project.
Results for 9.0.0 20180425 (experimental) [trunk revision 259645] (Debian 20180425-1) testsuite on mipsel-unknown-linux-gnu
- From: Matthias Klose <doko at debian dot org>
- To: gcc-testresults at gcc dot gnu dot org
- Cc: debian-gcc at lists dot debian dot org
- Date: Sun, 29 Apr 2018 17:54:47 +0000
- Subject: Results for 9.0.0 20180425 (experimental) [trunk revision 259645] (Debian 20180425-1) testsuite on mipsel-unknown-linux-gnu
- Reply-to: Matthias Klose <doko at debian dot org>
LAST_UPDATED: Wed Apr 25 12:10:56 UTC 2018 (revision 259645)
=== acats tests ===
=== acats Summary ===
# of expected passes 2320
# of unexpected failures 0
Native configuration is mipsel-unknown-linux-gnu
=== g++ tests ===
Running target unix
FAIL: g++.dg/guality/pr55665.C -O2 line 23 p == 40
FAIL: g++.dg/guality/pr55665.C -O2 line 23 p == 40
FAIL: g++.dg/vect/pr84556.cc -mmsa -std=gnu++11 execution test
FAIL: g++.dg/vect/pr84556.cc -mmsa -std=gnu++11 execution test
FAIL: g++.dg/vect/pr84556.cc -mmsa -std=gnu++14 execution test
FAIL: g++.dg/vect/pr84556.cc -mmsa -std=gnu++14 execution test
FAIL: g++.dg/vect/slp-pr56812.cc -mmsa -std=c++11 (test for warnings, line 17)
FAIL: g++.dg/vect/slp-pr56812.cc -mmsa -std=c++11 (test for warnings, line 17)
FAIL: g++.dg/vect/slp-pr56812.cc -mmsa -std=c++14 (test for warnings, line 17)
FAIL: g++.dg/vect/slp-pr56812.cc -mmsa -std=c++14 (test for warnings, line 17)
FAIL: g++.dg/vect/slp-pr56812.cc -mmsa -std=c++98 (test for warnings, line 17)
FAIL: g++.dg/vect/slp-pr56812.cc -mmsa -std=c++98 (test for warnings, line 17)
=== g++ Summary ===
# of expected passes 226448
# of unexpected failures 12
# of expected failures 1000
# of unsupported tests 10400
/build/gcc-snapshot-LUlV0K/gcc-snapshot-20180425/build/gcc/xg++ version 9.0.0 20180425 (experimental) [trunk revision 259645] (Debian 20180425-1)
=== gcc tests ===
Running target unix
FAIL: gcc.dg/uninit-19.c (test for warnings, line 24)
FAIL: gcc.dg/uninit-19.c (test for warnings, line 24)
FAIL: gcc.dg/uninit-19.c (test for excess errors)
FAIL: gcc.dg/uninit-19.c (test for excess errors)
FAIL: gcc.dg/graphite/scop-19.c scan-tree-dump-times graphite "number of SCoPs: 0" 1
FAIL: gcc.dg/graphite/scop-19.c scan-tree-dump-times graphite "number of SCoPs: 0" 1
XPASS: gcc.dg/guality/example.c -O0 execution test
XPASS: gcc.dg/guality/example.c -O0 execution test
XPASS: gcc.dg/guality/guality.c -O0 execution test
XPASS: gcc.dg/guality/guality.c -O0 execution test
XPASS: gcc.dg/guality/guality.c -O1 execution test
XPASS: gcc.dg/guality/guality.c -O1 execution test
XPASS: gcc.dg/guality/guality.c -O2 execution test
XPASS: gcc.dg/guality/guality.c -O2 execution test
XPASS: gcc.dg/guality/guality.c -O2 -flto -fno-use-linker-plugin -flto-partition=none execution test
XPASS: gcc.dg/guality/guality.c -O2 -flto -fno-use-linker-plugin -flto-partition=none execution test
XPASS: gcc.dg/guality/guality.c -O2 -flto -fuse-linker-plugin -fno-fat-lto-objects execution test
XPASS: gcc.dg/guality/guality.c -O2 -flto -fuse-linker-plugin -fno-fat-lto-objects execution test
XPASS: gcc.dg/guality/guality.c -O3 -g execution test
XPASS: gcc.dg/guality/guality.c -O3 -g execution test
XPASS: gcc.dg/guality/guality.c -Os execution test
XPASS: gcc.dg/guality/guality.c -Os execution test
XPASS: gcc.dg/guality/inline-params.c -O2 execution test
XPASS: gcc.dg/guality/inline-params.c -O2 execution test
XPASS: gcc.dg/guality/inline-params.c -O2 -flto -fno-use-linker-plugin -flto-partition=none execution test
XPASS: gcc.dg/guality/inline-params.c -O2 -flto -fno-use-linker-plugin -flto-partition=none execution test
XPASS: gcc.dg/guality/inline-params.c -O2 -flto -fuse-linker-plugin -fno-fat-lto-objects execution test
XPASS: gcc.dg/guality/inline-params.c -O2 -flto -fuse-linker-plugin -fno-fat-lto-objects execution test
XPASS: gcc.dg/guality/inline-params.c -O3 -g execution test
XPASS: gcc.dg/guality/inline-params.c -O3 -g execution test
XPASS: gcc.dg/guality/inline-params.c -Os execution test
XPASS: gcc.dg/guality/inline-params.c -Os execution test
FAIL: gcc.dg/guality/pr36728-1.c -O1 line 16 y == 2
FAIL: gcc.dg/guality/pr36728-1.c -O1 line 16 y == 2
FAIL: gcc.dg/guality/pr36728-1.c -O2 line 16 arg1 == 1
FAIL: gcc.dg/guality/pr36728-1.c -O2 line 16 arg1 == 1
FAIL: gcc.dg/guality/pr36728-1.c -O2 line 16 arg2 == 2
FAIL: gcc.dg/guality/pr36728-1.c -O2 line 16 arg2 == 2
FAIL: gcc.dg/guality/pr36728-1.c -O2 line 18 arg1 == 1
FAIL: gcc.dg/guality/pr36728-1.c -O2 line 18 arg1 == 1
FAIL: gcc.dg/guality/pr36728-1.c -O2 line 18 arg2 == 2
FAIL: gcc.dg/guality/pr36728-1.c -O2 line 18 arg2 == 2
FAIL: gcc.dg/guality/pr36728-1.c -O2 -flto -fno-use-linker-plugin -flto-partition=none line 16 arg1 == 1
FAIL: gcc.dg/guality/pr36728-1.c -O2 -flto -fno-use-linker-plugin -flto-partition=none line 16 arg1 == 1
FAIL: gcc.dg/guality/pr36728-1.c -O2 -flto -fno-use-linker-plugin -flto-partition=none line 16 arg2 == 2
FAIL: gcc.dg/guality/pr36728-1.c -O2 -flto -fno-use-linker-plugin -flto-partition=none line 16 arg2 == 2
FAIL: gcc.dg/guality/pr36728-1.c -O2 -flto -fno-use-linker-plugin -flto-partition=none line 18 arg1 == 1
FAIL: gcc.dg/guality/pr36728-1.c -O2 -flto -fno-use-linker-plugin -flto-partition=none line 18 arg1 == 1
FAIL: gcc.dg/guality/pr36728-1.c -O2 -flto -fno-use-linker-plugin -flto-partition=none line 18 arg2 == 2
FAIL: gcc.dg/guality/pr36728-1.c -O2 -flto -fno-use-linker-plugin -flto-partition=none line 18 arg2 == 2
FAIL: gcc.dg/guality/pr36728-1.c -O2 -flto -fuse-linker-plugin -fno-fat-lto-objects line 16 arg1 == 1
FAIL: gcc.dg/guality/pr36728-1.c -O2 -flto -fuse-linker-plugin -fno-fat-lto-objects line 16 arg1 == 1
FAIL: gcc.dg/guality/pr36728-1.c -O2 -flto -fuse-linker-plugin -fno-fat-lto-objects line 16 arg2 == 2
FAIL: gcc.dg/guality/pr36728-1.c -O2 -flto -fuse-linker-plugin -fno-fat-lto-objects line 16 arg2 == 2
FAIL: gcc.dg/guality/pr36728-1.c -O2 -flto -fuse-linker-plugin -fno-fat-lto-objects line 16 arg3 == 3
FAIL: gcc.dg/guality/pr36728-1.c -O2 -flto -fuse-linker-plugin -fno-fat-lto-objects line 16 arg3 == 3
FAIL: gcc.dg/guality/pr36728-1.c -O2 -flto -fuse-linker-plugin -fno-fat-lto-objects line 16 arg4 == 4
FAIL: gcc.dg/guality/pr36728-1.c -O2 -flto -fuse-linker-plugin -fno-fat-lto-objects line 16 arg4 == 4
FAIL: gcc.dg/guality/pr36728-1.c -O2 -flto -fuse-linker-plugin -fno-fat-lto-objects line 16 arg5 == 5
FAIL: gcc.dg/guality/pr36728-1.c -O2 -flto -fuse-linker-plugin -fno-fat-lto-objects line 16 arg5 == 5
FAIL: gcc.dg/guality/pr36728-1.c -O2 -flto -fuse-linker-plugin -fno-fat-lto-objects line 16 arg6 == 6
FAIL: gcc.dg/guality/pr36728-1.c -O2 -flto -fuse-linker-plugin -fno-fat-lto-objects line 16 arg6 == 6
FAIL: gcc.dg/guality/pr36728-1.c -O2 -flto -fuse-linker-plugin -fno-fat-lto-objects line 16 arg7 == 30
FAIL: gcc.dg/guality/pr36728-1.c -O2 -flto -fuse-linker-plugin -fno-fat-lto-objects line 16 arg7 == 30
FAIL: gcc.dg/guality/pr36728-1.c -O2 -flto -fuse-linker-plugin -fno-fat-lto-objects line 18 arg1 == 1
FAIL: gcc.dg/guality/pr36728-1.c -O2 -flto -fuse-linker-plugin -fno-fat-lto-objects line 18 arg1 == 1
FAIL: gcc.dg/guality/pr36728-1.c -O2 -flto -fuse-linker-plugin -fno-fat-lto-objects line 18 arg2 == 2
FAIL: gcc.dg/guality/pr36728-1.c -O2 -flto -fuse-linker-plugin -fno-fat-lto-objects line 18 arg2 == 2
FAIL: gcc.dg/guality/pr36728-1.c -O2 -flto -fuse-linker-plugin -fno-fat-lto-objects line 18 arg3 == 3
FAIL: gcc.dg/guality/pr36728-1.c -O2 -flto -fuse-linker-plugin -fno-fat-lto-objects line 18 arg3 == 3
FAIL: gcc.dg/guality/pr36728-1.c -O2 -flto -fuse-linker-plugin -fno-fat-lto-objects line 18 arg4 == 4
FAIL: gcc.dg/guality/pr36728-1.c -O2 -flto -fuse-linker-plugin -fno-fat-lto-objects line 18 arg4 == 4
FAIL: gcc.dg/guality/pr36728-1.c -O2 -flto -fuse-linker-plugin -fno-fat-lto-objects line 18 arg5 == 5
FAIL: gcc.dg/guality/pr36728-1.c -O2 -flto -fuse-linker-plugin -fno-fat-lto-objects line 18 arg5 == 5
FAIL: gcc.dg/guality/pr36728-1.c -O2 -flto -fuse-linker-plugin -fno-fat-lto-objects line 18 arg6 == 6
FAIL: gcc.dg/guality/pr36728-1.c -O2 -flto -fuse-linker-plugin -fno-fat-lto-objects line 18 arg6 == 6
FAIL: gcc.dg/guality/pr36728-1.c -O2 -flto -fuse-linker-plugin -fno-fat-lto-objects line 18 arg7 == 30
FAIL: gcc.dg/guality/pr36728-1.c -O2 -flto -fuse-linker-plugin -fno-fat-lto-objects line 18 arg7 == 30
FAIL: gcc.dg/guality/pr36728-1.c -O3 -g line 16 arg1 == 1
FAIL: gcc.dg/guality/pr36728-1.c -O3 -g line 16 arg1 == 1
FAIL: gcc.dg/guality/pr36728-1.c -O3 -g line 16 arg2 == 2
FAIL: gcc.dg/guality/pr36728-1.c -O3 -g line 16 arg2 == 2
FAIL: gcc.dg/guality/pr36728-1.c -O3 -g line 16 arg3 == 3
FAIL: gcc.dg/guality/pr36728-1.c -O3 -g line 16 arg3 == 3
FAIL: gcc.dg/guality/pr36728-1.c -O3 -g line 16 arg4 == 4
FAIL: gcc.dg/guality/pr36728-1.c -O3 -g line 16 arg4 == 4
FAIL: gcc.dg/guality/pr36728-1.c -O3 -g line 16 arg5 == 5
FAIL: gcc.dg/guality/pr36728-1.c -O3 -g line 16 arg5 == 5
FAIL: gcc.dg/guality/pr36728-1.c -O3 -g line 16 arg6 == 6
FAIL: gcc.dg/guality/pr36728-1.c -O3 -g line 16 arg6 == 6
FAIL: gcc.dg/guality/pr36728-1.c -O3 -g line 16 arg7 == 30
FAIL: gcc.dg/guality/pr36728-1.c -O3 -g line 16 arg7 == 30
FAIL: gcc.dg/guality/pr36728-1.c -O3 -g line 18 arg1 == 1
FAIL: gcc.dg/guality/pr36728-1.c -O3 -g line 18 arg1 == 1
FAIL: gcc.dg/guality/pr36728-1.c -O3 -g line 18 arg2 == 2
FAIL: gcc.dg/guality/pr36728-1.c -O3 -g line 18 arg2 == 2
FAIL: gcc.dg/guality/pr36728-1.c -O3 -g line 18 arg3 == 3
FAIL: gcc.dg/guality/pr36728-1.c -O3 -g line 18 arg3 == 3
FAIL: gcc.dg/guality/pr36728-1.c -O3 -g line 18 arg4 == 4
FAIL: gcc.dg/guality/pr36728-1.c -O3 -g line 18 arg4 == 4
FAIL: gcc.dg/guality/pr36728-1.c -O3 -g line 18 arg5 == 5
FAIL: gcc.dg/guality/pr36728-1.c -O3 -g line 18 arg5 == 5
FAIL: gcc.dg/guality/pr36728-1.c -O3 -g line 18 arg6 == 6
FAIL: gcc.dg/guality/pr36728-1.c -O3 -g line 18 arg6 == 6
FAIL: gcc.dg/guality/pr36728-1.c -O3 -g line 18 arg7 == 30
FAIL: gcc.dg/guality/pr36728-1.c -O3 -g line 18 arg7 == 30
FAIL: gcc.dg/guality/pr36728-1.c -Os line 16 arg1 == 1
FAIL: gcc.dg/guality/pr36728-1.c -Os line 16 arg1 == 1
FAIL: gcc.dg/guality/pr36728-1.c -Os line 16 arg2 == 2
FAIL: gcc.dg/guality/pr36728-1.c -Os line 16 arg2 == 2
FAIL: gcc.dg/guality/pr36728-1.c -Os line 18 arg1 == 1
FAIL: gcc.dg/guality/pr36728-1.c -Os line 18 arg1 == 1
FAIL: gcc.dg/guality/pr36728-1.c -Os line 18 arg2 == 2
FAIL: gcc.dg/guality/pr36728-1.c -Os line 18 arg2 == 2
FAIL: gcc.dg/guality/pr36728-2.c -O2 line 16 arg1 == 1
FAIL: gcc.dg/guality/pr36728-2.c -O2 line 16 arg1 == 1
FAIL: gcc.dg/guality/pr36728-2.c -O2 line 18 arg1 == 1
FAIL: gcc.dg/guality/pr36728-2.c -O2 line 18 arg1 == 1
FAIL: gcc.dg/guality/pr36728-2.c -O2 -flto -fno-use-linker-plugin -flto-partition=none line 16 arg1 == 1
FAIL: gcc.dg/guality/pr36728-2.c -O2 -flto -fno-use-linker-plugin -flto-partition=none line 16 arg1 == 1
FAIL: gcc.dg/guality/pr36728-2.c -O2 -flto -fno-use-linker-plugin -flto-partition=none line 18 arg1 == 1
FAIL: gcc.dg/guality/pr36728-2.c -O2 -flto -fno-use-linker-plugin -flto-partition=none line 18 arg1 == 1
FAIL: gcc.dg/guality/pr36728-2.c -O2 -flto -fuse-linker-plugin -fno-fat-lto-objects line 16 arg1 == 1
FAIL: gcc.dg/guality/pr36728-2.c -O2 -flto -fuse-linker-plugin -fno-fat-lto-objects line 16 arg1 == 1
FAIL: gcc.dg/guality/pr36728-2.c -O2 -flto -fuse-linker-plugin -fno-fat-lto-objects line 16 arg2 == 2
FAIL: gcc.dg/guality/pr36728-2.c -O2 -flto -fuse-linker-plugin -fno-fat-lto-objects line 16 arg2 == 2
FAIL: gcc.dg/guality/pr36728-2.c -O2 -flto -fuse-linker-plugin -fno-fat-lto-objects line 16 arg3 == 3
FAIL: gcc.dg/guality/pr36728-2.c -O2 -flto -fuse-linker-plugin -fno-fat-lto-objects line 16 arg3 == 3
FAIL: gcc.dg/guality/pr36728-2.c -O2 -flto -fuse-linker-plugin -fno-fat-lto-objects line 16 arg4 == 4
FAIL: gcc.dg/guality/pr36728-2.c -O2 -flto -fuse-linker-plugin -fno-fat-lto-objects line 16 arg4 == 4
FAIL: gcc.dg/guality/pr36728-2.c -O2 -flto -fuse-linker-plugin -fno-fat-lto-objects line 16 arg5 == 5
FAIL: gcc.dg/guality/pr36728-2.c -O2 -flto -fuse-linker-plugin -fno-fat-lto-objects line 16 arg5 == 5
FAIL: gcc.dg/guality/pr36728-2.c -O2 -flto -fuse-linker-plugin -fno-fat-lto-objects line 16 arg6 == 6
FAIL: gcc.dg/guality/pr36728-2.c -O2 -flto -fuse-linker-plugin -fno-fat-lto-objects line 16 arg6 == 6
FAIL: gcc.dg/guality/pr36728-2.c -O2 -flto -fuse-linker-plugin -fno-fat-lto-objects line 16 arg7 == 30
FAIL: gcc.dg/guality/pr36728-2.c -O2 -flto -fuse-linker-plugin -fno-fat-lto-objects line 16 arg7 == 30
FAIL: gcc.dg/guality/pr36728-2.c -O2 -flto -fuse-linker-plugin -fno-fat-lto-objects line 18 arg1 == 1
FAIL: gcc.dg/guality/pr36728-2.c -O2 -flto -fuse-linker-plugin -fno-fat-lto-objects line 18 arg1 == 1
FAIL: gcc.dg/guality/pr36728-2.c -O2 -flto -fuse-linker-plugin -fno-fat-lto-objects line 18 arg2 == 2
FAIL: gcc.dg/guality/pr36728-2.c -O2 -flto -fuse-linker-plugin -fno-fat-lto-objects line 18 arg2 == 2
FAIL: gcc.dg/guality/pr36728-2.c -O2 -flto -fuse-linker-plugin -fno-fat-lto-objects line 18 arg3 == 3
FAIL: gcc.dg/guality/pr36728-2.c -O2 -flto -fuse-linker-plugin -fno-fat-lto-objects line 18 arg3 == 3
FAIL: gcc.dg/guality/pr36728-2.c -O2 -flto -fuse-linker-plugin -fno-fat-lto-objects line 18 arg4 == 4
FAIL: gcc.dg/guality/pr36728-2.c -O2 -flto -fuse-linker-plugin -fno-fat-lto-objects line 18 arg4 == 4
FAIL: gcc.dg/guality/pr36728-2.c -O2 -flto -fuse-linker-plugin -fno-fat-lto-objects line 18 arg5 == 5
FAIL: gcc.dg/guality/pr36728-2.c -O2 -flto -fuse-linker-plugin -fno-fat-lto-objects line 18 arg5 == 5
FAIL: gcc.dg/guality/pr36728-2.c -O2 -flto -fuse-linker-plugin -fno-fat-lto-objects line 18 arg6 == 6
FAIL: gcc.dg/guality/pr36728-2.c -O2 -flto -fuse-linker-plugin -fno-fat-lto-objects line 18 arg6 == 6
FAIL: gcc.dg/guality/pr36728-2.c -O2 -flto -fuse-linker-plugin -fno-fat-lto-objects line 18 arg7 == 30
FAIL: gcc.dg/guality/pr36728-2.c -O2 -flto -fuse-linker-plugin -fno-fat-lto-objects line 18 arg7 == 30
FAIL: gcc.dg/guality/pr36728-2.c -O3 -g line 16 arg1 == 1
FAIL: gcc.dg/guality/pr36728-2.c -O3 -g line 16 arg1 == 1
FAIL: gcc.dg/guality/pr36728-2.c -O3 -g line 16 arg2 == 2
FAIL: gcc.dg/guality/pr36728-2.c -O3 -g line 16 arg2 == 2
FAIL: gcc.dg/guality/pr36728-2.c -O3 -g line 16 arg3 == 3
FAIL: gcc.dg/guality/pr36728-2.c -O3 -g line 16 arg3 == 3
FAIL: gcc.dg/guality/pr36728-2.c -O3 -g line 16 arg4 == 4
FAIL: gcc.dg/guality/pr36728-2.c -O3 -g line 16 arg4 == 4
FAIL: gcc.dg/guality/pr36728-2.c -O3 -g line 16 arg5 == 5
FAIL: gcc.dg/guality/pr36728-2.c -O3 -g line 16 arg5 == 5
FAIL: gcc.dg/guality/pr36728-2.c -O3 -g line 16 arg6 == 6
FAIL: gcc.dg/guality/pr36728-2.c -O3 -g line 16 arg6 == 6
FAIL: gcc.dg/guality/pr36728-2.c -O3 -g line 16 arg7 == 30
FAIL: gcc.dg/guality/pr36728-2.c -O3 -g line 16 arg7 == 30
FAIL: gcc.dg/guality/pr36728-2.c -O3 -g line 18 arg1 == 1
FAIL: gcc.dg/guality/pr36728-2.c -O3 -g line 18 arg1 == 1
FAIL: gcc.dg/guality/pr36728-2.c -O3 -g line 18 arg2 == 2
FAIL: gcc.dg/guality/pr36728-2.c -O3 -g line 18 arg2 == 2
FAIL: gcc.dg/guality/pr36728-2.c -O3 -g line 18 arg3 == 3
FAIL: gcc.dg/guality/pr36728-2.c -O3 -g line 18 arg3 == 3
FAIL: gcc.dg/guality/pr36728-2.c -O3 -g line 18 arg4 == 4
FAIL: gcc.dg/guality/pr36728-2.c -O3 -g line 18 arg4 == 4
FAIL: gcc.dg/guality/pr36728-2.c -O3 -g line 18 arg5 == 5
FAIL: gcc.dg/guality/pr36728-2.c -O3 -g line 18 arg5 == 5
FAIL: gcc.dg/guality/pr36728-2.c -O3 -g line 18 arg6 == 6
FAIL: gcc.dg/guality/pr36728-2.c -O3 -g line 18 arg6 == 6
FAIL: gcc.dg/guality/pr36728-2.c -O3 -g line 18 arg7 == 30
FAIL: gcc.dg/guality/pr36728-2.c -O3 -g line 18 arg7 == 30
FAIL: gcc.dg/guality/pr36728-2.c -Os line 16 arg1 == 1
FAIL: gcc.dg/guality/pr36728-2.c -Os line 16 arg1 == 1
FAIL: gcc.dg/guality/pr36728-2.c -Os line 18 arg1 == 1
FAIL: gcc.dg/guality/pr36728-2.c -Os line 18 arg1 == 1
FAIL: gcc.dg/guality/pr36728-3.c -O1 line 14 y == 2
FAIL: gcc.dg/guality/pr36728-3.c -O1 line 14 y == 2
FAIL: gcc.dg/guality/pr36728-3.c -O2 line 14 arg1 == 1
FAIL: gcc.dg/guality/pr36728-3.c -O2 line 14 arg1 == 1
FAIL: gcc.dg/guality/pr36728-3.c -O2 line 16 arg1 == 1
FAIL: gcc.dg/guality/pr36728-3.c -O2 line 16 arg1 == 1
FAIL: gcc.dg/guality/pr36728-3.c -O2 -flto -fno-use-linker-plugin -flto-partition=none line 14 arg1 == 1
FAIL: gcc.dg/guality/pr36728-3.c -O2 -flto -fno-use-linker-plugin -flto-partition=none line 14 arg1 == 1
FAIL: gcc.dg/guality/pr36728-3.c -O2 -flto -fno-use-linker-plugin -flto-partition=none line 16 arg1 == 1
FAIL: gcc.dg/guality/pr36728-3.c -O2 -flto -fno-use-linker-plugin -flto-partition=none line 16 arg1 == 1
FAIL: gcc.dg/guality/pr36728-3.c -O2 -flto -fuse-linker-plugin -fno-fat-lto-objects line 14 arg1 == 1
FAIL: gcc.dg/guality/pr36728-3.c -O2 -flto -fuse-linker-plugin -fno-fat-lto-objects line 14 arg1 == 1
FAIL: gcc.dg/guality/pr36728-3.c -O2 -flto -fuse-linker-plugin -fno-fat-lto-objects line 14 arg2 == 2
FAIL: gcc.dg/guality/pr36728-3.c -O2 -flto -fuse-linker-plugin -fno-fat-lto-objects line 14 arg2 == 2
FAIL: gcc.dg/guality/pr36728-3.c -O2 -flto -fuse-linker-plugin -fno-fat-lto-objects line 14 arg3 == 3
FAIL: gcc.dg/guality/pr36728-3.c -O2 -flto -fuse-linker-plugin -fno-fat-lto-objects line 14 arg3 == 3
FAIL: gcc.dg/guality/pr36728-3.c -O2 -flto -fuse-linker-plugin -fno-fat-lto-objects line 14 arg4 == 4
FAIL: gcc.dg/guality/pr36728-3.c -O2 -flto -fuse-linker-plugin -fno-fat-lto-objects line 14 arg4 == 4
FAIL: gcc.dg/guality/pr36728-3.c -O2 -flto -fuse-linker-plugin -fno-fat-lto-objects line 14 arg5 == 5
FAIL: gcc.dg/guality/pr36728-3.c -O2 -flto -fuse-linker-plugin -fno-fat-lto-objects line 14 arg5 == 5
FAIL: gcc.dg/guality/pr36728-3.c -O2 -flto -fuse-linker-plugin -fno-fat-lto-objects line 14 arg6 == 6
FAIL: gcc.dg/guality/pr36728-3.c -O2 -flto -fuse-linker-plugin -fno-fat-lto-objects line 14 arg6 == 6
FAIL: gcc.dg/guality/pr36728-3.c -O2 -flto -fuse-linker-plugin -fno-fat-lto-objects line 14 arg7 == 30
FAIL: gcc.dg/guality/pr36728-3.c -O2 -flto -fuse-linker-plugin -fno-fat-lto-objects line 14 arg7 == 30
FAIL: gcc.dg/guality/pr36728-3.c -O2 -flto -fuse-linker-plugin -fno-fat-lto-objects line 16 arg1 == 1
FAIL: gcc.dg/guality/pr36728-3.c -O2 -flto -fuse-linker-plugin -fno-fat-lto-objects line 16 arg1 == 1
FAIL: gcc.dg/guality/pr36728-3.c -O2 -flto -fuse-linker-plugin -fno-fat-lto-objects line 16 arg2 == 2
FAIL: gcc.dg/guality/pr36728-3.c -O2 -flto -fuse-linker-plugin -fno-fat-lto-objects line 16 arg2 == 2
FAIL: gcc.dg/guality/pr36728-3.c -O2 -flto -fuse-linker-plugin -fno-fat-lto-objects line 16 arg3 == 3
FAIL: gcc.dg/guality/pr36728-3.c -O2 -flto -fuse-linker-plugin -fno-fat-lto-objects line 16 arg3 == 3
FAIL: gcc.dg/guality/pr36728-3.c -O2 -flto -fuse-linker-plugin -fno-fat-lto-objects line 16 arg4 == 4
FAIL: gcc.dg/guality/pr36728-3.c -O2 -flto -fuse-linker-plugin -fno-fat-lto-objects line 16 arg4 == 4
FAIL: gcc.dg/guality/pr36728-3.c -O2 -flto -fuse-linker-plugin -fno-fat-lto-objects line 16 arg5 == 5
FAIL: gcc.dg/guality/pr36728-3.c -O2 -flto -fuse-linker-plugin -fno-fat-lto-objects line 16 arg5 == 5
FAIL: gcc.dg/guality/pr36728-3.c -O2 -flto -fuse-linker-plugin -fno-fat-lto-objects line 16 arg6 == 6
FAIL: gcc.dg/guality/pr36728-3.c -O2 -flto -fuse-linker-plugin -fno-fat-lto-objects line 16 arg6 == 6
FAIL: gcc.dg/guality/pr36728-3.c -O2 -flto -fuse-linker-plugin -fno-fat-lto-objects line 16 arg7 == 30
FAIL: gcc.dg/guality/pr36728-3.c -O2 -flto -fuse-linker-plugin -fno-fat-lto-objects line 16 arg7 == 30
FAIL: gcc.dg/guality/pr36728-3.c -O3 -g line 14 arg1 == 1
FAIL: gcc.dg/guality/pr36728-3.c -O3 -g line 14 arg1 == 1
FAIL: gcc.dg/guality/pr36728-3.c -O3 -g line 14 arg2 == 2
FAIL: gcc.dg/guality/pr36728-3.c -O3 -g line 14 arg2 == 2
FAIL: gcc.dg/guality/pr36728-3.c -O3 -g line 14 arg3 == 3
FAIL: gcc.dg/guality/pr36728-3.c -O3 -g line 14 arg3 == 3
FAIL: gcc.dg/guality/pr36728-3.c -O3 -g line 14 arg4 == 4
FAIL: gcc.dg/guality/pr36728-3.c -O3 -g line 14 arg4 == 4
FAIL: gcc.dg/guality/pr36728-3.c -O3 -g line 14 arg5 == 5
FAIL: gcc.dg/guality/pr36728-3.c -O3 -g line 14 arg5 == 5
FAIL: gcc.dg/guality/pr36728-3.c -O3 -g line 14 arg6 == 6
FAIL: gcc.dg/guality/pr36728-3.c -O3 -g line 14 arg6 == 6
FAIL: gcc.dg/guality/pr36728-3.c -O3 -g line 14 arg7 == 30
FAIL: gcc.dg/guality/pr36728-3.c -O3 -g line 14 arg7 == 30
FAIL: gcc.dg/guality/pr36728-3.c -O3 -g line 16 arg1 == 1
FAIL: gcc.dg/guality/pr36728-3.c -O3 -g line 16 arg1 == 1
FAIL: gcc.dg/guality/pr36728-3.c -O3 -g line 16 arg2 == 2
FAIL: gcc.dg/guality/pr36728-3.c -O3 -g line 16 arg2 == 2
FAIL: gcc.dg/guality/pr36728-3.c -O3 -g line 16 arg3 == 3
FAIL: gcc.dg/guality/pr36728-3.c -O3 -g line 16 arg3 == 3
FAIL: gcc.dg/guality/pr36728-3.c -O3 -g line 16 arg4 == 4
FAIL: gcc.dg/guality/pr36728-3.c -O3 -g line 16 arg4 == 4
FAIL: gcc.dg/guality/pr36728-3.c -O3 -g line 16 arg5 == 5
FAIL: gcc.dg/guality/pr36728-3.c -O3 -g line 16 arg5 == 5
FAIL: gcc.dg/guality/pr36728-3.c -O3 -g line 16 arg6 == 6
FAIL: gcc.dg/guality/pr36728-3.c -O3 -g line 16 arg6 == 6
FAIL: gcc.dg/guality/pr36728-3.c -O3 -g line 16 arg7 == 30
FAIL: gcc.dg/guality/pr36728-3.c -O3 -g line 16 arg7 == 30
FAIL: gcc.dg/guality/pr36728-3.c -Os line 14 arg1 == 1
FAIL: gcc.dg/guality/pr36728-3.c -Os line 14 arg1 == 1
FAIL: gcc.dg/guality/pr36728-3.c -Os line 16 arg1 == 1
FAIL: gcc.dg/guality/pr36728-3.c -Os line 16 arg1 == 1
XPASS: gcc.dg/guality/pr41353-1.c -O0 line 28 j == 28 + 37
XPASS: gcc.dg/guality/pr41353-1.c -O0 line 28 j == 28 + 37
FAIL: gcc.dg/guality/pr41447-1.c -O3 -g execution test
FAIL: gcc.dg/guality/pr41447-1.c -O3 -g execution test
FAIL: gcc.dg/guality/pr45882.c -O2 -flto -fuse-linker-plugin -fno-fat-lto-objects line 16 d == 112
FAIL: gcc.dg/guality/pr45882.c -O2 -flto -fuse-linker-plugin -fno-fat-lto-objects line 16 d == 112
FAIL: gcc.dg/guality/pr45882.c -O2 -flto -fuse-linker-plugin -fno-fat-lto-objects line 16 e == 142
FAIL: gcc.dg/guality/pr45882.c -O2 -flto -fuse-linker-plugin -fno-fat-lto-objects line 16 e == 142
FAIL: gcc.dg/guality/pr54200.c -O2 line 20 z == 3
FAIL: gcc.dg/guality/pr54200.c -O2 line 20 z == 3
FAIL: gcc.dg/guality/pr54200.c -O2 -flto -fno-use-linker-plugin -flto-partition=none line 20 z == 3
FAIL: gcc.dg/guality/pr54200.c -O2 -flto -fno-use-linker-plugin -flto-partition=none line 20 z == 3
FAIL: gcc.dg/guality/pr54200.c -O3 -g line 20 z == 3
FAIL: gcc.dg/guality/pr54200.c -O3 -g line 20 z == 3
FAIL: gcc.dg/guality/pr54200.c -Os line 20 z == 3
FAIL: gcc.dg/guality/pr54200.c -Os line 20 z == 3
FAIL: gcc.dg/guality/pr54519-1.c -O2 -flto -fno-use-linker-plugin -flto-partition=none line 20 y == 25
FAIL: gcc.dg/guality/pr54519-1.c -O2 -flto -fno-use-linker-plugin -flto-partition=none line 20 y == 25
FAIL: gcc.dg/guality/pr54519-1.c -O2 -flto -fno-use-linker-plugin -flto-partition=none line 20 z == 6
FAIL: gcc.dg/guality/pr54519-1.c -O2 -flto -fno-use-linker-plugin -flto-partition=none line 20 z == 6
FAIL: gcc.dg/guality/pr54519-1.c -O2 -flto -fno-use-linker-plugin -flto-partition=none line 23 y == 117
FAIL: gcc.dg/guality/pr54519-1.c -O2 -flto -fno-use-linker-plugin -flto-partition=none line 23 y == 117
FAIL: gcc.dg/guality/pr54519-1.c -O2 -flto -fno-use-linker-plugin -flto-partition=none line 23 z == 8
FAIL: gcc.dg/guality/pr54519-1.c -O2 -flto -fno-use-linker-plugin -flto-partition=none line 23 z == 8
FAIL: gcc.dg/guality/pr54519-2.c -O2 line 17 y == 25
FAIL: gcc.dg/guality/pr54519-2.c -O2 line 17 y == 25
FAIL: gcc.dg/guality/pr54519-2.c -O2 -flto -fno-use-linker-plugin -flto-partition=none line 17 y == 25
FAIL: gcc.dg/guality/pr54519-2.c -O2 -flto -fno-use-linker-plugin -flto-partition=none line 17 y == 25
FAIL: gcc.dg/guality/pr54519-2.c -O2 -flto -fuse-linker-plugin -fno-fat-lto-objects line 17 y == 25
FAIL: gcc.dg/guality/pr54519-2.c -O2 -flto -fuse-linker-plugin -fno-fat-lto-objects line 17 y == 25
FAIL: gcc.dg/guality/pr54519-3.c -O2 -flto -fno-use-linker-plugin -flto-partition=none line 20 y == 25
FAIL: gcc.dg/guality/pr54519-3.c -O2 -flto -fno-use-linker-plugin -flto-partition=none line 20 y == 25
FAIL: gcc.dg/guality/pr54519-3.c -O2 -flto -fno-use-linker-plugin -flto-partition=none line 20 z == 6
FAIL: gcc.dg/guality/pr54519-3.c -O2 -flto -fno-use-linker-plugin -flto-partition=none line 20 z == 6
FAIL: gcc.dg/guality/pr54519-3.c -O2 -flto -fno-use-linker-plugin -flto-partition=none line 23 y == 117
FAIL: gcc.dg/guality/pr54519-3.c -O2 -flto -fno-use-linker-plugin -flto-partition=none line 23 y == 117
FAIL: gcc.dg/guality/pr54519-3.c -O2 -flto -fno-use-linker-plugin -flto-partition=none line 23 z == 8
FAIL: gcc.dg/guality/pr54519-3.c -O2 -flto -fno-use-linker-plugin -flto-partition=none line 23 z == 8
FAIL: gcc.dg/guality/pr54519-3.c -O2 -flto -fuse-linker-plugin -fno-fat-lto-objects line 20 y == 25
FAIL: gcc.dg/guality/pr54519-3.c -O2 -flto -fuse-linker-plugin -fno-fat-lto-objects line 20 y == 25
FAIL: gcc.dg/guality/pr54519-3.c -O2 -flto -fuse-linker-plugin -fno-fat-lto-objects line 20 z == 6
FAIL: gcc.dg/guality/pr54519-3.c -O2 -flto -fuse-linker-plugin -fno-fat-lto-objects line 20 z == 6
FAIL: gcc.dg/guality/pr54519-3.c -O2 -flto -fuse-linker-plugin -fno-fat-lto-objects line 23 y == 117
FAIL: gcc.dg/guality/pr54519-3.c -O2 -flto -fuse-linker-plugin -fno-fat-lto-objects line 23 y == 117
FAIL: gcc.dg/guality/pr54519-3.c -O2 -flto -fuse-linker-plugin -fno-fat-lto-objects line 23 z == 8
FAIL: gcc.dg/guality/pr54519-3.c -O2 -flto -fuse-linker-plugin -fno-fat-lto-objects line 23 z == 8
FAIL: gcc.dg/guality/pr54519-4.c -O2 -flto -fno-use-linker-plugin -flto-partition=none line 17 y == 25
FAIL: gcc.dg/guality/pr54519-4.c -O2 -flto -fno-use-linker-plugin -flto-partition=none line 17 y == 25
FAIL: gcc.dg/guality/pr54519-4.c -O2 -flto -fuse-linker-plugin -fno-fat-lto-objects line 17 y == 25
FAIL: gcc.dg/guality/pr54519-4.c -O2 -flto -fuse-linker-plugin -fno-fat-lto-objects line 17 y == 25
FAIL: gcc.dg/guality/pr54519-5.c -O2 line 17 y == 25
FAIL: gcc.dg/guality/pr54519-5.c -O2 line 17 y == 25
FAIL: gcc.dg/guality/pr54519-5.c -O2 -flto -fno-use-linker-plugin -flto-partition=none line 17 y == 25
FAIL: gcc.dg/guality/pr54519-5.c -O2 -flto -fno-use-linker-plugin -flto-partition=none line 17 y == 25
FAIL: gcc.dg/guality/pr54519-5.c -O2 -flto -fuse-linker-plugin -fno-fat-lto-objects line 17 y == 25
FAIL: gcc.dg/guality/pr54519-5.c -O2 -flto -fuse-linker-plugin -fno-fat-lto-objects line 17 y == 25
FAIL: gcc.dg/guality/pr54519-5.c -Os line 17 y == 25
FAIL: gcc.dg/guality/pr54519-5.c -Os line 17 y == 25
FAIL: gcc.dg/guality/pr54693-2.c -O2 line 21 y == 20 - 2 * i
FAIL: gcc.dg/guality/pr54693-2.c -O2 line 21 y == 20 - 2 * i
FAIL: gcc.dg/guality/pr54693-2.c -O2 -flto -fno-use-linker-plugin -flto-partition=none line 21 y == 20 - 2 * i
FAIL: gcc.dg/guality/pr54693-2.c -O2 -flto -fno-use-linker-plugin -flto-partition=none line 21 y == 20 - 2 * i
FAIL: gcc.dg/guality/pr54693-2.c -O2 -flto -fuse-linker-plugin -fno-fat-lto-objects line 21 y == 20 - 2 * i
FAIL: gcc.dg/guality/pr54693-2.c -O2 -flto -fuse-linker-plugin -fno-fat-lto-objects line 21 y == 20 - 2 * i
FAIL: gcc.dg/guality/pr54693-2.c -O2 -flto -fuse-linker-plugin -fno-fat-lto-objects line 21 z == 30 - 3 * i
FAIL: gcc.dg/guality/pr54693-2.c -O2 -flto -fuse-linker-plugin -fno-fat-lto-objects line 21 z == 30 - 3 * i
FAIL: gcc.dg/guality/pr54693-2.c -O3 -fomit-frame-pointer -funroll-loops -fpeel-loops -ftracer -finline-functions line 21 y == 20 - 2 * i
FAIL: gcc.dg/guality/pr54693-2.c -O3 -fomit-frame-pointer -funroll-loops -fpeel-loops -ftracer -finline-functions line 21 y == 20 - 2 * i
FAIL: gcc.dg/guality/pr54693-2.c -O3 -g line 21 y == 20 - 2 * i
FAIL: gcc.dg/guality/pr54693-2.c -O3 -g line 21 y == 20 - 2 * i
FAIL: gcc.dg/guality/pr54693-2.c -Os line 21 x == 10 - i
FAIL: gcc.dg/guality/pr54693-2.c -Os line 21 x == 10 - i
FAIL: gcc.dg/guality/pr54693-2.c -Os line 21 y == 20 - 2 * i
FAIL: gcc.dg/guality/pr54693-2.c -Os line 21 y == 20 - 2 * i
FAIL: gcc.dg/guality/pr54693-2.c -Os line 21 z == 30 - 3 * i
FAIL: gcc.dg/guality/pr54693-2.c -Os line 21 z == 30 - 3 * i
FAIL: gcc.dg/guality/pr54796.c -O2 line 17 a == 5
FAIL: gcc.dg/guality/pr54796.c -O2 line 17 a == 5
FAIL: gcc.dg/guality/pr54796.c -O2 line 17 b == 6
FAIL: gcc.dg/guality/pr54796.c -O2 line 17 b == 6
FAIL: gcc.dg/guality/pr54796.c -O2 line 17 c == 5
FAIL: gcc.dg/guality/pr54796.c -O2 line 17 c == 5
FAIL: gcc.dg/guality/pr54796.c -O2 -flto -fno-use-linker-plugin -flto-partition=none line 17 a == 5
FAIL: gcc.dg/guality/pr54796.c -O2 -flto -fno-use-linker-plugin -flto-partition=none line 17 a == 5
FAIL: gcc.dg/guality/pr54796.c -O2 -flto -fno-use-linker-plugin -flto-partition=none line 17 b == 6
FAIL: gcc.dg/guality/pr54796.c -O2 -flto -fno-use-linker-plugin -flto-partition=none line 17 b == 6
FAIL: gcc.dg/guality/pr54796.c -O2 -flto -fno-use-linker-plugin -flto-partition=none line 17 c == 5
FAIL: gcc.dg/guality/pr54796.c -O2 -flto -fno-use-linker-plugin -flto-partition=none line 17 c == 5
FAIL: gcc.dg/guality/pr54796.c -O2 -flto -fuse-linker-plugin -fno-fat-lto-objects line 17 a == 5
FAIL: gcc.dg/guality/pr54796.c -O2 -flto -fuse-linker-plugin -fno-fat-lto-objects line 17 a == 5
FAIL: gcc.dg/guality/pr54796.c -O2 -flto -fuse-linker-plugin -fno-fat-lto-objects line 17 b == 6
FAIL: gcc.dg/guality/pr54796.c -O2 -flto -fuse-linker-plugin -fno-fat-lto-objects line 17 b == 6
FAIL: gcc.dg/guality/pr54796.c -O2 -flto -fuse-linker-plugin -fno-fat-lto-objects line 17 c == 5
FAIL: gcc.dg/guality/pr54796.c -O2 -flto -fuse-linker-plugin -fno-fat-lto-objects line 17 c == 5
FAIL: gcc.dg/guality/pr54796.c -O3 -g line 17 a == 5
FAIL: gcc.dg/guality/pr54796.c -O3 -g line 17 a == 5
FAIL: gcc.dg/guality/pr54796.c -O3 -g line 17 b == 6
FAIL: gcc.dg/guality/pr54796.c -O3 -g line 17 b == 6
FAIL: gcc.dg/guality/pr54796.c -O3 -g line 17 c == 5
FAIL: gcc.dg/guality/pr54796.c -O3 -g line 17 c == 5
FAIL: gcc.dg/guality/pr54796.c -Os line 17 a == 5
FAIL: gcc.dg/guality/pr54796.c -Os line 17 a == 5
FAIL: gcc.dg/guality/pr54796.c -Os line 17 b == 6
FAIL: gcc.dg/guality/pr54796.c -Os line 17 b == 6
FAIL: gcc.dg/guality/pr54796.c -Os line 17 c == 5
FAIL: gcc.dg/guality/pr54796.c -Os line 17 c == 5
XPASS: gcc.dg/guality/pr54970.c -O0 line 31 a[0] == 4
XPASS: gcc.dg/guality/pr54970.c -O0 line 31 a[0] == 4
XPASS: gcc.dg/guality/pr54970.c -O0 line 36 a[0] == 4
XPASS: gcc.dg/guality/pr54970.c -O0 line 36 a[0] == 4
XPASS: gcc.dg/guality/pr54970.c -O0 line 45 a[0] == 4
XPASS: gcc.dg/guality/pr54970.c -O0 line 45 a[0] == 4
XPASS: gcc.dg/guality/pr54970.c -O0 line 45 p[-2] == 4
XPASS: gcc.dg/guality/pr54970.c -O0 line 45 p[-2] == 4
XPASS: gcc.dg/guality/pr54970.c -O0 line 45 q[-1] == 4
XPASS: gcc.dg/guality/pr54970.c -O0 line 45 q[-1] == 4
FAIL: gcc.dg/guality/pr68860-1.c -O2 line 14 arg1 == 1
FAIL: gcc.dg/guality/pr68860-1.c -O2 line 14 arg1 == 1
FAIL: gcc.dg/guality/pr68860-1.c -O2 line 14 arg2 == 2
FAIL: gcc.dg/guality/pr68860-1.c -O2 line 14 arg2 == 2
FAIL: gcc.dg/guality/pr68860-1.c -O2 line 14 arg3 == 3
FAIL: gcc.dg/guality/pr68860-1.c -O2 line 14 arg3 == 3
FAIL: gcc.dg/guality/pr68860-1.c -O2 line 14 arg4 == 4
FAIL: gcc.dg/guality/pr68860-1.c -O2 line 14 arg4 == 4
FAIL: gcc.dg/guality/pr68860-1.c -O2 line 14 arg5 == 5
FAIL: gcc.dg/guality/pr68860-1.c -O2 line 14 arg5 == 5
FAIL: gcc.dg/guality/pr68860-1.c -O2 line 14 arg6 == 6
FAIL: gcc.dg/guality/pr68860-1.c -O2 line 14 arg6 == 6
FAIL: gcc.dg/guality/pr68860-1.c -O2 line 14 arg7 == 30
FAIL: gcc.dg/guality/pr68860-1.c -O2 line 14 arg7 == 30
FAIL: gcc.dg/guality/pr68860-1.c -O2 line 16 arg1 == 1
FAIL: gcc.dg/guality/pr68860-1.c -O2 line 16 arg1 == 1
FAIL: gcc.dg/guality/pr68860-1.c -O2 line 16 arg2 == 2
FAIL: gcc.dg/guality/pr68860-1.c -O2 line 16 arg2 == 2
FAIL: gcc.dg/guality/pr68860-1.c -O2 line 16 arg3 == 3
FAIL: gcc.dg/guality/pr68860-1.c -O2 line 16 arg3 == 3
FAIL: gcc.dg/guality/pr68860-1.c -O2 line 16 arg4 == 4
FAIL: gcc.dg/guality/pr68860-1.c -O2 line 16 arg4 == 4
FAIL: gcc.dg/guality/pr68860-1.c -O2 line 16 arg5 == 5
FAIL: gcc.dg/guality/pr68860-1.c -O2 line 16 arg5 == 5
FAIL: gcc.dg/guality/pr68860-1.c -O2 line 16 arg6 == 6
FAIL: gcc.dg/guality/pr68860-1.c -O2 line 16 arg6 == 6
FAIL: gcc.dg/guality/pr68860-1.c -O2 line 16 arg7 == 30
FAIL: gcc.dg/guality/pr68860-1.c -O2 line 16 arg7 == 30
FAIL: gcc.dg/guality/pr68860-1.c -O2 -flto -fno-use-linker-plugin -flto-partition=none line 14 arg1 == 1
FAIL: gcc.dg/guality/pr68860-1.c -O2 -flto -fno-use-linker-plugin -flto-partition=none line 14 arg1 == 1
FAIL: gcc.dg/guality/pr68860-1.c -O2 -flto -fno-use-linker-plugin -flto-partition=none line 14 arg2 == 2
FAIL: gcc.dg/guality/pr68860-1.c -O2 -flto -fno-use-linker-plugin -flto-partition=none line 14 arg2 == 2
FAIL: gcc.dg/guality/pr68860-1.c -O2 -flto -fno-use-linker-plugin -flto-partition=none line 14 arg3 == 3
FAIL: gcc.dg/guality/pr68860-1.c -O2 -flto -fno-use-linker-plugin -flto-partition=none line 14 arg3 == 3
FAIL: gcc.dg/guality/pr68860-1.c -O2 -flto -fno-use-linker-plugin -flto-partition=none line 14 arg4 == 4
FAIL: gcc.dg/guality/pr68860-1.c -O2 -flto -fno-use-linker-plugin -flto-partition=none line 14 arg4 == 4
FAIL: gcc.dg/guality/pr68860-1.c -O2 -flto -fno-use-linker-plugin -flto-partition=none line 14 arg5 == 5
FAIL: gcc.dg/guality/pr68860-1.c -O2 -flto -fno-use-linker-plugin -flto-partition=none line 14 arg5 == 5
FAIL: gcc.dg/guality/pr68860-1.c -O2 -flto -fno-use-linker-plugin -flto-partition=none line 14 arg6 == 6
FAIL: gcc.dg/guality/pr68860-1.c -O2 -flto -fno-use-linker-plugin -flto-partition=none line 14 arg6 == 6
FAIL: gcc.dg/guality/pr68860-1.c -O2 -flto -fno-use-linker-plugin -flto-partition=none line 14 arg7 == 30
FAIL: gcc.dg/guality/pr68860-1.c -O2 -flto -fno-use-linker-plugin -flto-partition=none line 14 arg7 == 30
FAIL: gcc.dg/guality/pr68860-1.c -O2 -flto -fno-use-linker-plugin -flto-partition=none line 16 arg1 == 1
FAIL: gcc.dg/guality/pr68860-1.c -O2 -flto -fno-use-linker-plugin -flto-partition=none line 16 arg1 == 1
FAIL: gcc.dg/guality/pr68860-1.c -O2 -flto -fno-use-linker-plugin -flto-partition=none line 16 arg2 == 2
FAIL: gcc.dg/guality/pr68860-1.c -O2 -flto -fno-use-linker-plugin -flto-partition=none line 16 arg2 == 2
FAIL: gcc.dg/guality/pr68860-1.c -O2 -flto -fno-use-linker-plugin -flto-partition=none line 16 arg3 == 3
FAIL: gcc.dg/guality/pr68860-1.c -O2 -flto -fno-use-linker-plugin -flto-partition=none line 16 arg3 == 3
FAIL: gcc.dg/guality/pr68860-1.c -O2 -flto -fno-use-linker-plugin -flto-partition=none line 16 arg4 == 4
FAIL: gcc.dg/guality/pr68860-1.c -O2 -flto -fno-use-linker-plugin -flto-partition=none line 16 arg4 == 4
FAIL: gcc.dg/guality/pr68860-1.c -O2 -flto -fno-use-linker-plugin -flto-partition=none line 16 arg5 == 5
FAIL: gcc.dg/guality/pr68860-1.c -O2 -flto -fno-use-linker-plugin -flto-partition=none line 16 arg5 == 5
FAIL: gcc.dg/guality/pr68860-1.c -O2 -flto -fno-use-linker-plugin -flto-partition=none line 16 arg6 == 6
FAIL: gcc.dg/guality/pr68860-1.c -O2 -flto -fno-use-linker-plugin -flto-partition=none line 16 arg6 == 6
FAIL: gcc.dg/guality/pr68860-1.c -O2 -flto -fno-use-linker-plugin -flto-partition=none line 16 arg7 == 30
FAIL: gcc.dg/guality/pr68860-1.c -O2 -flto -fno-use-linker-plugin -flto-partition=none line 16 arg7 == 30
FAIL: gcc.dg/guality/pr68860-1.c -O2 -flto -fuse-linker-plugin -fno-fat-lto-objects line 14 arg1 == 1
FAIL: gcc.dg/guality/pr68860-1.c -O2 -flto -fuse-linker-plugin -fno-fat-lto-objects line 14 arg1 == 1
FAIL: gcc.dg/guality/pr68860-1.c -O2 -flto -fuse-linker-plugin -fno-fat-lto-objects line 14 arg2 == 2
FAIL: gcc.dg/guality/pr68860-1.c -O2 -flto -fuse-linker-plugin -fno-fat-lto-objects line 14 arg2 == 2
FAIL: gcc.dg/guality/pr68860-1.c -O2 -flto -fuse-linker-plugin -fno-fat-lto-objects line 14 arg3 == 3
FAIL: gcc.dg/guality/pr68860-1.c -O2 -flto -fuse-linker-plugin -fno-fat-lto-objects line 14 arg3 == 3
FAIL: gcc.dg/guality/pr68860-1.c -O2 -flto -fuse-linker-plugin -fno-fat-lto-objects line 14 arg4 == 4
FAIL: gcc.dg/guality/pr68860-1.c -O2 -flto -fuse-linker-plugin -fno-fat-lto-objects line 14 arg4 == 4
FAIL: gcc.dg/guality/pr68860-1.c -O2 -flto -fuse-linker-plugin -fno-fat-lto-objects line 14 arg5 == 5
FAIL: gcc.dg/guality/pr68860-1.c -O2 -flto -fuse-linker-plugin -fno-fat-lto-objects line 14 arg5 == 5
FAIL: gcc.dg/guality/pr68860-1.c -O2 -flto -fuse-linker-plugin -fno-fat-lto-objects line 14 arg6 == 6
FAIL: gcc.dg/guality/pr68860-1.c -O2 -flto -fuse-linker-plugin -fno-fat-lto-objects line 14 arg6 == 6
FAIL: gcc.dg/guality/pr68860-1.c -O2 -flto -fuse-linker-plugin -fno-fat-lto-objects line 14 arg7 == 30
FAIL: gcc.dg/guality/pr68860-1.c -O2 -flto -fuse-linker-plugin -fno-fat-lto-objects line 14 arg7 == 30
FAIL: gcc.dg/guality/pr68860-1.c -O2 -flto -fuse-linker-plugin -fno-fat-lto-objects line 16 arg1 == 1
FAIL: gcc.dg/guality/pr68860-1.c -O2 -flto -fuse-linker-plugin -fno-fat-lto-objects line 16 arg1 == 1
FAIL: gcc.dg/guality/pr68860-1.c -O2 -flto -fuse-linker-plugin -fno-fat-lto-objects line 16 arg2 == 2
FAIL: gcc.dg/guality/pr68860-1.c -O2 -flto -fuse-linker-plugin -fno-fat-lto-objects line 16 arg2 == 2
FAIL: gcc.dg/guality/pr68860-1.c -O2 -flto -fuse-linker-plugin -fno-fat-lto-objects line 16 arg3 == 3
FAIL: gcc.dg/guality/pr68860-1.c -O2 -flto -fuse-linker-plugin -fno-fat-lto-objects line 16 arg3 == 3
FAIL: gcc.dg/guality/pr68860-1.c -O2 -flto -fuse-linker-plugin -fno-fat-lto-objects line 16 arg4 == 4
FAIL: gcc.dg/guality/pr68860-1.c -O2 -flto -fuse-linker-plugin -fno-fat-lto-objects line 16 arg4 == 4
FAIL: gcc.dg/guality/pr68860-1.c -O2 -flto -fuse-linker-plugin -fno-fat-lto-objects line 16 arg5 == 5
FAIL: gcc.dg/guality/pr68860-1.c -O2 -flto -fuse-linker-plugin -fno-fat-lto-objects line 16 arg5 == 5
FAIL: gcc.dg/guality/pr68860-1.c -O2 -flto -fuse-linker-plugin -fno-fat-lto-objects line 16 arg6 == 6
FAIL: gcc.dg/guality/pr68860-1.c -O2 -flto -fuse-linker-plugin -fno-fat-lto-objects line 16 arg6 == 6
FAIL: gcc.dg/guality/pr68860-1.c -O2 -flto -fuse-linker-plugin -fno-fat-lto-objects line 16 arg7 == 30
FAIL: gcc.dg/guality/pr68860-1.c -O2 -flto -fuse-linker-plugin -fno-fat-lto-objects line 16 arg7 == 30
FAIL: gcc.dg/guality/pr68860-1.c -O3 -g line 14 arg1 == 1
FAIL: gcc.dg/guality/pr68860-1.c -O3 -g line 14 arg1 == 1
FAIL: gcc.dg/guality/pr68860-1.c -O3 -g line 14 arg2 == 2
FAIL: gcc.dg/guality/pr68860-1.c -O3 -g line 14 arg2 == 2
FAIL: gcc.dg/guality/pr68860-1.c -O3 -g line 14 arg3 == 3
FAIL: gcc.dg/guality/pr68860-1.c -O3 -g line 14 arg3 == 3
FAIL: gcc.dg/guality/pr68860-1.c -O3 -g line 14 arg4 == 4
FAIL: gcc.dg/guality/pr68860-1.c -O3 -g line 14 arg4 == 4
FAIL: gcc.dg/guality/pr68860-1.c -O3 -g line 14 arg5 == 5
FAIL: gcc.dg/guality/pr68860-1.c -O3 -g line 14 arg5 == 5
FAIL: gcc.dg/guality/pr68860-1.c -O3 -g line 14 arg6 == 6
FAIL: gcc.dg/guality/pr68860-1.c -O3 -g line 14 arg6 == 6
FAIL: gcc.dg/guality/pr68860-1.c -O3 -g line 14 arg7 == 30
FAIL: gcc.dg/guality/pr68860-1.c -O3 -g line 14 arg7 == 30
FAIL: gcc.dg/guality/pr68860-1.c -O3 -g line 16 arg1 == 1
FAIL: gcc.dg/guality/pr68860-1.c -O3 -g line 16 arg1 == 1
FAIL: gcc.dg/guality/pr68860-1.c -O3 -g line 16 arg2 == 2
FAIL: gcc.dg/guality/pr68860-1.c -O3 -g line 16 arg2 == 2
FAIL: gcc.dg/guality/pr68860-1.c -O3 -g line 16 arg3 == 3
FAIL: gcc.dg/guality/pr68860-1.c -O3 -g line 16 arg3 == 3
FAIL: gcc.dg/guality/pr68860-1.c -O3 -g line 16 arg4 == 4
FAIL: gcc.dg/guality/pr68860-1.c -O3 -g line 16 arg4 == 4
FAIL: gcc.dg/guality/pr68860-1.c -O3 -g line 16 arg5 == 5
FAIL: gcc.dg/guality/pr68860-1.c -O3 -g line 16 arg5 == 5
FAIL: gcc.dg/guality/pr68860-1.c -O3 -g line 16 arg6 == 6
FAIL: gcc.dg/guality/pr68860-1.c -O3 -g line 16 arg6 == 6
FAIL: gcc.dg/guality/pr68860-1.c -O3 -g line 16 arg7 == 30
FAIL: gcc.dg/guality/pr68860-1.c -O3 -g line 16 arg7 == 30
FAIL: gcc.dg/guality/pr68860-1.c -Os line 14 arg1 == 1
FAIL: gcc.dg/guality/pr68860-1.c -Os line 14 arg1 == 1
FAIL: gcc.dg/guality/pr68860-1.c -Os line 14 arg2 == 2
FAIL: gcc.dg/guality/pr68860-1.c -Os line 14 arg2 == 2
FAIL: gcc.dg/guality/pr68860-1.c -Os line 14 arg3 == 3
FAIL: gcc.dg/guality/pr68860-1.c -Os line 14 arg3 == 3
FAIL: gcc.dg/guality/pr68860-1.c -Os line 14 arg4 == 4
FAIL: gcc.dg/guality/pr68860-1.c -Os line 14 arg4 == 4
FAIL: gcc.dg/guality/pr68860-1.c -Os line 14 arg5 == 5
FAIL: gcc.dg/guality/pr68860-1.c -Os line 14 arg5 == 5
FAIL: gcc.dg/guality/pr68860-1.c -Os line 14 arg6 == 6
FAIL: gcc.dg/guality/pr68860-1.c -Os line 14 arg6 == 6
FAIL: gcc.dg/guality/pr68860-1.c -Os line 14 arg7 == 30
FAIL: gcc.dg/guality/pr68860-1.c -Os line 14 arg7 == 30
FAIL: gcc.dg/guality/pr68860-1.c -Os line 16 arg1 == 1
FAIL: gcc.dg/guality/pr68860-1.c -Os line 16 arg1 == 1
FAIL: gcc.dg/guality/pr68860-1.c -Os line 16 arg2 == 2
FAIL: gcc.dg/guality/pr68860-1.c -Os line 16 arg2 == 2
FAIL: gcc.dg/guality/pr68860-1.c -Os line 16 arg3 == 3
FAIL: gcc.dg/guality/pr68860-1.c -Os line 16 arg3 == 3
FAIL: gcc.dg/guality/pr68860-1.c -Os line 16 arg4 == 4
FAIL: gcc.dg/guality/pr68860-1.c -Os line 16 arg4 == 4
FAIL: gcc.dg/guality/pr68860-1.c -Os line 16 arg5 == 5
FAIL: gcc.dg/guality/pr68860-1.c -Os line 16 arg5 == 5
FAIL: gcc.dg/guality/pr68860-1.c -Os line 16 arg6 == 6
FAIL: gcc.dg/guality/pr68860-1.c -Os line 16 arg6 == 6
FAIL: gcc.dg/guality/pr68860-1.c -Os line 16 arg7 == 30
FAIL: gcc.dg/guality/pr68860-1.c -Os line 16 arg7 == 30
FAIL: gcc.dg/guality/pr68860-2.c -O2 line 14 arg1 == 1
FAIL: gcc.dg/guality/pr68860-2.c -O2 line 14 arg1 == 1
FAIL: gcc.dg/guality/pr68860-2.c -O2 line 14 arg2 == 2
FAIL: gcc.dg/guality/pr68860-2.c -O2 line 14 arg2 == 2
FAIL: gcc.dg/guality/pr68860-2.c -O2 line 16 arg1 == 1
FAIL: gcc.dg/guality/pr68860-2.c -O2 line 16 arg1 == 1
FAIL: gcc.dg/guality/pr68860-2.c -O2 line 16 arg2 == 2
FAIL: gcc.dg/guality/pr68860-2.c -O2 line 16 arg2 == 2
FAIL: gcc.dg/guality/pr68860-2.c -O2 -flto -fno-use-linker-plugin -flto-partition=none line 14 arg1 == 1
FAIL: gcc.dg/guality/pr68860-2.c -O2 -flto -fno-use-linker-plugin -flto-partition=none line 14 arg1 == 1
FAIL: gcc.dg/guality/pr68860-2.c -O2 -flto -fno-use-linker-plugin -flto-partition=none line 14 arg2 == 2
FAIL: gcc.dg/guality/pr68860-2.c -O2 -flto -fno-use-linker-plugin -flto-partition=none line 14 arg2 == 2
FAIL: gcc.dg/guality/pr68860-2.c -O2 -flto -fno-use-linker-plugin -flto-partition=none line 16 arg1 == 1
FAIL: gcc.dg/guality/pr68860-2.c -O2 -flto -fno-use-linker-plugin -flto-partition=none line 16 arg1 == 1
FAIL: gcc.dg/guality/pr68860-2.c -O2 -flto -fno-use-linker-plugin -flto-partition=none line 16 arg2 == 2
FAIL: gcc.dg/guality/pr68860-2.c -O2 -flto -fno-use-linker-plugin -flto-partition=none line 16 arg2 == 2
FAIL: gcc.dg/guality/pr68860-2.c -O2 -flto -fuse-linker-plugin -fno-fat-lto-objects line 14 arg1 == 1
FAIL: gcc.dg/guality/pr68860-2.c -O2 -flto -fuse-linker-plugin -fno-fat-lto-objects line 14 arg1 == 1
FAIL: gcc.dg/guality/pr68860-2.c -O2 -flto -fuse-linker-plugin -fno-fat-lto-objects line 14 arg2 == 2
FAIL: gcc.dg/guality/pr68860-2.c -O2 -flto -fuse-linker-plugin -fno-fat-lto-objects line 14 arg2 == 2
FAIL: gcc.dg/guality/pr68860-2.c -O2 -flto -fuse-linker-plugin -fno-fat-lto-objects line 14 arg3 == 3
FAIL: gcc.dg/guality/pr68860-2.c -O2 -flto -fuse-linker-plugin -fno-fat-lto-objects line 14 arg3 == 3
FAIL: gcc.dg/guality/pr68860-2.c -O2 -flto -fuse-linker-plugin -fno-fat-lto-objects line 14 arg4 == 4
FAIL: gcc.dg/guality/pr68860-2.c -O2 -flto -fuse-linker-plugin -fno-fat-lto-objects line 14 arg4 == 4
FAIL: gcc.dg/guality/pr68860-2.c -O2 -flto -fuse-linker-plugin -fno-fat-lto-objects line 14 arg5 == 5
FAIL: gcc.dg/guality/pr68860-2.c -O2 -flto -fuse-linker-plugin -fno-fat-lto-objects line 14 arg5 == 5
FAIL: gcc.dg/guality/pr68860-2.c -O2 -flto -fuse-linker-plugin -fno-fat-lto-objects line 14 arg6 == 6
FAIL: gcc.dg/guality/pr68860-2.c -O2 -flto -fuse-linker-plugin -fno-fat-lto-objects line 14 arg6 == 6
FAIL: gcc.dg/guality/pr68860-2.c -O2 -flto -fuse-linker-plugin -fno-fat-lto-objects line 14 arg7 == 30
FAIL: gcc.dg/guality/pr68860-2.c -O2 -flto -fuse-linker-plugin -fno-fat-lto-objects line 14 arg7 == 30
FAIL: gcc.dg/guality/pr68860-2.c -O2 -flto -fuse-linker-plugin -fno-fat-lto-objects line 16 arg1 == 1
FAIL: gcc.dg/guality/pr68860-2.c -O2 -flto -fuse-linker-plugin -fno-fat-lto-objects line 16 arg1 == 1
FAIL: gcc.dg/guality/pr68860-2.c -O2 -flto -fuse-linker-plugin -fno-fat-lto-objects line 16 arg2 == 2
FAIL: gcc.dg/guality/pr68860-2.c -O2 -flto -fuse-linker-plugin -fno-fat-lto-objects line 16 arg2 == 2
FAIL: gcc.dg/guality/pr68860-2.c -O2 -flto -fuse-linker-plugin -fno-fat-lto-objects line 16 arg3 == 3
FAIL: gcc.dg/guality/pr68860-2.c -O2 -flto -fuse-linker-plugin -fno-fat-lto-objects line 16 arg3 == 3
FAIL: gcc.dg/guality/pr68860-2.c -O2 -flto -fuse-linker-plugin -fno-fat-lto-objects line 16 arg4 == 4
FAIL: gcc.dg/guality/pr68860-2.c -O2 -flto -fuse-linker-plugin -fno-fat-lto-objects line 16 arg4 == 4
FAIL: gcc.dg/guality/pr68860-2.c -O2 -flto -fuse-linker-plugin -fno-fat-lto-objects line 16 arg5 == 5
FAIL: gcc.dg/guality/pr68860-2.c -O2 -flto -fuse-linker-plugin -fno-fat-lto-objects line 16 arg5 == 5
FAIL: gcc.dg/guality/pr68860-2.c -O2 -flto -fuse-linker-plugin -fno-fat-lto-objects line 16 arg6 == 6
FAIL: gcc.dg/guality/pr68860-2.c -O2 -flto -fuse-linker-plugin -fno-fat-lto-objects line 16 arg6 == 6
FAIL: gcc.dg/guality/pr68860-2.c -O2 -flto -fuse-linker-plugin -fno-fat-lto-objects line 16 arg7 == 30
FAIL: gcc.dg/guality/pr68860-2.c -O2 -flto -fuse-linker-plugin -fno-fat-lto-objects line 16 arg7 == 30
FAIL: gcc.dg/guality/pr68860-2.c -O3 -g line 14 arg1 == 1
FAIL: gcc.dg/guality/pr68860-2.c -O3 -g line 14 arg1 == 1
FAIL: gcc.dg/guality/pr68860-2.c -O3 -g line 14 arg2 == 2
FAIL: gcc.dg/guality/pr68860-2.c -O3 -g line 14 arg2 == 2
FAIL: gcc.dg/guality/pr68860-2.c -O3 -g line 14 arg3 == 3
FAIL: gcc.dg/guality/pr68860-2.c -O3 -g line 14 arg3 == 3
FAIL: gcc.dg/guality/pr68860-2.c -O3 -g line 14 arg4 == 4
FAIL: gcc.dg/guality/pr68860-2.c -O3 -g line 14 arg4 == 4
FAIL: gcc.dg/guality/pr68860-2.c -O3 -g line 14 arg5 == 5
FAIL: gcc.dg/guality/pr68860-2.c -O3 -g line 14 arg5 == 5
FAIL: gcc.dg/guality/pr68860-2.c -O3 -g line 14 arg6 == 6
FAIL: gcc.dg/guality/pr68860-2.c -O3 -g line 14 arg6 == 6
FAIL: gcc.dg/guality/pr68860-2.c -O3 -g line 14 arg7 == 30
FAIL: gcc.dg/guality/pr68860-2.c -O3 -g line 14 arg7 == 30
FAIL: gcc.dg/guality/pr68860-2.c -O3 -g line 16 arg1 == 1
FAIL: gcc.dg/guality/pr68860-2.c -O3 -g line 16 arg1 == 1
FAIL: gcc.dg/guality/pr68860-2.c -O3 -g line 16 arg2 == 2
FAIL: gcc.dg/guality/pr68860-2.c -O3 -g line 16 arg2 == 2
FAIL: gcc.dg/guality/pr68860-2.c -O3 -g line 16 arg3 == 3
FAIL: gcc.dg/guality/pr68860-2.c -O3 -g line 16 arg3 == 3
FAIL: gcc.dg/guality/pr68860-2.c -O3 -g line 16 arg4 == 4
FAIL: gcc.dg/guality/pr68860-2.c -O3 -g line 16 arg4 == 4
FAIL: gcc.dg/guality/pr68860-2.c -O3 -g line 16 arg5 == 5
FAIL: gcc.dg/guality/pr68860-2.c -O3 -g line 16 arg5 == 5
FAIL: gcc.dg/guality/pr68860-2.c -O3 -g line 16 arg6 == 6
FAIL: gcc.dg/guality/pr68860-2.c -O3 -g line 16 arg6 == 6
FAIL: gcc.dg/guality/pr68860-2.c -O3 -g line 16 arg7 == 30
FAIL: gcc.dg/guality/pr68860-2.c -O3 -g line 16 arg7 == 30
FAIL: gcc.dg/guality/pr68860-2.c -Os line 14 arg1 == 1
FAIL: gcc.dg/guality/pr68860-2.c -Os line 14 arg1 == 1
FAIL: gcc.dg/guality/pr68860-2.c -Os line 16 arg1 == 1
FAIL: gcc.dg/guality/pr68860-2.c -Os line 16 arg1 == 1
FAIL: gcc.dg/guality/vla-1.c -O1 line 17 sizeof (a) == 6
FAIL: gcc.dg/guality/vla-1.c -O1 line 17 sizeof (a) == 6
FAIL: gcc.dg/guality/vla-1.c -O2 line 17 sizeof (a) == 6
FAIL: gcc.dg/guality/vla-1.c -O2 line 17 sizeof (a) == 6
FAIL: gcc.dg/guality/vla-1.c -O2 -flto -fno-use-linker-plugin -flto-partition=none line 17 sizeof (a) == 6
FAIL: gcc.dg/guality/vla-1.c -O2 -flto -fno-use-linker-plugin -flto-partition=none line 17 sizeof (a) == 6
FAIL: gcc.dg/guality/vla-1.c -O2 -flto -fno-use-linker-plugin -flto-partition=none line 24 sizeof (a) == 17 * sizeof (short)
FAIL: gcc.dg/guality/vla-1.c -O2 -flto -fno-use-linker-plugin -flto-partition=none line 24 sizeof (a) == 17 * sizeof (short)
FAIL: gcc.dg/guality/vla-1.c -O2 -flto -fuse-linker-plugin -fno-fat-lto-objects line 17 sizeof (a) == 6
FAIL: gcc.dg/guality/vla-1.c -O2 -flto -fuse-linker-plugin -fno-fat-lto-objects line 17 sizeof (a) == 6
FAIL: gcc.dg/guality/vla-1.c -O2 -flto -fuse-linker-plugin -fno-fat-lto-objects line 24 sizeof (a) == 17 * sizeof (short)
FAIL: gcc.dg/guality/vla-1.c -O2 -flto -fuse-linker-plugin -fno-fat-lto-objects line 24 sizeof (a) == 17 * sizeof (short)
FAIL: gcc.dg/guality/vla-1.c -O3 -g line 17 sizeof (a) == 6
FAIL: gcc.dg/guality/vla-1.c -O3 -g line 17 sizeof (a) == 6
FAIL: gcc.dg/guality/vla-1.c -Os line 17 sizeof (a) == 6
FAIL: gcc.dg/guality/vla-1.c -Os line 17 sizeof (a) == 6
FAIL: gcc.dg/plugin/poly-int-03_plugin.c compilation
FAIL: gcc.dg/plugin/poly-int-05_plugin.c compilation
FAIL: gcc.dg/plugin/poly-int-05_plugin.c compilation
FAIL: gcc.dg/plugin/poly-int-07_plugin.c compilation
FAIL: gcc.dg/plugin/poly-int-07_plugin.c compilation
WARNING: program timed out
WARNING: program timed out
WARNING: program timed out
WARNING: program timed out
WARNING: program timed out
FAIL: gcc.dg/torture/float32x-tg-3.c -O2 execution test
FAIL: gcc.dg/torture/float32x-tg-3.c -O2 execution test
FAIL: gcc.dg/torture/float32x-tg-3.c -O2 -flto -fno-use-linker-plugin -flto-partition=none execution test
FAIL: gcc.dg/torture/float32x-tg-3.c -O2 -flto -fno-use-linker-plugin -flto-partition=none execution test
FAIL: gcc.dg/torture/float32x-tg-3.c -O2 -flto -fuse-linker-plugin -fno-fat-lto-objects execution test
FAIL: gcc.dg/torture/float32x-tg-3.c -O2 -flto -fuse-linker-plugin -fno-fat-lto-objects execution test
FAIL: gcc.dg/torture/float32x-tg-3.c -O3 -g execution test
FAIL: gcc.dg/torture/float32x-tg-3.c -O3 -g execution test
FAIL: gcc.dg/torture/float64-tg-3.c -O2 execution test
FAIL: gcc.dg/torture/float64-tg-3.c -O2 execution test
FAIL: gcc.dg/torture/float64-tg-3.c -O2 -flto -fno-use-linker-plugin -flto-partition=none execution test
FAIL: gcc.dg/torture/float64-tg-3.c -O2 -flto -fno-use-linker-plugin -flto-partition=none execution test
FAIL: gcc.dg/torture/float64-tg-3.c -O2 -flto -fuse-linker-plugin -fno-fat-lto-objects execution test
FAIL: gcc.dg/torture/float64-tg-3.c -O2 -flto -fuse-linker-plugin -fno-fat-lto-objects execution test
FAIL: gcc.dg/torture/float64-tg-3.c -O3 -g execution test
FAIL: gcc.dg/torture/float64-tg-3.c -O3 -g execution test
FAIL: gcc.dg/tree-ssa/builtin-sprintf-warn-18.c (test for warnings, line 119)
FAIL: gcc.dg/tree-ssa/builtin-sprintf-warn-18.c (test for warnings, line 119)
FAIL: gcc.dg/tree-ssa/builtin-sprintf-warn-18.c (test for warnings, line 121)
FAIL: gcc.dg/tree-ssa/builtin-sprintf-warn-18.c (test for warnings, line 121)
FAIL: gcc.dg/vect/vect-23.c -mmsa scan-tree-dump-times vect "Vectorizing an unaligned access" 0
FAIL: gcc.dg/vect/vect-23.c -flto -ffat-lto-objects -mmsa scan-tree-dump-times vect "Vectorizing an unaligned access" 0
FAIL: gcc.dg/vect/vect-24.c -mmsa scan-tree-dump-times vect "Vectorizing an unaligned access" 0
XPASS: gcc.dg/vect/vect-24.c -mmsa scan-tree-dump-times vect "vectorized 3 loops" 1
XPASS: gcc.dg/vect/vect-96.c -flto -ffat-lto-objects -mmsa scan-tree-dump-times vect "Alignment of access forced using peeling" 1
FAIL: gcc.dg/vect/vect-multitypes-3.c -mmsa scan-tree-dump-times vect "Vectorizing an unaligned access" 3
FAIL: gcc.dg/vect/vect-multitypes-3.c -mmsa scan-tree-dump-times vect "Vectorizing an unaligned access" 3
FAIL: gcc.dg/vect/vect-multitypes-3.c -flto -ffat-lto-objects -mmsa scan-tree-dump-times vect "Vectorizing an unaligned access" 3
FAIL: gcc.dg/vect/vect-multitypes-3.c -flto -ffat-lto-objects -mmsa scan-tree-dump-times vect "Vectorizing an unaligned access" 3
FAIL: gcc.dg/vect/vect-multitypes-6.c -mmsa scan-tree-dump-times vect "Vectorizing an unaligned access" 6
FAIL: gcc.dg/vect/vect-multitypes-6.c -mmsa scan-tree-dump-times vect "Vectorizing an unaligned access" 6
FAIL: gcc.dg/vect/vect-multitypes-6.c -flto -ffat-lto-objects -mmsa scan-tree-dump-times vect "Vectorizing an unaligned access" 6
FAIL: gcc.target/mips/branch-cost-2.c -Os scan-assembler \\t(movz|movn)\\t
FAIL: gcc.target/mips/branch-cost-2.c -Os scan-assembler \\t(movz|movn)\\t
FAIL: gcc.target/mips/branch-cost-2.c -Os scan-assembler-not \\t(bne|beq)\\t
FAIL: gcc.target/mips/branch-cost-2.c -Os scan-assembler-not \\t(bne|beq)\\t
FAIL: gcc.target/mips/compact-branches-7.c -O1 scan-assembler \\tnop
FAIL: gcc.target/mips/compact-branches-7.c -O1 scan-assembler \\tnop
FAIL: gcc.target/mips/data-sym-pool.c -O0 scan-assembler \\tlw\\t\\\\\$[0-9]+,(.L([0-9]+))\\n.*\\t\\\\.type\\t(__pool_frob_\\\\2), @object\\n\\\\3:\\n\\t\\\\.align\\t2\\n\\\\1:\\n\\t\\\\.word\\t305419896\\n\\t\\\\.type\\t(__pend_frob_\\\\2), @function\\n\\\\4:\\n\\t\\\\.insn\\n
FAIL: gcc.target/mips/data-sym-pool.c -O0 scan-assembler \\tlw\\t\\\\\$[0-9]+,(.L([0-9]+))\\n.*\\t\\\\.type\\t(__pool_frob_\\\\2), @object\\n\\\\3:\\n\\t\\\\.align\\t2\\n\\\\1:\\n\\t\\\\.word\\t305419896\\n\\t\\\\.type\\t(__pend_frob_\\\\2), @function\\n\\\\4:\\n\\t\\\\.insn\\n
XPASS: gcc.target/mips/dspr2-MULT.c -O2 scan-assembler \\\\\$ac1
XPASS: gcc.target/mips/dspr2-MULT.c -O2 scan-assembler \\\\\$ac1
XPASS: gcc.target/mips/dspr2-MULT.c -O2 -flto -fno-use-linker-plugin -flto-partition=none scan-assembler \\\\\$ac1
XPASS: gcc.target/mips/dspr2-MULT.c -O2 -flto -fno-use-linker-plugin -flto-partition=none scan-assembler \\\\\$ac1
XPASS: gcc.target/mips/dspr2-MULT.c -O2 -flto -fuse-linker-plugin -fno-fat-lto-objects scan-assembler \\\\\$ac1
XPASS: gcc.target/mips/dspr2-MULT.c -O2 -flto -fuse-linker-plugin -fno-fat-lto-objects scan-assembler \\\\\$ac1
XPASS: gcc.target/mips/dspr2-MULT.c -O3 -g scan-assembler \\\\\$ac1
XPASS: gcc.target/mips/dspr2-MULT.c -O3 -g scan-assembler \\\\\$ac1
XPASS: gcc.target/mips/dspr2-MULTU.c -O2 scan-assembler \\\\\$ac1
XPASS: gcc.target/mips/dspr2-MULTU.c -O2 scan-assembler \\\\\$ac1
XPASS: gcc.target/mips/dspr2-MULTU.c -O2 -flto -fno-use-linker-plugin -flto-partition=none scan-assembler \\\\\$ac1
XPASS: gcc.target/mips/dspr2-MULTU.c -O2 -flto -fno-use-linker-plugin -flto-partition=none scan-assembler \\\\\$ac1
XPASS: gcc.target/mips/dspr2-MULTU.c -O2 -flto -fuse-linker-plugin -fno-fat-lto-objects scan-assembler \\\\\$ac1
XPASS: gcc.target/mips/dspr2-MULTU.c -O2 -flto -fuse-linker-plugin -fno-fat-lto-objects scan-assembler \\\\\$ac1
XPASS: gcc.target/mips/dspr2-MULTU.c -O3 -g scan-assembler \\\\\$ac1
XPASS: gcc.target/mips/dspr2-MULTU.c -O3 -g scan-assembler \\\\\$ac1
FAIL: gcc.target/mips/insn-pseudo-1.c -O3 -g scan-assembler \\tbeqz\\t\\\\\$[0-9]+,(.L[0-9]+)\\n.*\\n\\\\1:\\n\\t\\\\.insn\\n(?:.L[0-9]+ = \\\\.\\n)?\\t\\\\.end\\tunreachable\\n
FAIL: gcc.target/mips/insn-pseudo-1.c -O3 -g scan-assembler \\tbeqz\\t\\\\\$[0-9]+,(.L[0-9]+)\\n.*\\n\\\\1:\\n\\t\\\\.insn\\n(?:.L[0-9]+ = \\\\.\\n)?\\t\\\\.end\\tunreachable\\n
FAIL: gcc.target/mips/insn-pseudo-2.c -O3 -g scan-assembler \\tbeqz\\t\\\\\$[0-9]+,(.L[0-9]+)\\n.*\\n\\\\1:\\n\\t\\\\.insn\\n(?:.L[0-9]+ = \\\\.\\n)?\\t\\\\.end\\tunreachable\\n
FAIL: gcc.target/mips/insn-pseudo-2.c -O3 -g scan-assembler \\tbeqz\\t\\\\\$[0-9]+,(.L[0-9]+)\\n.*\\n\\\\1:\\n\\t\\\\.insn\\n(?:.L[0-9]+ = \\\\.\\n)?\\t\\\\.end\\tunreachable\\n
FAIL: gcc.target/mips/insn-pseudo-3.c -O3 -g scan-assembler \\tbeqz\\t\\\\\$[0-9]+,(.L[0-9]+)\\n.*\\n\\\\1:\\n\\t\\\\.insn\\n(?:.L[0-9]+ = \\\\.\\n)?\\t\\\\.end\\tunreachable\\n
FAIL: gcc.target/mips/insn-pseudo-3.c -O3 -g scan-assembler \\tbeqz\\t\\\\\$[0-9]+,(.L[0-9]+)\\n.*\\n\\\\1:\\n\\t\\\\.insn\\n(?:.L[0-9]+ = \\\\.\\n)?\\t\\\\.end\\tunreachable\\n
FAIL: gcc.target/mips/insn-pseudo-4.c -O0 scan-assembler \\tlw\\t(\\\\\$[0-9]+),(.L[0-9]+)\\n.*\\tbeqz\\t\\\\1,(.L[0-9]+)\\n.*\\n\\\\3:\\n\\t\\\\.insn\\n(?:.L[0-9]+ = \\\\.\\n)?\\t\\\\.type\\t__pool_unreachable_[0-9]+, @object\\n__pool_unreachable_[0-9]+:\\n\\t\\\\.align\\t2\\n\\\\2:\\n\\t\\\\.word\\t305419896\\n
FAIL: gcc.target/mips/insn-pseudo-4.c -O0 scan-assembler \\tlw\\t(\\\\\$[0-9]+),(.L[0-9]+)\\n.*\\tbeqz\\t\\\\1,(.L[0-9]+)\\n.*\\n\\\\3:\\n\\t\\\\.insn\\n(?:.L[0-9]+ = \\\\.\\n)?\\t\\\\.type\\t__pool_unreachable_[0-9]+, @object\\n__pool_unreachable_[0-9]+:\\n\\t\\\\.align\\t2\\n\\\\2:\\n\\t\\\\.word\\t305419896\\n
FAIL: gcc.target/mips/insn-pseudo-4.c -O3 -g scan-assembler \\tlw\\t(\\\\\$[0-9]+),(.L[0-9]+)\\n.*\\tbeqz\\t\\\\1,(.L[0-9]+)\\n.*\\n\\\\3:\\n\\t\\\\.insn\\n(?:.L[0-9]+ = \\\\.\\n)?\\t\\\\.type\\t__pool_unreachable_[0-9]+, @object\\n__pool_unreachable_[0-9]+:\\n\\t\\\\.align\\t2\\n\\\\2:\\n\\t\\\\.word\\t305419896\\n
FAIL: gcc.target/mips/insn-pseudo-4.c -O3 -g scan-assembler \\tlw\\t(\\\\\$[0-9]+),(.L[0-9]+)\\n.*\\tbeqz\\t\\\\1,(.L[0-9]+)\\n.*\\n\\\\3:\\n\\t\\\\.insn\\n(?:.L[0-9]+ = \\\\.\\n)?\\t\\\\.type\\t__pool_unreachable_[0-9]+, @object\\n__pool_unreachable_[0-9]+:\\n\\t\\\\.align\\t2\\n\\\\2:\\n\\t\\\\.word\\t305419896\\n
FAIL: gcc.target/mips/interrupt_handler-4.c -O0 scan-assembler v0:.*ins\\t\\\\\$27,\\\\\$0,8,1.*.end\\tv0
FAIL: gcc.target/mips/interrupt_handler-4.c -O0 scan-assembler v0:.*ins\\t\\\\\$27,\\\\\$0,8,1.*.end\\tv0
FAIL: gcc.target/mips/interrupt_handler-4.c -O0 scan-assembler v1:.*ins\\t\\\\\$27,\\\\\$0,8,2.*.end\\tv1
FAIL: gcc.target/mips/interrupt_handler-4.c -O0 scan-assembler v1:.*ins\\t\\\\\$27,\\\\\$0,8,2.*.end\\tv1
FAIL: gcc.target/mips/interrupt_handler-4.c -O0 scan-assembler v2:.*ins\\t\\\\\$27,\\\\\$0,8,3.*.end\\tv2
FAIL: gcc.target/mips/interrupt_handler-4.c -O0 scan-assembler v2:.*ins\\t\\\\\$27,\\\\\$0,8,3.*.end\\tv2
FAIL: gcc.target/mips/interrupt_handler-4.c -O0 scan-assembler v3:.*ins\\t\\\\\$27,\\\\\$0,8,4.*.end\\tv3
FAIL: gcc.target/mips/interrupt_handler-4.c -O0 scan-assembler v3:.*ins\\t\\\\\$27,\\\\\$0,8,4.*.end\\tv3
FAIL: gcc.target/mips/interrupt_handler-4.c -O0 scan-assembler v4:.*ins\\t\\\\\$27,\\\\\$0,8,5.*.end\\tv4
FAIL: gcc.target/mips/interrupt_handler-4.c -O0 scan-assembler v4:.*ins\\t\\\\\$27,\\\\\$0,8,5.*.end\\tv4
FAIL: gcc.target/mips/interrupt_handler-4.c -O0 scan-assembler v5:.*ins\\t\\\\\$27,\\\\\$0,8,6.*.end\\tv5
FAIL: gcc.target/mips/interrupt_handler-4.c -O0 scan-assembler v5:.*ins\\t\\\\\$27,\\\\\$0,8,6.*.end\\tv5
FAIL: gcc.target/mips/interrupt_handler-4.c -O0 scan-assembler v6:.*ins\\t\\\\\$27,\\\\\$0,8,7.*.end\\tv6
FAIL: gcc.target/mips/interrupt_handler-4.c -O0 scan-assembler v6:.*ins\\t\\\\\$27,\\\\\$0,8,7.*.end\\tv6
FAIL: gcc.target/mips/interrupt_handler-4.c -O0 scan-assembler v7:.*ins\\t\\\\\$27,\\\\\$0,8,8.*.end\\tv7
FAIL: gcc.target/mips/interrupt_handler-4.c -O0 scan-assembler v7:.*ins\\t\\\\\$27,\\\\\$0,8,8.*.end\\tv7
FAIL: gcc.target/mips/interrupt_handler-4.c -O0 scan-assembler-times mfc0\\t\\\\\$27,\\\\\$14 11
FAIL: gcc.target/mips/interrupt_handler-4.c -O0 scan-assembler-times mfc0\\t\\\\\$27,\\\\\$14 11
FAIL: gcc.target/mips/interrupt_handler-4.c -O0 (test for excess errors)
FAIL: gcc.target/mips/interrupt_handler-4.c -O0 (test for excess errors)
FAIL: gcc.target/mips/interrupt_handler-4.c -O1 scan-assembler v0:.*ins\\t\\\\\$27,\\\\\$0,8,1.*.end\\tv0
FAIL: gcc.target/mips/interrupt_handler-4.c -O1 scan-assembler v0:.*ins\\t\\\\\$27,\\\\\$0,8,1.*.end\\tv0
FAIL: gcc.target/mips/interrupt_handler-4.c -O1 scan-assembler v1:.*ins\\t\\\\\$27,\\\\\$0,8,2.*.end\\tv1
FAIL: gcc.target/mips/interrupt_handler-4.c -O1 scan-assembler v1:.*ins\\t\\\\\$27,\\\\\$0,8,2.*.end\\tv1
FAIL: gcc.target/mips/interrupt_handler-4.c -O1 scan-assembler v2:.*ins\\t\\\\\$27,\\\\\$0,8,3.*.end\\tv2
FAIL: gcc.target/mips/interrupt_handler-4.c -O1 scan-assembler v2:.*ins\\t\\\\\$27,\\\\\$0,8,3.*.end\\tv2
FAIL: gcc.target/mips/interrupt_handler-4.c -O1 scan-assembler v3:.*ins\\t\\\\\$27,\\\\\$0,8,4.*.end\\tv3
FAIL: gcc.target/mips/interrupt_handler-4.c -O1 scan-assembler v3:.*ins\\t\\\\\$27,\\\\\$0,8,4.*.end\\tv3
FAIL: gcc.target/mips/interrupt_handler-4.c -O1 scan-assembler v4:.*ins\\t\\\\\$27,\\\\\$0,8,5.*.end\\tv4
FAIL: gcc.target/mips/interrupt_handler-4.c -O1 scan-assembler v4:.*ins\\t\\\\\$27,\\\\\$0,8,5.*.end\\tv4
FAIL: gcc.target/mips/interrupt_handler-4.c -O1 scan-assembler v5:.*ins\\t\\\\\$27,\\\\\$0,8,6.*.end\\tv5
FAIL: gcc.target/mips/interrupt_handler-4.c -O1 scan-assembler v5:.*ins\\t\\\\\$27,\\\\\$0,8,6.*.end\\tv5
FAIL: gcc.target/mips/interrupt_handler-4.c -O1 scan-assembler v6:.*ins\\t\\\\\$27,\\\\\$0,8,7.*.end\\tv6
FAIL: gcc.target/mips/interrupt_handler-4.c -O1 scan-assembler v6:.*ins\\t\\\\\$27,\\\\\$0,8,7.*.end\\tv6
FAIL: gcc.target/mips/interrupt_handler-4.c -O1 scan-assembler v7:.*ins\\t\\\\\$27,\\\\\$0,8,8.*.end\\tv7
FAIL: gcc.target/mips/interrupt_handler-4.c -O1 scan-assembler v7:.*ins\\t\\\\\$27,\\\\\$0,8,8.*.end\\tv7
FAIL: gcc.target/mips/interrupt_handler-4.c -O1 scan-assembler-times mfc0\\t\\\\\$27,\\\\\$14 11
FAIL: gcc.target/mips/interrupt_handler-4.c -O1 scan-assembler-times mfc0\\t\\\\\$27,\\\\\$14 11
FAIL: gcc.target/mips/interrupt_handler-4.c -O1 (test for excess errors)
FAIL: gcc.target/mips/interrupt_handler-4.c -O1 (test for excess errors)
FAIL: gcc.target/mips/interrupt_handler-4.c -O2 scan-assembler v0:.*ins\\t\\\\\$27,\\\\\$0,8,1.*.end\\tv0
FAIL: gcc.target/mips/interrupt_handler-4.c -O2 scan-assembler v0:.*ins\\t\\\\\$27,\\\\\$0,8,1.*.end\\tv0
FAIL: gcc.target/mips/interrupt_handler-4.c -O2 scan-assembler v1:.*ins\\t\\\\\$27,\\\\\$0,8,2.*.end\\tv1
FAIL: gcc.target/mips/interrupt_handler-4.c -O2 scan-assembler v1:.*ins\\t\\\\\$27,\\\\\$0,8,2.*.end\\tv1
FAIL: gcc.target/mips/interrupt_handler-4.c -O2 scan-assembler v2:.*ins\\t\\\\\$27,\\\\\$0,8,3.*.end\\tv2
FAIL: gcc.target/mips/interrupt_handler-4.c -O2 scan-assembler v2:.*ins\\t\\\\\$27,\\\\\$0,8,3.*.end\\tv2
FAIL: gcc.target/mips/interrupt_handler-4.c -O2 scan-assembler v3:.*ins\\t\\\\\$27,\\\\\$0,8,4.*.end\\tv3
FAIL: gcc.target/mips/interrupt_handler-4.c -O2 scan-assembler v3:.*ins\\t\\\\\$27,\\\\\$0,8,4.*.end\\tv3
FAIL: gcc.target/mips/interrupt_handler-4.c -O2 scan-assembler v4:.*ins\\t\\\\\$27,\\\\\$0,8,5.*.end\\tv4
FAIL: gcc.target/mips/interrupt_handler-4.c -O2 scan-assembler v4:.*ins\\t\\\\\$27,\\\\\$0,8,5.*.end\\tv4
FAIL: gcc.target/mips/interrupt_handler-4.c -O2 scan-assembler v5:.*ins\\t\\\\\$27,\\\\\$0,8,6.*.end\\tv5
FAIL: gcc.target/mips/interrupt_handler-4.c -O2 scan-assembler v5:.*ins\\t\\\\\$27,\\\\\$0,8,6.*.end\\tv5
FAIL: gcc.target/mips/interrupt_handler-4.c -O2 scan-assembler v6:.*ins\\t\\\\\$27,\\\\\$0,8,7.*.end\\tv6
FAIL: gcc.target/mips/interrupt_handler-4.c -O2 scan-assembler v6:.*ins\\t\\\\\$27,\\\\\$0,8,7.*.end\\tv6
FAIL: gcc.target/mips/interrupt_handler-4.c -O2 scan-assembler v7:.*ins\\t\\\\\$27,\\\\\$0,8,8.*.end\\tv7
FAIL: gcc.target/mips/interrupt_handler-4.c -O2 scan-assembler v7:.*ins\\t\\\\\$27,\\\\\$0,8,8.*.end\\tv7
FAIL: gcc.target/mips/interrupt_handler-4.c -O2 scan-assembler-times mfc0\\t\\\\\$27,\\\\\$14 11
FAIL: gcc.target/mips/interrupt_handler-4.c -O2 scan-assembler-times mfc0\\t\\\\\$27,\\\\\$14 11
FAIL: gcc.target/mips/interrupt_handler-4.c -O2 (test for excess errors)
FAIL: gcc.target/mips/interrupt_handler-4.c -O2 (test for excess errors)
FAIL: gcc.target/mips/interrupt_handler-4.c -O2 -flto -fno-use-linker-plugin -flto-partition=none scan-assembler v0:.*ins\\t\\\\\$27,\\\\\$0,8,1.*.end\\tv0
FAIL: gcc.target/mips/interrupt_handler-4.c -O2 -flto -fno-use-linker-plugin -flto-partition=none scan-assembler v0:.*ins\\t\\\\\$27,\\\\\$0,8,1.*.end\\tv0
FAIL: gcc.target/mips/interrupt_handler-4.c -O2 -flto -fno-use-linker-plugin -flto-partition=none scan-assembler v1:.*ins\\t\\\\\$27,\\\\\$0,8,2.*.end\\tv1
FAIL: gcc.target/mips/interrupt_handler-4.c -O2 -flto -fno-use-linker-plugin -flto-partition=none scan-assembler v1:.*ins\\t\\\\\$27,\\\\\$0,8,2.*.end\\tv1
FAIL: gcc.target/mips/interrupt_handler-4.c -O2 -flto -fno-use-linker-plugin -flto-partition=none scan-assembler v2:.*ins\\t\\\\\$27,\\\\\$0,8,3.*.end\\tv2
FAIL: gcc.target/mips/interrupt_handler-4.c -O2 -flto -fno-use-linker-plugin -flto-partition=none scan-assembler v2:.*ins\\t\\\\\$27,\\\\\$0,8,3.*.end\\tv2
FAIL: gcc.target/mips/interrupt_handler-4.c -O2 -flto -fno-use-linker-plugin -flto-partition=none scan-assembler v3:.*ins\\t\\\\\$27,\\\\\$0,8,4.*.end\\tv3
FAIL: gcc.target/mips/interrupt_handler-4.c -O2 -flto -fno-use-linker-plugin -flto-partition=none scan-assembler v3:.*ins\\t\\\\\$27,\\\\\$0,8,4.*.end\\tv3
FAIL: gcc.target/mips/interrupt_handler-4.c -O2 -flto -fno-use-linker-plugin -flto-partition=none scan-assembler v4:.*ins\\t\\\\\$27,\\\\\$0,8,5.*.end\\tv4
FAIL: gcc.target/mips/interrupt_handler-4.c -O2 -flto -fno-use-linker-plugin -flto-partition=none scan-assembler v4:.*ins\\t\\\\\$27,\\\\\$0,8,5.*.end\\tv4
FAIL: gcc.target/mips/interrupt_handler-4.c -O2 -flto -fno-use-linker-plugin -flto-partition=none scan-assembler v5:.*ins\\t\\\\\$27,\\\\\$0,8,6.*.end\\tv5
FAIL: gcc.target/mips/interrupt_handler-4.c -O2 -flto -fno-use-linker-plugin -flto-partition=none scan-assembler v5:.*ins\\t\\\\\$27,\\\\\$0,8,6.*.end\\tv5
FAIL: gcc.target/mips/interrupt_handler-4.c -O2 -flto -fno-use-linker-plugin -flto-partition=none scan-assembler v6:.*ins\\t\\\\\$27,\\\\\$0,8,7.*.end\\tv6
FAIL: gcc.target/mips/interrupt_handler-4.c -O2 -flto -fno-use-linker-plugin -flto-partition=none scan-assembler v6:.*ins\\t\\\\\$27,\\\\\$0,8,7.*.end\\tv6
FAIL: gcc.target/mips/interrupt_handler-4.c -O2 -flto -fno-use-linker-plugin -flto-partition=none scan-assembler v7:.*ins\\t\\\\\$27,\\\\\$0,8,8.*.end\\tv7
FAIL: gcc.target/mips/interrupt_handler-4.c -O2 -flto -fno-use-linker-plugin -flto-partition=none scan-assembler v7:.*ins\\t\\\\\$27,\\\\\$0,8,8.*.end\\tv7
FAIL: gcc.target/mips/interrupt_handler-4.c -O2 -flto -fno-use-linker-plugin -flto-partition=none scan-assembler-times mfc0\\t\\\\\$27,\\\\\$14 11
FAIL: gcc.target/mips/interrupt_handler-4.c -O2 -flto -fno-use-linker-plugin -flto-partition=none scan-assembler-times mfc0\\t\\\\\$27,\\\\\$14 11
FAIL: gcc.target/mips/interrupt_handler-4.c -O2 -flto -fno-use-linker-plugin -flto-partition=none (test for excess errors)
FAIL: gcc.target/mips/interrupt_handler-4.c -O2 -flto -fno-use-linker-plugin -flto-partition=none (test for excess errors)
FAIL: gcc.target/mips/interrupt_handler-4.c -O2 -flto -fuse-linker-plugin -fno-fat-lto-objects scan-assembler v0:.*ins\\t\\\\\$27,\\\\\$0,8,1.*.end\\tv0
FAIL: gcc.target/mips/interrupt_handler-4.c -O2 -flto -fuse-linker-plugin -fno-fat-lto-objects scan-assembler v0:.*ins\\t\\\\\$27,\\\\\$0,8,1.*.end\\tv0
FAIL: gcc.target/mips/interrupt_handler-4.c -O2 -flto -fuse-linker-plugin -fno-fat-lto-objects scan-assembler v1:.*ins\\t\\\\\$27,\\\\\$0,8,2.*.end\\tv1
FAIL: gcc.target/mips/interrupt_handler-4.c -O2 -flto -fuse-linker-plugin -fno-fat-lto-objects scan-assembler v1:.*ins\\t\\\\\$27,\\\\\$0,8,2.*.end\\tv1
FAIL: gcc.target/mips/interrupt_handler-4.c -O2 -flto -fuse-linker-plugin -fno-fat-lto-objects scan-assembler v2:.*ins\\t\\\\\$27,\\\\\$0,8,3.*.end\\tv2
FAIL: gcc.target/mips/interrupt_handler-4.c -O2 -flto -fuse-linker-plugin -fno-fat-lto-objects scan-assembler v2:.*ins\\t\\\\\$27,\\\\\$0,8,3.*.end\\tv2
FAIL: gcc.target/mips/interrupt_handler-4.c -O2 -flto -fuse-linker-plugin -fno-fat-lto-objects scan-assembler v3:.*ins\\t\\\\\$27,\\\\\$0,8,4.*.end\\tv3
FAIL: gcc.target/mips/interrupt_handler-4.c -O2 -flto -fuse-linker-plugin -fno-fat-lto-objects scan-assembler v3:.*ins\\t\\\\\$27,\\\\\$0,8,4.*.end\\tv3
FAIL: gcc.target/mips/interrupt_handler-4.c -O2 -flto -fuse-linker-plugin -fno-fat-lto-objects scan-assembler v4:.*ins\\t\\\\\$27,\\\\\$0,8,5.*.end\\tv4
FAIL: gcc.target/mips/interrupt_handler-4.c -O2 -flto -fuse-linker-plugin -fno-fat-lto-objects scan-assembler v4:.*ins\\t\\\\\$27,\\\\\$0,8,5.*.end\\tv4
FAIL: gcc.target/mips/interrupt_handler-4.c -O2 -flto -fuse-linker-plugin -fno-fat-lto-objects scan-assembler v5:.*ins\\t\\\\\$27,\\\\\$0,8,6.*.end\\tv5
FAIL: gcc.target/mips/interrupt_handler-4.c -O2 -flto -fuse-linker-plugin -fno-fat-lto-objects scan-assembler v5:.*ins\\t\\\\\$27,\\\\\$0,8,6.*.end\\tv5
FAIL: gcc.target/mips/interrupt_handler-4.c -O2 -flto -fuse-linker-plugin -fno-fat-lto-objects scan-assembler v6:.*ins\\t\\\\\$27,\\\\\$0,8,7.*.end\\tv6
FAIL: gcc.target/mips/interrupt_handler-4.c -O2 -flto -fuse-linker-plugin -fno-fat-lto-objects scan-assembler v6:.*ins\\t\\\\\$27,\\\\\$0,8,7.*.end\\tv6
FAIL: gcc.target/mips/interrupt_handler-4.c -O2 -flto -fuse-linker-plugin -fno-fat-lto-objects scan-assembler v7:.*ins\\t\\\\\$27,\\\\\$0,8,8.*.end\\tv7
FAIL: gcc.target/mips/interrupt_handler-4.c -O2 -flto -fuse-linker-plugin -fno-fat-lto-objects scan-assembler v7:.*ins\\t\\\\\$27,\\\\\$0,8,8.*.end\\tv7
FAIL: gcc.target/mips/interrupt_handler-4.c -O2 -flto -fuse-linker-plugin -fno-fat-lto-objects scan-assembler-times mfc0\\t\\\\\$27,\\\\\$14 11
FAIL: gcc.target/mips/interrupt_handler-4.c -O2 -flto -fuse-linker-plugin -fno-fat-lto-objects scan-assembler-times mfc0\\t\\\\\$27,\\\\\$14 11
FAIL: gcc.target/mips/interrupt_handler-4.c -O2 -flto -fuse-linker-plugin -fno-fat-lto-objects (test for excess errors)
FAIL: gcc.target/mips/interrupt_handler-4.c -O2 -flto -fuse-linker-plugin -fno-fat-lto-objects (test for excess errors)
FAIL: gcc.target/mips/interrupt_handler-4.c -O3 -g scan-assembler v0:.*ins\\t\\\\\$27,\\\\\$0,8,1.*.end\\tv0
FAIL: gcc.target/mips/interrupt_handler-4.c -O3 -g scan-assembler v0:.*ins\\t\\\\\$27,\\\\\$0,8,1.*.end\\tv0
FAIL: gcc.target/mips/interrupt_handler-4.c -O3 -g scan-assembler v1:.*ins\\t\\\\\$27,\\\\\$0,8,2.*.end\\tv1
FAIL: gcc.target/mips/interrupt_handler-4.c -O3 -g scan-assembler v1:.*ins\\t\\\\\$27,\\\\\$0,8,2.*.end\\tv1
FAIL: gcc.target/mips/interrupt_handler-4.c -O3 -g scan-assembler v2:.*ins\\t\\\\\$27,\\\\\$0,8,3.*.end\\tv2
FAIL: gcc.target/mips/interrupt_handler-4.c -O3 -g scan-assembler v2:.*ins\\t\\\\\$27,\\\\\$0,8,3.*.end\\tv2
FAIL: gcc.target/mips/interrupt_handler-4.c -O3 -g scan-assembler v3:.*ins\\t\\\\\$27,\\\\\$0,8,4.*.end\\tv3
FAIL: gcc.target/mips/interrupt_handler-4.c -O3 -g scan-assembler v3:.*ins\\t\\\\\$27,\\\\\$0,8,4.*.end\\tv3
FAIL: gcc.target/mips/interrupt_handler-4.c -O3 -g scan-assembler v4:.*ins\\t\\\\\$27,\\\\\$0,8,5.*.end\\tv4
FAIL: gcc.target/mips/interrupt_handler-4.c -O3 -g scan-assembler v4:.*ins\\t\\\\\$27,\\\\\$0,8,5.*.end\\tv4
FAIL: gcc.target/mips/interrupt_handler-4.c -O3 -g scan-assembler v5:.*ins\\t\\\\\$27,\\\\\$0,8,6.*.end\\tv5
FAIL: gcc.target/mips/interrupt_handler-4.c -O3 -g scan-assembler v5:.*ins\\t\\\\\$27,\\\\\$0,8,6.*.end\\tv5
FAIL: gcc.target/mips/interrupt_handler-4.c -O3 -g scan-assembler v6:.*ins\\t\\\\\$27,\\\\\$0,8,7.*.end\\tv6
FAIL: gcc.target/mips/interrupt_handler-4.c -O3 -g scan-assembler v6:.*ins\\t\\\\\$27,\\\\\$0,8,7.*.end\\tv6
FAIL: gcc.target/mips/interrupt_handler-4.c -O3 -g scan-assembler v7:.*ins\\t\\\\\$27,\\\\\$0,8,8.*.end\\tv7
FAIL: gcc.target/mips/interrupt_handler-4.c -O3 -g scan-assembler v7:.*ins\\t\\\\\$27,\\\\\$0,8,8.*.end\\tv7
FAIL: gcc.target/mips/interrupt_handler-4.c -O3 -g scan-assembler-times mfc0\\t\\\\\$27,\\\\\$14 11
FAIL: gcc.target/mips/interrupt_handler-4.c -O3 -g scan-assembler-times mfc0\\t\\\\\$27,\\\\\$14 11
FAIL: gcc.target/mips/interrupt_handler-4.c -O3 -g (test for excess errors)
FAIL: gcc.target/mips/interrupt_handler-4.c -O3 -g (test for excess errors)
FAIL: gcc.target/mips/interrupt_handler-4.c -Os scan-assembler v0:.*ins\\t\\\\\$27,\\\\\$0,8,1.*.end\\tv0
FAIL: gcc.target/mips/interrupt_handler-4.c -Os scan-assembler v0:.*ins\\t\\\\\$27,\\\\\$0,8,1.*.end\\tv0
FAIL: gcc.target/mips/interrupt_handler-4.c -Os scan-assembler v1:.*ins\\t\\\\\$27,\\\\\$0,8,2.*.end\\tv1
FAIL: gcc.target/mips/interrupt_handler-4.c -Os scan-assembler v1:.*ins\\t\\\\\$27,\\\\\$0,8,2.*.end\\tv1
FAIL: gcc.target/mips/interrupt_handler-4.c -Os scan-assembler v2:.*ins\\t\\\\\$27,\\\\\$0,8,3.*.end\\tv2
FAIL: gcc.target/mips/interrupt_handler-4.c -Os scan-assembler v2:.*ins\\t\\\\\$27,\\\\\$0,8,3.*.end\\tv2
FAIL: gcc.target/mips/interrupt_handler-4.c -Os scan-assembler v3:.*ins\\t\\\\\$27,\\\\\$0,8,4.*.end\\tv3
FAIL: gcc.target/mips/interrupt_handler-4.c -Os scan-assembler v3:.*ins\\t\\\\\$27,\\\\\$0,8,4.*.end\\tv3
FAIL: gcc.target/mips/interrupt_handler-4.c -Os scan-assembler v4:.*ins\\t\\\\\$27,\\\\\$0,8,5.*.end\\tv4
FAIL: gcc.target/mips/interrupt_handler-4.c -Os scan-assembler v4:.*ins\\t\\\\\$27,\\\\\$0,8,5.*.end\\tv4
FAIL: gcc.target/mips/interrupt_handler-4.c -Os scan-assembler v5:.*ins\\t\\\\\$27,\\\\\$0,8,6.*.end\\tv5
FAIL: gcc.target/mips/interrupt_handler-4.c -Os scan-assembler v5:.*ins\\t\\\\\$27,\\\\\$0,8,6.*.end\\tv5
FAIL: gcc.target/mips/interrupt_handler-4.c -Os scan-assembler v6:.*ins\\t\\\\\$27,\\\\\$0,8,7.*.end\\tv6
FAIL: gcc.target/mips/interrupt_handler-4.c -Os scan-assembler v6:.*ins\\t\\\\\$27,\\\\\$0,8,7.*.end\\tv6
FAIL: gcc.target/mips/interrupt_handler-4.c -Os scan-assembler v7:.*ins\\t\\\\\$27,\\\\\$0,8,8.*.end\\tv7
FAIL: gcc.target/mips/interrupt_handler-4.c -Os scan-assembler v7:.*ins\\t\\\\\$27,\\\\\$0,8,8.*.end\\tv7
FAIL: gcc.target/mips/interrupt_handler-4.c -Os scan-assembler-times mfc0\\t\\\\\$27,\\\\\$14 11
FAIL: gcc.target/mips/interrupt_handler-4.c -Os scan-assembler-times mfc0\\t\\\\\$27,\\\\\$14 11
FAIL: gcc.target/mips/interrupt_handler-4.c -Os (test for excess errors)
FAIL: gcc.target/mips/interrupt_handler-4.c -Os (test for excess errors)
FAIL: gcc.target/mips/lxc1-sxc1-2.c -O1 scan-assembler \\tldxc1\\t
FAIL: gcc.target/mips/lxc1-sxc1-2.c -O1 scan-assembler \\tldxc1\\t
FAIL: gcc.target/mips/lxc1-sxc1-2.c -O2 scan-assembler \\tldxc1\\t
FAIL: gcc.target/mips/lxc1-sxc1-2.c -O2 scan-assembler \\tldxc1\\t
FAIL: gcc.target/mips/lxc1-sxc1-2.c -O2 -flto -fno-use-linker-plugin -flto-partition=none scan-assembler \\tldxc1\\t
FAIL: gcc.target/mips/lxc1-sxc1-2.c -O2 -flto -fno-use-linker-plugin -flto-partition=none scan-assembler \\tldxc1\\t
FAIL: gcc.target/mips/lxc1-sxc1-2.c -O2 -flto -fuse-linker-plugin -fno-fat-lto-objects scan-assembler \\tldxc1\\t
FAIL: gcc.target/mips/lxc1-sxc1-2.c -O2 -flto -fuse-linker-plugin -fno-fat-lto-objects scan-assembler \\tldxc1\\t
FAIL: gcc.target/mips/lxc1-sxc1-2.c -O3 -fomit-frame-pointer -funroll-loops -fpeel-loops -ftracer -finline-functions scan-assembler \\tldxc1\\t
FAIL: gcc.target/mips/lxc1-sxc1-2.c -O3 -fomit-frame-pointer -funroll-loops -fpeel-loops -ftracer -finline-functions scan-assembler \\tldxc1\\t
FAIL: gcc.target/mips/lxc1-sxc1-2.c -O3 -g scan-assembler \\tldxc1\\t
FAIL: gcc.target/mips/lxc1-sxc1-2.c -O3 -g scan-assembler \\tldxc1\\t
FAIL: gcc.target/mips/lxc1-sxc1-2.c -Os scan-assembler \\tldxc1\\t
FAIL: gcc.target/mips/lxc1-sxc1-2.c -Os scan-assembler \\tldxc1\\t
FAIL: gcc.target/mips/mips-ps-1.c -O3 -fomit-frame-pointer -funroll-loops -fpeel-loops -ftracer -finline-functions execution test
FAIL: gcc.target/mips/mips-ps-1.c -O3 -fomit-frame-pointer -funroll-loops -fpeel-loops -ftracer -finline-functions execution test
FAIL: gcc.target/mips/mips-ps-3.c -O3 -fomit-frame-pointer -funroll-loops -fpeel-loops -ftracer -finline-functions execution test
FAIL: gcc.target/mips/mips-ps-3.c -O3 -fomit-frame-pointer -funroll-loops -fpeel-loops -ftracer -finline-functions execution test
FAIL: gcc.target/mips/mips-ps-4.c -O0 execution test
FAIL: gcc.target/mips/mips-ps-4.c -O0 execution test
FAIL: gcc.target/mips/mips-ps-6.c -O3 -fomit-frame-pointer -funroll-loops -fpeel-loops -ftracer -finline-functions execution test
FAIL: gcc.target/mips/mips-ps-6.c -O3 -fomit-frame-pointer -funroll-loops -fpeel-loops -ftracer -finline-functions execution test
FAIL: gcc.target/mips/save-restore-3.c -O0 scan-assembler \\tsave\\t\\\\\$4-\\\\\$6,
FAIL: gcc.target/mips/save-restore-3.c -O0 scan-assembler \\tsave\\t\\\\\$4-\\\\\$6,
=== gcc Summary ===
# of expected passes 248719
# of unexpected failures 779
# of unexpected successes 56
# of expected failures 881
# of unsupported tests 6649
/build/gcc-snapshot-LUlV0K/gcc-snapshot-20180425/build/gcc/xgcc version 9.0.0 20180425 (experimental) [trunk revision 259645] (Debian 20180425-1)
=== gfortran tests ===
Running target unix
FAIL: gfortran.dg/coarray/event_3.f08 -fcoarray=single -O2 -latomic execution test
FAIL: gfortran.dg/coarray/event_3.f08 -fcoarray=single -O2 -latomic execution test
FAIL: gfortran.dg/bind_c_array_params_2.f90 -O scan-assembler-times [ \\t][\$,_0-9]*myBindC 1
FAIL: gfortran.dg/bind_c_array_params_2.f90 -O scan-assembler-times [ \\t][\$,_0-9]*myBindC 1
FAIL: gfortran.dg/elemental_subroutine_3.f90 -O1 (test for excess errors)
FAIL: gfortran.dg/elemental_subroutine_3.f90 -O1 (test for excess errors)
FAIL: gfortran.dg/elemental_subroutine_3.f90 -O2 (test for excess errors)
FAIL: gfortran.dg/elemental_subroutine_3.f90 -O2 (test for excess errors)
FAIL: gfortran.dg/elemental_subroutine_3.f90 -O3 -fomit-frame-pointer -funroll-loops -fpeel-loops -ftracer -finline-functions (test for excess errors)
FAIL: gfortran.dg/elemental_subroutine_3.f90 -O3 -fomit-frame-pointer -funroll-loops -fpeel-loops -ftracer -finline-functions (test for excess errors)
FAIL: gfortran.dg/elemental_subroutine_3.f90 -O3 -g (test for excess errors)
FAIL: gfortran.dg/elemental_subroutine_3.f90 -O3 -g (test for excess errors)
FAIL: gfortran.dg/elemental_subroutine_3.f90 -Os (test for excess errors)
FAIL: gfortran.dg/elemental_subroutine_3.f90 -Os (test for excess errors)
FAIL: gfortran.dg/inline_sum_3.f90 -Os execution test
FAIL: gfortran.dg/inline_sum_3.f90 -Os execution test
FAIL: gfortran.dg/vect/pr60510.f -mmsa -O0 execution test
FAIL: gfortran.dg/vect/pr60510.f -mmsa -O0 execution test
FAIL: gfortran.dg/vect/pr60510.f -mmsa -O1 execution test
FAIL: gfortran.dg/vect/pr60510.f -mmsa -O1 execution test
FAIL: gfortran.dg/vect/pr60510.f -mmsa -O2 execution test
FAIL: gfortran.dg/vect/pr60510.f -mmsa -O2 execution test
FAIL: gfortran.dg/vect/pr60510.f -mmsa -O3 -fomit-frame-pointer -funroll-loops -fpeel-loops -ftracer -finline-functions execution test
FAIL: gfortran.dg/vect/pr60510.f -mmsa -O3 -fomit-frame-pointer -funroll-loops -fpeel-loops -ftracer -finline-functions execution test
FAIL: gfortran.dg/vect/pr60510.f -mmsa -O3 -g execution test
FAIL: gfortran.dg/vect/pr60510.f -mmsa -O3 -g execution test
FAIL: gfortran.dg/vect/pr60510.f -mmsa -Os execution test
FAIL: gfortran.dg/vect/pr60510.f -mmsa -Os execution test
FAIL: gfortran.dg/vect/vect-alias-check-1.F90 -mmsa -O0 execution test
FAIL: gfortran.dg/vect/vect-alias-check-1.F90 -mmsa -O0 execution test
FAIL: gfortran.dg/vect/vect-alias-check-1.F90 -mmsa -O1 execution test
FAIL: gfortran.dg/vect/vect-alias-check-1.F90 -mmsa -O1 execution test
FAIL: gfortran.dg/vect/vect-alias-check-1.F90 -mmsa -O2 execution test
FAIL: gfortran.dg/vect/vect-alias-check-1.F90 -mmsa -O2 execution test
FAIL: gfortran.dg/vect/vect-alias-check-1.F90 -mmsa -O3 -fomit-frame-pointer -funroll-loops -fpeel-loops -ftracer -finline-functions execution test
FAIL: gfortran.dg/vect/vect-alias-check-1.F90 -mmsa -O3 -fomit-frame-pointer -funroll-loops -fpeel-loops -ftracer -finline-functions execution test
FAIL: gfortran.dg/vect/vect-alias-check-1.F90 -mmsa -O3 -g execution test
FAIL: gfortran.dg/vect/vect-alias-check-1.F90 -mmsa -O3 -g execution test
FAIL: gfortran.dg/vect/vect-alias-check-1.F90 -mmsa -Os execution test
FAIL: gfortran.dg/vect/vect-alias-check-1.F90 -mmsa -Os execution test
=== gfortran Summary ===
# of expected passes 92328
# of unexpected failures 40
# of expected failures 186
# of unsupported tests 716
/build/gcc-snapshot-LUlV0K/gcc-snapshot-20180425/build/gcc/gfortran version 9.0.0 20180425 (experimental) [trunk revision 259645] (Debian 20180425-1)
=== gnat tests ===
Running target unix
FAIL: gnat.dg/trampoline4.adb scan-assembler GNU-stack.*x
FAIL: gnat.dg/trampoline4.adb scan-assembler GNU-stack.*x
XPASS: gnat.dg/specs/atomic1.ads (test for errors, line 13)
XPASS: gnat.dg/specs/atomic1.ads (test for errors, line 13)
XPASS: gnat.dg/specs/atomic1.ads (test for errors, line 9)
XPASS: gnat.dg/specs/atomic1.ads (test for errors, line 9)
=== gnat Summary ===
# of expected passes 5320
# of unexpected failures 2
# of unexpected successes 4
# of expected failures 46
# of unsupported tests 42
/build/gcc-snapshot-LUlV0K/gcc-snapshot-20180425/build/gcc/gnatmake version 9.0.0 20180425 (experimental) [trunk revision 259645]
=== go tests ===
Running target unix
FAIL: ./index0-out.go compilation, -O0 -g -fno-var-tracking-assignments
FAIL: ./index0-out.go compilation, -O0 -g -fno-var-tracking-assignments
FAIL: go.test/test/cmplxdivide.go
FAIL: go.test/test/cmplxdivide.go
WARNING: program timed out
WARNING: program timed out
WARNING: program timed out
WARNING: program timed out
=== go Summary ===
# of expected passes 14786
# of unexpected failures 4
# of expected failures 2
# of untested testcases 22
# of unsupported tests 6
/build/gcc-snapshot-LUlV0K/gcc-snapshot-20180425/build/gcc/gccgo version 9.0.0 20180425 (experimental) [trunk revision 259645] (Debian 20180425-1)
=== obj-c++ tests ===
Running target unix
=== obj-c++ Summary for unix ===
# of expected passes 1464
# of expected failures 2
# of unsupported tests 77
Running target unix
=== obj-c++ Summary for unix ===
# of expected passes 1464
# of expected failures 2
# of unsupported tests 77
=== obj-c++ Summary ===
# of expected passes 2928
# of expected failures 4
# of unsupported tests 154
/build/gcc-snapshot-LUlV0K/gcc-snapshot-20180425/build/gcc/xg++ version 9.0.0 20180425 (experimental) [trunk revision 259645] (Debian 20180425-1)
=== objc tests ===
Running target unix
=== objc Summary ===
# of expected passes 5606
# of unsupported tests 136
/build/gcc-snapshot-LUlV0K/gcc-snapshot-20180425/build/gcc/xgcc version 9.0.0 20180425 (experimental) [trunk revision 259645] (Debian 20180425-1)
=== gotools tests ===
FAIL: TestCgoCrashHandler
FAIL: TestCgoSignalDeadlock
FAIL: TestSelectStackAdjust
FAIL: go test runtime
FAIL: TestSigaltstack
FAIL: go test misc/cgo/testcarchive
=== gotools Summary ===
# of expected passes 231
# of unexpected failures 6
# of untested testcases 311
/build/gcc-snapshot-LUlV0K/gcc-snapshot-20180425/build/./gcc/gccgo version 9.0.0 20180425 (experimental) [trunk revision 259645] (Debian 20180425-1)
=== libatomic tests ===
Running target unix
=== libatomic Summary for unix ===
# of expected passes 44
# of unsupported tests 5
Running target unix
=== libatomic Summary for unix ===
# of expected passes 44
# of unsupported tests 5
=== libatomic Summary ===
# of expected passes 88
# of unsupported tests 10
=== libffi tests ===
Running target unix
=== libffi Summary for unix ===
# of expected passes 1934
# of unsupported tests 28
Running target unix
=== libffi Summary for unix ===
# of expected passes 1934
# of unsupported tests 28
=== libffi Summary ===
# of expected passes 3868
# of unsupported tests 56
=== libgo tests ===
Running target unix
FAIL: math
FAIL: runtime
FAIL: os/signal
FAIL: sync/atomic
FAIL: testing/quick
=== libgo Summary for unix ===
# of expected passes 157
# of unexpected failures 5
Running target unix/-mabi=n32
FAIL: math
FAIL: reflect
FAIL: runtime
FAIL: net/http/httptrace
=== libgo Summary for unix/-mabi=n32 ===
# of expected passes 158
# of unexpected failures 4
Running target unix/-mabi=64
FAIL: math
=== libgo Summary for unix/-mabi=64 ===
# of expected passes 161
# of unexpected failures 1
=== libgo Summary ===
# of expected passes 476
# of unexpected failures 10
/build/gcc-snapshot-LUlV0K/gcc-snapshot-20180425/build/./gcc/gccgo version 9.0.0 20180425 (experimental) [trunk revision 259645] (Debian 20180425-1)
=== libgomp tests ===
Running target unix
WARNING: program timed out
FAIL: libgomp.c/for-5.c (test for excess errors)
UNRESOLVED: libgomp.c/for-5.c compilation failed to produce executable
WARNING: program timed out
FAIL: libgomp.c++/for-13.C (test for excess errors)
UNRESOLVED: libgomp.c++/for-13.C compilation failed to produce executable
FAIL: libgomp.oacc-c/../libgomp.oacc-c-c++-common/atomic_update-1.c -DACC_DEVICE_TYPE_host=1 -DACC_MEM_SHARED=1 -O2 execution test
FAIL: libgomp.oacc-c++/../libgomp.oacc-c-c++-common/atomic_update-1.c -DACC_DEVICE_TYPE_host=1 -DACC_MEM_SHARED=1 -O2 execution test
=== libgomp Summary for unix ===
# of expected passes 5432
# of unexpected failures 4
# of expected failures 1
# of unresolved testcases 2
# of unsupported tests 363
Running target unix
FAIL: libgomp.c/for-3.c execution test
WARNING: program timed out
FAIL: libgomp.c/for-5.c (test for excess errors)
UNRESOLVED: libgomp.c/for-5.c compilation failed to produce executable
WARNING: program timed out
FAIL: libgomp.c++/for-13.C (test for excess errors)
UNRESOLVED: libgomp.c++/for-13.C compilation failed to produce executable
FAIL: libgomp.oacc-c/../libgomp.oacc-c-c++-common/atomic_update-1.c -DACC_DEVICE_TYPE_host=1 -DACC_MEM_SHARED=1 -O2 execution test
FAIL: libgomp.oacc-c++/../libgomp.oacc-c-c++-common/atomic_update-1.c -DACC_DEVICE_TYPE_host=1 -DACC_MEM_SHARED=1 -O2 execution test
=== libgomp Summary for unix ===
# of expected passes 5431
# of unexpected failures 5
# of expected failures 1
# of unresolved testcases 2
# of unsupported tests 363
=== libgomp Summary ===
# of expected passes 10863
# of unexpected failures 9
# of expected failures 2
# of unresolved testcases 4
# of unsupported tests 726
=== libstdc++ tests ===
Running target unix
FAIL: libstdc++-abi/abi_check
FAIL: libstdc++-abi/abi_check
FAIL: 22_locale/time_get/get_date/wchar_t/4.cc execution test
FAIL: 22_locale/time_get/get_date/wchar_t/4.cc execution test
FAIL: 23_containers/list/modifiers/insert/25288.cc execution test
FAIL: 23_containers/list/modifiers/insert/25288.cc execution test
FAIL: 26_numerics/headers/cmath/hypot.cc execution test
FAIL: 26_numerics/headers/cmath/hypot.cc execution test
FAIL: libstdc++-prettyprinters/80276.cc whatis p4
FAIL: libstdc++-prettyprinters/80276.cc whatis p4
FAIL: libstdc++-prettyprinters/80276.cc whatis p4
FAIL: libstdc++-prettyprinters/80276.cc whatis p4
=== libstdc++ Summary ===
# of expected passes 25302
# of unexpected failures 12
# of expected failures 142
# of unsupported tests 606
Compiler version: 9.0.0 20180425 (experimental) [trunk revision 259645] (Debian 20180425-1)
Platform: mipsel-unknown-linux-gnu
configure flags: -v --with-pkgversion='Debian 20180425-1' --with-bugurl=file:///usr/share/doc/gcc-snapshot/README.Bugs --enable-languages=c,ada,c++,go,fortran,objc,obj-c++ --prefix=/usr/lib/gcc-snapshot --with-gcc-major-version-only --with-as=/usr/bin/mipsel-linux-gnu-as --with-ld=/usr/bin/mipsel-linux-gnu-ld --program-prefix= --enable-shared --enable-linker-build-id --disable-nls --with-sysroot=/ --enable-clocale=gnu --enable-libstdcxx-debug --enable-libstdcxx-time=yes --with-default-libstdcxx-abi=new --enable-gnu-unique-object --disable-libitm --disable-libsanitizer --disable-libquadmath --disable-libquadmath-support --enable-plugin --with-system-zlib --enable-multiarch --disable-werror --enable-multilib --with-arch-32=mips32r2 --with-fp-32=xx --with-madd4=no --with-lxc1-sxc1=no --enable-targets=all --with-arch-64=mips64r2 --enable-checking=yes --build=mipsel-linux-gnu --host=mipsel-linux-gnu --target=mipsel-linux-gnu
BOOT_CFLAGS=
Build Dependencies:
Desired=Unknown/Install/Remove/Purge/Hold
| Status=Not/Inst/Conf-files/Unpacked/halF-conf/Half-inst/trig-aWait/Trig-pend
|/ Err?=(none)/Reinst-required (Status,Err: uppercase=bad)
||/ Name Version Architecture Description
+++-=========================-==============-============-===============================================================================
ii binutils 2.30-16 mipsel GNU assembler, linker and binary utilities
ii binutils-common:mipsel 2.30-16 mipsel Common files for the GNU assembler, linker and binary utilities
ii binutils-mipsel-linux-gnu 2.30-16 mipsel GNU binary utilities, for mipsel-linux-gnu target
ii g++-7 7.3.0-16 mipsel GNU C++ compiler
ii g++-7-multilib 7.3.0-16 mipsel GNU C++ compiler (multilib support)
ii g++-multilib 4:7.3.0-3 mipsel GNU C++ compiler (multilib files)
ii libc6:mipsel 2.27-3 mipsel GNU C Library: Shared libraries
ii libgmp-dev:mipsel 2:6.1.2+dfsg-3 mipsel Multiprecision arithmetic library developers tools
ii libisl-dev:mipsel 0.19-1 mipsel manipulating sets and relations of integer points bounded by linear constraints
ii libmpc-dev:mipsel 1.1.0-1 mipsel multiple precision complex floating-point library development package
ii libmpfr-dev:mipsel 4.0.1-1 mipsel multiple precision floating-point computation developers tools
sys-auxv-header:
Check for the sys/auxv.h header file.
arm-multilib-soft:
ARM hard/soft float multilib support
arm-multilib-defaults:
Set MULTILIB_DEFAULTS for ARM multilib builds
gcc-ice-dump:
For ICEs, dump the preprocessed source file to stderr
when in a distro build environment.
gcc-ice-apport:
Report an ICE to apport (if apport is available
and the environment variable GCC_NOAPPORT is not set)
skip-bootstrap-multilib:
Skip non-default multilib and libstdc++-v3 debug builds in bootstrap builds
libffi-ro-eh_frame_sect:
PR libffi/47248, force a read only eh frame section.
libffi-mips:
Backport Mips go closure support, taken from libffi issue #197.
ada-kfreebsd:
ada-drop-termio-h:
gcc-multiarch:
- Remaining multiarch patches, not yet submitted upstream.
- Add MULTIARCH_DIRNAME definitions for multilib configurations,
which are used for the non-multilib builds.
config-ml:
- Disable some biarch libraries for biarch builds.
- Fix multilib builds on kernels which don't support all multilibs.
gcc-multilib-multiarch:
Don't auto-detect multilib osdirnames.
libgomp-kfreebsd-testsuite:
Disable lock-2.c test on kfreebsd-*
go-testsuite:
Skip Go testcase on AArch64 which hangs on the buildds.
ada-749574:
ada-changes-in-autogen-output:
Counting all warnings,
there are 0 warnings in stage3 of this bootstrap.
Number of warnings per file:
Number of warning types: