This is the mail archive of the
gcc-testresults@gcc.gnu.org
mailing list for the GCC project.
Results for 7.3.1 20180413 [gcc-7-branch revision 259362] (GCC) testsuite on i386-pc-solaris2.10
- From: Rainer Orth <ro at CeBiTec dot Uni-Bielefeld dot DE>
- To: gcc-testresults at gcc dot gnu dot org
- Date: Sat, 14 Apr 2018 09:16:17 +0200 (MEST)
- Subject: Results for 7.3.1 20180413 [gcc-7-branch revision 259362] (GCC) testsuite on i386-pc-solaris2.10
LAST_UPDATED: Fri Apr 13 08:53:41 UTC 2018 (revision 259362)
=== acats tests ===
=== acats Summary ===
# of expected passes 2320
# of unexpected failures 0
Native configuration is i386-pc-solaris2.10
=== g++ tests ===
Running target unix
=== g++ Summary for unix ===
# of expected passes 105208
# of expected failures 395
# of unsupported tests 4137
Running target unix/-m64
=== g++ Summary for unix/-m64 ===
# of expected passes 106542
# of expected failures 395
# of unsupported tests 4385
=== g++ Summary ===
# of expected passes 211750
# of expected failures 790
# of unsupported tests 8522
/var/gcc/regression/gcc-7-branch/10-gcc-gas/build/gcc/xg++ version 7.3.1 20180413 [gcc-7-branch revision 259362] (GCC)
=== gcc tests ===
Running target unix
FAIL: gcc.c-torture/execute/pr48809.c -O2 (test for excess errors)
UNRESOLVED: gcc.c-torture/execute/pr48809.c -O2 compilation failed to produce executable
WARNING: program timed out
XPASS: gcc.dg/pr78768.c -Wformat-overflow (test for warnings, line 11)
FAIL: gcc.dg/visibility-22.c execution test
FAIL: gcc.target/i386/indirect-thunk-1.c scan-assembler jmp[ \\t]*__x86_indirect_thunk_(r|e)ax
FAIL: gcc.target/i386/indirect-thunk-2.c scan-assembler jmp[ \\t]*__x86_indirect_thunk_(r|e)ax
FAIL: gcc.target/i386/indirect-thunk-3.c scan-assembler call[ \\t]*__x86_indirect_thunk_(r|e)ax
FAIL: gcc.target/i386/indirect-thunk-4.c scan-assembler call[ \\t]*__x86_indirect_thunk_(r|e)ax
FAIL: gcc.target/i386/indirect-thunk-7.c scan-assembler jmp[ \\t]*__x86_indirect_thunk_(r|e)ax
FAIL: gcc.target/i386/indirect-thunk-attr-1.c scan-assembler jmp[ \\t]*__x86_indirect_thunk_(r|e)ax
FAIL: gcc.target/i386/indirect-thunk-attr-2.c scan-assembler jmp[ \\t]*__x86_indirect_thunk_(r|e)ax
FAIL: gcc.target/i386/indirect-thunk-attr-5.c scan-assembler call[ \\t]*__x86_indirect_thunk_(r|e)ax
FAIL: gcc.target/i386/indirect-thunk-attr-6.c scan-assembler call[ \\t]*__x86_indirect_thunk_(r|e)ax
FAIL: gcc.target/i386/indirect-thunk-attr-7.c scan-assembler jmp[ \\t]*__x86_indirect_thunk_(r|e)ax
FAIL: gcc.target/i386/indirect-thunk-bnd-1.c scan-assembler bnd call[ \\t]*__x86_indirect_thunk_bnd_eax
FAIL: gcc.target/i386/indirect-thunk-bnd-2.c scan-assembler bnd call[ \\t]*__x86_indirect_thunk_bnd_(r|e)ax
FAIL: gcc.target/i386/indirect-thunk-extern-1.c scan-assembler jmp[ \\t]*__x86_indirect_thunk_(r|e)ax
FAIL: gcc.target/i386/indirect-thunk-extern-2.c scan-assembler jmp[ \\t]*__x86_indirect_thunk_(r|e)ax
FAIL: gcc.target/i386/indirect-thunk-extern-3.c scan-assembler call[ \\t]*__x86_indirect_thunk_(r|e)ax
FAIL: gcc.target/i386/indirect-thunk-extern-4.c scan-assembler call[ \\t]*__x86_indirect_thunk_(r|e)ax
FAIL: gcc.target/i386/indirect-thunk-extern-7.c scan-assembler jmp[ \\t]*__x86_indirect_thunk_(r|e)ax
FAIL: gcc.target/i386/indirect-thunk-register-1.c scan-assembler jmp[ \\t]*__x86_indirect_thunk_(r|e)ax
FAIL: gcc.target/i386/indirect-thunk-register-3.c scan-assembler jmp[ \\t]*__x86_indirect_thunk_(r|e)ax
FAIL: gcc.target/i386/ret-thunk-1.c scan-assembler jmp[ \\t]*__x86_return_thunk
FAIL: gcc.target/i386/ret-thunk-10.c scan-assembler __x86_indirect_thunk_(r|e)ax:
FAIL: gcc.target/i386/ret-thunk-10.c scan-assembler call[ \\t]*__x86_indirect_thunk_(r|e)ax
FAIL: gcc.target/i386/ret-thunk-11.c scan-assembler __x86_indirect_thunk_(r|e)ax:
FAIL: gcc.target/i386/ret-thunk-11.c scan-assembler call[ \\t]*__x86_indirect_thunk_(r|e)ax
FAIL: gcc.target/i386/ret-thunk-11.c scan-assembler jmp[ \\t]*__x86_return_thunk
FAIL: gcc.target/i386/ret-thunk-12.c scan-assembler __x86_indirect_thunk_(r|e)ax:
FAIL: gcc.target/i386/ret-thunk-12.c scan-assembler call[ \\t]*__x86_indirect_thunk_(r|e)ax
FAIL: gcc.target/i386/ret-thunk-13.c scan-assembler jmp[ \\t]*__x86_return_thunk
FAIL: gcc.target/i386/ret-thunk-14.c scan-assembler call[ \\t]*__x86_indirect_thunk_(r|e)ax
FAIL: gcc.target/i386/ret-thunk-15.c scan-assembler call[ \\t]*__x86_indirect_thunk_(r|e)ax
FAIL: gcc.target/i386/ret-thunk-15.c scan-assembler jmp[ \\t]*__x86_return_thunk
FAIL: gcc.target/i386/ret-thunk-22.c scan-assembler jmp[ \\t]*__x86_return_thunk_ecx
FAIL: gcc.target/i386/ret-thunk-23.c scan-assembler jmp[ \\t]*__x86_return_thunk_ecx
FAIL: gcc.target/i386/ret-thunk-25.c scan-assembler jmp[ \\t]*__x86_return_thunk_bnd_ecx
FAIL: gcc.target/i386/ret-thunk-26.c (test for excess errors)
UNRESOLVED: gcc.target/i386/ret-thunk-26.c compilation failed to produce executable
FAIL: gcc.target/i386/ret-thunk-3.c scan-assembler jmp[ \\t]*__x86_return_thunk
FAIL: gcc.target/i386/ret-thunk-5.c scan-assembler jmp[ \\t]*__x86_return_thunk
FAIL: gcc.target/i386/ret-thunk-7.c scan-assembler jmp[ \\t]*__x86_return_thunk
FAIL: gcc.target/i386/ret-thunk-9.c scan-assembler __x86_return_thunk:
FAIL: gcc.target/i386/ret-thunk-9.c scan-assembler call[ \\t]*__x86_indirect_thunk_(r|e)ax
FAIL: gcc.target/i386/ret-thunk-9.c scan-assembler jmp[ \\t]*__x86_return_thunk
=== gcc Summary for unix ===
# of expected passes 117556
# of unexpected failures 43
# of unexpected successes 1
# of expected failures 376
# of unresolved testcases 2
# of unsupported tests 2110
Running target unix/-m64
FAIL: gcc.c-torture/execute/pr24135.c -O2 -flto -flto-partition=none (test for excess errors)
FAIL: gcc.c-torture/execute/pr27260.c -O2 -flto -flto-partition=none (test for excess errors)
FAIL: gcc.c-torture/execute/pr28651.c -O2 -flto (test for excess errors)
FAIL: gcc.c-torture/execute/pr29797-1.c -O2 -flto (test for excess errors)
FAIL: gcc.c-torture/execute/pr31448.c -O2 -flto -flto-partition=none (test for excess errors)
FAIL: gcc.c-torture/execute/pr33870-1.c -O2 -flto -flto-partition=none (test for excess errors)
FAIL: gcc.c-torture/execute/pr38051.c -O2 -flto (test for excess errors)
FAIL: gcc.c-torture/execute/pr40022.c -O2 -flto (test for excess errors)
FAIL: gcc.c-torture/execute/pr42833.c -O2 -flto (test for excess errors)
FAIL: gcc.c-torture/execute/pr43560.c -O2 -flto -flto-partition=none (test for excess errors)
FAIL: gcc.c-torture/execute/pr44202-1.c -O2 -flto (test for excess errors)
FAIL: gcc.c-torture/execute/pr45070.c -O2 -flto -flto-partition=none (test for excess errors)
FAIL: gcc.c-torture/execute/pr47237.c -O2 -flto (test for excess errors)
FAIL: gcc.c-torture/execute/pr51581-1.c -O2 -flto (test for excess errors)
FAIL: gcc.c-torture/execute/pr51581-1.c -O2 -flto -flto-partition=none (test for excess errors)
FAIL: gcc.c-torture/execute/pr51581-2.c -O2 -flto (test for excess errors)
FAIL: gcc.c-torture/execute/pr51581-2.c -O2 -flto -flto-partition=none (test for excess errors)
FAIL: gcc.c-torture/execute/pr53645-2.c -O2 -flto (test for excess errors)
FAIL: gcc.c-torture/execute/pr53645-2.c -O2 -flto -flto-partition=none (test for excess errors)
FAIL: gcc.c-torture/execute/pr53645.c -O2 -flto (test for excess errors)
FAIL: gcc.c-torture/execute/pr53645.c -O2 -flto -flto-partition=none (test for excess errors)
FAIL: gcc.c-torture/execute/stdarg-2.c -O2 -flto (test for excess errors)
FAIL: gcc.c-torture/execute/stdarg-2.c -O2 -flto -flto-partition=none (test for excess errors)
FAIL: gcc.c-torture/execute/stdarg-3.c -O2 -flto (test for excess errors)
FAIL: gcc.c-torture/execute/stdarg-3.c -O2 -flto -flto-partition=none (test for excess errors)
FAIL: gcc.c-torture/execute/va-arg-10.c -O2 -flto (test for excess errors)
FAIL: gcc.c-torture/execute/va-arg-10.c -O2 -flto -flto-partition=none (test for excess errors)
FAIL: gcc.c-torture/execute/va-arg-2.c -O2 -flto (test for excess errors)
FAIL: gcc.c-torture/execute/va-arg-2.c -O2 -flto -flto-partition=none (test for excess errors)
FAIL: gcc.c-torture/execute/va-arg-22.c -O2 -flto (test for excess errors)
FAIL: gcc.c-torture/execute/va-arg-22.c -O2 -flto -flto-partition=none (test for excess errors)
FAIL: gcc.c-torture/execute/va-arg-24.c -O2 -flto (test for excess errors)
FAIL: gcc.c-torture/execute/va-arg-24.c -O2 -flto -flto-partition=none (test for excess errors)
FAIL: gcc.c-torture/execute/va-arg-9.c -O2 -flto (test for excess errors)
WARNING: program timed out
WARNING: program timed out
WARNING: program timed out
WARNING: program timed out
WARNING: program timed out
WARNING: program timed out
WARNING: program timed out
WARNING: program timed out
WARNING: program timed out
WARNING: program timed out
WARNING: program timed out
WARNING: program timed out
WARNING: program timed out
WARNING: program timed out
WARNING: program timed out
WARNING: program timed out
WARNING: program timed out
WARNING: program timed out
WARNING: program timed out
WARNING: program timed out
WARNING: program timed out
WARNING: program timed out
WARNING: program timed out
WARNING: program timed out
WARNING: program timed out
WARNING: program timed out
WARNING: program timed out
WARNING: program timed out
WARNING: program timed out
WARNING: program timed out
WARNING: program timed out
WARNING: program timed out
WARNING: program timed out
WARNING: program timed out
FAIL: gcc.dg/atomic/c11-atomic-exec-1.c -O2 -flto (test for excess errors)
FAIL: gcc.dg/atomic/c11-atomic-exec-1.c -O2 -flto -flto-partition=none (test for excess errors)
FAIL: gcc.dg/atomic/c11-atomic-exec-2.c -O2 -flto -flto-partition=none (test for excess errors)
WARNING: program timed out
WARNING: program timed out
WARNING: program timed out
XPASS: gcc.dg/pr78768.c -Wformat-overflow (test for warnings, line 11)
FAIL: gcc.dg/visibility-22.c execution test
FAIL: gcc.target/i386/indirect-thunk-1.c scan-assembler jmp[ \\t]*__x86_indirect_thunk_(r|e)ax
FAIL: gcc.target/i386/indirect-thunk-2.c scan-assembler jmp[ \\t]*__x86_indirect_thunk_(r|e)ax
FAIL: gcc.target/i386/indirect-thunk-3.c scan-assembler call[ \\t]*__x86_indirect_thunk_(r|e)ax
FAIL: gcc.target/i386/indirect-thunk-4.c scan-assembler call[ \\t]*__x86_indirect_thunk_(r|e)ax
FAIL: gcc.target/i386/indirect-thunk-7.c scan-assembler jmp[ \\t]*__x86_indirect_thunk_(r|e)ax
FAIL: gcc.target/i386/indirect-thunk-attr-1.c scan-assembler jmp[ \\t]*__x86_indirect_thunk_(r|e)ax
FAIL: gcc.target/i386/indirect-thunk-attr-2.c scan-assembler jmp[ \\t]*__x86_indirect_thunk_(r|e)ax
FAIL: gcc.target/i386/indirect-thunk-attr-5.c scan-assembler call[ \\t]*__x86_indirect_thunk_(r|e)ax
FAIL: gcc.target/i386/indirect-thunk-attr-6.c scan-assembler call[ \\t]*__x86_indirect_thunk_(r|e)ax
FAIL: gcc.target/i386/indirect-thunk-attr-7.c scan-assembler jmp[ \\t]*__x86_indirect_thunk_(r|e)ax
FAIL: gcc.target/i386/indirect-thunk-bnd-1.c scan-assembler bnd jmp[ \\t]*__x86_indirect_thunk_bnd_rax
FAIL: gcc.target/i386/indirect-thunk-bnd-2.c scan-assembler bnd call[ \\t]*__x86_indirect_thunk_bnd_(r|e)ax
FAIL: gcc.target/i386/indirect-thunk-extern-1.c scan-assembler jmp[ \\t]*__x86_indirect_thunk_(r|e)ax
FAIL: gcc.target/i386/indirect-thunk-extern-2.c scan-assembler jmp[ \\t]*__x86_indirect_thunk_(r|e)ax
FAIL: gcc.target/i386/indirect-thunk-extern-3.c scan-assembler call[ \\t]*__x86_indirect_thunk_(r|e)ax
FAIL: gcc.target/i386/indirect-thunk-extern-4.c scan-assembler call[ \\t]*__x86_indirect_thunk_(r|e)ax
FAIL: gcc.target/i386/indirect-thunk-extern-7.c scan-assembler jmp[ \\t]*__x86_indirect_thunk_(r|e)ax
FAIL: gcc.target/i386/indirect-thunk-register-1.c scan-assembler jmp[ \\t]*__x86_indirect_thunk_(r|e)ax
FAIL: gcc.target/i386/indirect-thunk-register-3.c scan-assembler jmp[ \\t]*__x86_indirect_thunk_(r|e)ax
FAIL: gcc.target/i386/ret-thunk-1.c scan-assembler jmp[ \\t]*__x86_return_thunk
FAIL: gcc.target/i386/ret-thunk-10.c scan-assembler __x86_indirect_thunk_(r|e)ax:
FAIL: gcc.target/i386/ret-thunk-10.c scan-assembler call[ \\t]*__x86_indirect_thunk_(r|e)ax
FAIL: gcc.target/i386/ret-thunk-11.c scan-assembler __x86_indirect_thunk_(r|e)ax:
FAIL: gcc.target/i386/ret-thunk-11.c scan-assembler call[ \\t]*__x86_indirect_thunk_(r|e)ax
FAIL: gcc.target/i386/ret-thunk-11.c scan-assembler jmp[ \\t]*__x86_return_thunk
FAIL: gcc.target/i386/ret-thunk-12.c scan-assembler __x86_indirect_thunk_(r|e)ax:
FAIL: gcc.target/i386/ret-thunk-12.c scan-assembler call[ \\t]*__x86_indirect_thunk_(r|e)ax
FAIL: gcc.target/i386/ret-thunk-13.c scan-assembler jmp[ \\t]*__x86_return_thunk
FAIL: gcc.target/i386/ret-thunk-14.c scan-assembler call[ \\t]*__x86_indirect_thunk_(r|e)ax
FAIL: gcc.target/i386/ret-thunk-15.c scan-assembler call[ \\t]*__x86_indirect_thunk_(r|e)ax
FAIL: gcc.target/i386/ret-thunk-15.c scan-assembler jmp[ \\t]*__x86_return_thunk
FAIL: gcc.target/i386/ret-thunk-26.c execution test
FAIL: gcc.target/i386/ret-thunk-3.c scan-assembler jmp[ \\t]*__x86_return_thunk
FAIL: gcc.target/i386/ret-thunk-5.c scan-assembler jmp[ \\t]*__x86_return_thunk
FAIL: gcc.target/i386/ret-thunk-7.c scan-assembler jmp[ \\t]*__x86_return_thunk
FAIL: gcc.target/i386/ret-thunk-9.c scan-assembler __x86_return_thunk:
FAIL: gcc.target/i386/ret-thunk-9.c scan-assembler call[ \\t]*__x86_indirect_thunk_(r|e)ax
FAIL: gcc.target/i386/ret-thunk-9.c scan-assembler jmp[ \\t]*__x86_return_thunk
=== gcc Summary for unix/-m64 ===
# of expected passes 119073
# of unexpected failures 76
# of unexpected successes 1
# of expected failures 370
# of unsupported tests 2075
=== gcc Summary ===
# of expected passes 236629
# of unexpected failures 119
# of unexpected successes 2
# of expected failures 746
# of unresolved testcases 2
# of unsupported tests 4185
/var/gcc/regression/gcc-7-branch/10-gcc-gas/build/gcc/xgcc version 7.3.1 20180413 [gcc-7-branch revision 259362] (GCC)
=== gfortran tests ===
Running target unix
FAIL: gfortran.dg/execute_command_line_3.f90 -O execution test
=== gfortran Summary for unix ===
# of expected passes 45256
# of unexpected failures 1
# of expected failures 93
# of unsupported tests 189
Running target unix/-m64
FAIL: gfortran.dg/execute_command_line_3.f90 -O execution test
FAIL: gfortran.dg/ieee/pr77507.f90 -O (test for excess errors)
WARNING: program timed out
FAIL: gfortran.dg/lto/20100222-1 f_lto_20100222-1_0.o assemble, -O2 -flto -flto-partition=1to1
UNRESOLVED: gfortran.dg/lto/20100222-1 f_lto_20100222-1_0.o-f_lto_20100222-1_1.o execute -O2 -flto -flto-partition=1to1
UNRESOLVED: gfortran.dg/lto/20100222-1 f_lto_20100222-1_0.o-f_lto_20100222-1_1.o link -O2 -flto -flto-partition=1to1
FAIL: gfortran.dg/lto/pr45586-2 f_lto_pr45586-2_0.o assemble, -O0 -flto -flto-partition=1to1
UNRESOLVED: gfortran.dg/lto/pr45586-2 f_lto_pr45586-2_0.o-f_lto_pr45586-2_0.o execute -O0 -flto -flto-partition=1to1
UNRESOLVED: gfortran.dg/lto/pr45586-2 f_lto_pr45586-2_0.o-f_lto_pr45586-2_0.o link -O0 -flto -flto-partition=1to1
WARNING: program timed out
WARNING: program timed out
UNRESOLVED: gfortran.dg/vect/vect-1.f90 -O scan-tree-dump-times vect "vectorized 3 loops" 1
FAIL: gfortran.dg/vect/vect-1.f90 -O (test for excess errors)
WARNING: program timed out
=== gfortran Summary for unix/-m64 ===
# of expected passes 45465
# of unexpected failures 5
# of expected failures 93
# of unresolved testcases 5
# of unsupported tests 86
=== gfortran Summary ===
# of expected passes 90721
# of unexpected failures 6
# of expected failures 186
# of unresolved testcases 5
# of unsupported tests 275
/var/gcc/regression/gcc-7-branch/10-gcc-gas/build/gcc/gfortran version 7.3.1 20180413 [gcc-7-branch revision 259362] (GCC)
=== gnat tests ===
Running target unix
=== gnat Summary for unix ===
# of expected passes 2585
# of expected failures 24
# of unsupported tests 7
Running target unix/-m64
=== gnat Summary for unix/-m64 ===
# of expected passes 2585
# of expected failures 24
# of unsupported tests 7
=== gnat Summary ===
# of expected passes 5170
# of expected failures 48
# of unsupported tests 14
/var/gcc/regression/gcc-7-branch/10-gcc-gas/build/gcc/gnatmake version 7.3.1 20180413 [gcc-7-branch revision 259362]
=== go tests ===
Running target unix
FAIL: go.test/test/recover.go execution, -O2 -g
=== go Summary for unix ===
# of expected passes 7364
# of unexpected failures 1
# of expected failures 1
# of untested testcases 10
# of unsupported tests 2
Running target unix/-m64
FAIL: go.test/test/recover.go execution, -O2 -g
=== go Summary for unix/-m64 ===
# of expected passes 7245
# of unexpected failures 1
# of expected failures 1
# of untested testcases 10
# of unsupported tests 1
=== go Summary ===
# of expected passes 14609
# of unexpected failures 2
# of expected failures 2
# of untested testcases 20
# of unsupported tests 3
=== obj-c++ tests ===
Running target unix
=== obj-c++ Summary for unix ===
# of expected passes 1443
# of expected failures 2
# of unsupported tests 77
Running target unix/-m64
=== obj-c++ Summary for unix/-m64 ===
# of expected passes 1435
# of expected failures 10
# of unsupported tests 77
=== obj-c++ Summary ===
# of expected passes 2878
# of expected failures 12
# of unsupported tests 154
/var/gcc/regression/gcc-7-branch/10-gcc-gas/build/gcc/xg++ version 7.3.1 20180413 [gcc-7-branch revision 259362] (GCC)
=== objc tests ===
Running target unix
=== objc Summary for unix ===
# of expected passes 2781
# of expected failures 6
# of unsupported tests 68
Running target unix/-m64
=== objc Summary for unix/-m64 ===
# of expected passes 2781
# of expected failures 6
# of unsupported tests 68
=== objc Summary ===
# of expected passes 5562
# of expected failures 12
# of unsupported tests 136
/var/gcc/regression/gcc-7-branch/10-gcc-gas/build/gcc/xgcc version 7.3.1 20180413 [gcc-7-branch revision 259362] (GCC)
=== libatomic tests ===
Running target unix
=== libatomic Summary for unix ===
# of expected passes 44
# of unsupported tests 5
Running target unix/-m64
=== libatomic Summary for unix/-m64 ===
# of expected passes 54
=== libatomic Summary ===
# of expected passes 98
# of unsupported tests 5
=== libffi tests ===
Running target unix
=== libffi Summary for unix ===
# of expected passes 2799
Running target unix/-m64
=== libffi Summary for unix/-m64 ===
# of expected passes 2214
=== libffi Summary ===
# of expected passes 5013
=== libgo tests ===
Running target unix
FAIL: runtime
FAIL: go/build
FAIL: net/http
FAIL: runtime/debug
=== libgo Summary for unix ===
# of expected passes 142
# of unexpected failures 4
Running target unix/-m64
FAIL: go/build
FAIL: os/signal
FAIL: runtime/debug
FAIL: runtime/pprof
=== libgo Summary for unix/-m64 ===
# of expected passes 142
# of unexpected failures 4
=== libgo Summary ===
# of expected passes 284
# of unexpected failures 8
=== libgomp tests ===
Running target unix
=== libgomp Summary for unix ===
# of expected passes 5231
# of unsupported tests 333
Running target unix/-m64
=== libgomp Summary for unix/-m64 ===
# of expected passes 5231
# of unsupported tests 333
=== libgomp Summary ===
# of expected passes 10462
# of unsupported tests 666
=== libitm tests ===
Running target unix
=== libitm Summary for unix ===
# of expected passes 42
# of expected failures 3
# of unsupported tests 1
Running target unix/-m64
=== libitm Summary for unix/-m64 ===
# of expected passes 42
# of expected failures 3
# of unsupported tests 1
=== libitm Summary ===
# of expected passes 84
# of expected failures 6
# of unsupported tests 2
=== libstdc++ tests ===
Running target unix
=== libstdc++ Summary for unix ===
# of expected passes 10899
# of expected failures 69
# of unsupported tests 624
Running target unix/-m64
FAIL: experimental/filesystem/operations/last_write_time.cc execution test
=== libstdc++ Summary for unix/-m64 ===
# of expected passes 10891
# of unexpected failures 1
# of expected failures 68
# of unsupported tests 628
=== libstdc++ Summary ===
# of expected passes 21790
# of unexpected failures 1
# of expected failures 137
# of unsupported tests 1252
Compiler version: 7.3.1 20180413 [gcc-7-branch revision 259362] (GCC)
Platform: i386-pc-solaris2.10
configure flags: --prefix=/vol/gcc --target=i386-pc-solaris2.10 --enable-objc-gc --with-target-bdw-gc-include=/vol/gcc/include --with-target-bdw-gc-lib=/vol/gcc/lib,amd64=/vol/gcc/lib/amd64 --with-as=/vol/gcc/bin/gas-2.30 --with-gnu-as --with-gmp-include=/vol/gcc/include --with-gmp-lib=/vol/gcc/lib --with-mpfr-include=/vol/gcc/include --with-mpfr-lib=/vol/gcc/lib --with-mpc-include=/vol/gcc/include --with-mpc-lib=/vol/gcc/lib --enable-languages=all,ada,obj-c++,go --with-isl-include=/vol/gcc/include --with-isl-lib=/vol/gcc/lib --build=i386-pc-solaris2.10 --host=i386-pc-solaris2.10
BOOT_CFLAGS=-g -O2