This is the mail archive of the
gcc-testresults@gcc.gnu.org
mailing list for the GCC project.
Results for 8.0.1 20180413 (experimental) [trunk revision 259366] (GCC) testsuite on i386-pc-solaris2.11
- From: Rainer Orth <ro at CeBiTec dot Uni-Bielefeld dot DE>
- To: gcc-testresults at gcc dot gnu dot org
- Date: Sat, 14 Apr 2018 00:00:46 +0200 (MEST)
- Subject: Results for 8.0.1 20180413 (experimental) [trunk revision 259366] (GCC) testsuite on i386-pc-solaris2.11
LAST_UPDATED: Fri Apr 13 08:50:49 UTC 2018 (revision 259366)
=== acats tests ===
=== acats Summary ===
# of expected passes 2320
# of unexpected failures 0
Native configuration is i386-pc-solaris2.11
=== g++ tests ===
Running target unix
FAIL: g++.dg/ext/pr84828.C -std=gnu++11 (internal compiler error)
FAIL: g++.dg/ext/pr84828.C -std=gnu++11 (test for excess errors)
FAIL: g++.dg/ext/pr84828.C -std=gnu++14 (internal compiler error)
FAIL: g++.dg/ext/pr84828.C -std=gnu++14 (test for excess errors)
FAIL: g++.dg/ext/pr84828.C -std=gnu++98 (internal compiler error)
FAIL: g++.dg/ext/pr84828.C -std=gnu++98 (test for excess errors)
=== g++ Summary for unix ===
# of expected passes 114295
# of unexpected failures 6
# of expected failures 507
# of unsupported tests 4597
Running target unix/-m64
FAIL: g++.dg/pr80481.C -std=gnu++11 scan-assembler-not vmovaps
FAIL: g++.dg/pr80481.C -std=gnu++14 scan-assembler-not vmovaps
FAIL: g++.dg/pr80481.C -std=gnu++98 scan-assembler-not vmovaps
=== g++ Summary for unix/-m64 ===
# of expected passes 115795
# of unexpected failures 3
# of expected failures 510
# of unsupported tests 4787
=== g++ Summary ===
# of expected passes 230090
# of unexpected failures 9
# of expected failures 1017
# of unsupported tests 9384
/var/gcc/regression/trunk/11-gcc-gas/build/gcc/xg++ version 8.0.1 20180413 (experimental) [trunk revision 259366] (GCC)
=== gcc tests ===
Running target unix
FAIL: gcc.c-torture/compile/20080613-1.c -O1 (test for excess errors)
FAIL: gcc.c-torture/compile/20080613-1.c -O2 (test for excess errors)
FAIL: gcc.c-torture/compile/20080820-1.c -Os (test for excess errors)
FAIL: gcc.c-torture/compile/20081108-1.c -O1 (test for excess errors)
FAIL: gcc.dg/visibility-22.c execution test
FAIL: gcc.dg/torture/pr60092.c -O0 execution test
=== gcc Summary for unix ===
# of expected passes 121594
# of unexpected failures 6
# of expected failures 404
# of unsupported tests 2211
Running target unix/-m64
FAIL: gcc.dg/visibility-22.c execution test
FAIL: gcc.dg/torture/pr60092.c -O0 execution test
=== gcc Summary for unix/-m64 ===
# of expected passes 123334
# of unexpected failures 2
# of expected failures 393
# of unsupported tests 2102
=== gcc Summary ===
# of expected passes 244928
# of unexpected failures 8
# of expected failures 797
# of unsupported tests 4313
/var/gcc/regression/trunk/11-gcc-gas/build/gcc/xgcc version 8.0.1 20180413 (experimental) [trunk revision 259366] (GCC)
=== gfortran tests ===
Running target unix
FAIL: gfortran.dg/alloc_comp_assign_14.f08 -O1 execution test
FAIL: gfortran.dg/alloc_comp_assign_14.f08 -O2 (test for excess errors)
UNRESOLVED: gfortran.dg/alloc_comp_assign_14.f08 -O2 compilation failed to produce executable
FAIL: gfortran.dg/alloc_comp_assign_2.f90 -O0 execution test
FAIL: gfortran.dg/alloc_comp_assign_2.f90 -O1 (test for excess errors)
UNRESOLVED: gfortran.dg/alloc_comp_assign_2.f90 -O1 compilation failed to produce executable
=== gfortran Summary for unix ===
# of expected passes 46994
# of unexpected failures 4
# of expected failures 93
# of unresolved testcases 2
# of unsupported tests 194
Running target unix/-m64
=== gfortran Summary for unix/-m64 ===
# of expected passes 47217
# of expected failures 93
# of unsupported tests 91
=== gfortran Summary ===
# of expected passes 94211
# of unexpected failures 4
# of expected failures 186
# of unresolved testcases 2
# of unsupported tests 285
/var/gcc/regression/trunk/11-gcc-gas/build/gcc/gfortran version 8.0.1 20180413 (experimental) [trunk revision 259366] (GCC)
=== gnat tests ===
Running target unix
FAIL: gnat.dg/deferred_const1.adb (test for warnings, line 8)
FAIL: gnat.dg/deferred_const1.adb (test for excess errors)
=== gnat Summary for unix ===
# of expected passes 2694
# of unexpected failures 2
# of expected failures 23
# of unsupported tests 7
Running target unix/-m64
=== gnat Summary for unix/-m64 ===
# of expected passes 2696
# of expected failures 23
# of unsupported tests 7
=== gnat Summary ===
# of expected passes 5390
# of unexpected failures 2
# of expected failures 46
# of unsupported tests 14
/var/gcc/regression/trunk/11-gcc-gas/build/gcc/gnatmake version 8.0.1 20180413 (experimental) [trunk revision 259366]
=== go tests ===
Running target unix
FAIL: go.go-torture/execute/select-1.go compilation, -O2 -fomit-frame-pointer -finline-functions
FAIL: go.go-torture/execute/select-1.go execution, -O2
FAIL: go.go-torture/execute/struct-2.go compilation, -O2
FAIL: go.go-torture/execute/struct-2.go execution, -O1
FAIL: ./index0-out.go execution, -O0 -g -fno-var-tracking-assignments
=== go Summary for unix ===
# of expected passes 7390
# of unexpected failures 5
# of expected failures 1
# of untested testcases 12
# of unsupported tests 2
Running target unix/-m64
FAIL: ./index0-out.go execution, -O0 -g -fno-var-tracking-assignments
=== go Summary for unix/-m64 ===
# of expected passes 7277
# of unexpected failures 1
# of expected failures 1
# of untested testcases 10
# of unsupported tests 1
=== go Summary ===
# of expected passes 14667
# of unexpected failures 6
# of expected failures 2
# of untested testcases 22
# of unsupported tests 3
=== obj-c++ tests ===
Running target unix
FAIL: obj-c++.dg/property/property-neg-1.mm -fgnu-runtime (test for warnings, line 11)
FAIL: obj-c++.dg/property/property-neg-1.mm -fgnu-runtime (test for warnings, line 11)
FAIL: obj-c++.dg/property/property-neg-1.mm -fgnu-runtime (test for warnings, line 11)
FAIL: obj-c++.dg/property/property-neg-1.mm -fgnu-runtime (test for excess errors)
FAIL: obj-c++.dg/property/property-neg-2.mm -fgnu-runtime (test for errors, line 7)
FAIL: obj-c++.dg/property/property-neg-2.mm -fgnu-runtime (test for excess errors)
=== obj-c++ Summary for unix ===
# of expected passes 1458
# of unexpected failures 6
# of expected failures 2
# of unsupported tests 77
Running target unix/-m64
=== obj-c++ Summary for unix/-m64 ===
# of expected passes 1456
# of expected failures 10
# of unsupported tests 77
=== obj-c++ Summary ===
# of expected passes 2914
# of unexpected failures 6
# of expected failures 12
# of unsupported tests 154
/var/gcc/regression/trunk/11-gcc-gas/build/gcc/xg++ version 8.0.1 20180413 (experimental) [trunk revision 259366] (GCC)
=== objc tests ===
Running target unix
=== objc Summary for unix ===
# of expected passes 2797
# of expected failures 6
# of unsupported tests 68
Running target unix/-m64
=== objc Summary for unix/-m64 ===
# of expected passes 2797
# of expected failures 6
# of unsupported tests 68
=== objc Summary ===
# of expected passes 5594
# of expected failures 12
# of unsupported tests 136
/var/gcc/regression/trunk/11-gcc-gas/build/gcc/xgcc version 8.0.1 20180413 (experimental) [trunk revision 259366] (GCC)
=== gotools tests ===
FAIL: go test cmd/go
FAIL: TestCgoSignalDeadlock
FAIL: TestSelectStackAdjust
FAIL: go test runtime
FAIL: Test18146
FAIL: go test misc/cgo/test
FAIL: TestCachedInstall
FAIL: TestCompileWithoutShared
FAIL: TestEarlySignalHandler
FAIL: TestInstall
FAIL: TestOsSignal
FAIL: TestPIE
FAIL: TestSIGPROF
FAIL: TestSigaltstack
FAIL: TestSignalForwarding
FAIL: TestSignalForwardingExternal
FAIL: go test misc/cgo/testcarchive
=== gotools Summary ===
# of expected passes 304
# of unexpected failures 17
# of untested testcases 152
/var/gcc/regression/trunk/11-gcc-gas/build/./gcc/gccgo version 8.0.1 20180413 (experimental) [trunk revision 259366] (GCC)
=== libatomic tests ===
Running target unix
=== libatomic Summary for unix ===
# of expected passes 44
# of unsupported tests 5
Running target unix/-m64
=== libatomic Summary for unix/-m64 ===
# of expected passes 54
=== libatomic Summary ===
# of expected passes 98
# of unsupported tests 5
=== libffi tests ===
Running target unix
FAIL: libffi.call/cls_many_mixed_args.c -W -Wall -Wno-psabi -O2 (test for excess errors)
=== libffi Summary for unix ===
# of expected passes 2798
# of unexpected failures 1
Running target unix/-m64
=== libffi Summary for unix/-m64 ===
# of expected passes 2214
=== libffi Summary ===
# of expected passes 5012
# of unexpected failures 1
=== libgo tests ===
Running target unix
FAIL: runtime
FAIL: go/build
=== libgo Summary for unix ===
# of expected passes 161
# of unexpected failures 2
Running target unix/-m64
FAIL: go/build
=== libgo Summary for unix/-m64 ===
# of expected passes 162
# of unexpected failures 1
=== libgo Summary ===
# of expected passes 323
# of unexpected failures 3
/var/gcc/regression/trunk/11-gcc-gas/build/./gcc/gccgo version 8.0.1 20180413 (experimental) [trunk revision 259366] (GCC)
=== libgomp tests ===
Running target unix
FAIL: libgomp.c/for-3.c (test for excess errors)
UNRESOLVED: libgomp.c/for-3.c compilation failed to produce executable
=== libgomp Summary for unix ===
# of expected passes 5441
# of unexpected failures 1
# of expected failures 1
# of unresolved testcases 1
# of unsupported tests 304
Running target unix/-m64
=== libgomp Summary for unix/-m64 ===
# of expected passes 5443
# of expected failures 1
# of unsupported tests 304
=== libgomp Summary ===
# of expected passes 10884
# of unexpected failures 1
# of expected failures 2
# of unresolved testcases 1
# of unsupported tests 608
=== libitm tests ===
Running target unix
=== libitm Summary for unix ===
# of expected passes 42
# of expected failures 3
# of unsupported tests 1
Running target unix/-m64
=== libitm Summary for unix/-m64 ===
# of expected passes 42
# of expected failures 3
# of unsupported tests 1
=== libitm Summary ===
# of expected passes 84
# of expected failures 6
# of unsupported tests 2
=== libstdc++ tests ===
Running target unix
FAIL: 17_intro/headers/c++1998/all.cc (test for excess errors)
=== libstdc++ Summary for unix ===
# of expected passes 11310
# of unexpected failures 1
# of expected failures 72
# of unsupported tests 631
Running target unix/-m64
=== libstdc++ Summary for unix/-m64 ===
# of expected passes 11304
# of expected failures 71
# of unsupported tests 635
=== libstdc++ Summary ===
# of expected passes 22614
# of unexpected failures 1
# of expected failures 143
# of unsupported tests 1266
Compiler version: 8.0.1 20180413 (experimental) [trunk revision 259366] (GCC)
Platform: i386-pc-solaris2.11
configure flags: --prefix=/vol/gcc --target=i386-pc-solaris2.11 --enable-objc-gc --with-target-bdw-gc-include=/vol/gcc/include --with-target-bdw-gc-lib=/vol/gcc/lib,amd64=/vol/gcc/lib/amd64 --enable-libmudflap --with-as=/vol/gcc/bin/gas-2.30 --with-gnu-as --with-gmp-include=/vol/gcc/include --with-gmp-lib=/vol/gcc/lib --with-mpfr-include=/vol/gcc/include --with-mpfr-lib=/vol/gcc/lib --with-mpc-include=/vol/gcc/include --with-mpc-lib=/vol/gcc/lib --enable-languages=all,ada,obj-c++,go --with-isl-include=/vol/gcc/include --with-isl-lib=/vol/gcc/lib --build=i386-pc-solaris2.11 --host=i386-pc-solaris2.11
BOOT_CFLAGS=-g -O2