This is the mail archive of the
gcc-testresults@gcc.gnu.org
mailing list for the GCC project.
Results for 8.0.1 20180410 (experimental) [trunk revision 259268] (GCC) testsuite on powerpc64le-unknown-linux-gnu
- From: "Bill Seurer (POWER8)" <seurer at linux dot vnet dot ibm dot com>
- To: gcc-testresults at gcc dot gnu dot org
- Date: Tue, 10 Apr 2018 07:48:37 -0500
- Subject: Results for 8.0.1 20180410 (experimental) [trunk revision 259268] (GCC) testsuite on powerpc64le-unknown-linux-gnu
Linux 4.4.0-105-generic ppc64le
GNU C Library (Ubuntu GLIBC 2.23-0ubuntu10) stable release version 2.23
GNU ld (GNU Binutils for Ubuntu) 2.26.1
GNU assembler (GNU Binutils for Ubuntu) 2.26.1
GNU Make 4.1
DejaGnu:
DejaGnu version 1.6
Expect version 5.45
Tcl version 8.6
64-bit
LAST_UPDATED: Tue Apr 10 10:28:49 UTC 2018 (revision 259268)
Native configuration is powerpc64le-unknown-linux-gnu
=== gcc tests ===
Running target unix
XPASS: gcc.dg/Wtrampolines.c standard descriptors (test for warnings, line 29)
FAIL: gcc.dg/sms-1.c scan-rtl-dump-times sms "SMS succeeded" 1
FAIL: gcc.dg/ipa/iinline-attr.c scan-ipa-dump inline "hooray[^\\\\n]*inline copy in test"
FAIL: gcc.dg/simulate-thread/atomic-other-short.c -O0 -g thread simulation test
FAIL: gcc.dg/simulate-thread/atomic-other-short.c -O2 -g thread simulation test
FAIL: gcc.dg/simulate-thread/atomic-other-short.c -O3 -g thread simulation test
FAIL: gcc.dg/torture/pr52451.c -O0 execution test
FAIL: gcc.dg/torture/pr52451.c -O1 execution test
FAIL: gcc.dg/torture/pr52451.c -O2 execution test
FAIL: gcc.dg/torture/pr52451.c -O2 -flto -fno-use-linker-plugin -flto-partition=none execution test
FAIL: gcc.dg/torture/pr52451.c -O2 -flto -fuse-linker-plugin -fno-fat-lto-objects execution test
FAIL: gcc.dg/torture/pr52451.c -O3 -g execution test
FAIL: gcc.dg/torture/pr52451.c -Os execution test
XPASS: gcc.dg/tree-ssa/ssa-dom-cse-2.c scan-tree-dump optimized "return 28;"
FAIL: gcc.dg/vect/costmodel/ppc/costmodel-pr37194.c scan-tree-dump-times vect "vectorization not profitable" 1
FAIL: gcc.dg/vect/costmodel/ppc/costmodel-pr37194.c scan-tree-dump-times vect "vectorized 1 loops" 1
XPASS: gcc.dg/vect/vect-24.c -flto -ffat-lto-objects scan-tree-dump-times vect "vectorized 3 loops" 1
XPASS: gcc.dg/vect/vect-24.c scan-tree-dump-times vect "vectorized 3 loops" 1
XPASS: gcc.target/powerpc/20050603-3.c scan-assembler-not \\\\mrlwinm
XPASS: gcc.target/powerpc/20050603-3.c scan-assembler-times \\\\mrl[wd]imi 1
=== gcc Summary ===
# of expected passes 118336
# of unexpected failures 14
# of unexpected successes 6
# of expected failures 423
# of unsupported tests 2424
/home/gccbuild/build/nightly/build-gcc-trunk/gcc/xgcc version 8.0.1 20180410 (experimental) [trunk revision 259268] (GCC)
=== gfortran tests ===
Running target unix
FAIL: gfortran.dg/elemental_subroutine_3.f90 -O1 (test for excess errors)
FAIL: gfortran.dg/elemental_subroutine_3.f90 -O2 (test for excess errors)
FAIL: gfortran.dg/elemental_subroutine_3.f90 -O3 -fomit-frame-pointer -funroll-loops -fpeel-loops -ftracer -finline-functions (test for excess errors)
FAIL: gfortran.dg/elemental_subroutine_3.f90 -O3 -g (test for excess errors)
FAIL: gfortran.dg/elemental_subroutine_3.f90 -Os (test for excess errors)
FAIL: gfortran.dg/ieee/large_2.f90 -O0 execution test
FAIL: gfortran.dg/ieee/large_2.f90 -O1 execution test
FAIL: gfortran.dg/ieee/large_2.f90 -O2 execution test
FAIL: gfortran.dg/ieee/large_2.f90 -O3 -fomit-frame-pointer -funroll-loops -fpeel-loops -ftracer -finline-functions execution test
FAIL: gfortran.dg/ieee/large_2.f90 -O3 -g execution test
FAIL: gfortran.dg/ieee/large_2.f90 -Os execution test
=== gfortran Summary ===
# of expected passes 47049
# of unexpected failures 11
# of expected failures 101
# of unsupported tests 100
/home/gccbuild/build/nightly/build-gcc-trunk/gcc/gfortran version 8.0.1 20180410 (experimental) [trunk revision 259268] (GCC)
=== g++ tests ===
Running target unix
FAIL: g++.dg/lto/pr83121 (test for LTO warnings, pr83121_0.C line 8)
FAIL: g++.dg/lto/pr83121 (test for LTO warnings, pr83121_1.C line 2)
FAIL: g++.dg/lto/pr83121 (test for LTO warnings, pr83121_1.C line 3)
FAIL: g++.dg/lto/pr83121 cp_lto_pr83121_0.o-cp_lto_pr83121_1.o link, -O0 -flto
=== g++ Summary ===
# of expected passes 123495
# of unexpected failures 4
# of expected failures 508
# of unsupported tests 5241
/home/gccbuild/build/nightly/build-gcc-trunk/gcc/xg++ version 8.0.1 20180410 (experimental) [trunk revision 259268] (GCC)
=== go tests ===
Running target unix
FAIL: go.test/test/ken/cplx2.go execution, -O2 -g
=== go Summary ===
# of expected passes 7281
# of unexpected failures 1
# of expected failures 1
# of untested testcases 7
# of unsupported tests 3
/home/gccbuild/build/nightly/build-gcc-trunk/gcc/gccgo version 8.0.1 20180410 (experimental) [trunk revision 259268] (GCC)
=== obj-c++ tests ===
Running target unix
=== obj-c++ Summary ===
# of expected passes 1456
# of expected failures 10
# of unsupported tests 77
/home/gccbuild/build/nightly/build-gcc-trunk/gcc/xg++ version 8.0.1 20180410 (experimental) [trunk revision 259268] (GCC)
=== objc tests ===
Running target unix
=== objc Summary ===
# of expected passes 2803
# of unsupported tests 68
/home/gccbuild/build/nightly/build-gcc-trunk/gcc/xgcc version 8.0.1 20180410 (experimental) [trunk revision 259268] (GCC)
=== gotools tests ===
=== gotools Summary ===
# of expected passes 379
# of untested testcases 193
/home/gccbuild/build/nightly/build-gcc-trunk/./gcc/gccgo version 8.0.1 20180410 (experimental) [trunk revision 259268] (GCC)
=== libatomic tests ===
Running target unix
=== libatomic Summary ===
# of expected passes 54
=== libffi tests ===
Running target unix
=== libffi Summary ===
# of expected passes 1934
# of unsupported tests 28
=== libgo tests ===
Running target unix
FAIL: net
FAIL: net/http
=== libgo Summary ===
# of expected passes 160
# of unexpected failures 2
/home/gccbuild/build/nightly/build-gcc-trunk/./gcc/gccgo version 8.0.1 20180410 (experimental) [trunk revision 259268] (GCC)
=== libgomp tests ===
Running target unix
=== libgomp Summary ===
# of expected passes 5279
# of unsupported tests 362
=== libitm tests ===
Running target unix
=== libitm Summary ===
# of expected passes 42
# of expected failures 3
# of unsupported tests 1
=== libstdc++ tests ===
Running target unix
=== libstdc++ Summary ===
# of expected passes 12645
# of expected failures 71
# of unsupported tests 404
Compiler version: 8.0.1 20180410 (experimental) [trunk revision 259268] (GCC)
Platform: powerpc64le-unknown-linux-gnu
configure flags: --prefix=/opt/gcc-nightly/trunk --with-as=/usr/bin/as --with-ld=/usr/bin/ld --enable-languages=c,c++,fortran,objc,obj-c++,go --with-cpu=power8
fail WARNING: Could not generate test framework tests
fail XPASS: gcc.test-framework/dg-bogus-exp-XF.c (test for excess errors)
fail FAIL: gcc.test-framework/dg-do-assemble-exp-P.c (test for excess errors) (PRMS 42)
fail FAIL: gcc.test-framework/dg-do-compile-exp-P.c (test for excess errors) (PRMS 42)
fail FAIL: gcc.test-framework/dg-do-link-exp-P.c (test for excess errors) (PRMS 42)
fail FAIL: gcc.test-framework/dg-do-run-exp-P.c (test for excess errors) (PRMS 42)
fail FAIL: gcc.test-framework/dg-dot-run-exp-P.c (test for excess errors) (PRMS 42)
fail FAIL: gcc.test-framework/dg-dox-run-exp-XF.c (test for excess errors) (PRMS 42)
fail FAIL: gcc.test-framework/dg-output-exp-P.c (test for excess errors) (PRMS 42)
fail FAIL: gcc.test-framework/dg-output-exp-XF.c (test for excess errors) (PRMS 42)
fail FAIL: gcc.test-framework/dg-warning-exp-P.c warning test (test for warnings, line 9) (PRMS 42)
=== Test Framework Summary ===
# of expected passes 68
# of unexpected failures 11